Build Information
Failed to build PactSwiftMockServer, reference main (49854a), with Swift 6.4 for watchOS using Xcode 27.0 on 23 Sep 2026 06:13:35 UTC.
Build Command
env DEVELOPER_DIR=/Applications/Xcode-27.0.0-Release.Candidate.app xcrun xcodebuild -IDEClonedSourcePackagesDirPathOverride=$PWD/.dependencies -skipMacroValidation -skipPackagePluginValidation -derivedDataPath $PWD/.derivedData build -scheme PactSwiftMockServer -destination generic/platform=watchOSBuild Log
========================================
RunAll
========================================
Builder version: 5.1.0
Interrupt handler set up.
========================================
Checkout
========================================
Clone URL: https://github.com/surpher/PactSwiftServer.git
Reference: main
Initialized empty Git repository in /Users/admin/builder/spi-builder-workspace/.git/
From https://github.com/surpher/PactSwiftServer
* branch main -> FETCH_HEAD
* [new branch] main -> origin/main
HEAD is now at 49854ab Update README and add LICENSE
Cloned https://github.com/surpher/PactSwiftServer.git
Revision (git rev-parse @):
49854ab33897ad80378d5fd95d31e1c21356f92b
SUCCESS checkout https://github.com/surpher/PactSwiftServer.git at main
========================================
Build
========================================
Selected platform: watchOS
Swift version: 6.4
Building package at path: $PWD
https://github.com/surpher/PactSwiftServer.git
Command line invocation:
/Applications/Xcode-27.0.0-Release.Candidate.app/Contents/Developer/usr/bin/xcodebuild -IDEClonedSourcePackagesDirPathOverride=/Users/admin/builder/spi-builder-workspace/.dependencies -resolvePackageDependencies
Resolve Package Graph
Resolve Package Graph
Resolved source packages:
PactSwiftMockServer: /Users/admin/builder/spi-builder-workspace
resolved source packages: PactSwiftMockServer
2026-09-23 02:12:47.886 xcodebuild[531:3101] [MT] IDERunDestination: Supported platforms for the buildables in the current scheme is empty.
{
"dependencies" : [
],
"manifest_display_name" : "PactSwiftMockServer",
"name" : "PactSwiftMockServer",
"path" : "/Users/admin/builder/spi-builder-workspace",
"platforms" : [
{
"name" : "macos",
"version" : "10.13"
},
{
"name" : "ios",
"version" : "12.0"
},
{
"name" : "tvos",
"version" : "12.0"
}
],
"products" : [
{
"name" : "PactSwiftMockServer",
"targets" : [
"PactSwiftMockServer"
],
"type" : {
"library" : [
"automatic"
]
}
}
],
"swift_languages_versions" : [
"5"
],
"targets" : [
{
"c99name" : "PactSwiftMockServer",
"module_type" : "BinaryTarget",
"name" : "PactSwiftMockServer",
"path" : "Framework/PactSwiftMockServer.xcframework",
"product_memberships" : [
"PactSwiftMockServer"
],
"sources" : [
],
"type" : "binary"
}
],
"tools_version" : "5.3"
}
{
"workspace" : {
"name" : "PactSwiftMockServer",
"schemes" : [
"PactSwiftMockServer"
]
}
}
2026-09-23 02:13:29.508 xcodebuild[660:4273] [MT] IDERunDestination: Supported platforms for the buildables in the current scheme is empty.
Running build ...
env DEVELOPER_DIR=/Applications/Xcode-27.0.0-Release.Candidate.app xcrun xcodebuild -IDEClonedSourcePackagesDirPathOverride=$PWD/.dependencies -skipMacroValidation -skipPackagePluginValidation -derivedDataPath $PWD/.derivedData build -scheme PactSwiftMockServer -destination generic/platform=watchOS
Command line invocation:
/Applications/Xcode-27.0.0-Release.Candidate.app/Contents/Developer/usr/bin/xcodebuild -IDEClonedSourcePackagesDirPathOverride=/Users/admin/builder/spi-builder-workspace/.dependencies -skipMacroValidation -skipPackagePluginValidation -derivedDataPath /Users/admin/builder/spi-builder-workspace/.derivedData build -scheme PactSwiftMockServer -destination generic/platform=watchOS
Resolve Package Graph
Resolved source packages:
PactSwiftMockServer: /Users/admin/builder/spi-builder-workspace
ComputePackagePrebuildTargetDependencyGraph
Prepare packages
CreateBuildRequest
SendProjectDescription
CreateBuildOperation
ComputeTargetDependencyGraph
note: Building targets in dependency order
note: Target dependency graph (1 target)
Target 'PactSwiftMockServer-product' in project 'PactSwiftMockServer' (no dependencies)
GatherProvisioningInputs
CreateBuildDescription
ExecuteExternalTool /Applications/Xcode-27.0.0-Release.Candidate.app/Contents/Developer/Toolchains/XcodeDefault.xctoolchain/usr/bin/clang -v -E -dM -isysroot /Applications/Xcode-27.0.0-Release.Candidate.app/Contents/Developer/Platforms/WatchOS.platform/Developer/SDKs/WatchOS27.0.sdk -x c -c /dev/null
Build description signature: 71c5ed8279c879dffb3dd8e051a70f9a
Build description path: /Users/admin/builder/spi-builder-workspace/.derivedData/Build/Intermediates.noindex/XCBuildData/71c5ed8279c879dffb3dd8e051a70f9a.xcbuilddata
/Users/admin/builder/spi-builder-workspace/Framework/PactSwiftMockServer.xcframework:1:1: error: While building for watchOS, no library for this platform was found in '/Users/admin/builder/spi-builder-workspace/Framework/PactSwiftMockServer.xcframework'. (in target 'PactSwiftMockServer-product' from project 'PactSwiftMockServer')
2026-09-23 02:13:31.135 xcodebuild[661:4323] [MT] IDERunDestination: Supported platforms for the buildables in the current scheme is empty.
** BUILD FAILED **
The following build commands failed:
Building workspace PactSwiftMockServer with scheme PactSwiftMockServer
(1 failure)
Command line invocation:
/Applications/Xcode-27.0.0-Release.Candidate.app/Contents/Developer/usr/bin/xcodebuild -IDEClonedSourcePackagesDirPathOverride=/Users/admin/builder/spi-builder-workspace/.dependencies -resolvePackageDependencies
Resolve Package Graph
Resolved source packages:
PactSwiftMockServer: /Users/admin/builder/spi-builder-workspace
resolved source packages: PactSwiftMockServer
2026-09-23 02:13:32.708 xcodebuild[673:4420] [MT] IDERunDestination: Supported platforms for the buildables in the current scheme is empty.
{
"dependencies" : [
],
"manifest_display_name" : "PactSwiftMockServer",
"name" : "PactSwiftMockServer",
"path" : "/Users/admin/builder/spi-builder-workspace",
"platforms" : [
{
"name" : "macos",
"version" : "10.13"
},
{
"name" : "ios",
"version" : "12.0"
},
{
"name" : "tvos",
"version" : "12.0"
}
],
"products" : [
{
"name" : "PactSwiftMockServer",
"targets" : [
"PactSwiftMockServer"
],
"type" : {
"library" : [
"automatic"
]
}
}
],
"swift_languages_versions" : [
"5"
],
"targets" : [
{
"c99name" : "PactSwiftMockServer",
"module_type" : "BinaryTarget",
"name" : "PactSwiftMockServer",
"path" : "Framework/PactSwiftMockServer.xcframework",
"product_memberships" : [
"PactSwiftMockServer"
],
"sources" : [
],
"type" : "binary"
}
],
"tools_version" : "5.3"
}
{
"workspace" : {
"name" : "PactSwiftMockServer",
"schemes" : [
"PactSwiftMockServer"
]
}
}
2026-09-23 02:13:33.906 xcodebuild[681:4478] [MT] IDERunDestination: Supported platforms for the buildables in the current scheme is empty.
Running build ...
env DEVELOPER_DIR=/Applications/Xcode-27.0.0-Release.Candidate.app xcrun xcodebuild -IDEClonedSourcePackagesDirPathOverride=$PWD/.dependencies -skipMacroValidation -skipPackagePluginValidation -derivedDataPath $PWD/.derivedData build -scheme PactSwiftMockServer -destination generic/platform=watchOS
Command line invocation:
/Applications/Xcode-27.0.0-Release.Candidate.app/Contents/Developer/usr/bin/xcodebuild -IDEClonedSourcePackagesDirPathOverride=/Users/admin/builder/spi-builder-workspace/.dependencies -skipMacroValidation -skipPackagePluginValidation -derivedDataPath /Users/admin/builder/spi-builder-workspace/.derivedData build -scheme PactSwiftMockServer -destination generic/platform=watchOS
Resolve Package Graph
Resolved source packages:
PactSwiftMockServer: /Users/admin/builder/spi-builder-workspace
ComputePackagePrebuildTargetDependencyGraph
Prepare packages
CreateBuildRequest
SendProjectDescription
CreateBuildOperation
ComputeTargetDependencyGraph
note: Building targets in dependency order
note: Target dependency graph (1 target)
Target 'PactSwiftMockServer-product' in project 'PactSwiftMockServer' (no dependencies)
GatherProvisioningInputs
CreateBuildDescription
/Users/admin/builder/spi-builder-workspace/Framework/PactSwiftMockServer.xcframework:1:1: error: While building for watchOS, no library for this platform was found in '/Users/admin/builder/spi-builder-workspace/Framework/PactSwiftMockServer.xcframework'. (in target 'PactSwiftMockServer-product' from project 'PactSwiftMockServer')
2026-09-23 02:13:34.849 xcodebuild[682:4507] [MT] IDERunDestination: Supported platforms for the buildables in the current scheme is empty.
** BUILD FAILED **
The following build commands failed:
Building workspace PactSwiftMockServer with scheme PactSwiftMockServer
(1 failure)
BUILD FAILURE 6.4 watchOS