Build Information
Failed to build sharing-cloud, reference main (4a7f71), with Swift 6.3 for Wasm on 22 Jul 2026 03:05:50 UTC.
Build Command
bash -c docker run --pull=always --rm -v "checkouts-54344849-2":/host -w "$PWD" -e JAVA_HOME="/root/.sdkman/candidates/java/current" -e SPI_BUILD="1" -e SPI_PROCESSING="1" registry.gitlab.com/saguaro1/spi-images:wasm-6.3-latest swift build --swift-sdk swift-6.3.2-RELEASE_wasm 2>&1Build Log
========================================
RunAll
========================================
Builder version: 333316120c8b89ed7d21f1b34865290794301d91
Interrupt handler set up.
========================================
Checkout
========================================
Clone URL: https://github.com/KthKuang/sharing-cloud.git
Reference: main
Initialized empty Git repository in /host/spi-builder-workspace/.git/
hint: Using 'master' as the name for the initial branch. This default branch name
hint: is subject to change. To configure the initial branch name to use in all
hint: of your new repositories, which will suppress this warning, call:
hint:
hint: git config --global init.defaultBranch <name>
hint:
hint: Names commonly chosen instead of 'master' are 'main', 'trunk' and
hint: 'development'. The just-created branch can be renamed via this command:
hint:
hint: git branch -m <name>
From https://github.com/KthKuang/sharing-cloud
* branch main -> FETCH_HEAD
* [new branch] main -> origin/main
HEAD is now at 4a7f714 Injectable store, Codable support, and testability rework (#5)
Cloned https://github.com/KthKuang/sharing-cloud.git
Revision (git rev-parse @):
4a7f714e648da6dd7a1a39d394fceee9299fcbc3
SUCCESS checkout https://github.com/KthKuang/sharing-cloud.git at main
========================================
Build
========================================
Selected platform: wasm
Swift version: 6.3
Building package at path: $PWD
https://github.com/KthKuang/sharing-cloud.git
Running build ...
bash -c docker run --pull=always --rm -v "checkouts-54344849-2":/host -w "$PWD" -e JAVA_HOME="/root/.sdkman/candidates/java/current" -e SPI_BUILD="1" -e SPI_PROCESSING="1" registry.gitlab.com/saguaro1/spi-images:wasm-6.3-latest swift build --swift-sdk swift-6.3.2-RELEASE_wasm 2>&1
wasm-6.3-latest: Pulling from saguaro1/spi-images
Digest: sha256:501b6bfc4ca8a27c305c68f9d5c778f996de82635741ab45476a03ffa6fa26d2
Status: Image is up to date for registry.gitlab.com/saguaro1/spi-images:wasm-6.3-latest
Fetching https://github.com/pointfreeco/swift-dependencies
Fetching https://github.com/pointfreeco/swift-concurrency-extras
Fetching https://github.com/pointfreeco/swift-sharing
Fetching https://github.com/pointfreeco/xctest-dynamic-overlay
[1/1047] Fetching swift-concurrency-extras
[462/8264] Fetching swift-concurrency-extras, swift-dependencies
[1554/12272] Fetching swift-concurrency-extras, swift-dependencies, swift-sharing
[12273/14850] Fetching swift-concurrency-extras, swift-dependencies, swift-sharing, xctest-dynamic-overlay
Fetched https://github.com/pointfreeco/swift-dependencies from cache (0.51s)
[5442/7633] Fetching swift-concurrency-extras, swift-sharing, xctest-dynamic-overlay
Fetched https://github.com/pointfreeco/swift-concurrency-extras from cache (0.61s)
Fetched https://github.com/pointfreeco/swift-sharing from cache (0.61s)
Fetched https://github.com/pointfreeco/xctest-dynamic-overlay from cache (0.61s)
Computing version for https://github.com/pointfreeco/swift-dependencies
Computed https://github.com/pointfreeco/swift-dependencies at 1.14.1 (0.89s)
Fetching https://github.com/pointfreeco/combine-schedulers
Fetching https://github.com/swiftlang/swift-syntax
Fetching https://github.com/pointfreeco/swift-clocks
[1/2665] Fetching combine-schedulers
[2/4099] Fetching combine-schedulers, swift-clocks
Fetched https://github.com/pointfreeco/swift-clocks from cache (0.43s)
Fetched https://github.com/pointfreeco/combine-schedulers from cache (0.43s)
[1/76071] Fetching swift-syntax
Fetched https://github.com/swiftlang/swift-syntax from cache (3.54s)
Computing version for https://github.com/pointfreeco/swift-concurrency-extras
Computed https://github.com/pointfreeco/swift-concurrency-extras at 1.4.0 (3.74s)
Computing version for https://github.com/pointfreeco/swift-clocks
Computed https://github.com/pointfreeco/swift-clocks at 1.1.0 (0.15s)
Computing version for https://github.com/pointfreeco/combine-schedulers
Computed https://github.com/pointfreeco/combine-schedulers at 1.2.0 (0.16s)
Fetching https://github.com/OpenCombine/OpenCombine.git
[1/8284] Fetching opencombine
Fetched https://github.com/OpenCombine/OpenCombine.git from cache (0.58s)
Computing version for https://github.com/OpenCombine/OpenCombine.git
Computed https://github.com/OpenCombine/OpenCombine.git at 0.14.0 (1.47s)
Computing version for https://github.com/pointfreeco/xctest-dynamic-overlay
Computed https://github.com/pointfreeco/xctest-dynamic-overlay at 1.11.0 (0.89s)
Computing version for https://github.com/swiftlang/swift-syntax
Computed https://github.com/swiftlang/swift-syntax at 603.0.2 (0.26s)
Computing version for https://github.com/pointfreeco/swift-sharing
Computed https://github.com/pointfreeco/swift-sharing at 2.9.1 (0.17s)
Fetching https://github.com/pointfreeco/swift-identified-collections
Fetching https://github.com/pointfreeco/swift-custom-dump
Fetching https://github.com/pointfreeco/swift-perception
[1/2066] Fetching swift-perception
[1964/7697] Fetching swift-perception, swift-custom-dump
[2236/9277] Fetching swift-perception, swift-custom-dump, swift-identified-collections
Fetched https://github.com/pointfreeco/swift-custom-dump from cache (0.44s)
[2367/3646] Fetching swift-perception, swift-identified-collections
Fetched https://github.com/pointfreeco/swift-perception from cache (0.48s)
Fetched https://github.com/pointfreeco/swift-identified-collections from cache (0.48s)
Computing version for https://github.com/pointfreeco/swift-identified-collections
Computed https://github.com/pointfreeco/swift-identified-collections at 1.1.1 (0.63s)
Fetching https://github.com/apple/swift-collections
[1/26361] Fetching swift-collections
Fetched https://github.com/apple/swift-collections from cache (0.97s)
Computing version for https://github.com/pointfreeco/swift-custom-dump
Computed https://github.com/pointfreeco/swift-custom-dump at 1.6.1 (1.12s)
Computing version for https://github.com/pointfreeco/swift-perception
Computed https://github.com/pointfreeco/swift-perception at 2.0.11 (0.14s)
Computing version for https://github.com/apple/swift-collections
Computed https://github.com/apple/swift-collections at 1.6.0 (0.23s)
Creating working copy for https://github.com/pointfreeco/swift-dependencies
Working copy of https://github.com/pointfreeco/swift-dependencies resolved at 1.14.1
Creating working copy for https://github.com/pointfreeco/swift-concurrency-extras
Working copy of https://github.com/pointfreeco/swift-concurrency-extras resolved at 1.4.0
Creating working copy for https://github.com/pointfreeco/swift-sharing
Working copy of https://github.com/pointfreeco/swift-sharing resolved at 2.9.1
Creating working copy for https://github.com/pointfreeco/swift-custom-dump
Working copy of https://github.com/pointfreeco/swift-custom-dump resolved at 1.6.1
Creating working copy for https://github.com/swiftlang/swift-syntax
Working copy of https://github.com/swiftlang/swift-syntax resolved at 603.0.2
Creating working copy for https://github.com/pointfreeco/combine-schedulers
Working copy of https://github.com/pointfreeco/combine-schedulers resolved at 1.2.0
Creating working copy for https://github.com/pointfreeco/swift-perception
Working copy of https://github.com/pointfreeco/swift-perception resolved at 2.0.11
Creating working copy for https://github.com/pointfreeco/xctest-dynamic-overlay
Working copy of https://github.com/pointfreeco/xctest-dynamic-overlay resolved at 1.11.0
Creating working copy for https://github.com/OpenCombine/OpenCombine.git
Working copy of https://github.com/OpenCombine/OpenCombine.git resolved at 0.14.0
Creating working copy for https://github.com/apple/swift-collections
Working copy of https://github.com/apple/swift-collections resolved at 1.6.0
Creating working copy for https://github.com/pointfreeco/swift-identified-collections
Working copy of https://github.com/pointfreeco/swift-identified-collections resolved at 1.1.1
Creating working copy for https://github.com/pointfreeco/swift-clocks
Working copy of https://github.com/pointfreeco/swift-clocks resolved at 1.1.0
Downloading package prebuilt https://download.swift.org/prebuilts/swift-syntax/603.0.2/swift-6.3.2-RELEASE-ubuntu_jammy_x86_64-MacroSupport.tar.gz
Downloaded https://download.swift.org/prebuilts/swift-syntax/603.0.2/swift-6.3.2-RELEASE-ubuntu_jammy_x86_64-MacroSupport.tar.gz (0.21s)
Building for debugging...
[0/17] Copying PrivacyInfo.xcprivacy
[1/17] Write sources
[16/17] Write swift-version-24593BA9C3E375BF.txt
[18/71] Emitting module Sharing2
[19/71] Emitting module InternalCollectionsUtilities
[20/73] Emitting module IssueReporting
[21/75] Compiling IssueReporting UncheckedSendable.swift
[22/75] Compiling IssueReporting Warn.swift
[23/75] Compiling IssueReporting BreakpointReporter.swift
[24/75] Compiling IssueReporting ReportIssue.swift
[25/75] Compiling IssueReporting _Test.swift
[26/75] Compiling IssueReporting SwiftTesting.swift
[27/75] Compiling InternalCollectionsUtilities _SortedCollection.swift
[28/75] Compiling InternalCollectionsUtilities _UniqueCollection.swift
[29/75] Compiling ConcurrencyExtras ActorIsolated.swift
[30/75] Compiling ConcurrencyExtras AnyHashableSendable.swift
[33/75] Compiling IssueReporting IssueReporter.swift
[34/75] Compiling IssueReporting FailureObserver.swift
[35/75] Compiling IssueReporting LockIsolated.swift
[36/75] Compiling IssueReporting Rethrows.swift
[37/75] Compiling IssueReporting DefaultReporter.swift
[38/75] Compiling IssueReporting FatalErrorReporter.swift
[39/75] Compiling Sharing1 Empty.swift
[40/75] Emitting module Sharing1
[41/76] Compiling ConcurrencyExtras UncheckedBox.swift
[44/76] Compiling IssueReporting WithExpectedIssue.swift
[45/76] Compiling IssueReporting WithIssueContext.swift
[49/76] Compiling ConcurrencyExtras Locking.swift
[51/76] Compiling ConcurrencyExtras AsyncStream.swift
[52/76] Compiling ConcurrencyExtras AsyncThrowingStream.swift
[53/77] Compiling Sharing2 Empty.swift
[56/135] Compiling OrderedCollections OrderedSet+Partial SetAlgebra formSymmetricDifference.swift
[57/135] Compiling OrderedCollections OrderedSet+Partial SetAlgebra formUnion.swift
[58/135] Compiling OrderedCollections OrderedSet+Partial SetAlgebra intersection.swift
[59/135] Compiling OrderedCollections OrderedSet+Partial SetAlgebra isDisjoint.swift
[60/135] Compiling OrderedCollections OrderedSet+Partial SetAlgebra isEqualSet.swift
[61/135] Compiling OrderedCollections OrderedSet+Partial SetAlgebra isStrictSubset.swift
[62/135] Compiling OrderedCollections OrderedSet+Partial SetAlgebra isStrictSuperset.swift
[63/135] Compiling OrderedCollections OrderedSet+Partial SetAlgebra isSubset.swift
[64/142] Compiling OrderedCollections OrderedDictionary+Values.swift
[65/142] Compiling OrderedCollections OrderedDictionary.swift
[66/142] Compiling OrderedCollections OrderedSet+Codable.swift
[67/142] Compiling OrderedCollections OrderedSet+CustomReflectable.swift
[68/142] Compiling OrderedCollections OrderedSet+Descriptions.swift
[69/142] Compiling OrderedCollections OrderedSet+Diffing.swift
[70/142] Compiling OrderedCollections OrderedSet+Equatable.swift
[71/142] Compiling OrderedCollections OrderedSet+ExpressibleByArrayLiteral.swift
[72/142] Compiling OrderedCollections OrderedDictionary+Sendable.swift
[73/142] Compiling OrderedCollections OrderedDictionary+Sequence.swift
[74/142] Compiling OrderedCollections OrderedDictionary+Codable.swift
[75/142] Compiling ConcurrencyExtras LockIsolated.swift
[76/143] Compiling OrderedCollections OrderedDictionary+Hashable.swift
[77/143] Compiling OrderedCollections OrderedDictionary+Initializers.swift
[78/143] Compiling OrderedCollections OrderedDictionary+Invariants.swift
[79/143] Compiling OrderedCollections OrderedDictionary+Move.swift
[80/143] Compiling OrderedCollections OrderedDictionary+Partial MutableCollection.swift
[81/143] Compiling OrderedCollections OrderedDictionary+Partial RangeReplaceableCollection.swift
[85/143] Compiling OrderedCollections OrderedDictionary+CustomReflectable.swift
[86/143] Compiling OrderedCollections OrderedDictionary+Deprecations.swift
[87/143] Compiling OrderedCollections OrderedDictionary+Descriptions.swift
[88/143] Compiling OrderedCollections OrderedDictionary+Elements.SubSequence.swift
[89/143] Compiling OrderedCollections OrderedDictionary+Elements.swift
[90/143] Compiling OrderedCollections OrderedDictionary+Equatable.swift
[91/143] Compiling OrderedCollections OrderedDictionary+ExpressibleByDictionaryLiteral.swift
[92/143] Compiling ConcurrencyExtras Task.swift
[93/143] Compiling ConcurrencyExtras MainSerialExecutor.swift
[94/143] Compiling ConcurrencyExtras Result.swift
[95/143] Compiling OrderedCollections _HashTable+Bucket.swift
[96/143] Compiling OrderedCollections _HashTable+BucketIterator.swift
[97/143] Compiling OrderedCollections _HashTable+Constants.swift
[98/143] Compiling OrderedCollections _HashTable+CustomStringConvertible.swift
[99/143] Compiling OrderedCollections _HashTable+Testing.swift
[108/144] Emitting module ConcurrencyExtras
[110/144] Compiling OrderedCollections _HashTable+UnsafeHandle.swift
[111/144] Compiling ConcurrencyExtras UncheckedSendable.swift
[114/161] Compiling OrderedCollections OrderedSet+Partial SetAlgebra isSuperset.swift
[115/161] Compiling OrderedCollections OrderedSet+Partial SetAlgebra subtract.swift
[116/161] Compiling OrderedCollections OrderedSet+Partial SetAlgebra subtracting.swift
[117/161] Compiling OrderedCollections OrderedSet+Partial SetAlgebra symmetricDifference.swift
[118/161] Compiling OrderedCollections OrderedSet+Partial SetAlgebra union.swift
[119/161] Compiling OrderedCollections OrderedSet+Partial SetAlgebra+Basics.swift
[120/161] Compiling OrderedCollections OrderedSet+RandomAccessCollection.swift
[121/161] Compiling OrderedCollections OrderedSet+ReserveCapacity.swift
[122/161] Compiling OrderedCollections OrderedSet+Hashable.swift
[123/161] Compiling OrderedCollections OrderedSet+Initializers.swift
[124/161] Compiling OrderedCollections OrderedSet+Insertions.swift
[125/161] Compiling OrderedCollections OrderedSet+Invariants.swift
[126/161] Compiling OrderedCollections OrderedSet+Move.swift
[127/161] Compiling OrderedCollections OrderedSet+Partial MutableCollection.swift
[128/161] Compiling OrderedCollections OrderedSet+Partial RangeReplaceableCollection.swift
[129/161] Compiling OrderedCollections OrderedSet+Partial SetAlgebra formIntersection.swift
[130/184] Compiling Clocks SwiftUI.swift
[131/185] Compiling Clocks Timer.swift
[132/185] Compiling CombineSchedulers Platform.swift
[133/185] Compiling CombineSchedulers SwiftUI.swift
[134/186] Compiling CombineSchedulers UnimplementedScheduler.swift
[135/186] Compiling XCTestDynamicOverlay Exports.swift
[136/186] Compiling CombineSchedulers AnyScheduler.swift
[137/186] Compiling CombineSchedulers Concurrency.swift
[138/186] Compiling CombineSchedulers ImmediateScheduler.swift
[139/186] Compiling CombineSchedulers Deprecations.swift
[140/186] Compiling CombineSchedulers Lock.swift
[141/186] Compiling CombineSchedulers NSRecursiveLock.swift
[144/186] Emitting module CombineSchedulers
[145/186] Compiling CombineSchedulers TestScheduler.swift
[146/186] Compiling CombineSchedulers Timer.swift
[147/186] Compiling CombineSchedulers UIScheduler.swift
[148/186] Compiling CombineSchedulers UIKit.swift
/host/spi-builder-workspace/.build/checkouts/combine-schedulers/Sources/CombineSchedulers/Internal/Lock.swift:54:7: error: cannot find 'pthread_mutexattr_init' in scope
52 | var attr = pthread_mutexattr_t()
53 | var mutex = pthread_mutex_t()
54 | pthread_mutexattr_init(&attr)
| `- error: cannot find 'pthread_mutexattr_init' in scope
55 | pthread_mutexattr_settype(&attr, Int32(PTHREAD_MUTEX_ERRORCHECK))
56 | pthread_mutex_init(&mutex, &attr)
/host/spi-builder-workspace/.build/checkouts/combine-schedulers/Sources/CombineSchedulers/Internal/Lock.swift:55:7: error: cannot find 'pthread_mutexattr_settype' in scope
53 | var mutex = pthread_mutex_t()
54 | pthread_mutexattr_init(&attr)
55 | pthread_mutexattr_settype(&attr, Int32(PTHREAD_MUTEX_ERRORCHECK))
| `- error: cannot find 'pthread_mutexattr_settype' in scope
56 | pthread_mutex_init(&mutex, &attr)
57 | pthread_mutexattr_destroy(&attr)
/host/spi-builder-workspace/.build/checkouts/combine-schedulers/Sources/CombineSchedulers/Internal/Lock.swift:55:46: error: cannot find 'PTHREAD_MUTEX_ERRORCHECK' in scope
53 | var mutex = pthread_mutex_t()
54 | pthread_mutexattr_init(&attr)
55 | pthread_mutexattr_settype(&attr, Int32(PTHREAD_MUTEX_ERRORCHECK))
| `- error: cannot find 'PTHREAD_MUTEX_ERRORCHECK' in scope
56 | pthread_mutex_init(&mutex, &attr)
57 | pthread_mutexattr_destroy(&attr)
/host/spi-builder-workspace/.build/checkouts/combine-schedulers/Sources/CombineSchedulers/Internal/Lock.swift:56:7: error: cannot find 'pthread_mutex_init' in scope
54 | pthread_mutexattr_init(&attr)
55 | pthread_mutexattr_settype(&attr, Int32(PTHREAD_MUTEX_ERRORCHECK))
56 | pthread_mutex_init(&mutex, &attr)
| `- error: cannot find 'pthread_mutex_init' in scope
57 | pthread_mutexattr_destroy(&attr)
58 | self.mutex = mutex
/host/spi-builder-workspace/.build/checkouts/combine-schedulers/Sources/CombineSchedulers/Internal/Lock.swift:57:7: error: cannot find 'pthread_mutexattr_destroy' in scope
55 | pthread_mutexattr_settype(&attr, Int32(PTHREAD_MUTEX_ERRORCHECK))
56 | pthread_mutex_init(&mutex, &attr)
57 | pthread_mutexattr_destroy(&attr)
| `- error: cannot find 'pthread_mutexattr_destroy' in scope
58 | self.mutex = mutex
59 | }
/host/spi-builder-workspace/.build/checkouts/combine-schedulers/Sources/CombineSchedulers/Internal/Lock.swift:66:7: error: cannot find 'pthread_mutex_lock' in scope
64 |
65 | func lock() {
66 | pthread_mutex_lock(&mutex)
| `- error: cannot find 'pthread_mutex_lock' in scope
67 | }
68 |
/host/spi-builder-workspace/.build/checkouts/combine-schedulers/Sources/CombineSchedulers/Internal/Lock.swift:70:7: error: cannot find 'pthread_mutex_unlock' in scope
68 |
69 | func unlock() {
70 | pthread_mutex_unlock(&mutex)
| `- error: cannot find 'pthread_mutex_unlock' in scope
71 | }
72 |
/host/spi-builder-workspace/.build/checkouts/combine-schedulers/Sources/CombineSchedulers/Internal/Lock.swift:78:7: error: cannot find 'pthread_mutex_destroy' in scope
76 |
77 | deinit {
78 | pthread_mutex_destroy(&mutex)
| `- error: cannot find 'pthread_mutex_destroy' in scope
79 | }
80 | }
/host/spi-builder-workspace/.build/checkouts/combine-schedulers/Sources/CombineSchedulers/Internal/Lock.swift:54:7: error: cannot find 'pthread_mutexattr_init' in scope
52 | var attr = pthread_mutexattr_t()
53 | var mutex = pthread_mutex_t()
54 | pthread_mutexattr_init(&attr)
| `- error: cannot find 'pthread_mutexattr_init' in scope
55 | pthread_mutexattr_settype(&attr, Int32(PTHREAD_MUTEX_ERRORCHECK))
56 | pthread_mutex_init(&mutex, &attr)
/host/spi-builder-workspace/.build/checkouts/combine-schedulers/Sources/CombineSchedulers/Internal/Lock.swift:55:7: error: cannot find 'pthread_mutexattr_settype' in scope
53 | var mutex = pthread_mutex_t()
54 | pthread_mutexattr_init(&attr)
55 | pthread_mutexattr_settype(&attr, Int32(PTHREAD_MUTEX_ERRORCHECK))
| `- error: cannot find 'pthread_mutexattr_settype' in scope
56 | pthread_mutex_init(&mutex, &attr)
57 | pthread_mutexattr_destroy(&attr)
/host/spi-builder-workspace/.build/checkouts/combine-schedulers/Sources/CombineSchedulers/Internal/Lock.swift:55:46: error: cannot find 'PTHREAD_MUTEX_ERRORCHECK' in scope
53 | var mutex = pthread_mutex_t()
54 | pthread_mutexattr_init(&attr)
55 | pthread_mutexattr_settype(&attr, Int32(PTHREAD_MUTEX_ERRORCHECK))
| `- error: cannot find 'PTHREAD_MUTEX_ERRORCHECK' in scope
56 | pthread_mutex_init(&mutex, &attr)
57 | pthread_mutexattr_destroy(&attr)
/host/spi-builder-workspace/.build/checkouts/combine-schedulers/Sources/CombineSchedulers/Internal/Lock.swift:56:7: error: cannot find 'pthread_mutex_init' in scope
54 | pthread_mutexattr_init(&attr)
55 | pthread_mutexattr_settype(&attr, Int32(PTHREAD_MUTEX_ERRORCHECK))
56 | pthread_mutex_init(&mutex, &attr)
| `- error: cannot find 'pthread_mutex_init' in scope
57 | pthread_mutexattr_destroy(&attr)
58 | self.mutex = mutex
/host/spi-builder-workspace/.build/checkouts/combine-schedulers/Sources/CombineSchedulers/Internal/Lock.swift:57:7: error: cannot find 'pthread_mutexattr_destroy' in scope
55 | pthread_mutexattr_settype(&attr, Int32(PTHREAD_MUTEX_ERRORCHECK))
56 | pthread_mutex_init(&mutex, &attr)
57 | pthread_mutexattr_destroy(&attr)
| `- error: cannot find 'pthread_mutexattr_destroy' in scope
58 | self.mutex = mutex
59 | }
/host/spi-builder-workspace/.build/checkouts/combine-schedulers/Sources/CombineSchedulers/Internal/Lock.swift:66:7: error: cannot find 'pthread_mutex_lock' in scope
64 |
65 | func lock() {
66 | pthread_mutex_lock(&mutex)
| `- error: cannot find 'pthread_mutex_lock' in scope
67 | }
68 |
/host/spi-builder-workspace/.build/checkouts/combine-schedulers/Sources/CombineSchedulers/Internal/Lock.swift:70:7: error: cannot find 'pthread_mutex_unlock' in scope
68 |
69 | func unlock() {
70 | pthread_mutex_unlock(&mutex)
| `- error: cannot find 'pthread_mutex_unlock' in scope
71 | }
72 |
/host/spi-builder-workspace/.build/checkouts/combine-schedulers/Sources/CombineSchedulers/Internal/Lock.swift:78:7: error: cannot find 'pthread_mutex_destroy' in scope
76 |
77 | deinit {
78 | pthread_mutex_destroy(&mutex)
| `- error: cannot find 'pthread_mutex_destroy' in scope
79 | }
80 | }
[155/186] Compiling Clocks TestClock.swift
[156/186] Compiling Clocks UnimplementedClock.swift
[157/186] Compiling Clocks Lock.swift
[158/186] Emitting module Clocks
[159/186] Compiling Clocks ImmediateClock.swift
[160/186] Compiling Clocks _AsyncTimerSequence.swift
[161/186] Compiling Clocks AnyClock.swift
[162/186] Compiling OrderedCollections OrderedSet+Sendable.swift
[163/186] Compiling OrderedCollections OrderedSet+SubSequence.swift
[164/186] Compiling OrderedCollections OrderedSet+Testing.swift
[165/186] Compiling OrderedCollections OrderedSet+UnorderedView.swift
[166/186] Compiling OrderedCollections OrderedSet+UnstableInternals.swift
[167/186] Compiling OrderedCollections OrderedSet.swift
[168/186] Compiling OrderedCollections _UnsafeBitset.swift
[169/187] Emitting module XCTestDynamicOverlay
BUILD FAILURE 6.3 wasm