The Swift Package Index logo.Swift Package Index

Build Information

Failed to build CohesionKit, reference main (e8a833), with Swift 6.3 for Linux on 22 Sep 2026 11:30:40 UTC.

Build Command

bash -c docker run --pull=always --rm -v "checkouts-53886770-1":/host -w "$PWD" -e JAVA_HOME="/root/.sdkman/candidates/java/current" -e SPI_BUILD="1" -e SPI_PROCESSING="1" registry.gitlab.com/saguaro1/spi-images:basic-6.3-latest swift build --triple x86_64-unknown-linux-gnu 2>&1

Build Log

========================================
RunAll
========================================
Builder version: 5.1.0
Interrupt handler set up.
========================================
Checkout
========================================
Clone URL: https://github.com/pjechris/CohesionKit.git
Reference: main
Initialized empty Git repository in /host/spi-builder-workspace/.git/
hint: Using 'master' as the name for the initial branch. This default branch name
hint: is subject to change. To configure the initial branch name to use in all
hint: of your new repositories, which will suppress this warning, call:
hint:
hint: 	git config --global init.defaultBranch <name>
hint:
hint: Names commonly chosen instead of 'master' are 'main', 'trunk' and
hint: 'development'. The just-created branch can be renamed via this command:
hint:
hint: 	git branch -m <name>
From https://github.com/pjechris/CohesionKit
 * branch            main       -> FETCH_HEAD
 * [new branch]      main       -> origin/main
HEAD is now at e8a833d tech(store): Move removeParent inside Node (#79)
Cloned https://github.com/pjechris/CohesionKit.git
Revision (git rev-parse @):
e8a833da12e7a13e7dfc3a06f4266b290c49b119
SUCCESS checkout https://github.com/pjechris/CohesionKit.git at main
========================================
Build
========================================
Selected platform:         linux
Swift version:             6.3
Building package at path:  $PWD
https://github.com/pjechris/CohesionKit.git
Running build ...
bash -c docker run --pull=always --rm -v "checkouts-53886770-1":/host -w "$PWD" -e JAVA_HOME="/root/.sdkman/candidates/java/current" -e SPI_BUILD="1" -e SPI_PROCESSING="1" registry.gitlab.com/saguaro1/spi-images:basic-6.3-latest swift build --triple x86_64-unknown-linux-gnu 2>&1
basic-6.3-latest: Pulling from saguaro1/spi-images
Digest: sha256:c577f8f8f4df4f423827bf5e7d96027716bb7030ef75b2fd4a15f7fb0043ce6d
Status: Image is up to date for registry.gitlab.com/saguaro1/spi-images:basic-6.3-latest
Building for debugging...
[0/2] Write sources
[1/2] Write swift-version-24593BA9C3E375BF.txt
error: emit-module command failed with exit code 1 (use -v to see invocation)
[3/23] Emitting module CohesionKit
/host/spi-builder-workspace/Sources/CohesionKit/KeyPath/PartialIdentifiableKeyPath.swift:1:8: error: no such module 'Combine'
  1 | import Combine
    |        `- error: no such module 'Combine'
  2 |
  3 | /// A `KeyPath` wrapper allowing only `Identifiable`/`Aggregate` keypaths
[4/25] Compiling CohesionKit AliasKey.swift
/host/spi-builder-workspace/Sources/CohesionKit/KeyPath/PartialIdentifiableKeyPath.swift:1:8: error: no such module 'Combine'
  1 | import Combine
    |        `- error: no such module 'Combine'
  2 |
  3 | /// A `KeyPath` wrapper allowing only `Identifiable`/`Aggregate` keypaths
[5/25] Compiling CohesionKit EntityObserver+Publisher.swift
/host/spi-builder-workspace/Sources/CohesionKit/KeyPath/PartialIdentifiableKeyPath.swift:1:8: error: no such module 'Combine'
  1 | import Combine
    |        `- error: no such module 'Combine'
  2 |
  3 | /// A `KeyPath` wrapper allowing only `Identifiable`/`Aggregate` keypaths
[6/25] Compiling CohesionKit Publisher+CohesionKit.swift
/host/spi-builder-workspace/Sources/CohesionKit/KeyPath/PartialIdentifiableKeyPath.swift:1:8: error: no such module 'Combine'
  1 | import Combine
    |        `- error: no such module 'Combine'
  2 |
  3 | /// A `KeyPath` wrapper allowing only `Identifiable`/`Aggregate` keypaths
[7/25] Compiling CohesionKit Aggregate.swift
/host/spi-builder-workspace/Sources/CohesionKit/KeyPath/PartialIdentifiableKeyPath.swift:1:8: error: no such module 'Combine'
  1 | import Combine
    |        `- error: no such module 'Combine'
  2 |
  3 | /// A `KeyPath` wrapper allowing only `Identifiable`/`Aggregate` keypaths
[8/25] Compiling CohesionKit EntityWrapper.swift
/host/spi-builder-workspace/Sources/CohesionKit/KeyPath/PartialIdentifiableKeyPath.swift:1:8: error: no such module 'Combine'
  1 | import Combine
    |        `- error: no such module 'Combine'
  2 |
  3 | /// A `KeyPath` wrapper allowing only `Identifiable`/`Aggregate` keypaths
[9/25] Compiling CohesionKit EntityStore.swift
/host/spi-builder-workspace/Sources/CohesionKit/KeyPath/PartialIdentifiableKeyPath.swift:1:8: error: no such module 'Combine'
  1 | import Combine
    |        `- error: no such module 'Combine'
  2 |
  3 | /// A `KeyPath` wrapper allowing only `Identifiable`/`Aggregate` keypaths
[10/25] Compiling CohesionKit NestedEntitiesVisitor.swift
/host/spi-builder-workspace/Sources/CohesionKit/KeyPath/PartialIdentifiableKeyPath.swift:1:8: error: no such module 'Combine'
  1 | import Combine
    |        `- error: no such module 'Combine'
  2 |
  3 | /// A `KeyPath` wrapper allowing only `Identifiable`/`Aggregate` keypaths
[11/25] Compiling CohesionKit Weak.swift
/host/spi-builder-workspace/Sources/CohesionKit/KeyPath/PartialIdentifiableKeyPath.swift:1:8: error: no such module 'Combine'
  1 | import Combine
    |        `- error: no such module 'Combine'
  2 |
  3 | /// A `KeyPath` wrapper allowing only `Identifiable`/`Aggregate` keypaths
[12/25] Compiling CohesionKit EntityObserver.swift
/host/spi-builder-workspace/Sources/CohesionKit/KeyPath/PartialIdentifiableKeyPath.swift:1:8: error: no such module 'Combine'
  1 | import Combine
    |        `- error: no such module 'Combine'
  2 |
  3 | /// A `KeyPath` wrapper allowing only `Identifiable`/`Aggregate` keypaths
[13/25] Compiling CohesionKit ObserverRegistry.swift
/host/spi-builder-workspace/Sources/CohesionKit/KeyPath/PartialIdentifiableKeyPath.swift:1:8: error: no such module 'Combine'
  1 | import Combine
    |        `- error: no such module 'Combine'
  2 |
  3 | /// A `KeyPath` wrapper allowing only `Identifiable`/`Aggregate` keypaths
[14/25] Compiling CohesionKit Subscription.swift
/host/spi-builder-workspace/Sources/CohesionKit/KeyPath/PartialIdentifiableKeyPath.swift:1:8: error: no such module 'Combine'
  1 | import Combine
    |        `- error: no such module 'Combine'
  2 |
  3 | /// A `KeyPath` wrapper allowing only `Identifiable`/`Aggregate` keypaths
[15/25] Compiling CohesionKit Identifier.swift
/host/spi-builder-workspace/Sources/CohesionKit/KeyPath/PartialIdentifiableKeyPath.swift:1:8: error: no such module 'Combine'
  1 | import Combine
    |        `- error: no such module 'Combine'
  2 |
  3 | /// A `KeyPath` wrapper allowing only `Identifiable`/`Aggregate` keypaths
[16/25] Compiling CohesionKit PartialIdentifiableKeyPath.swift
/host/spi-builder-workspace/Sources/CohesionKit/KeyPath/PartialIdentifiableKeyPath.swift:1:8: error: no such module 'Combine'
  1 | import Combine
    |        `- error: no such module 'Combine'
  2 |
  3 | /// A `KeyPath` wrapper allowing only `Identifiable`/`Aggregate` keypaths
[17/25] Compiling CohesionKit Logger.swift
/host/spi-builder-workspace/Sources/CohesionKit/KeyPath/PartialIdentifiableKeyPath.swift:1:8: error: no such module 'Combine'
  1 | import Combine
    |        `- error: no such module 'Combine'
  2 |
  3 | /// A `KeyPath` wrapper allowing only `Identifiable`/`Aggregate` keypaths
[18/25] Compiling CohesionKit Date+Stamp.swift
/host/spi-builder-workspace/Sources/CohesionKit/KeyPath/PartialIdentifiableKeyPath.swift:1:8: error: no such module 'Combine'
  1 | import Combine
    |        `- error: no such module 'Combine'
  2 |
  3 | /// A `KeyPath` wrapper allowing only `Identifiable`/`Aggregate` keypaths
[19/25] Compiling CohesionKit StampError.swift
/host/spi-builder-workspace/Sources/CohesionKit/KeyPath/PartialIdentifiableKeyPath.swift:1:8: error: no such module 'Combine'
  1 | import Combine
    |        `- error: no such module 'Combine'
  2 |
  3 | /// A `KeyPath` wrapper allowing only `Identifiable`/`Aggregate` keypaths
[20/25] Compiling CohesionKit AliasContainer.swift
/host/spi-builder-workspace/Sources/CohesionKit/KeyPath/PartialIdentifiableKeyPath.swift:1:8: error: no such module 'Combine'
  1 | import Combine
    |        `- error: no such module 'Combine'
  2 |
  3 | /// A `KeyPath` wrapper allowing only `Identifiable`/`Aggregate` keypaths
[21/25] Compiling CohesionKit EntityContext.swift
/host/spi-builder-workspace/Sources/CohesionKit/KeyPath/PartialIdentifiableKeyPath.swift:1:8: error: no such module 'Combine'
  1 | import Combine
    |        `- error: no such module 'Combine'
  2 |
  3 | /// A `KeyPath` wrapper allowing only `Identifiable`/`Aggregate` keypaths
[22/25] Compiling CohesionKit EntityStoreVisitor.swift
/host/spi-builder-workspace/Sources/CohesionKit/KeyPath/PartialIdentifiableKeyPath.swift:1:8: error: no such module 'Combine'
  1 | import Combine
    |        `- error: no such module 'Combine'
  2 |
  3 | /// A `KeyPath` wrapper allowing only `Identifiable`/`Aggregate` keypaths
[23/25] Compiling CohesionKit AliasStorage.swift
/host/spi-builder-workspace/Sources/CohesionKit/KeyPath/PartialIdentifiableKeyPath.swift:1:8: error: no such module 'Combine'
  1 | import Combine
    |        `- error: no such module 'Combine'
  2 |
  3 | /// A `KeyPath` wrapper allowing only `Identifiable`/`Aggregate` keypaths
[24/25] Compiling CohesionKit EntitiesStorage.swift
/host/spi-builder-workspace/Sources/CohesionKit/KeyPath/PartialIdentifiableKeyPath.swift:1:8: error: no such module 'Combine'
  1 | import Combine
    |        `- error: no such module 'Combine'
  2 |
  3 | /// A `KeyPath` wrapper allowing only `Identifiable`/`Aggregate` keypaths
[25/25] Compiling CohesionKit EntityNode.swift
/host/spi-builder-workspace/Sources/CohesionKit/KeyPath/PartialIdentifiableKeyPath.swift:1:8: error: no such module 'Combine'
  1 | import Combine
    |        `- error: no such module 'Combine'
  2 |
  3 | /// A `KeyPath` wrapper allowing only `Identifiable`/`Aggregate` keypaths
BUILD FAILURE 6.3 linux