Build Information
Failed to build msgpack-swift, reference 2.0.6 (fe3101), with Swift 6.4 for macOS (Xcode) using Xcode 27.0 on 20 Sep 2026 21:18:21 UTC.
Build Command
env DEVELOPER_DIR=/Applications/Xcode-27.0.0-Release.Candidate.app xcrun xcodebuild -IDEClonedSourcePackagesDirPathOverride=$PWD/.dependencies -skipMacroValidation -skipPackagePluginValidation -derivedDataPath $PWD/.derivedData build -scheme msgpack-swift -destination platform=macOS,arch=arm64Build Log
========================================
RunAll
========================================
Builder version: 5.1.0
Interrupt handler set up.
========================================
Checkout
========================================
Clone URL: https://github.com/fumoboy007/msgpack-swift.git
Reference: 2.0.6
Initialized empty Git repository in /Users/admin/builder/spi-builder-workspace/.git/
From https://github.com/fumoboy007/msgpack-swift
* tag 2.0.6 -> FETCH_HEAD
HEAD is now at fe31018 Fix misleading sentence in `CONTRIBUTING.md`.
Cloned https://github.com/fumoboy007/msgpack-swift.git
Revision (git rev-parse @):
fe3101819f4f82b086da5279a9df81f6754798e9
SPI manifest file found: $PWD/.spi.yml
SUCCESS checkout https://github.com/fumoboy007/msgpack-swift.git at 2.0.6
========================================
Build
========================================
Selected platform: macosXcodebuild
Swift version: 6.4
Building package at path: $PWD
https://github.com/fumoboy007/msgpack-swift.git
Command line invocation:
/Applications/Xcode-27.0.0-Release.Candidate.app/Contents/Developer/usr/bin/xcodebuild -IDEClonedSourcePackagesDirPathOverride=/Users/admin/builder/spi-builder-workspace/.dependencies -resolvePackageDependencies
Resolve Package Graph
Fetching from https://github.com/nnabeyang/swift-msgpack.git
Fetching from https://github.com/apple/swift-log.git
Fetching from https://github.com/fumoboy007/MessagePackReferenceImplementation.git
Fetching from https://github.com/hirotakan/MessagePacker.git
Fetching from https://github.com/apple/swift-docc-plugin
Fetching from https://github.com/swiftlang/swift-docc-symbolkit
Creating working copy of package ‘MessagePackReferenceImplementation’
Checking out 1.0.1 of package ‘MessagePackReferenceImplementation’
Creating working copy of package ‘MessagePacker’
Checking out 0.4.7 of package ‘MessagePacker’
Creating working copy of package ‘swift-docc-symbolkit’
Checking out 1.0.0 of package ‘swift-docc-symbolkit’
Creating working copy of package ‘swift-docc-plugin’
Checking out 1.5.0 of package ‘swift-docc-plugin’
Creating working copy of package ‘swift-msgpack’
Checking out 0.7.0 of package ‘swift-msgpack’
Creating working copy of package ‘swift-log’
Checking out 1.15.1 of package ‘swift-log’
failed to retrieve search paths with pkg-config; maybe pkg-config is not installedyou may be able to install msgpack using your system-packager:
brew install msgpack
Resolve Package Graph
you may be able to install msgpack using your system-packager:
brew install msgpack
Resolved source packages:
SymbolKit: https://github.com/swiftlang/swift-docc-symbolkit @ 1.0.0
MessagePackReferenceImplementation: https://github.com/fumoboy007/MessagePackReferenceImplementation.git @ 1.0.1
SwiftDocCPlugin: https://github.com/apple/swift-docc-plugin @ 1.5.0
swift-msgpack: https://github.com/nnabeyang/swift-msgpack.git @ 0.7.0
swift-log: https://github.com/apple/swift-log.git @ 1.15.1
MessagePacker: https://github.com/hirotakan/MessagePacker.git @ 0.4.7
msgpack-swift: /Users/admin/builder/spi-builder-workspace
resolved source packages: SymbolKit, MessagePackReferenceImplementation, SwiftDocCPlugin, swift-msgpack, swift-log, MessagePacker, msgpack-swift
2026-09-20 17:16:30.698 xcodebuild[529:3032] [MT] IDERunDestination: Supported platforms for the buildables in the current scheme is empty.
2026-09-20 17:16:30.846 xcodebuild[529:3032] [MT] IDERunDestination: Supported platforms for the buildables in the current scheme is empty.
2026-09-20 17:16:32.450 xcodebuild[529:3032] [MT] IDERunDestination: Supported platforms for the buildables in the current scheme is empty.
{
"dependencies" : [
{
"identity" : "swift-docc-plugin",
"requirement" : {
"range" : [
{
"lower_bound" : "1.3.0",
"upper_bound" : "2.0.0"
}
]
},
"type" : "sourceControl",
"url" : "https://github.com/apple/swift-docc-plugin"
},
{
"identity" : "swift-log",
"requirement" : {
"range" : [
{
"lower_bound" : "1.5.3",
"upper_bound" : "2.0.0"
}
]
},
"type" : "sourceControl",
"url" : "https://github.com/apple/swift-log.git"
},
{
"identity" : "messagepackreferenceimplementation",
"requirement" : {
"range" : [
{
"lower_bound" : "1.0.1",
"upper_bound" : "2.0.0"
}
]
},
"type" : "sourceControl",
"url" : "https://github.com/fumoboy007/MessagePackReferenceImplementation.git"
},
{
"identity" : "messagepacker",
"requirement" : {
"range" : [
{
"lower_bound" : "0.4.7",
"upper_bound" : "1.0.0"
}
]
},
"type" : "sourceControl",
"url" : "https://github.com/hirotakan/MessagePacker.git"
},
{
"identity" : "swift-msgpack",
"requirement" : {
"range" : [
{
"lower_bound" : "0.2.7",
"upper_bound" : "1.0.0"
}
]
},
"type" : "sourceControl",
"url" : "https://github.com/nnabeyang/swift-msgpack.git"
}
],
"manifest_display_name" : "msgpack-swift",
"name" : "msgpack-swift",
"path" : "/Users/admin/builder/spi-builder-workspace",
"platforms" : [
{
"name" : "visionos",
"version" : "1.0"
},
{
"name" : "macos",
"version" : "13.0"
},
{
"name" : "maccatalyst",
"version" : "16.0"
},
{
"name" : "ios",
"version" : "16.0"
},
{
"name" : "tvos",
"version" : "16.0"
},
{
"name" : "watchos",
"version" : "9.0"
}
],
"products" : [
{
"name" : "DMMessagePack",
"targets" : [
"MessagePack"
],
"type" : {
"library" : [
"automatic"
]
}
},
{
"name" : "MessagePackTimestamp",
"targets" : [
"MessagePackTimestamp"
],
"type" : {
"snippet" : null
}
},
{
"name" : "Deserialization",
"targets" : [
"Deserialization"
],
"type" : {
"snippet" : null
}
},
{
"name" : "Serialization",
"targets" : [
"Serialization"
],
"type" : {
"snippet" : null
}
},
{
"name" : "ApplicationSpecificMessagePackExtensionTypes",
"targets" : [
"ApplicationSpecificMessagePackExtensionTypes"
],
"type" : {
"snippet" : null
}
}
],
"targets" : [
{
"c99name" : "MessagePackTests",
"module_type" : "SwiftTarget",
"name" : "MessagePackTests",
"path" : "Tests/MessagePackTests",
"product_dependencies" : [
"MessagePackReferenceImplementation"
],
"sources" : [
"Extensions/AnyHashable+Encodable.swift",
"Extensions/BinaryFloatingPoint+NaNPayload.swift",
"Extensions/String+RepeatingASCII.swift",
"Extensions/msgpack_timestamp+FromMessagePackTimestamp.swift",
"Fakes/ApplicationSpecificExtensionFake.swift",
"Fakes/CodingUserInfoKey+Fakes.swift",
"Fakes/ErrorFake.swift",
"Fakes/FlattenedTypeEncodingAsNested.swift",
"Fakes/FlattenedTypeEncodingAsNestedUnkeyed.swift",
"Fakes/FlattenedTypeEncodingAsNestedWithInnerMessageUnkeyed.swift",
"Fakes/FlattenedTypeEncodingAsNestedWithOuterMessageUnkeyed.swift",
"Fakes/NestedTypeEncodingAsFlattened.swift",
"Fakes/NestedTypeEncodingAsFlattenedUnkeyed.swift",
"Fakes/NestedTypeEncodingAsNested.swift",
"Fakes/NestedTypeEncodingAsNestedUnkeyed.swift",
"Fakes/Superclass.swift",
"Fakes/TypeThatChecksUserInfo.swift",
"Fakes/TypeWithSuperclassEncodingAsNested.swift",
"Fakes/TypeWithSuperclassEncodingAsNestedUnkeyed.swift",
"MessagePackDecoderTests.swift",
"MessagePackEncoderTests.swift",
"MessagePackTimestampTests.swift",
"MessageReaderTests.swift",
"MessageWriterTests.swift",
"RuntimeEnvironment.swift"
],
"target_dependencies" : [
"MessagePack"
],
"type" : "test"
},
{
"c99name" : "MessagePack",
"module_type" : "SwiftTarget",
"name" : "MessagePack",
"path" : "Sources/MessagePack",
"product_memberships" : [
"DMMessagePack",
"MessagePackTimestamp",
"Deserialization",
"Serialization",
"ApplicationSpecificMessagePackExtensionTypes"
],
"sources" : [
"CodableAsMessagePackExtension.swift",
"Common Implementation/InternalCodingKey.swift",
"Common Implementation/MessagePackKey.swift",
"Common Implementation/StandardSwiftCollectionType.swift",
"DecodableAsMessagePackExtension.swift",
"Decoder Implementation/BinaryFloatingPoint+FromDecodedMessagePackValue.swift",
"Decoder Implementation/BinaryInteger+FromDecodedMessagePackValue.swift",
"Decoder Implementation/DecodedMessagePackArray.swift",
"Decoder Implementation/DecodedMessagePackValue+FromBytes.swift",
"Decoder Implementation/DecodedMessagePackValue+ToStandardCompoundValue.swift",
"Decoder Implementation/DecodedMessagePackValue+Validation.swift",
"Decoder Implementation/DecodedMessagePackValue.swift",
"Decoder Implementation/DecodingError+TypeMismatch.swift",
"Decoder Implementation/KeyedMessagePackDecodingContainer.swift",
"Decoder Implementation/MessagePackKey+FromDecodedMessagePackValue.swift",
"Decoder Implementation/MessagePackValueToSwiftValueDecoder.swift",
"Decoder Implementation/MessageReader.swift",
"Decoder Implementation/SimpleDecodable.swift",
"Decoder Implementation/SingleValueMessagePackDecodingContainer.swift",
"Decoder Implementation/String+FromUTF8Bytes.swift",
"Decoder Implementation/UnkeyedMessagePackDecodingContainer.swift",
"EncodableAsMessagePackExtension.swift",
"Encoder Implementation/EncodableMessagePackValue+FromBinaryInteger.swift",
"Encoder Implementation/EncodableMessagePackValue+FromMessagePackKey.swift",
"Encoder Implementation/EncodableMessagePackValue+FromSpecializableCollection.swift",
"Encoder Implementation/EncodableMessagePackValue+FromStandardCompoundValue.swift",
"Encoder Implementation/EncodableMessagePackValue+ToBytes.swift",
"Encoder Implementation/EncodableMessagePackValue+Validation.swift",
"Encoder Implementation/EncodableMessagePackValue.swift",
"Encoder Implementation/EncodableMessagePackValueFuture.swift",
"Encoder Implementation/FailedEncodableMessagePackValueFuture.swift",
"Encoder Implementation/KeyedMessagePackEncodingContainer.swift",
"Encoder Implementation/SingleValueMessagePackEncodingContainer.swift",
"Encoder Implementation/SwiftValueToMessagePackValueEncoder.swift",
"Encoder Implementation/UnkeyedMessagePackEncodingContainer.swift",
"MessagePackDecoder.swift",
"MessagePackEncoder.swift",
"MessageWriter.swift",
"Predefined Extensions/PredefinedExtensions.swift",
"Predefined Extensions/Timestamp/Date+FromMessagePackTimestamp.swift",
"Predefined Extensions/Timestamp/MessagePackTimestamp+CodableAsMessagePackExtension.swift",
"Predefined Extensions/Timestamp/MessagePackTimestamp+DecodableAsMessagePackExtension.swift",
"Predefined Extensions/Timestamp/MessagePackTimestamp+EncodableAsMessagePackExtension.swift",
"Predefined Extensions/Timestamp/MessagePackTimestamp+FromDate.swift",
"Predefined Extensions/Timestamp/MessagePackTimestamp+InstantProtocol.swift",
"Predefined Extensions/Timestamp/MessagePackTimestamp.swift",
"RFC 3339/Date+FromInternetDateTime.swift",
"RFC 3339/MessagePackTimestamp+FromInternetDateTime.swift"
],
"type" : "library"
},
{
"c99name" : "Benchmarks",
"module_type" : "SwiftTarget",
"name" : "Benchmarks",
"path" : "Tests/Benchmarks",
"product_dependencies" : [
"Logging",
"MessagePacker",
"SwiftMsgpack"
],
"sources" : [
"Benchmarks.swift",
"Extensions/Clock+MeasureWithIterationCount.swift",
"Extensions/MessagePackerTimestamp+FromMessagePackTimestamp.swift",
"Extensions/MsgPackTimestamp+FromMessagePackTimestamp.swift",
"Models/Alpaca/AlpacaQuoteEvent+Fakes.swift",
"Models/Alpaca/AlpacaQuoteEvent.swift",
"Models/Alpaca/AlpacaQuoteEventForMessagePacker.swift",
"Models/Alpaca/AlpacaQuoteEventForSwiftMsgpack.swift",
"Models/Alpaca/AlpacaTradeEvent+Fakes.swift",
"Models/Alpaca/AlpacaTradeEvent.swift",
"Models/Alpaca/AlpacaTradeEventForMessagePacker.swift",
"Models/Alpaca/AlpacaTradeEventForSwiftMsgpack.swift"
],
"target_dependencies" : [
"MessagePack"
],
"type" : "test"
},
{
"c99name" : "MessagePackTimestamp",
"module_type" : "SwiftTarget",
"name" : "MessagePackTimestamp",
"path" : "Snippets/Common Use Cases",
"product_memberships" : [
"MessagePackTimestamp"
],
"sources" : [
"MessagePackTimestamp.swift"
],
"target_dependencies" : [
"MessagePack"
],
"type" : "snippet"
},
{
"c99name" : "Deserialization",
"module_type" : "SwiftTarget",
"name" : "Deserialization",
"path" : "Snippets/Common Use Cases",
"product_memberships" : [
"Deserialization"
],
"sources" : [
"Deserialization.swift"
],
"target_dependencies" : [
"MessagePack"
],
"type" : "snippet"
},
{
"c99name" : "Serialization",
"module_type" : "SwiftTarget",
"name" : "Serialization",
"path" : "Snippets/Common Use Cases",
"product_memberships" : [
"Serialization"
],
"sources" : [
"Serialization.swift"
],
"target_dependencies" : [
"MessagePack"
],
"type" : "snippet"
},
{
"c99name" : "ApplicationSpecificMessagePackExtensionTypes",
"module_type" : "SwiftTarget",
"name" : "ApplicationSpecificMessagePackExtensionTypes",
"path" : "Snippets/Advanced Use Cases",
"product_memberships" : [
"ApplicationSpecificMessagePackExtensionTypes"
],
"sources" : [
"ApplicationSpecificMessagePackExtensionTypes.swift"
],
"target_dependencies" : [
"MessagePack"
],
"type" : "snippet"
}
],
"tools_version" : "5.9"
}
{
"workspace" : {
"name" : "msgpack-swift",
"schemes" : [
"msgpack-swift"
]
}
}
2026-09-20 17:17:31.831 xcodebuild[980:5707] [MT] IDERunDestination: Supported platforms for the buildables in the current scheme is empty.
2026-09-20 17:17:31.934 xcodebuild[980:5707] [MT] IDERunDestination: Supported platforms for the buildables in the current scheme is empty.
Running build ...
env DEVELOPER_DIR=/Applications/Xcode-27.0.0-Release.Candidate.app xcrun xcodebuild -IDEClonedSourcePackagesDirPathOverride=$PWD/.dependencies -skipMacroValidation -skipPackagePluginValidation -derivedDataPath $PWD/.derivedData build -scheme msgpack-swift -destination platform=macOS,arch=arm64
Command line invocation:
/Applications/Xcode-27.0.0-Release.Candidate.app/Contents/Developer/usr/bin/xcodebuild -IDEClonedSourcePackagesDirPathOverride=/Users/admin/builder/spi-builder-workspace/.dependencies -skipMacroValidation -skipPackagePluginValidation -derivedDataPath /Users/admin/builder/spi-builder-workspace/.derivedData build -scheme msgpack-swift -destination platform=macOS,arch=arm64
Resolve Package Graph
failed to retrieve search paths with pkg-config; maybe pkg-config is not installedyou may be able to install msgpack using your system-packager:
brew install msgpack
Resolve Package Graph
you may be able to install msgpack using your system-packager:
brew install msgpack
Resolved source packages:
MessagePackReferenceImplementation: https://github.com/fumoboy007/MessagePackReferenceImplementation.git @ 1.0.1
msgpack-swift: /Users/admin/builder/spi-builder-workspace
MessagePacker: https://github.com/hirotakan/MessagePacker.git @ 0.4.7
SymbolKit: https://github.com/swiftlang/swift-docc-symbolkit @ 1.0.0
swift-log: https://github.com/apple/swift-log.git @ 1.15.1
swift-msgpack: https://github.com/nnabeyang/swift-msgpack.git @ 0.7.0
SwiftDocCPlugin: https://github.com/apple/swift-docc-plugin @ 1.5.0
ComputePackagePrebuildTargetDependencyGraph
Prepare packages
CreateBuildRequest
SendProjectDescription
CreateBuildOperation
ComputeTargetDependencyGraph
note: Building targets in dependency order
note: Target dependency graph (12 targets)
Target 'MessagePackTests-product' in project 'msgpack-swift'
➜ Explicit dependency on target 'MessagePack' in project 'msgpack-swift'
➜ Explicit dependency on target 'MessagePackReferenceImplementation-product' in project 'MessagePackReferenceImplementation'
Target 'MessagePackReferenceImplementation-product' in project 'MessagePackReferenceImplementation'
➜ Explicit dependency on target 'MessagePackReferenceImplementation' in project 'MessagePackReferenceImplementation'
Target 'MessagePackReferenceImplementation' in project 'MessagePackReferenceImplementation'
➜ Explicit dependency on target 'Cmsgpack' in project 'MessagePackReferenceImplementation'
Target 'Cmsgpack' in project 'MessagePackReferenceImplementation' (no dependencies)
Target 'Benchmarks-product' in project 'msgpack-swift'
➜ Explicit dependency on target 'MessagePack' in project 'msgpack-swift'
➜ Explicit dependency on target 'Logging-product' in project 'swift-log'
➜ Explicit dependency on target 'MessagePacker-product' in project 'MessagePacker'
➜ Explicit dependency on target 'SwiftMsgpack-product' in project 'swift-msgpack'
Target 'SwiftMsgpack-product' in project 'swift-msgpack'
➜ Explicit dependency on target 'SwiftMsgpack' in project 'swift-msgpack'
Target 'SwiftMsgpack' in project 'swift-msgpack' (no dependencies)
Target 'MessagePacker-product' in project 'MessagePacker'
➜ Explicit dependency on target 'MessagePacker' in project 'MessagePacker'
Target 'MessagePacker' in project 'MessagePacker' (no dependencies)
Target 'Logging-product' in project 'swift-log'
➜ Explicit dependency on target 'Logging' in project 'swift-log'
Target 'Logging' in project 'swift-log' (no dependencies)
Target 'MessagePack' in project 'msgpack-swift' (no dependencies)
GatherProvisioningInputs
CreateBuildDescription
ExecuteExternalTool /Applications/Xcode-27.0.0-Release.Candidate.app/Contents/Developer/Toolchains/XcodeDefault.xctoolchain/usr/bin/swiftc --version
ExecuteExternalTool /Applications/Xcode-27.0.0-Release.Candidate.app/Contents/Developer/Toolchains/XcodeDefault.xctoolchain/usr/bin/clang -v -E -dM -isysroot /Applications/Xcode-27.0.0-Release.Candidate.app/Contents/Developer/Platforms/MacOSX.platform/Developer/SDKs/MacOSX27.0.sdk -x c -c /dev/null
ExecuteExternalTool /Applications/Xcode-27.0.0-Release.Candidate.app/Contents/Developer/Toolchains/XcodeDefault.xctoolchain/usr/bin/ld -version_details
ReadFileContents /Applications/Xcode-27.0.0-Release.Candidate.app/Contents/Developer/Toolchains/XcodeDefault.xctoolchain/usr/share/docc/features.json
Build description signature: 02835f679f94a770d903db874c38e93f
Build description path: /Users/admin/builder/spi-builder-workspace/.derivedData/Build/Intermediates.noindex/XCBuildData/02835f679f94a770d903db874c38e93f.xcbuilddata
CreateBuildDirectory /Users/admin/builder/spi-builder-workspace/.derivedData/SDKExplicitPrecompiledModules
cd /Users/admin/builder/spi-builder-workspace/.swiftpm/xcode
builtin-create-build-directory /Users/admin/builder/spi-builder-workspace/.derivedData/SDKExplicitPrecompiledModules
CreateBuildDirectory /Users/admin/builder/spi-builder-workspace/.derivedData/ModuleCache.noindex
cd /Users/admin/builder/spi-builder-workspace/.swiftpm/xcode
builtin-create-build-directory /Users/admin/builder/spi-builder-workspace/.derivedData/ModuleCache.noindex
CreateBuildDirectory /Users/admin/builder/spi-builder-workspace/.derivedData/CompilationCache.noindex
cd /Users/admin/builder/spi-builder-workspace/.swiftpm/xcode
builtin-create-build-directory /Users/admin/builder/spi-builder-workspace/.derivedData/CompilationCache.noindex
ClangStatCache /Applications/Xcode-27.0.0-Release.Candidate.app/Contents/Developer/Toolchains/XcodeDefault.xctoolchain/usr/bin/clang-stat-cache /Applications/Xcode-27.0.0-Release.Candidate.app/Contents/Developer/Platforms/MacOSX.platform/Developer/SDKs/MacOSX27.0.sdk /Users/admin/builder/spi-builder-workspace/.derivedData/SDKStatCaches.noindex/macosx27.0-26A425-e829b21a6f8c9b70876ba0858053c0446a22442a12e9d48fe1a705f55a1adfc4.sdkstatcache
cd /Users/admin/builder/spi-builder-workspace/.swiftpm/xcode
/Applications/Xcode-27.0.0-Release.Candidate.app/Contents/Developer/Toolchains/XcodeDefault.xctoolchain/usr/bin/clang-stat-cache /Applications/Xcode-27.0.0-Release.Candidate.app/Contents/Developer/Platforms/MacOSX.platform/Developer/SDKs/MacOSX27.0.sdk -o /Users/admin/builder/spi-builder-workspace/.derivedData/SDKStatCaches.noindex/macosx27.0-26A425-e829b21a6f8c9b70876ba0858053c0446a22442a12e9d48fe1a705f55a1adfc4.sdkstatcache
CreateBuildDirectory /Users/admin/builder/spi-builder-workspace/.derivedData/Build/Products
cd /Users/admin/builder/spi-builder-workspace/.swiftpm/xcode
builtin-create-build-directory /Users/admin/builder/spi-builder-workspace/.derivedData/Build/Products
CreateBuildDirectory /Users/admin/builder/spi-builder-workspace/.derivedData/Build/Intermediates.noindex
cd /Users/admin/builder/spi-builder-workspace/.swiftpm/xcode
builtin-create-build-directory /Users/admin/builder/spi-builder-workspace/.derivedData/Build/Intermediates.noindex
CreateBuildDirectory /Users/admin/builder/spi-builder-workspace/.derivedData/Build/Intermediates.noindex/SwiftExplicitPrecompiledModules
cd /Users/admin/builder/spi-builder-workspace/.swiftpm/xcode
builtin-create-build-directory /Users/admin/builder/spi-builder-workspace/.derivedData/Build/Intermediates.noindex/SwiftExplicitPrecompiledModules
CreateBuildDirectory /Users/admin/builder/spi-builder-workspace/.derivedData/Build/Intermediates.noindex/PrecompiledHeaders
cd /Users/admin/builder/spi-builder-workspace/.swiftpm/xcode
builtin-create-build-directory /Users/admin/builder/spi-builder-workspace/.derivedData/Build/Intermediates.noindex/PrecompiledHeaders
CreateBuildDirectory /Users/admin/builder/spi-builder-workspace/.derivedData/Build/Products/Debug
cd /Users/admin/builder/spi-builder-workspace/.swiftpm/xcode
builtin-create-build-directory /Users/admin/builder/spi-builder-workspace/.derivedData/Build/Products/Debug
CreateBuildDirectory /Users/admin/builder/spi-builder-workspace/.derivedData/Build/Intermediates.noindex/ExplicitPrecompiledModules
cd /Users/admin/builder/spi-builder-workspace/.swiftpm/xcode
builtin-create-build-directory /Users/admin/builder/spi-builder-workspace/.derivedData/Build/Intermediates.noindex/ExplicitPrecompiledModules
CreateBuildDirectory /Users/admin/builder/spi-builder-workspace/.derivedData/Build/Intermediates.noindex/EagerLinkingTBDs/Debug
cd /Users/admin/builder/spi-builder-workspace/.swiftpm/xcode
builtin-create-build-directory /Users/admin/builder/spi-builder-workspace/.derivedData/Build/Intermediates.noindex/EagerLinkingTBDs/Debug
CreateBuildDirectory /Users/admin/builder/spi-builder-workspace/.derivedData/Build/Products/Debug/PackageFrameworks
cd /Users/admin/builder/spi-builder-workspace/.swiftpm/xcode
builtin-create-build-directory /Users/admin/builder/spi-builder-workspace/.derivedData/Build/Products/Debug/PackageFrameworks
WriteAuxiliaryFile /Users/admin/builder/spi-builder-workspace/.derivedData/Build/Intermediates.noindex/swift-msgpack.build/Debug/SwiftMsgpack-t.build/SwiftMsgpack.DependencyStaticMetadataFileList (in target 'SwiftMsgpack' from project 'swift-msgpack')
cd /Users/admin/builder/spi-builder-workspace/.dependencies/checkouts/swift-msgpack
write-file /Users/admin/builder/spi-builder-workspace/.derivedData/Build/Intermediates.noindex/swift-msgpack.build/Debug/SwiftMsgpack-t.build/SwiftMsgpack.DependencyStaticMetadataFileList
WriteAuxiliaryFile /Users/admin/builder/spi-builder-workspace/.derivedData/Build/Intermediates.noindex/swift-msgpack.build/Debug/SwiftMsgpack-t.build/SwiftMsgpack.DependencyMetadataFileList (in target 'SwiftMsgpack' from project 'swift-msgpack')
cd /Users/admin/builder/spi-builder-workspace/.dependencies/checkouts/swift-msgpack
write-file /Users/admin/builder/spi-builder-workspace/.derivedData/Build/Intermediates.noindex/swift-msgpack.build/Debug/SwiftMsgpack-t.build/SwiftMsgpack.DependencyMetadataFileList
WriteAuxiliaryFile /Users/admin/builder/spi-builder-workspace/.derivedData/Build/Intermediates.noindex/swift-msgpack.build/Debug/SwiftMsgpack-t.build/SwiftMsgpack.modulemap (in target 'SwiftMsgpack' from project 'swift-msgpack')
cd /Users/admin/builder/spi-builder-workspace/.dependencies/checkouts/swift-msgpack
write-file /Users/admin/builder/spi-builder-workspace/.derivedData/Build/Intermediates.noindex/swift-msgpack.build/Debug/SwiftMsgpack-t.build/SwiftMsgpack.modulemap
WriteAuxiliaryFile /Users/admin/builder/spi-builder-workspace/.derivedData/Build/Intermediates.noindex/swift-msgpack.build/Debug/SwiftMsgpack-t.build/Objects-normal/arm64/SwiftMsgpack.SwiftFileList (in target 'SwiftMsgpack' from project 'swift-msgpack')
cd /Users/admin/builder/spi-builder-workspace/.dependencies/checkouts/swift-msgpack
write-file /Users/admin/builder/spi-builder-workspace/.derivedData/Build/Intermediates.noindex/swift-msgpack.build/Debug/SwiftMsgpack-t.build/Objects-normal/arm64/SwiftMsgpack.SwiftFileList
WriteAuxiliaryFile /Users/admin/builder/spi-builder-workspace/.derivedData/Build/Intermediates.noindex/swift-msgpack.build/Debug/SwiftMsgpack-t.build/Objects-normal/arm64/SwiftMsgpack_const_extract_protocols.json (in target 'SwiftMsgpack' from project 'swift-msgpack')
cd /Users/admin/builder/spi-builder-workspace/.dependencies/checkouts/swift-msgpack
write-file /Users/admin/builder/spi-builder-workspace/.derivedData/Build/Intermediates.noindex/swift-msgpack.build/Debug/SwiftMsgpack-t.build/Objects-normal/arm64/SwiftMsgpack_const_extract_protocols.json
WriteAuxiliaryFile /Users/admin/builder/spi-builder-workspace/.derivedData/Build/Intermediates.noindex/swift-msgpack.build/Debug/SwiftMsgpack-t.build/Objects-normal/arm64/SwiftMsgpack-OutputFileMap.json (in target 'SwiftMsgpack' from project 'swift-msgpack')
cd /Users/admin/builder/spi-builder-workspace/.dependencies/checkouts/swift-msgpack
write-file /Users/admin/builder/spi-builder-workspace/.derivedData/Build/Intermediates.noindex/swift-msgpack.build/Debug/SwiftMsgpack-t.build/Objects-normal/arm64/SwiftMsgpack-OutputFileMap.json
WriteAuxiliaryFile /Users/admin/builder/spi-builder-workspace/.derivedData/Build/Intermediates.noindex/swift-msgpack.build/Debug/SwiftMsgpack-t.build/Objects-normal/arm64/SwiftMsgpack.SwiftConstValuesFileList (in target 'SwiftMsgpack' from project 'swift-msgpack')
cd /Users/admin/builder/spi-builder-workspace/.dependencies/checkouts/swift-msgpack
write-file /Users/admin/builder/spi-builder-workspace/.derivedData/Build/Intermediates.noindex/swift-msgpack.build/Debug/SwiftMsgpack-t.build/Objects-normal/arm64/SwiftMsgpack.SwiftConstValuesFileList
WriteAuxiliaryFile /Users/admin/builder/spi-builder-workspace/.derivedData/Build/Intermediates.noindex/swift-msgpack.build/Debug/SwiftMsgpack-t.build/Objects-normal/arm64/SwiftMsgpack.LinkFileList (in target 'SwiftMsgpack' from project 'swift-msgpack')
cd /Users/admin/builder/spi-builder-workspace/.dependencies/checkouts/swift-msgpack
write-file /Users/admin/builder/spi-builder-workspace/.derivedData/Build/Intermediates.noindex/swift-msgpack.build/Debug/SwiftMsgpack-t.build/Objects-normal/arm64/SwiftMsgpack.LinkFileList
WriteAuxiliaryFile /Users/admin/builder/spi-builder-workspace/.derivedData/Build/Intermediates.noindex/MessagePacker.build/Debug/MessagePacker-t.build/Objects-normal/arm64/MessagePacker_const_extract_protocols.json (in target 'MessagePacker' from project 'MessagePacker')
cd /Users/admin/builder/spi-builder-workspace/.dependencies/checkouts/MessagePacker
write-file /Users/admin/builder/spi-builder-workspace/.derivedData/Build/Intermediates.noindex/MessagePacker.build/Debug/MessagePacker-t.build/Objects-normal/arm64/MessagePacker_const_extract_protocols.json
WriteAuxiliaryFile /Users/admin/builder/spi-builder-workspace/.derivedData/Build/Intermediates.noindex/MessagePacker.build/Debug/MessagePacker-t.build/Objects-normal/arm64/MessagePacker.SwiftFileList (in target 'MessagePacker' from project 'MessagePacker')
cd /Users/admin/builder/spi-builder-workspace/.dependencies/checkouts/MessagePacker
write-file /Users/admin/builder/spi-builder-workspace/.derivedData/Build/Intermediates.noindex/MessagePacker.build/Debug/MessagePacker-t.build/Objects-normal/arm64/MessagePacker.SwiftFileList
WriteAuxiliaryFile /Users/admin/builder/spi-builder-workspace/.derivedData/Build/Intermediates.noindex/MessagePacker.build/Debug/MessagePacker-t.build/Objects-normal/arm64/MessagePacker.SwiftConstValuesFileList (in target 'MessagePacker' from project 'MessagePacker')
cd /Users/admin/builder/spi-builder-workspace/.dependencies/checkouts/MessagePacker
write-file /Users/admin/builder/spi-builder-workspace/.derivedData/Build/Intermediates.noindex/MessagePacker.build/Debug/MessagePacker-t.build/Objects-normal/arm64/MessagePacker.SwiftConstValuesFileList
WriteAuxiliaryFile /Users/admin/builder/spi-builder-workspace/.derivedData/Build/Intermediates.noindex/MessagePacker.build/Debug/MessagePacker-t.build/Objects-normal/arm64/MessagePacker.LinkFileList (in target 'MessagePacker' from project 'MessagePacker')
cd /Users/admin/builder/spi-builder-workspace/.dependencies/checkouts/MessagePacker
write-file /Users/admin/builder/spi-builder-workspace/.derivedData/Build/Intermediates.noindex/MessagePacker.build/Debug/MessagePacker-t.build/Objects-normal/arm64/MessagePacker.LinkFileList
WriteAuxiliaryFile /Users/admin/builder/spi-builder-workspace/.derivedData/Build/Intermediates.noindex/MessagePacker.build/Debug/MessagePacker-t.build/Objects-normal/arm64/MessagePacker-OutputFileMap.json (in target 'MessagePacker' from project 'MessagePacker')
cd /Users/admin/builder/spi-builder-workspace/.dependencies/checkouts/MessagePacker
write-file /Users/admin/builder/spi-builder-workspace/.derivedData/Build/Intermediates.noindex/MessagePacker.build/Debug/MessagePacker-t.build/Objects-normal/arm64/MessagePacker-OutputFileMap.json
WriteAuxiliaryFile /Users/admin/builder/spi-builder-workspace/.derivedData/Build/Intermediates.noindex/MessagePacker.build/Debug/MessagePacker-t.build/MessagePacker.modulemap (in target 'MessagePacker' from project 'MessagePacker')
cd /Users/admin/builder/spi-builder-workspace/.dependencies/checkouts/MessagePacker
write-file /Users/admin/builder/spi-builder-workspace/.derivedData/Build/Intermediates.noindex/MessagePacker.build/Debug/MessagePacker-t.build/MessagePacker.modulemap
WriteAuxiliaryFile /Users/admin/builder/spi-builder-workspace/.derivedData/Build/Intermediates.noindex/MessagePacker.build/Debug/MessagePacker-t.build/MessagePacker.DependencyStaticMetadataFileList (in target 'MessagePacker' from project 'MessagePacker')
cd /Users/admin/builder/spi-builder-workspace/.dependencies/checkouts/MessagePacker
write-file /Users/admin/builder/spi-builder-workspace/.derivedData/Build/Intermediates.noindex/MessagePacker.build/Debug/MessagePacker-t.build/MessagePacker.DependencyStaticMetadataFileList
WriteAuxiliaryFile /Users/admin/builder/spi-builder-workspace/.derivedData/Build/Intermediates.noindex/MessagePacker.build/Debug/MessagePacker-t.build/MessagePacker.DependencyMetadataFileList (in target 'MessagePacker' from project 'MessagePacker')
cd /Users/admin/builder/spi-builder-workspace/.dependencies/checkouts/MessagePacker
write-file /Users/admin/builder/spi-builder-workspace/.derivedData/Build/Intermediates.noindex/MessagePacker.build/Debug/MessagePacker-t.build/MessagePacker.DependencyMetadataFileList
Copy /Users/admin/builder/spi-builder-workspace/.derivedData/Build/Intermediates.noindex/GeneratedModuleMaps/SwiftMsgpack.modulemap /Users/admin/builder/spi-builder-workspace/.derivedData/Build/Intermediates.noindex/swift-msgpack.build/Debug/SwiftMsgpack-t.build/SwiftMsgpack.modulemap (in target 'SwiftMsgpack' from project 'swift-msgpack')
cd /Users/admin/builder/spi-builder-workspace/.dependencies/checkouts/swift-msgpack
builtin-copy -exclude .DS_Store -exclude CVS -exclude .svn -exclude .git -exclude .hg -resolve-src-symlinks /Users/admin/builder/spi-builder-workspace/.derivedData/Build/Intermediates.noindex/swift-msgpack.build/Debug/SwiftMsgpack-t.build/SwiftMsgpack.modulemap /Users/admin/builder/spi-builder-workspace/.derivedData/Build/Intermediates.noindex/GeneratedModuleMaps
WriteAuxiliaryFile /Users/admin/builder/spi-builder-workspace/.derivedData/Build/Intermediates.noindex/msgpack-swift.build/Debug/MessagePackTests-p.build/empty-MessagePackTests.plist (in target 'MessagePackTests-product' from project 'msgpack-swift')
cd /Users/admin/builder/spi-builder-workspace
write-file /Users/admin/builder/spi-builder-workspace/.derivedData/Build/Intermediates.noindex/msgpack-swift.build/Debug/MessagePackTests-p.build/empty-MessagePackTests.plist
WriteAuxiliaryFile /Users/admin/builder/spi-builder-workspace/.derivedData/Build/Intermediates.noindex/msgpack-swift.build/Debug/MessagePackTests-p.build/Objects-normal/arm64/MessagePackTests.SwiftFileList (in target 'MessagePackTests-product' from project 'msgpack-swift')
cd /Users/admin/builder/spi-builder-workspace
write-file /Users/admin/builder/spi-builder-workspace/.derivedData/Build/Intermediates.noindex/msgpack-swift.build/Debug/MessagePackTests-p.build/Objects-normal/arm64/MessagePackTests.SwiftFileList
WriteAuxiliaryFile /Users/admin/builder/spi-builder-workspace/.derivedData/Build/Intermediates.noindex/msgpack-swift.build/Debug/MessagePackTests-p.build/Objects-normal/arm64/MessagePackTests_const_extract_protocols.json (in target 'MessagePackTests-product' from project 'msgpack-swift')
cd /Users/admin/builder/spi-builder-workspace
write-file /Users/admin/builder/spi-builder-workspace/.derivedData/Build/Intermediates.noindex/msgpack-swift.build/Debug/MessagePackTests-p.build/Objects-normal/arm64/MessagePackTests_const_extract_protocols.json
WriteAuxiliaryFile /Users/admin/builder/spi-builder-workspace/.derivedData/Build/Intermediates.noindex/msgpack-swift.build/Debug/MessagePackTests-p.build/Objects-normal/arm64/MessagePackTests.SwiftConstValuesFileList (in target 'MessagePackTests-product' from project 'msgpack-swift')
cd /Users/admin/builder/spi-builder-workspace
write-file /Users/admin/builder/spi-builder-workspace/.derivedData/Build/Intermediates.noindex/msgpack-swift.build/Debug/MessagePackTests-p.build/Objects-normal/arm64/MessagePackTests.SwiftConstValuesFileList
WriteAuxiliaryFile /Users/admin/builder/spi-builder-workspace/.derivedData/Build/Intermediates.noindex/msgpack-swift.build/Debug/MessagePackTests-p.build/Objects-normal/arm64/MessagePackTests.LinkFileList (in target 'MessagePackTests-product' from project 'msgpack-swift')
cd /Users/admin/builder/spi-builder-workspace
write-file /Users/admin/builder/spi-builder-workspace/.derivedData/Build/Intermediates.noindex/msgpack-swift.build/Debug/MessagePackTests-p.build/Objects-normal/arm64/MessagePackTests.LinkFileList
WriteAuxiliaryFile /Users/admin/builder/spi-builder-workspace/.derivedData/Build/Intermediates.noindex/msgpack-swift.build/Debug/MessagePackTests-p.build/Objects-normal/arm64/MessagePackTests-OutputFileMap.json (in target 'MessagePackTests-product' from project 'msgpack-swift')
cd /Users/admin/builder/spi-builder-workspace
write-file /Users/admin/builder/spi-builder-workspace/.derivedData/Build/Intermediates.noindex/msgpack-swift.build/Debug/MessagePackTests-p.build/Objects-normal/arm64/MessagePackTests-OutputFileMap.json
WriteAuxiliaryFile /Users/admin/builder/spi-builder-workspace/.derivedData/Build/Intermediates.noindex/msgpack-swift.build/Debug/MessagePackTests-p.build/MessagePackTests.DependencyStaticMetadataFileList (in target 'MessagePackTests-product' from project 'msgpack-swift')
cd /Users/admin/builder/spi-builder-workspace
write-file /Users/admin/builder/spi-builder-workspace/.derivedData/Build/Intermediates.noindex/msgpack-swift.build/Debug/MessagePackTests-p.build/MessagePackTests.DependencyStaticMetadataFileList
WriteAuxiliaryFile /Users/admin/builder/spi-builder-workspace/.derivedData/Build/Intermediates.noindex/msgpack-swift.build/Debug/MessagePackTests-p.build/MessagePackTests.DependencyMetadataFileList (in target 'MessagePackTests-product' from project 'msgpack-swift')
cd /Users/admin/builder/spi-builder-workspace
write-file /Users/admin/builder/spi-builder-workspace/.derivedData/Build/Intermediates.noindex/msgpack-swift.build/Debug/MessagePackTests-p.build/MessagePackTests.DependencyMetadataFileList
Copy /Users/admin/builder/spi-builder-workspace/.derivedData/Build/Intermediates.noindex/GeneratedModuleMaps/MessagePacker.modulemap /Users/admin/builder/spi-builder-workspace/.derivedData/Build/Intermediates.noindex/MessagePacker.build/Debug/MessagePacker-t.build/MessagePacker.modulemap (in target 'MessagePacker' from project 'MessagePacker')
cd /Users/admin/builder/spi-builder-workspace/.dependencies/checkouts/MessagePacker
builtin-copy -exclude .DS_Store -exclude CVS -exclude .svn -exclude .git -exclude .hg -resolve-src-symlinks /Users/admin/builder/spi-builder-workspace/.derivedData/Build/Intermediates.noindex/MessagePacker.build/Debug/MessagePacker-t.build/MessagePacker.modulemap /Users/admin/builder/spi-builder-workspace/.derivedData/Build/Intermediates.noindex/GeneratedModuleMaps
WriteAuxiliaryFile /Users/admin/builder/spi-builder-workspace/.derivedData/Build/Intermediates.noindex/MessagePackReferenceImplementation.build/Debug/MessagePackReferenceImplementation-t.build/Objects-normal/arm64/MessagePackReferenceImplementation.SwiftFileList (in target 'MessagePackReferenceImplementation' from project 'MessagePackReferenceImplementation')
cd /Users/admin/builder/spi-builder-workspace/.dependencies/checkouts/MessagePackReferenceImplementation
write-file /Users/admin/builder/spi-builder-workspace/.derivedData/Build/Intermediates.noindex/MessagePackReferenceImplementation.build/Debug/MessagePackReferenceImplementation-t.build/Objects-normal/arm64/MessagePackReferenceImplementation.SwiftFileList
WriteAuxiliaryFile /Users/admin/builder/spi-builder-workspace/.derivedData/Build/Intermediates.noindex/MessagePackReferenceImplementation.build/Debug/MessagePackReferenceImplementation-t.build/Objects-normal/arm64/MessagePackReferenceImplementation.SwiftConstValuesFileList (in target 'MessagePackReferenceImplementation' from project 'MessagePackReferenceImplementation')
cd /Users/admin/builder/spi-builder-workspace/.dependencies/checkouts/MessagePackReferenceImplementation
write-file /Users/admin/builder/spi-builder-workspace/.derivedData/Build/Intermediates.noindex/MessagePackReferenceImplementation.build/Debug/MessagePackReferenceImplementation-t.build/Objects-normal/arm64/MessagePackReferenceImplementation.SwiftConstValuesFileList
WriteAuxiliaryFile /Users/admin/builder/spi-builder-workspace/.derivedData/Build/Intermediates.noindex/MessagePackReferenceImplementation.build/Debug/MessagePackReferenceImplementation-t.build/Objects-normal/arm64/MessagePackReferenceImplementation_const_extract_protocols.json (in target 'MessagePackReferenceImplementation' from project 'MessagePackReferenceImplementation')
cd /Users/admin/builder/spi-builder-workspace/.dependencies/checkouts/MessagePackReferenceImplementation
write-file /Users/admin/builder/spi-builder-workspace/.derivedData/Build/Intermediates.noindex/MessagePackReferenceImplementation.build/Debug/MessagePackReferenceImplementation-t.build/Objects-normal/arm64/MessagePackReferenceImplementation_const_extract_protocols.json
WriteAuxiliaryFile /Users/admin/builder/spi-builder-workspace/.derivedData/Build/Intermediates.noindex/MessagePackReferenceImplementation.build/Debug/MessagePackReferenceImplementation-t.build/Objects-normal/arm64/MessagePackReferenceImplementation.LinkFileList (in target 'MessagePackReferenceImplementation' from project 'MessagePackReferenceImplementation')
cd /Users/admin/builder/spi-builder-workspace/.dependencies/checkouts/MessagePackReferenceImplementation
write-file /Users/admin/builder/spi-builder-workspace/.derivedData/Build/Intermediates.noindex/MessagePackReferenceImplementation.build/Debug/MessagePackReferenceImplementation-t.build/Objects-normal/arm64/MessagePackReferenceImplementation.LinkFileList
WriteAuxiliaryFile /Users/admin/builder/spi-builder-workspace/.derivedData/Build/Intermediates.noindex/MessagePackReferenceImplementation.build/Debug/MessagePackReferenceImplementation-t.build/Objects-normal/arm64/MessagePackReferenceImplementation-OutputFileMap.json (in target 'MessagePackReferenceImplementation' from project 'MessagePackReferenceImplementation')
cd /Users/admin/builder/spi-builder-workspace/.dependencies/checkouts/MessagePackReferenceImplementation
write-file /Users/admin/builder/spi-builder-workspace/.derivedData/Build/Intermediates.noindex/MessagePackReferenceImplementation.build/Debug/MessagePackReferenceImplementation-t.build/Objects-normal/arm64/MessagePackReferenceImplementation-OutputFileMap.json
WriteAuxiliaryFile /Users/admin/builder/spi-builder-workspace/.derivedData/Build/Intermediates.noindex/MessagePackReferenceImplementation.build/Debug/MessagePackReferenceImplementation-t.build/MessagePackReferenceImplementation.modulemap (in target 'MessagePackReferenceImplementation' from project 'MessagePackReferenceImplementation')
cd /Users/admin/builder/spi-builder-workspace/.dependencies/checkouts/MessagePackReferenceImplementation
write-file /Users/admin/builder/spi-builder-workspace/.derivedData/Build/Intermediates.noindex/MessagePackReferenceImplementation.build/Debug/MessagePackReferenceImplementation-t.build/MessagePackReferenceImplementation.modulemap
WriteAuxiliaryFile /Users/admin/builder/spi-builder-workspace/.derivedData/Build/Intermediates.noindex/MessagePackReferenceImplementation.build/Debug/MessagePackReferenceImplementation-t.build/MessagePackReferenceImplementation.DependencyStaticMetadataFileList (in target 'MessagePackReferenceImplementation' from project 'MessagePackReferenceImplementation')
cd /Users/admin/builder/spi-builder-workspace/.dependencies/checkouts/MessagePackReferenceImplementation
write-file /Users/admin/builder/spi-builder-workspace/.derivedData/Build/Intermediates.noindex/MessagePackReferenceImplementation.build/Debug/MessagePackReferenceImplementation-t.build/MessagePackReferenceImplementation.DependencyStaticMetadataFileList
WriteAuxiliaryFile /Users/admin/builder/spi-builder-workspace/.derivedData/Build/Intermediates.noindex/MessagePackReferenceImplementation.build/Debug/MessagePackReferenceImplementation-t.build/MessagePackReferenceImplementation.DependencyMetadataFileList (in target 'MessagePackReferenceImplementation' from project 'MessagePackReferenceImplementation')
cd /Users/admin/builder/spi-builder-workspace/.dependencies/checkouts/MessagePackReferenceImplementation
write-file /Users/admin/builder/spi-builder-workspace/.derivedData/Build/Intermediates.noindex/MessagePackReferenceImplementation.build/Debug/MessagePackReferenceImplementation-t.build/MessagePackReferenceImplementation.DependencyMetadataFileList
MkDir /Users/admin/builder/spi-builder-workspace/.derivedData/Build/Products/Debug/MessagePackTests.xctest/Contents (in target 'MessagePackTests-product' from project 'msgpack-swift')
cd /Users/admin/builder/spi-builder-workspace
/bin/mkdir -p /Users/admin/builder/spi-builder-workspace/.derivedData/Build/Products/Debug/MessagePackTests.xctest/Contents
MkDir /Users/admin/builder/spi-builder-workspace/.derivedData/Build/Products/Debug/MessagePackTests.xctest/Contents/MacOS (in target 'MessagePackTests-product' from project 'msgpack-swift')
cd /Users/admin/builder/spi-builder-workspace
/bin/mkdir -p /Users/admin/builder/spi-builder-workspace/.derivedData/Build/Products/Debug/MessagePackTests.xctest/Contents/MacOS
MkDir /Users/admin/builder/spi-builder-workspace/.derivedData/Build/Products/Debug/MessagePackTests.xctest (in target 'MessagePackTests-product' from project 'msgpack-swift')
cd /Users/admin/builder/spi-builder-workspace
/bin/mkdir -p /Users/admin/builder/spi-builder-workspace/.derivedData/Build/Products/Debug/MessagePackTests.xctest
Copy /Users/admin/builder/spi-builder-workspace/.derivedData/Build/Intermediates.noindex/GeneratedModuleMaps/MessagePackReferenceImplementation.modulemap /Users/admin/builder/spi-builder-workspace/.derivedData/Build/Intermediates.noindex/MessagePackReferenceImplementation.build/Debug/MessagePackReferenceImplementation-t.build/MessagePackReferenceImplementation.modulemap (in target 'MessagePackReferenceImplementation' from project 'MessagePackReferenceImplementation')
cd /Users/admin/builder/spi-builder-workspace/.dependencies/checkouts/MessagePackReferenceImplementation
builtin-copy -exclude .DS_Store -exclude CVS -exclude .svn -exclude .git -exclude .hg -resolve-src-symlinks /Users/admin/builder/spi-builder-workspace/.derivedData/Build/Intermediates.noindex/MessagePackReferenceImplementation.build/Debug/MessagePackReferenceImplementation-t.build/MessagePackReferenceImplementation.modulemap /Users/admin/builder/spi-builder-workspace/.derivedData/Build/Intermediates.noindex/GeneratedModuleMaps
WriteAuxiliaryFile /Users/admin/builder/spi-builder-workspace/.derivedData/Build/Intermediates.noindex/msgpack-swift.build/Debug/MessagePack-t.build/Objects-normal/arm64/MessagePack.SwiftFileList (in target 'MessagePack' from project 'msgpack-swift')
cd /Users/admin/builder/spi-builder-workspace
write-file /Users/admin/builder/spi-builder-workspace/.derivedData/Build/Intermediates.noindex/msgpack-swift.build/Debug/MessagePack-t.build/Objects-normal/arm64/MessagePack.SwiftFileList
WriteAuxiliaryFile /Users/admin/builder/spi-builder-workspace/.derivedData/Build/Intermediates.noindex/msgpack-swift.build/Debug/MessagePack-t.build/Objects-normal/arm64/MessagePack_const_extract_protocols.json (in target 'MessagePack' from project 'msgpack-swift')
cd /Users/admin/builder/spi-builder-workspace
write-file /Users/admin/builder/spi-builder-workspace/.derivedData/Build/Intermediates.noindex/msgpack-swift.build/Debug/MessagePack-t.build/Objects-normal/arm64/MessagePack_const_extract_protocols.json
WriteAuxiliaryFile /Users/admin/builder/spi-builder-workspace/.derivedData/Build/Intermediates.noindex/msgpack-swift.build/Debug/MessagePack-t.build/Objects-normal/arm64/MessagePack.SwiftConstValuesFileList (in target 'MessagePack' from project 'msgpack-swift')
cd /Users/admin/builder/spi-builder-workspace
write-file /Users/admin/builder/spi-builder-workspace/.derivedData/Build/Intermediates.noindex/msgpack-swift.build/Debug/MessagePack-t.build/Objects-normal/arm64/MessagePack.SwiftConstValuesFileList
WriteAuxiliaryFile /Users/admin/builder/spi-builder-workspace/.derivedData/Build/Intermediates.noindex/msgpack-swift.build/Debug/MessagePack-t.build/Objects-normal/arm64/MessagePack.LinkFileList (in target 'MessagePack' from project 'msgpack-swift')
cd /Users/admin/builder/spi-builder-workspace
write-file /Users/admin/builder/spi-builder-workspace/.derivedData/Build/Intermediates.noindex/msgpack-swift.build/Debug/MessagePack-t.build/Objects-normal/arm64/MessagePack.LinkFileList
WriteAuxiliaryFile /Users/admin/builder/spi-builder-workspace/.derivedData/Build/Intermediates.noindex/msgpack-swift.build/Debug/MessagePack-t.build/Objects-normal/arm64/MessagePack-OutputFileMap.json (in target 'MessagePack' from project 'msgpack-swift')
cd /Users/admin/builder/spi-builder-workspace
write-file /Users/admin/builder/spi-builder-workspace/.derivedData/Build/Intermediates.noindex/msgpack-swift.build/Debug/MessagePack-t.build/Objects-normal/arm64/MessagePack-OutputFileMap.json
WriteAuxiliaryFile /Users/admin/builder/spi-builder-workspace/.derivedData/Build/Intermediates.noindex/msgpack-swift.build/Debug/MessagePack-t.build/MessagePack.modulemap (in target 'MessagePack' from project 'msgpack-swift')
cd /Users/admin/builder/spi-builder-workspace
write-file /Users/admin/builder/spi-builder-workspace/.derivedData/Build/Intermediates.noindex/msgpack-swift.build/Debug/MessagePack-t.build/MessagePack.modulemap
WriteAuxiliaryFile /Users/admin/builder/spi-builder-workspace/.derivedData/Build/Intermediates.noindex/msgpack-swift.build/Debug/MessagePack-t.build/MessagePack.DependencyStaticMetadataFileList (in target 'MessagePack' from project 'msgpack-swift')
cd /Users/admin/builder/spi-builder-workspace
write-file /Users/admin/builder/spi-builder-workspace/.derivedData/Build/Intermediates.noindex/msgpack-swift.build/Debug/MessagePack-t.build/MessagePack.DependencyStaticMetadataFileList
WriteAuxiliaryFile /Users/admin/builder/spi-builder-workspace/.derivedData/Build/Intermediates.noindex/msgpack-swift.build/Debug/MessagePack-t.build/MessagePack.DependencyMetadataFileList (in target 'MessagePack' from project 'msgpack-swift')
cd /Users/admin/builder/spi-builder-workspace
write-file /Users/admin/builder/spi-builder-workspace/.derivedData/Build/Intermediates.noindex/msgpack-swift.build/Debug/MessagePack-t.build/MessagePack.DependencyMetadataFileList
WriteAuxiliaryFile /Users/admin/builder/spi-builder-workspace/.derivedData/Build/Intermediates.noindex/swift-log.build/Debug/Logging-t.build/Logging.modulemap (in target 'Logging' from project 'swift-log')
cd /Users/admin/builder/spi-builder-workspace/.dependencies/checkouts/swift-log
write-file /Users/admin/builder/spi-builder-workspace/.derivedData/Build/Intermediates.noindex/swift-log.build/Debug/Logging-t.build/Logging.modulemap
WriteAuxiliaryFile /Users/admin/builder/spi-builder-workspace/.derivedData/Build/Intermediates.noindex/swift-log.build/Debug/Logging-t.build/Logging.DependencyStaticMetadataFileList (in target 'Logging' from project 'swift-log')
cd /Users/admin/builder/spi-builder-workspace/.dependencies/checkouts/swift-log
write-file /Users/admin/builder/spi-builder-workspace/.derivedData/Build/Intermediates.noindex/swift-log.build/Debug/Logging-t.build/Logging.DependencyStaticMetadataFileList
WriteAuxiliaryFile /Users/admin/builder/spi-builder-workspace/.derivedData/Build/Intermediates.noindex/swift-log.build/Debug/Logging-t.build/Objects-normal/arm64/Logging.SwiftConstValuesFileList (in target 'Logging' from project 'swift-log')
cd /Users/admin/builder/spi-builder-workspace/.dependencies/checkouts/swift-log
write-file /Users/admin/builder/spi-builder-workspace/.derivedData/Build/Intermediates.noindex/swift-log.build/Debug/Logging-t.build/Objects-normal/arm64/Logging.SwiftConstValuesFileList
WriteAuxiliaryFile /Users/admin/builder/spi-builder-workspace/.derivedData/Build/Intermediates.noindex/swift-log.build/Debug/Logging-t.build/Objects-normal/arm64/Logging_const_extract_protocols.json (in target 'Logging' from project 'swift-log')
cd /Users/admin/builder/spi-builder-workspace/.dependencies/checkouts/swift-log
write-file /Users/admin/builder/spi-builder-workspace/.derivedData/Build/Intermediates.noindex/swift-log.build/Debug/Logging-t.build/Objects-normal/arm64/Logging_const_extract_protocols.json
WriteAuxiliaryFile /Users/admin/builder/spi-builder-workspace/.derivedData/Build/Intermediates.noindex/swift-log.build/Debug/Logging-t.build/Objects-normal/arm64/Logging.SwiftFileList (in target 'Logging' from project 'swift-log')
cd /Users/admin/builder/spi-builder-workspace/.dependencies/checkouts/swift-log
write-file /Users/admin/builder/spi-builder-workspace/.derivedData/Build/Intermediates.noindex/swift-log.build/Debug/Logging-t.build/Objects-normal/arm64/Logging.SwiftFileList
WriteAuxiliaryFile /Users/admin/builder/spi-builder-workspace/.derivedData/Build/Intermediates.noindex/swift-log.build/Debug/Logging-t.build/Objects-normal/arm64/Logging-OutputFileMap.json (in target 'Logging' from project 'swift-log')
cd /Users/admin/builder/spi-builder-workspace/.dependencies/checkouts/swift-log
write-file /Users/admin/builder/spi-builder-workspace/.derivedData/Build/Intermediates.noindex/swift-log.build/Debug/Logging-t.build/Objects-normal/arm64/Logging-OutputFileMap.json
WriteAuxiliaryFile /Users/admin/builder/spi-builder-workspace/.derivedData/Build/Intermediates.noindex/swift-log.build/Debug/Logging-t.build/Objects-normal/arm64/Logging.LinkFileList (in target 'Logging' from project 'swift-log')
cd /Users/admin/builder/spi-builder-workspace/.dependencies/checkouts/swift-log
write-file /Users/admin/builder/spi-builder-workspace/.derivedData/Build/Intermediates.noindex/swift-log.build/Debug/Logging-t.build/Objects-normal/arm64/Logging.LinkFileList
WriteAuxiliaryFile /Users/admin/builder/spi-builder-workspace/.derivedData/Build/Intermediates.noindex/swift-log.build/Debug/Logging-t.build/Logging.DependencyMetadataFileList (in target 'Logging' from project 'swift-log')
cd /Users/admin/builder/spi-builder-workspace/.dependencies/checkouts/swift-log
write-file /Users/admin/builder/spi-builder-workspace/.derivedData/Build/Intermediates.noindex/swift-log.build/Debug/Logging-t.build/Logging.DependencyMetadataFileList
WriteAuxiliaryFile /Users/admin/builder/spi-builder-workspace/.derivedData/Build/Intermediates.noindex/msgpack-swift.build/Debug/Benchmarks-p.build/empty-Benchmarks.plist (in target 'Benchmarks-product' from project 'msgpack-swift')
cd /Users/admin/builder/spi-builder-workspace
write-file /Users/admin/builder/spi-builder-workspace/.derivedData/Build/Intermediates.noindex/msgpack-swift.build/Debug/Benchmarks-p.build/empty-Benchmarks.plist
Copy /Users/admin/builder/spi-builder-workspace/.derivedData/Build/Intermediates.noindex/GeneratedModuleMaps/MessagePack.modulemap /Users/admin/builder/spi-builder-workspace/.derivedData/Build/Intermediates.noindex/msgpack-swift.build/Debug/MessagePack-t.build/MessagePack.modulemap (in target 'MessagePack' from project 'msgpack-swift')
cd /Users/admin/builder/spi-builder-workspace
builtin-copy -exclude .DS_Store -exclude CVS -exclude .svn -exclude .git -exclude .hg -resolve-src-symlinks /Users/admin/builder/spi-builder-workspace/.derivedData/Build/Intermediates.noindex/msgpack-swift.build/Debug/MessagePack-t.build/MessagePack.modulemap /Users/admin/builder/spi-builder-workspace/.derivedData/Build/Intermediates.noindex/GeneratedModuleMaps
WriteAuxiliaryFile /Users/admin/builder/spi-builder-workspace/.derivedData/Build/Intermediates.noindex/msgpack-swift.build/Debug/Benchmarks-p.build/Benchmarks.DependencyStaticMetadataFileList (in target 'Benchmarks-product' from project 'msgpack-swift')
cd /Users/admin/builder/spi-builder-workspace
write-file /Users/admin/builder/spi-builder-workspace/.derivedData/Build/Intermediates.noindex/msgpack-swift.build/Debug/Benchmarks-p.build/Benchmarks.DependencyStaticMetadataFileList
WriteAuxiliaryFile /Users/admin/builder/spi-builder-workspace/.derivedData/Build/Intermediates.noindex/msgpack-swift.build/Debug/Benchmarks-p.build/Benchmarks.DependencyMetadataFileList (in target 'Benchmarks-product' from project 'msgpack-swift')
cd /Users/admin/builder/spi-builder-workspace
write-file /Users/admin/builder/spi-builder-workspace/.derivedData/Build/Intermediates.noindex/msgpack-swift.build/Debug/Benchmarks-p.build/Benchmarks.DependencyMetadataFileList
WriteAuxiliaryFile /Users/admin/builder/spi-builder-workspace/.derivedData/Build/Intermediates.noindex/msgpack-swift.build/Debug/Benchmarks-p.build/Objects-normal/arm64/Benchmarks_const_extract_protocols.json (in target 'Benchmarks-product' from project 'msgpack-swift')
cd /Users/admin/builder/spi-builder-workspace
write-file /Users/admin/builder/spi-builder-workspace/.derivedData/Build/Intermediates.noindex/msgpack-swift.build/Debug/Benchmarks-p.build/Objects-normal/arm64/Benchmarks_const_extract_protocols.json
WriteAuxiliaryFile /Users/admin/builder/spi-builder-workspace/.derivedData/Build/Intermediates.noindex/msgpack-swift.build/Debug/Benchmarks-p.build/Objects-normal/arm64/Benchmarks.SwiftFileList (in target 'Benchmarks-product' from project 'msgpack-swift')
cd /Users/admin/builder/spi-builder-workspace
write-file /Users/admin/builder/spi-builder-workspace/.derivedData/Build/Intermediates.noindex/msgpack-swift.build/Debug/Benchmarks-p.build/Objects-normal/arm64/Benchmarks.SwiftFileList
WriteAuxiliaryFile /Users/admin/builder/spi-builder-workspace/.derivedData/Build/Intermediates.noindex/msgpack-swift.build/Debug/Benchmarks-p.build/Objects-normal/arm64/Benchmarks.LinkFileList (in target 'Benchmarks-product' from project 'msgpack-swift')
cd /Users/admin/builder/spi-builder-workspace
write-file /Users/admin/builder/spi-builder-workspace/.derivedData/Build/Intermediates.noindex/msgpack-swift.build/Debug/Benchmarks-p.build/Objects-normal/arm64/Benchmarks.LinkFileList
WriteAuxiliaryFile /Users/admin/builder/spi-builder-workspace/.derivedData/Build/Intermediates.noindex/msgpack-swift.build/Debug/Benchmarks-p.build/Objects-normal/arm64/Benchmarks-OutputFileMap.json (in target 'Benchmarks-product' from project 'msgpack-swift')
cd /Users/admin/builder/spi-builder-workspace
write-file /Users/admin/builder/spi-builder-workspace/.derivedData/Build/Intermediates.noindex/msgpack-swift.build/Debug/Benchmarks-p.build/Objects-normal/arm64/Benchmarks-OutputFileMap.json
WriteAuxiliaryFile /Users/admin/builder/spi-builder-workspace/.derivedData/Build/Intermediates.noindex/msgpack-swift.build/Debug/Benchmarks-p.build/Objects-normal/arm64/Benchmarks.SwiftConstValuesFileList (in target 'Benchmarks-product' from project 'msgpack-swift')
cd /Users/admin/builder/spi-builder-workspace
write-file /Users/admin/builder/spi-builder-workspace/.derivedData/Build/Intermediates.noindex/msgpack-swift.build/Debug/Benchmarks-p.build/Objects-normal/arm64/Benchmarks.SwiftConstValuesFileList
Copy /Users/admin/builder/spi-builder-workspace/.derivedData/Build/Intermediates.noindex/GeneratedModuleMaps/Logging.modulemap /Users/admin/builder/spi-builder-workspace/.derivedData/Build/Intermediates.noindex/swift-log.build/Debug/Logging-t.build/Logging.modulemap (in target 'Logging' from project 'swift-log')
cd /Users/admin/builder/spi-builder-workspace/.dependencies/checkouts/swift-log
builtin-copy -exclude .DS_Store -exclude CVS -exclude .svn -exclude .git -exclude .hg -resolve-src-symlinks /Users/admin/builder/spi-builder-workspace/.derivedData/Build/Intermediates.noindex/swift-log.build/Debug/Logging-t.build/Logging.modulemap /Users/admin/builder/spi-builder-workspace/.derivedData/Build/Intermediates.noindex/GeneratedModuleMaps
MkDir /Users/admin/builder/spi-builder-workspace/.derivedData/Build/Products/Debug/Benchmarks.xctest (in target 'Benchmarks-product' from project 'msgpack-swift')
cd /Users/admin/builder/spi-builder-workspace
/bin/mkdir -p /Users/admin/builder/spi-builder-workspace/.derivedData/Build/Products/Debug/Benchmarks.xctest
MkDir /Users/admin/builder/spi-builder-workspace/.derivedData/Build/Products/Debug/Benchmarks.xctest/Contents (in target 'Benchmarks-product' from project 'msgpack-swift')
cd /Users/admin/builder/spi-builder-workspace
/bin/mkdir -p /Users/admin/builder/spi-builder-workspace/.derivedData/Build/Products/Debug/Benchmarks.xctest/Contents
MkDir /Users/admin/builder/spi-builder-workspace/.derivedData/Build/Products/Debug/Benchmarks.xctest/Contents/MacOS (in target 'Benchmarks-product' from project 'msgpack-swift')
cd /Users/admin/builder/spi-builder-workspace
/bin/mkdir -p /Users/admin/builder/spi-builder-workspace/.derivedData/Build/Products/Debug/Benchmarks.xctest/Contents/MacOS
SwiftDriver MessagePackReferenceImplementation normal arm64 com.apple.xcode.tools.swift.compiler (in target 'MessagePackReferenceImplementation' from project 'MessagePackReferenceImplementation')
cd /Users/admin/builder/spi-builder-workspace/.swiftpm/xcode
builtin-SwiftDriver -- /Applications/Xcode-27.0.0-Release.Candidate.app/Contents/Developer/Toolchains/XcodeDefault.xctoolchain/usr/bin/swiftc -parse-as-library -module-name MessagePackReferenceImplementation -Onone @/Users/admin/builder/spi-builder-workspace/.derivedData/Build/Intermediates.noindex/MessagePackReferenceImplementation.build/Debug/MessagePackReferenceImplementation-t.build/Objects-normal/arm64/MessagePackReferenceImplementation.SwiftFileList -DSWIFT_PACKAGE -DDEBUG -DSWIFT_MODULE_RESOURCE_BUNDLE_UNAVAILABLE -Xcc -fmodule-map-file\=/Users/admin/builder/spi-builder-workspace/.dependencies/checkouts/MessagePackReferenceImplementation/Sources/Cmsgpack/Legacy/module.modulemap -DXcode -plugin-path /Applications/Xcode-27.0.0-Release.Candidate.app/Contents/Developer/Toolchains/XcodeDefault.xctoolchain/usr/lib/swift/host/plugins/testing -enable-experimental-feature DebugDescriptionMacro -sdk /Applications/Xcode-27.0.0-Release.Candidate.app/Contents/Developer/Platforms/MacOSX.platform/Developer/SDKs/MacOSX27.0.sdk -target arm64-apple-macos12.0 -g -module-cache-path /Users/admin/builder/spi-builder-workspace/.derivedData/ModuleCache.noindex -Xfrontend -serialize-debugging-options -profile-coverage-mapping -profile-generate -enable-testing -suppress-warnings -index-store-path /Users/admin/builder/spi-builder-workspace/.derivedData/Index.noindex/DataStore -Xcc -D_LIBCPP_HARDENING_MODE\=_LIBCPP_HARDENING_MODE_DEBUG -swift-version 5 -I /Users/admin/builder/spi-builder-workspace/.derivedData/Build/Products/Debug -Isystem /Applications/Xcode-27.0.0-Release.Candidate.app/Contents/Developer/Platforms/MacOSX.platform/Developer/usr/lib -F /Users/admin/builder/spi-builder-workspace/.derivedData/Build/Products/Debug -F /Applications/Xcode-27.0.0-Release.Candidate.app/Contents/Developer/Platforms/MacOSX.platform/Developer/Library/Frameworks -c -j10 -enable-batch-mode -incremental -Xcc -ivfsstatcache -Xcc /Users/admin/builder/spi-builder-workspace/.derivedData/SDKStatCaches.noindex/macosx27.0-26A425-e829b21a6f8c9b70876ba0858053c0446a22442a12e9d48fe1a705f55a1adfc4.sdkstatcache -output-file-map /Users/admin/builder/spi-builder-workspace/.derivedData/Build/Intermediates.noindex/MessagePackReferenceImplementation.build/Debug/MessagePackReferenceImplementation-t.build/Objects-normal/arm64/MessagePackReferenceImplementation-OutputFileMap.json -save-temps -no-color-diagnostics -explicit-module-build -module-cache-path /Users/admin/builder/spi-builder-workspace/.derivedData/Build/Intermediates.noindex/SwiftExplicitPrecompiledModules -clang-scanner-module-cache-path /Users/admin/builder/spi-builder-workspace/.derivedData/ModuleCache.noindex -sdk-module-cache-path /Users/admin/builder/spi-builder-workspace/.derivedData/SDKExplicitPrecompiledModules -emit-dependencies -emit-module -emit-module-path /Users/admin/builder/spi-builder-workspace/.derivedData/Build/Intermediates.noindex/MessagePackReferenceImplementation.build/Debug/MessagePackReferenceImplementation-t.build/Objects-normal/arm64/MessagePackReferenceImplementation.swiftmodule -serialize-diagnostics -dependency-scan-serialize-diagnostics-path /Users/admin/builder/spi-builder-workspace/.derivedData/Build/Intermediates.noindex/MessagePackReferenceImplementation.build/Debug/MessagePackReferenceImplementation-t.build/Objects-normal/arm64/MessagePackReferenceImplementation-dependency-scan.dia -validate-clang-modules-once -clang-build-session-file /Users/admin/builder/spi-builder-workspace/.derivedData/ModuleCache.noindex/Session.modulevalidation -Xcc -fmodules-prune-interval\=86400 -Xcc -fmodules-prune-after\=345600 -emit-const-values -const-gather-protocols-list /Users/admin/builder/spi-builder-workspace/.derivedData/Build/Intermediates.noindex/MessagePackReferenceImplementation.build/Debug/MessagePackReferenceImplementation-t.build/Objects-normal/arm64/MessagePackReferenceImplementation_const_extract_protocols.json -Xcc -I/Users/admin/builder/spi-builder-workspace/.derivedData/Build/Products/Debug/include -Xcc -I/Users/admin/builder/spi-builder-workspace/.derivedData/Build/Intermediates.noindex/MessagePackReferenceImplementation.build/Debug/MessagePackReferenceImplementation-t.build/DerivedSources-normal/arm64 -Xcc -I/Users/admin/builder/spi-builder-workspace/.derivedData/Build/Intermediates.noindex/MessagePackReferenceImplementation.build/Debug/MessagePackReferenceImplementation-t.build/DerivedSources/arm64 -Xcc -I/Users/admin/builder/spi-builder-workspace/.derivedData/Build/Intermediates.noindex/MessagePackReferenceImplementation.build/Debug/MessagePackReferenceImplementation-t.build/DerivedSources -Xcc -DSWIFT_PACKAGE -Xcc -DDEBUG\=1 -emit-objc-header -emit-objc-header-path /Users/admin/builder/spi-builder-workspace/.derivedData/Build/Intermediates.noindex/MessagePackReferenceImplementation.build/Debug/MessagePackReferenceImplementation-t.build/Objects-normal/arm64/MessagePackReferenceImplementation-Swift.h -working-directory /Users/admin/builder/spi-builder-workspace/.swiftpm/xcode -experimental-emit-module-separately -disable-cmo
error: Clang dependency scanning failure: While building module 'Cmsgpack' imported from module-include.input:1:
In file included from <module-includes>:1:
/Users/admin/builder/spi-builder-workspace/.dependencies/checkouts/MessagePackReferenceImplementation/Sources/Cmsgpack/Legacy/msgpack.h:25:10: error: 'msgpack.h' file not found with <angled> include; use "quotes" instead
module-include.input:1:1: fatal error: could not build module 'Cmsgpack'
(in target 'MessagePackReferenceImplementation' from project 'MessagePackReferenceImplementation')
/Users/admin/builder/spi-builder-workspace/.dependencies/checkouts/MessagePackReferenceImplementation/Sources/MessagePackReferenceImplementation/Cmsgpack+Exported.swift:24:8: error: Unable to resolve module dependency: 'Cmsgpack' (in target 'MessagePackReferenceImplementation' from project 'MessagePackReferenceImplementation')
note: A dependency of main module 'MessagePackReferenceImplementation'
/Users/admin/builder/spi-builder-workspace/.dependencies/checkouts/MessagePackReferenceImplementation/Sources/MessagePackReferenceImplementation/msgpack_timestamp+Hashable.swift:23:8: note: Also imported here
/Users/admin/builder/spi-builder-workspace/.dependencies/checkouts/MessagePackReferenceImplementation/Sources/MessagePackReferenceImplementation/pack.swift:23:8: note: Also imported here
/Users/admin/builder/spi-builder-workspace/.dependencies/checkouts/MessagePackReferenceImplementation/Sources/MessagePackReferenceImplementation/unpack.swift:23:8: note: Also imported here
error: Clang dependency scanning failure: While building module 'Cmsgpack' imported from module-include.input:1:
In file included from <module-includes>:1:
/Users/admin/builder/spi-builder-workspace/.dependencies/checkouts/MessagePackReferenceImplementation/Sources/Cmsgpack/Legacy/msgpack.h:25:10: error: 'msgpack.h' file not found with <angled> include; use "quotes" instead
module-include.input:1:1: fatal error: could not build module 'Cmsgpack'
(in target 'MessagePackReferenceImplementation' from project 'MessagePackReferenceImplementation')
/Users/admin/builder/spi-builder-workspace/.dependencies/checkouts/MessagePackReferenceImplementation/Sources/MessagePackReferenceImplementation/Cmsgpack+Exported.swift:24:8: note: A dependency of main module 'MessagePackReferenceImplementation'
import Cmsgpack
^ (in target 'MessagePackReferenceImplementation' from project 'MessagePackReferenceImplementation')
/Users/admin/builder/spi-builder-workspace/.dependencies/checkouts/MessagePackReferenceImplementation/Sources/MessagePackReferenceImplementation/msgpack_timestamp+Hashable.swift:23:8: note: Also imported here
import Cmsgpack
^ (in target 'MessagePackReferenceImplementation' from project 'MessagePackReferenceImplementation')
/Users/admin/builder/spi-builder-workspace/.dependencies/checkouts/MessagePackReferenceImplementation/Sources/MessagePackReferenceImplementation/pack.swift:23:8: note: Also imported here
import Cmsgpack
^ (in target 'MessagePackReferenceImplementation' from project 'MessagePackReferenceImplementation')
/Users/admin/builder/spi-builder-workspace/.dependencies/checkouts/MessagePackReferenceImplementation/Sources/MessagePackReferenceImplementation/unpack.swift:23:8: note: Also imported here
import Cmsgpack
^ (in target 'MessagePackReferenceImplementation' from project 'MessagePackReferenceImplementation')
SwiftDriver MessagePack normal arm64 com.apple.xcode.tools.swift.compiler (in target 'MessagePack' from project 'msgpack-swift')
cd /Users/admin/builder/spi-builder-workspace/.swiftpm/xcode
builtin-SwiftDriver -- /Applications/Xcode-27.0.0-Release.Candidate.app/Contents/Developer/Toolchains/XcodeDefault.xctoolchain/usr/bin/swiftc -parse-as-library -module-name MessagePack -Onone @/Users/admin/builder/spi-builder-workspace/.derivedData/Build/Intermediates.noindex/msgpack-swift.build/Debug/MessagePack-t.build/Objects-normal/arm64/MessagePack.SwiftFileList -DSWIFT_PACKAGE -DDEBUG -DSWIFT_MODULE_RESOURCE_BUNDLE_UNAVAILABLE -DXcode -enable-upcoming-feature StrictConcurrency -plugin-path /Applications/Xcode-27.0.0-Release.Candidate.app/Contents/Developer/Toolchains/XcodeDefault.xctoolchain/usr/lib/swift/host/plugins/testing -enable-experimental-feature DebugDescriptionMacro -sdk /Applications/Xcode-27.0.0-Release.Candidate.app/Contents/Developer/Platforms/MacOSX.platform/Developer/SDKs/MacOSX27.0.sdk -target arm64-apple-macos13.0 -g -module-cache-path /Users/admin/builder/spi-builder-workspace/.derivedData/ModuleCache.noindex -Xfrontend -serialize-debugging-options -profile-coverage-mapping -profile-generate -enable-testing -index-store-path /Users/admin/builder/spi-builder-workspace/.derivedData/Index.noindex/DataStore -Xcc -D_LIBCPP_HARDENING_MODE\=_LIBCPP_HARDENING_MODE_DEBUG -swift-version 5 -I /Users/admin/builder/spi-builder-workspace/.derivedData/Build/Products/Debug -Isystem /Applications/Xcode-27.0.0-Release.Candidate.app/Contents/Developer/Platforms/MacOSX.platform/Developer/usr/lib -F /Users/admin/builder/spi-builder-workspace/.derivedData/Build/Products/Debug -F /Applications/Xcode-27.0.0-Release.Candidate.app/Contents/Developer/Platforms/MacOSX.platform/Developer/Library/Frameworks -c -j10 -enable-batch-mode -incremental -Xcc -ivfsstatcache -Xcc /Users/admin/builder/spi-builder-workspace/.derivedData/SDKStatCaches.noindex/macosx27.0-26A425-e829b21a6f8c9b70876ba0858053c0446a22442a12e9d48fe1a705f55a1adfc4.sdkstatcache -output-file-map /Users/admin/builder/spi-builder-workspace/.derivedData/Build/Intermediates.noindex/msgpack-swift.build/Debug/MessagePack-t.build/Objects-normal/arm64/MessagePack-OutputFileMap.json -save-temps -no-color-diagnostics -explicit-module-build -module-cache-path /Users/admin/builder/spi-builder-workspace/.derivedData/Build/Intermediates.noindex/SwiftExplicitPrecompiledModules -clang-scanner-module-cache-path /Users/admin/builder/spi-builder-workspace/.derivedData/ModuleCache.noindex -sdk-module-cache-path /Users/admin/builder/spi-builder-workspace/.derivedData/SDKExplicitPrecompiledModules -emit-dependencies -emit-module -emit-module-path /Users/admin/builder/spi-builder-workspace/.derivedData/Build/Intermediates.noindex/msgpack-swift.build/Debug/MessagePack-t.build/Objects-normal/arm64/MessagePack.swiftmodule -serialize-diagnostics -dependency-scan-serialize-diagnostics-path /Users/admin/builder/spi-builder-workspace/.derivedData/Build/Intermediates.noindex/msgpack-swift.build/Debug/MessagePack-t.build/Objects-normal/arm64/MessagePack-dependency-scan.dia -validate-clang-modules-once -clang-build-session-file /Users/admin/builder/spi-builder-workspace/.derivedData/ModuleCache.noindex/Session.modulevalidation -Xcc -fmodules-prune-interval\=86400 -Xcc -fmodules-prune-after\=345600 -package-name spi_builder_workspace -emit-const-values -const-gather-protocols-list /Users/admin/builder/spi-builder-workspace/.derivedData/Build/Intermediates.noindex/msgpack-swift.build/Debug/MessagePack-t.build/Objects-normal/arm64/MessagePack_const_extract_protocols.json -Xcc -I/Users/admin/builder/spi-builder-workspace/.derivedData/Build/Products/Debug/include -Xcc -I/Users/admin/builder/spi-builder-workspace/.derivedData/Build/Intermediates.noindex/msgpack-swift.build/Debug/MessagePack-t.build/DerivedSources-normal/arm64 -Xcc -I/Users/admin/builder/spi-builder-workspace/.derivedData/Build/Intermediates.noindex/msgpack-swift.build/Debug/MessagePack-t.build/DerivedSources/arm64 -Xcc -I/Users/admin/builder/spi-builder-workspace/.derivedData/Build/Intermediates.noindex/msgpack-swift.build/Debug/MessagePack-t.build/DerivedSources -Xcc -DSWIFT_PACKAGE -Xcc -DDEBUG\=1 -emit-objc-header -emit-objc-header-path /Users/admin/builder/spi-builder-workspace/.derivedData/Build/Intermediates.noindex/msgpack-swift.build/Debug/MessagePack-t.build/Objects-normal/arm64/MessagePack-Swift.h -working-directory /Users/admin/builder/spi-builder-workspace/.swiftpm/xcode -experimental-emit-module-separately -disable-cmo
SwiftDriver Logging normal arm64 com.apple.xcode.tools.swift.compiler (in target 'Logging' from project 'swift-log')
cd /Users/admin/builder/spi-builder-workspace/.swiftpm/xcode
builtin-SwiftDriver -- /Applications/Xcode-27.0.0-Release.Candidate.app/Contents/Developer/Toolchains/XcodeDefault.xctoolchain/usr/bin/swiftc -parse-as-library -module-name Logging -Onone @/Users/admin/builder/spi-builder-workspace/.derivedData/Build/Intermediates.noindex/swift-log.build/Debug/Logging-t.build/Objects-normal/arm64/Logging.SwiftFileList -DSWIFT_PACKAGE -DDEBUG -DSWIFT_MODULE_RESOURCE_BUNDLE_UNAVAILABLE -DXcode -enable-upcoming-feature ExistentialAny -enable-upcoming-feature MemberImportVisibility -enable-upcoming-feature InternalImportsByDefault -enable-upcoming-feature NonisolatedNonsendingByDefault -Xfrontend -require-explicit-sendable -plugin-path /Applications/Xcode-27.0.0-Release.Candidate.app/Contents/Developer/Toolchains/XcodeDefault.xctoolchain/usr/lib/swift/host/plugins/testing -enable-experimental-feature DebugDescriptionMacro -sdk /Applications/Xcode-27.0.0-Release.Candidate.app/Contents/Developer/Platforms/MacOSX.platform/Developer/SDKs/MacOSX27.0.sdk -target arm64-apple-macos12.0 -g -module-cache-path /Users/admin/builder/spi-builder-workspace/.derivedData/ModuleCache.noindex -Xfrontend -serialize-debugging-options -profile-coverage-mapping -profile-generate -enable-testing -suppress-warnings -index-store-path /Users/admin/builder/spi-builder-workspace/.derivedData/Index.noindex/DataStore -Xcc -D_LIBCPP_HARDENING_MODE\=_LIBCPP_HARDENING_MODE_DEBUG -swift-version 6 -I /Users/admin/builder/spi-builder-workspace/.derivedData/Build/Products/Debug -Isystem /Applications/Xcode-27.0.0-Release.Candidate.app/Contents/Developer/Platforms/MacOSX.platform/Developer/usr/lib -F /Users/admin/builder/spi-builder-workspace/.derivedData/Build/Products/Debug -F /Applications/Xcode-27.0.0-Release.Candidate.app/Contents/Developer/Platforms/MacOSX.platform/Developer/Library/Frameworks -c -j10 -enable-batch-mode -incremental -Xcc -ivfsstatcache -Xcc /Users/admin/builder/spi-builder-workspace/.derivedData/SDKStatCaches.noindex/macosx27.0-26A425-e829b21a6f8c9b70876ba0858053c0446a22442a12e9d48fe1a705f55a1adfc4.sdkstatcache -output-file-map /Users/admin/builder/spi-builder-workspace/.derivedData/Build/Intermediates.noindex/swift-log.build/Debug/Logging-t.build/Objects-normal/arm64/Logging-OutputFileMap.json -save-temps -no-color-diagnostics -explicit-module-build -module-cache-path /Users/admin/builder/spi-builder-workspace/.derivedData/Build/Intermediates.noindex/SwiftExplicitPrecompiledModules -clang-scanner-module-cache-path /Users/admin/builder/spi-builder-workspace/.derivedData/ModuleCache.noindex -sdk-module-cache-path /Users/admin/builder/spi-builder-workspace/.derivedData/SDKExplicitPrecompiledModules -emit-dependencies -emit-module -emit-module-path /Users/admin/builder/spi-builder-workspace/.derivedData/Build/Intermediates.noindex/swift-log.build/Debug/Logging-t.build/Objects-normal/arm64/Logging.swiftmodule -serialize-diagnostics -dependency-scan-serialize-diagnostics-path /Users/admin/builder/spi-builder-workspace/.derivedData/Build/Intermediates.noindex/swift-log.build/Debug/Logging-t.build/Objects-normal/arm64/Logging-dependency-scan.dia -user-module-version 1.15.1 -validate-clang-modules-once -clang-build-session-file /Users/admin/builder/spi-builder-workspace/.derivedData/ModuleCache.noindex/Session.modulevalidation -Xcc -fmodules-prune-interval\=86400 -Xcc -fmodules-prune-after\=345600 -package-name swift_log -emit-const-values -const-gather-protocols-list /Users/admin/builder/spi-builder-workspace/.derivedData/Build/Intermediates.noindex/swift-log.build/Debug/Logging-t.build/Objects-normal/arm64/Logging_const_extract_protocols.json -Xcc -I/Users/admin/builder/spi-builder-workspace/.derivedData/Build/Products/Debug/include -Xcc -I/Users/admin/builder/spi-builder-workspace/.derivedData/Build/Intermediates.noindex/swift-log.build/Debug/Logging-t.build/DerivedSources-normal/arm64 -Xcc -I/Users/admin/builder/spi-builder-workspace/.derivedData/Build/Intermediates.noindex/swift-log.build/Debug/Logging-t.build/DerivedSources/arm64 -Xcc -I/Users/admin/builder/spi-builder-workspace/.derivedData/Build/Intermediates.noindex/swift-log.build/Debug/Logging-t.build/DerivedSources -Xcc -DSWIFT_PACKAGE -Xcc -DDEBUG\=1 -emit-objc-header -emit-objc-header-path /Users/admin/builder/spi-builder-workspace/.derivedData/Build/Intermediates.noindex/swift-log.build/Debug/Logging-t.build/Objects-normal/arm64/Logging-Swift.h -working-directory /Users/admin/builder/spi-builder-workspace/.swiftpm/xcode -experimental-emit-module-separately -disable-cmo
SwiftDriver MessagePacker normal arm64 com.apple.xcode.tools.swift.compiler (in target 'MessagePacker' from project 'MessagePacker')
cd /Users/admin/builder/spi-builder-workspace/.swiftpm/xcode
builtin-SwiftDriver -- /Applications/Xcode-27.0.0-Release.Candidate.app/Contents/Developer/Toolchains/XcodeDefault.xctoolchain/usr/bin/swiftc -parse-as-library -module-name MessagePacker -Onone @/Users/admin/builder/spi-builder-workspace/.derivedData/Build/Intermediates.noindex/MessagePacker.build/Debug/MessagePacker-t.build/Objects-normal/arm64/MessagePacker.SwiftFileList -DSWIFT_PACKAGE -DDEBUG -DSWIFT_MODULE_RESOURCE_BUNDLE_UNAVAILABLE -DXcode -plugin-path /Applications/Xcode-27.0.0-Release.Candidate.app/Contents/Developer/Toolchains/XcodeDefault.xctoolchain/usr/lib/swift/host/plugins/testing -enable-experimental-feature DebugDescriptionMacro -sdk /Applications/Xcode-27.0.0-Release.Candidate.app/Contents/Developer/Platforms/MacOSX.platform/Developer/SDKs/MacOSX27.0.sdk -target arm64-apple-macos12.0 -g -module-cache-path /Users/admin/builder/spi-builder-workspace/.derivedData/ModuleCache.noindex -Xfrontend -serialize-debugging-options -profile-coverage-mapping -profile-generate -enable-testing -suppress-warnings -index-store-path /Users/admin/builder/spi-builder-workspace/.derivedData/Index.noindex/DataStore -Xcc -D_LIBCPP_HARDENING_MODE\=_LIBCPP_HARDENING_MODE_DEBUG -swift-version 5 -I /Users/admin/builder/spi-builder-workspace/.derivedData/Build/Products/Debug -Isystem /Applications/Xcode-27.0.0-Release.Candidate.app/Contents/Developer/Platforms/MacOSX.platform/Developer/usr/lib -F /Users/admin/builder/spi-builder-workspace/.derivedData/Build/Products/Debug -F /Applications/Xcode-27.0.0-Release.Candidate.app/Contents/Developer/Platforms/MacOSX.platform/Developer/Library/Frameworks -c -j10 -enable-batch-mode -incremental -Xcc -ivfsstatcache -Xcc /Users/admin/builder/spi-builder-workspace/.derivedData/SDKStatCaches.noindex/macosx27.0-26A425-e829b21a6f8c9b70876ba0858053c0446a22442a12e9d48fe1a705f55a1adfc4.sdkstatcache -output-file-map /Users/admin/builder/spi-builder-workspace/.derivedData/Build/Intermediates.noindex/MessagePacker.build/Debug/MessagePacker-t.build/Objects-normal/arm64/MessagePacker-OutputFileMap.json -save-temps -no-color-diagnostics -explicit-module-build -module-cache-path /Users/admin/builder/spi-builder-workspace/.derivedData/Build/Intermediates.noindex/SwiftExplicitPrecompiledModules -clang-scanner-module-cache-path /Users/admin/builder/spi-builder-workspace/.derivedData/ModuleCache.noindex -sdk-module-cache-path /Users/admin/builder/spi-builder-workspace/.derivedData/SDKExplicitPrecompiledModules -emit-dependencies -emit-module -emit-module-path /Users/admin/builder/spi-builder-workspace/.derivedData/Build/Intermediates.noindex/MessagePacker.build/Debug/MessagePacker-t.build/Objects-normal/arm64/MessagePacker.swiftmodule -serialize-diagnostics -dependency-scan-serialize-diagnostics-path /Users/admin/builder/spi-builder-workspace/.derivedData/Build/Intermediates.noindex/MessagePacker.build/Debug/MessagePacker-t.build/Objects-normal/arm64/MessagePacker-dependency-scan.dia -validate-clang-modules-once -clang-build-session-file /Users/admin/builder/spi-builder-workspace/.derivedData/ModuleCache.noindex/Session.modulevalidation -Xcc -fmodules-prune-interval\=86400 -Xcc -fmodules-prune-after\=345600 -emit-const-values -const-gather-protocols-list /Users/admin/builder/spi-builder-workspace/.derivedData/Build/Intermediates.noindex/MessagePacker.build/Debug/MessagePacker-t.build/Objects-normal/arm64/MessagePacker_const_extract_protocols.json -Xcc -I/Users/admin/builder/spi-builder-workspace/.derivedData/Build/Products/Debug/include -Xcc -I/Users/admin/builder/spi-builder-workspace/.derivedData/Build/Intermediates.noindex/MessagePacker.build/Debug/MessagePacker-t.build/DerivedSources-normal/arm64 -Xcc -I/Users/admin/builder/spi-builder-workspace/.derivedData/Build/Intermediates.noindex/MessagePacker.build/Debug/MessagePacker-t.build/DerivedSources/arm64 -Xcc -I/Users/admin/builder/spi-builder-workspace/.derivedData/Build/Intermediates.noindex/MessagePacker.build/Debug/MessagePacker-t.build/DerivedSources -Xcc -DSWIFT_PACKAGE -Xcc -DDEBUG\=1 -emit-objc-header -emit-objc-header-path /Users/admin/builder/spi-builder-workspace/.derivedData/Build/Intermediates.noindex/MessagePacker.build/Debug/MessagePacker-t.build/Objects-normal/arm64/MessagePacker-Swift.h -working-directory /Users/admin/builder/spi-builder-workspace/.swiftpm/xcode -experimental-emit-module-separately -disable-cmo
SwiftDriver SwiftMsgpack normal arm64 com.apple.xcode.tools.swift.compiler (in target 'SwiftMsgpack' from project 'swift-msgpack')
cd /Users/admin/builder/spi-builder-workspace/.swiftpm/xcode
builtin-SwiftDriver -- /Applications/Xcode-27.0.0-Release.Candidate.app/Contents/Developer/Toolchains/XcodeDefault.xctoolchain/usr/bin/swiftc -parse-as-library -module-name SwiftMsgpack -Onone @/Users/admin/builder/spi-builder-workspace/.derivedData/Build/Intermediates.noindex/swift-msgpack.build/Debug/SwiftMsgpack-t.build/Objects-normal/arm64/SwiftMsgpack.SwiftFileList -DSWIFT_PACKAGE -DDEBUG -DSWIFT_MODULE_RESOURCE_BUNDLE_UNAVAILABLE -DXcode -plugin-path /Applications/Xcode-27.0.0-Release.Candidate.app/Contents/Developer/Toolchains/XcodeDefault.xctoolchain/usr/lib/swift/host/plugins/testing -enable-experimental-feature DebugDescriptionMacro -sdk /Applications/Xcode-27.0.0-Release.Candidate.app/Contents/Developer/Platforms/MacOSX.platform/Developer/SDKs/MacOSX27.0.sdk -target arm64-apple-macos12.0 -g -module-cache-path /Users/admin/builder/spi-builder-workspace/.derivedData/ModuleCache.noindex -Xfrontend -serialize-debugging-options -profile-coverage-mapping -profile-generate -enable-testing -suppress-warnings -index-store-path /Users/admin/builder/spi-builder-workspace/.derivedData/Index.noindex/DataStore -Xcc -D_LIBCPP_HARDENING_MODE\=_LIBCPP_HARDENING_MODE_DEBUG -swift-version 6 -I /Users/admin/builder/spi-builder-workspace/.derivedData/Build/Products/Debug -Isystem /Applications/Xcode-27.0.0-Release.Candidate.app/Contents/Developer/Platforms/MacOSX.platform/Developer/usr/lib -F /Users/admin/builder/spi-builder-workspace/.derivedData/Build/Products/Debug -F /Applications/Xcode-27.0.0-Release.Candidate.app/Contents/Developer/Platforms/MacOSX.platform/Developer/Library/Frameworks -c -j10 -enable-batch-mode -incremental -Xcc -ivfsstatcache -Xcc /Users/admin/builder/spi-builder-workspace/.derivedData/SDKStatCaches.noindex/macosx27.0-26A425-e829b21a6f8c9b70876ba0858053c0446a22442a12e9d48fe1a705f55a1adfc4.sdkstatcache -output-file-map /Users/admin/builder/spi-builder-workspace/.derivedData/Build/Intermediates.noindex/swift-msgpack.build/Debug/SwiftMsgpack-t.build/Objects-normal/arm64/SwiftMsgpack-OutputFileMap.json -save-temps -no-color-diagnostics -explicit-module-build -module-cache-path /Users/admin/builder/spi-builder-workspace/.derivedData/Build/Intermediates.noindex/SwiftExplicitPrecompiledModules -clang-scanner-module-cache-path /Users/admin/builder/spi-builder-workspace/.derivedData/ModuleCache.noindex -sdk-module-cache-path /Users/admin/builder/spi-builder-workspace/.derivedData/SDKExplicitPrecompiledModules -emit-dependencies -emit-module -emit-module-path /Users/admin/builder/spi-builder-workspace/.derivedData/Build/Intermediates.noindex/swift-msgpack.build/Debug/SwiftMsgpack-t.build/Objects-normal/arm64/SwiftMsgpack.swiftmodule -serialize-diagnostics -dependency-scan-serialize-diagnostics-path /Users/admin/builder/spi-builder-workspace/.derivedData/Build/Intermediates.noindex/swift-msgpack.build/Debug/SwiftMsgpack-t.build/Objects-normal/arm64/SwiftMsgpack-dependency-scan.dia -user-module-version 0.7.0 -validate-clang-modules-once -clang-build-session-file /Users/admin/builder/spi-builder-workspace/.derivedData/ModuleCache.noindex/Session.modulevalidation -Xcc -fmodules-prune-interval\=86400 -Xcc -fmodules-prune-after\=345600 -package-name swift_msgpack -emit-const-values -const-gather-protocols-list /Users/admin/builder/spi-builder-workspace/.derivedData/Build/Intermediates.noindex/swift-msgpack.build/Debug/SwiftMsgpack-t.build/Objects-normal/arm64/SwiftMsgpack_const_extract_protocols.json -Xcc -I/Users/admin/builder/spi-builder-workspace/.derivedData/Build/Products/Debug/include -Xcc -I/Users/admin/builder/spi-builder-workspace/.derivedData/Build/Intermediates.noindex/swift-msgpack.build/Debug/SwiftMsgpack-t.build/DerivedSources-normal/arm64 -Xcc -I/Users/admin/builder/spi-builder-workspace/.derivedData/Build/Intermediates.noindex/swift-msgpack.build/Debug/SwiftMsgpack-t.build/DerivedSources/arm64 -Xcc -I/Users/admin/builder/spi-builder-workspace/.derivedData/Build/Intermediates.noindex/swift-msgpack.build/Debug/SwiftMsgpack-t.build/DerivedSources -Xcc -DSWIFT_PACKAGE -Xcc -DDEBUG\=1 -emit-objc-header -emit-objc-header-path /Users/admin/builder/spi-builder-workspace/.derivedData/Build/Intermediates.noindex/swift-msgpack.build/Debug/SwiftMsgpack-t.build/Objects-normal/arm64/SwiftMsgpack-Swift.h -working-directory /Users/admin/builder/spi-builder-workspace/.swiftpm/xcode -experimental-emit-module-separately -disable-cmo
SwiftExplicitDependencyGeneratePcm arm64 /Users/admin/builder/spi-builder-workspace/.derivedData/SDKExplicitPrecompiledModules/_AvailabilityInternal-5OQ8S18SKM02L42PKV6U5ZAWA.pcm
SwiftExplicitDependencyGeneratePcm arm64 /Users/admin/builder/spi-builder-workspace/.derivedData/SDKExplicitPrecompiledModules/_Builtin_stdarg-DVP6W0QP66W8E74TX0GQAIEFM.pcm
SwiftExplicitDependencyGeneratePcm arm64 /Users/admin/builder/spi-builder-workspace/.derivedData/SDKExplicitPrecompiledModules/_Builtin_stdbool-8V6HC39D8H2ZKW3GSD1KJ09A9.pcm
SwiftExplicitDependencyGeneratePcm arm64 /Users/admin/builder/spi-builder-workspace/.derivedData/SDKExplicitPrecompiledModules/_SwiftConcurrencyShims-11TYQJH3GW4GGN6M952RT44S2.pcm
SwiftExplicitDependencyGeneratePcm arm64 /Users/admin/builder/spi-builder-workspace/.derivedData/SDKExplicitPrecompiledModules/SwiftShims-8117TUG7HSOLBQL517OWAROM7.pcm
SwiftExplicitDependencyGeneratePcm arm64 /Users/admin/builder/spi-builder-workspace/.derivedData/SDKExplicitPrecompiledModules/_Builtin_float-EXGUO4XEWWSRONNTP4II1R3BM.pcm
SwiftExplicitDependencyGeneratePcm arm64 /Users/admin/builder/spi-builder-workspace/.derivedData/SDKExplicitPrecompiledModules/ptrcheck-7F7OST5MV9OHXZMCIL2H6FYAO.pcm
SwiftExplicitDependencyGeneratePcm arm64 /Users/admin/builder/spi-builder-workspace/.derivedData/SDKExplicitPrecompiledModules/_Builtin_stddef-BRQYWAPA5F9I3AGC7LZEIAIGS.pcm
SwiftExplicitDependencyGeneratePcm arm64 /Users/admin/builder/spi-builder-workspace/.derivedData/SDKExplicitPrecompiledModules/_DarwinFoundation1-CEB668520FVMM3FPLUP3ZX3DP.pcm
SwiftExplicitDependencyGeneratePcm arm64 /Users/admin/builder/spi-builder-workspace/.derivedData/SDKExplicitPrecompiledModules/_Builtin_limits-HXF6WMF65IXTY4LB9YQRPDVS.pcm
SwiftExplicitDependencyGeneratePcm arm64 /Users/admin/builder/spi-builder-workspace/.derivedData/SDKExplicitPrecompiledModules/_DarwinFoundation2-8A4UVIA5QLD0UNZXBQYRW6KN7.pcm
PruneExplicitPrecompiledModules /Users/admin/builder/spi-builder-workspace/.derivedData/Build/Intermediates.noindex/ExplicitPrecompiledModules
PruneExplicitPrecompiledModules /Users/admin/builder/spi-builder-workspace/.derivedData/Build/Intermediates.noindex/SwiftExplicitPrecompiledModules
PruneExplicitPrecompiledModules /Users/admin/builder/spi-builder-workspace/.derivedData/SDKExplicitPrecompiledModules
2026-09-20 17:17:38.762 xcodebuild[1038:6083] [MT] IDERunDestination: Supported platforms for the buildables in the current scheme is empty.
2026-09-20 17:17:38.861 xcodebuild[1038:6083] [MT] IDERunDestination: Supported platforms for the buildables in the current scheme is empty.
--- xcodebuild: WARNING: Using the first of multiple matching destinations:
{ platform:macOS, arch:arm64, id:3c05c427dec4052735889ba8ce952c6971494d13, name:My Mac }
{ platform:macOS, arch:arm64, variant:Mac Catalyst, id:3c05c427dec4052735889ba8ce952c6971494d13, name:My Mac }
{ platform:macOS, arch:arm64, variant:DriverKit, id:3c05c427dec4052735889ba8ce952c6971494d13, name:My Mac }
{ platform:macOS, arch:arm64, variant:Designed for [iPad,iPhone], id:3c05c427dec4052735889ba8ce952c6971494d13, name:My Mac }
** BUILD FAILED **
The following build commands failed:
SwiftDriver MessagePackReferenceImplementation normal arm64 com.apple.xcode.tools.swift.compiler (in target 'MessagePackReferenceImplementation' from project 'MessagePackReferenceImplementation')
Building workspace msgpack-swift with scheme msgpack-swift
(2 failures)
Command line invocation:
/Applications/Xcode-27.0.0-Release.Candidate.app/Contents/Developer/usr/bin/xcodebuild -IDEClonedSourcePackagesDirPathOverride=/Users/admin/builder/spi-builder-workspace/.dependencies -resolvePackageDependencies
Resolve Package Graph
failed to retrieve search paths with pkg-config; maybe pkg-config is not installedyou may be able to install msgpack using your system-packager:
brew install msgpack
Resolved source packages:
msgpack-swift: /Users/admin/builder/spi-builder-workspace
MessagePacker: https://github.com/hirotakan/MessagePacker.git @ 0.4.7
swift-msgpack: https://github.com/nnabeyang/swift-msgpack.git @ 0.7.0
SymbolKit: https://github.com/swiftlang/swift-docc-symbolkit @ 1.0.0
MessagePackReferenceImplementation: https://github.com/fumoboy007/MessagePackReferenceImplementation.git @ 1.0.1
SwiftDocCPlugin: https://github.com/apple/swift-docc-plugin @ 1.5.0
swift-log: https://github.com/apple/swift-log.git @ 1.15.1
resolved source packages: msgpack-swift, MessagePacker, swift-msgpack, SymbolKit, MessagePackReferenceImplementation, SwiftDocCPlugin, swift-log
2026-09-20 17:17:59.476 xcodebuild[1220:7369] [MT] IDERunDestination: Supported platforms for the buildables in the current scheme is empty.
2026-09-20 17:17:59.599 xcodebuild[1220:7369] [MT] IDERunDestination: Supported platforms for the buildables in the current scheme is empty.
{
"dependencies" : [
{
"identity" : "swift-docc-plugin",
"requirement" : {
"range" : [
{
"lower_bound" : "1.3.0",
"upper_bound" : "2.0.0"
}
]
},
"type" : "sourceControl",
"url" : "https://github.com/apple/swift-docc-plugin"
},
{
"identity" : "swift-log",
"requirement" : {
"range" : [
{
"lower_bound" : "1.5.3",
"upper_bound" : "2.0.0"
}
]
},
"type" : "sourceControl",
"url" : "https://github.com/apple/swift-log.git"
},
{
"identity" : "messagepackreferenceimplementation",
"requirement" : {
"range" : [
{
"lower_bound" : "1.0.1",
"upper_bound" : "2.0.0"
}
]
},
"type" : "sourceControl",
"url" : "https://github.com/fumoboy007/MessagePackReferenceImplementation.git"
},
{
"identity" : "messagepacker",
"requirement" : {
"range" : [
{
"lower_bound" : "0.4.7",
"upper_bound" : "1.0.0"
}
]
},
"type" : "sourceControl",
"url" : "https://github.com/hirotakan/MessagePacker.git"
},
{
"identity" : "swift-msgpack",
"requirement" : {
"range" : [
{
"lower_bound" : "0.2.7",
"upper_bound" : "1.0.0"
}
]
},
"type" : "sourceControl",
"url" : "https://github.com/nnabeyang/swift-msgpack.git"
}
],
"manifest_display_name" : "msgpack-swift",
"name" : "msgpack-swift",
"path" : "/Users/admin/builder/spi-builder-workspace",
"platforms" : [
{
"name" : "visionos",
"version" : "1.0"
},
{
"name" : "macos",
"version" : "13.0"
},
{
"name" : "maccatalyst",
"version" : "16.0"
},
{
"name" : "ios",
"version" : "16.0"
},
{
"name" : "tvos",
"version" : "16.0"
},
{
"name" : "watchos",
"version" : "9.0"
}
],
"products" : [
{
"name" : "DMMessagePack",
"targets" : [
"MessagePack"
],
"type" : {
"library" : [
"automatic"
]
}
},
{
"name" : "MessagePackTimestamp",
"targets" : [
"MessagePackTimestamp"
],
"type" : {
"snippet" : null
}
},
{
"name" : "Deserialization",
"targets" : [
"Deserialization"
],
"type" : {
"snippet" : null
}
},
{
"name" : "Serialization",
"targets" : [
"Serialization"
],
"type" : {
"snippet" : null
}
},
{
"name" : "ApplicationSpecificMessagePackExtensionTypes",
"targets" : [
"ApplicationSpecificMessagePackExtensionTypes"
],
"type" : {
"snippet" : null
}
}
],
"targets" : [
{
"c99name" : "MessagePackTests",
"module_type" : "SwiftTarget",
"name" : "MessagePackTests",
"path" : "Tests/MessagePackTests",
"product_dependencies" : [
"MessagePackReferenceImplementation"
],
"sources" : [
"Extensions/AnyHashable+Encodable.swift",
"Extensions/BinaryFloatingPoint+NaNPayload.swift",
"Extensions/String+RepeatingASCII.swift",
"Extensions/msgpack_timestamp+FromMessagePackTimestamp.swift",
"Fakes/ApplicationSpecificExtensionFake.swift",
"Fakes/CodingUserInfoKey+Fakes.swift",
"Fakes/ErrorFake.swift",
"Fakes/FlattenedTypeEncodingAsNested.swift",
"Fakes/FlattenedTypeEncodingAsNestedUnkeyed.swift",
"Fakes/FlattenedTypeEncodingAsNestedWithInnerMessageUnkeyed.swift",
"Fakes/FlattenedTypeEncodingAsNestedWithOuterMessageUnkeyed.swift",
"Fakes/NestedTypeEncodingAsFlattened.swift",
"Fakes/NestedTypeEncodingAsFlattenedUnkeyed.swift",
"Fakes/NestedTypeEncodingAsNested.swift",
"Fakes/NestedTypeEncodingAsNestedUnkeyed.swift",
"Fakes/Superclass.swift",
"Fakes/TypeThatChecksUserInfo.swift",
"Fakes/TypeWithSuperclassEncodingAsNested.swift",
"Fakes/TypeWithSuperclassEncodingAsNestedUnkeyed.swift",
"MessagePackDecoderTests.swift",
"MessagePackEncoderTests.swift",
"MessagePackTimestampTests.swift",
"MessageReaderTests.swift",
"MessageWriterTests.swift",
"RuntimeEnvironment.swift"
],
"target_dependencies" : [
"MessagePack"
],
"type" : "test"
},
{
"c99name" : "MessagePack",
"module_type" : "SwiftTarget",
"name" : "MessagePack",
"path" : "Sources/MessagePack",
"product_memberships" : [
"DMMessagePack",
"MessagePackTimestamp",
"Deserialization",
"Serialization",
"ApplicationSpecificMessagePackExtensionTypes"
],
"sources" : [
"CodableAsMessagePackExtension.swift",
"Common Implementation/InternalCodingKey.swift",
"Common Implementation/MessagePackKey.swift",
"Common Implementation/StandardSwiftCollectionType.swift",
"DecodableAsMessagePackExtension.swift",
"Decoder Implementation/BinaryFloatingPoint+FromDecodedMessagePackValue.swift",
"Decoder Implementation/BinaryInteger+FromDecodedMessagePackValue.swift",
"Decoder Implementation/DecodedMessagePackArray.swift",
"Decoder Implementation/DecodedMessagePackValue+FromBytes.swift",
"Decoder Implementation/DecodedMessagePackValue+ToStandardCompoundValue.swift",
"Decoder Implementation/DecodedMessagePackValue+Validation.swift",
"Decoder Implementation/DecodedMessagePackValue.swift",
"Decoder Implementation/DecodingError+TypeMismatch.swift",
"Decoder Implementation/KeyedMessagePackDecodingContainer.swift",
"Decoder Implementation/MessagePackKey+FromDecodedMessagePackValue.swift",
"Decoder Implementation/MessagePackValueToSwiftValueDecoder.swift",
"Decoder Implementation/MessageReader.swift",
"Decoder Implementation/SimpleDecodable.swift",
"Decoder Implementation/SingleValueMessagePackDecodingContainer.swift",
"Decoder Implementation/String+FromUTF8Bytes.swift",
"Decoder Implementation/UnkeyedMessagePackDecodingContainer.swift",
"EncodableAsMessagePackExtension.swift",
"Encoder Implementation/EncodableMessagePackValue+FromBinaryInteger.swift",
"Encoder Implementation/EncodableMessagePackValue+FromMessagePackKey.swift",
"Encoder Implementation/EncodableMessagePackValue+FromSpecializableCollection.swift",
"Encoder Implementation/EncodableMessagePackValue+FromStandardCompoundValue.swift",
"Encoder Implementation/EncodableMessagePackValue+ToBytes.swift",
"Encoder Implementation/EncodableMessagePackValue+Validation.swift",
"Encoder Implementation/EncodableMessagePackValue.swift",
"Encoder Implementation/EncodableMessagePackValueFuture.swift",
"Encoder Implementation/FailedEncodableMessagePackValueFuture.swift",
"Encoder Implementation/KeyedMessagePackEncodingContainer.swift",
"Encoder Implementation/SingleValueMessagePackEncodingContainer.swift",
"Encoder Implementation/SwiftValueToMessagePackValueEncoder.swift",
"Encoder Implementation/UnkeyedMessagePackEncodingContainer.swift",
"MessagePackDecoder.swift",
"MessagePackEncoder.swift",
"MessageWriter.swift",
"Predefined Extensions/PredefinedExtensions.swift",
"Predefined Extensions/Timestamp/Date+FromMessagePackTimestamp.swift",
"Predefined Extensions/Timestamp/MessagePackTimestamp+CodableAsMessagePackExtension.swift",
"Predefined Extensions/Timestamp/MessagePackTimestamp+DecodableAsMessagePackExtension.swift",
"Predefined Extensions/Timestamp/MessagePackTimestamp+EncodableAsMessagePackExtension.swift",
"Predefined Extensions/Timestamp/MessagePackTimestamp+FromDate.swift",
"Predefined Extensions/Timestamp/MessagePackTimestamp+InstantProtocol.swift",
"Predefined Extensions/Timestamp/MessagePackTimestamp.swift",
"RFC 3339/Date+FromInternetDateTime.swift",
"RFC 3339/MessagePackTimestamp+FromInternetDateTime.swift"
],
"type" : "library"
},
{
"c99name" : "Benchmarks",
"module_type" : "SwiftTarget",
"name" : "Benchmarks",
"path" : "Tests/Benchmarks",
"product_dependencies" : [
"Logging",
"MessagePacker",
"SwiftMsgpack"
],
"sources" : [
"Benchmarks.swift",
"Extensions/Clock+MeasureWithIterationCount.swift",
"Extensions/MessagePackerTimestamp+FromMessagePackTimestamp.swift",
"Extensions/MsgPackTimestamp+FromMessagePackTimestamp.swift",
"Models/Alpaca/AlpacaQuoteEvent+Fakes.swift",
"Models/Alpaca/AlpacaQuoteEvent.swift",
"Models/Alpaca/AlpacaQuoteEventForMessagePacker.swift",
"Models/Alpaca/AlpacaQuoteEventForSwiftMsgpack.swift",
"Models/Alpaca/AlpacaTradeEvent+Fakes.swift",
"Models/Alpaca/AlpacaTradeEvent.swift",
"Models/Alpaca/AlpacaTradeEventForMessagePacker.swift",
"Models/Alpaca/AlpacaTradeEventForSwiftMsgpack.swift"
],
"target_dependencies" : [
"MessagePack"
],
"type" : "test"
},
{
"c99name" : "MessagePackTimestamp",
"module_type" : "SwiftTarget",
"name" : "MessagePackTimestamp",
"path" : "Snippets/Common Use Cases",
"product_memberships" : [
"MessagePackTimestamp"
],
"sources" : [
"MessagePackTimestamp.swift"
],
"target_dependencies" : [
"MessagePack"
],
"type" : "snippet"
},
{
"c99name" : "Deserialization",
"module_type" : "SwiftTarget",
"name" : "Deserialization",
"path" : "Snippets/Common Use Cases",
"product_memberships" : [
"Deserialization"
],
"sources" : [
"Deserialization.swift"
],
"target_dependencies" : [
"MessagePack"
],
"type" : "snippet"
},
{
"c99name" : "Serialization",
"module_type" : "SwiftTarget",
"name" : "Serialization",
"path" : "Snippets/Common Use Cases",
"product_memberships" : [
"Serialization"
],
"sources" : [
"Serialization.swift"
],
"target_dependencies" : [
"MessagePack"
],
"type" : "snippet"
},
{
"c99name" : "ApplicationSpecificMessagePackExtensionTypes",
"module_type" : "SwiftTarget",
"name" : "ApplicationSpecificMessagePackExtensionTypes",
"path" : "Snippets/Advanced Use Cases",
"product_memberships" : [
"ApplicationSpecificMessagePackExtensionTypes"
],
"sources" : [
"ApplicationSpecificMessagePackExtensionTypes.swift"
],
"target_dependencies" : [
"MessagePack"
],
"type" : "snippet"
}
],
"tools_version" : "5.9"
}
{
"workspace" : {
"name" : "msgpack-swift",
"schemes" : [
"msgpack-swift"
]
}
}
2026-09-20 17:18:06.920 xcodebuild[1285:7759] [MT] IDERunDestination: Supported platforms for the buildables in the current scheme is empty.
2026-09-20 17:18:07.020 xcodebuild[1285:7759] [MT] IDERunDestination: Supported platforms for the buildables in the current scheme is empty.
Running build ...
env DEVELOPER_DIR=/Applications/Xcode-27.0.0-Release.Candidate.app xcrun xcodebuild -IDEClonedSourcePackagesDirPathOverride=$PWD/.dependencies -skipMacroValidation -skipPackagePluginValidation -derivedDataPath $PWD/.derivedData build -scheme msgpack-swift -destination platform=macOS,arch=arm64
Command line invocation:
/Applications/Xcode-27.0.0-Release.Candidate.app/Contents/Developer/usr/bin/xcodebuild -IDEClonedSourcePackagesDirPathOverride=/Users/admin/builder/spi-builder-workspace/.dependencies -skipMacroValidation -skipPackagePluginValidation -derivedDataPath /Users/admin/builder/spi-builder-workspace/.derivedData build -scheme msgpack-swift -destination platform=macOS,arch=arm64
Resolve Package Graph
failed to retrieve search paths with pkg-config; maybe pkg-config is not installedyou may be able to install msgpack using your system-packager:
brew install msgpack
Resolved source packages:
SymbolKit: https://github.com/swiftlang/swift-docc-symbolkit @ 1.0.0
MessagePackReferenceImplementation: https://github.com/fumoboy007/MessagePackReferenceImplementation.git @ 1.0.1
swift-msgpack: https://github.com/nnabeyang/swift-msgpack.git @ 0.7.0
swift-log: https://github.com/apple/swift-log.git @ 1.15.1
msgpack-swift: /Users/admin/builder/spi-builder-workspace
MessagePacker: https://github.com/hirotakan/MessagePacker.git @ 0.4.7
SwiftDocCPlugin: https://github.com/apple/swift-docc-plugin @ 1.5.0
ComputePackagePrebuildTargetDependencyGraph
Prepare packages
CreateBuildRequest
SendProjectDescription
CreateBuildOperation
ComputeTargetDependencyGraph
note: Building targets in dependency order
note: Target dependency graph (12 targets)
Target 'MessagePackTests-product' in project 'msgpack-swift'
➜ Explicit dependency on target 'MessagePack' in project 'msgpack-swift'
➜ Explicit dependency on target 'MessagePackReferenceImplementation-product' in project 'MessagePackReferenceImplementation'
Target 'MessagePackReferenceImplementation-product' in project 'MessagePackReferenceImplementation'
➜ Explicit dependency on target 'MessagePackReferenceImplementation' in project 'MessagePackReferenceImplementation'
Target 'MessagePackReferenceImplementation' in project 'MessagePackReferenceImplementation'
➜ Explicit dependency on target 'Cmsgpack' in project 'MessagePackReferenceImplementation'
Target 'Cmsgpack' in project 'MessagePackReferenceImplementation' (no dependencies)
Target 'Benchmarks-product' in project 'msgpack-swift'
➜ Explicit dependency on target 'MessagePack' in project 'msgpack-swift'
➜ Explicit dependency on target 'Logging-product' in project 'swift-log'
➜ Explicit dependency on target 'MessagePacker-product' in project 'MessagePacker'
➜ Explicit dependency on target 'SwiftMsgpack-product' in project 'swift-msgpack'
Target 'SwiftMsgpack-product' in project 'swift-msgpack'
➜ Explicit dependency on target 'SwiftMsgpack' in project 'swift-msgpack'
Target 'SwiftMsgpack' in project 'swift-msgpack' (no dependencies)
Target 'MessagePacker-product' in project 'MessagePacker'
➜ Explicit dependency on target 'MessagePacker' in project 'MessagePacker'
Target 'MessagePacker' in project 'MessagePacker' (no dependencies)
Target 'Logging-product' in project 'swift-log'
➜ Explicit dependency on target 'Logging' in project 'swift-log'
Target 'Logging' in project 'swift-log' (no dependencies)
Target 'MessagePack' in project 'msgpack-swift' (no dependencies)
GatherProvisioningInputs
CreateBuildDescription
ClangStatCache /Applications/Xcode-27.0.0-Release.Candidate.app/Contents/Developer/Toolchains/XcodeDefault.xctoolchain/usr/bin/clang-stat-cache /Applications/Xcode-27.0.0-Release.Candidate.app/Contents/Developer/Platforms/MacOSX.platform/Developer/SDKs/MacOSX27.0.sdk /Users/admin/builder/spi-builder-workspace/.derivedData/SDKStatCaches.noindex/macosx27.0-26A425-e829b21a6f8c9b70876ba0858053c0446a22442a12e9d48fe1a705f55a1adfc4.sdkstatcache
cd /Users/admin/builder/spi-builder-workspace/.swiftpm/xcode
/Applications/Xcode-27.0.0-Release.Candidate.app/Contents/Developer/Toolchains/XcodeDefault.xctoolchain/usr/bin/clang-stat-cache /Applications/Xcode-27.0.0-Release.Candidate.app/Contents/Developer/Platforms/MacOSX.platform/Developer/SDKs/MacOSX27.0.sdk -o /Users/admin/builder/spi-builder-workspace/.derivedData/SDKStatCaches.noindex/macosx27.0-26A425-e829b21a6f8c9b70876ba0858053c0446a22442a12e9d48fe1a705f55a1adfc4.sdkstatcache
SwiftDriver MessagePacker normal arm64 com.apple.xcode.tools.swift.compiler (in target 'MessagePacker' from project 'MessagePacker')
cd /Users/admin/builder/spi-builder-workspace/.swiftpm/xcode
builtin-SwiftDriver -- /Applications/Xcode-27.0.0-Release.Candidate.app/Contents/Developer/Toolchains/XcodeDefault.xctoolchain/usr/bin/swiftc -parse-as-library -module-name MessagePacker -Onone @/Users/admin/builder/spi-builder-workspace/.derivedData/Build/Intermediates.noindex/MessagePacker.build/Debug/MessagePacker-t.build/Objects-normal/arm64/MessagePacker.SwiftFileList -DSWIFT_PACKAGE -DDEBUG -DSWIFT_MODULE_RESOURCE_BUNDLE_UNAVAILABLE -DXcode -plugin-path /Applications/Xcode-27.0.0-Release.Candidate.app/Contents/Developer/Toolchains/XcodeDefault.xctoolchain/usr/lib/swift/host/plugins/testing -enable-experimental-feature DebugDescriptionMacro -sdk /Applications/Xcode-27.0.0-Release.Candidate.app/Contents/Developer/Platforms/MacOSX.platform/Developer/SDKs/MacOSX27.0.sdk -target arm64-apple-macos12.0 -g -module-cache-path /Users/admin/builder/spi-builder-workspace/.derivedData/ModuleCache.noindex -Xfrontend -serialize-debugging-options -profile-coverage-mapping -profile-generate -enable-testing -suppress-warnings -index-store-path /Users/admin/builder/spi-builder-workspace/.derivedData/Index.noindex/DataStore -Xcc -D_LIBCPP_HARDENING_MODE\=_LIBCPP_HARDENING_MODE_DEBUG -swift-version 5 -I /Users/admin/builder/spi-builder-workspace/.derivedData/Build/Products/Debug -Isystem /Applications/Xcode-27.0.0-Release.Candidate.app/Contents/Developer/Platforms/MacOSX.platform/Developer/usr/lib -F /Users/admin/builder/spi-builder-workspace/.derivedData/Build/Products/Debug -F /Applications/Xcode-27.0.0-Release.Candidate.app/Contents/Developer/Platforms/MacOSX.platform/Developer/Library/Frameworks -c -j10 -enable-batch-mode -incremental -Xcc -ivfsstatcache -Xcc /Users/admin/builder/spi-builder-workspace/.derivedData/SDKStatCaches.noindex/macosx27.0-26A425-e829b21a6f8c9b70876ba0858053c0446a22442a12e9d48fe1a705f55a1adfc4.sdkstatcache -output-file-map /Users/admin/builder/spi-builder-workspace/.derivedData/Build/Intermediates.noindex/MessagePacker.build/Debug/MessagePacker-t.build/Objects-normal/arm64/MessagePacker-OutputFileMap.json -save-temps -no-color-diagnostics -explicit-module-build -module-cache-path /Users/admin/builder/spi-builder-workspace/.derivedData/Build/Intermediates.noindex/SwiftExplicitPrecompiledModules -clang-scanner-module-cache-path /Users/admin/builder/spi-builder-workspace/.derivedData/ModuleCache.noindex -sdk-module-cache-path /Users/admin/builder/spi-builder-workspace/.derivedData/SDKExplicitPrecompiledModules -emit-dependencies -emit-module -emit-module-path /Users/admin/builder/spi-builder-workspace/.derivedData/Build/Intermediates.noindex/MessagePacker.build/Debug/MessagePacker-t.build/Objects-normal/arm64/MessagePacker.swiftmodule -serialize-diagnostics -dependency-scan-serialize-diagnostics-path /Users/admin/builder/spi-builder-workspace/.derivedData/Build/Intermediates.noindex/MessagePacker.build/Debug/MessagePacker-t.build/Objects-normal/arm64/MessagePacker-dependency-scan.dia -validate-clang-modules-once -clang-build-session-file /Users/admin/builder/spi-builder-workspace/.derivedData/ModuleCache.noindex/Session.modulevalidation -Xcc -fmodules-prune-interval\=86400 -Xcc -fmodules-prune-after\=345600 -emit-const-values -const-gather-protocols-list /Users/admin/builder/spi-builder-workspace/.derivedData/Build/Intermediates.noindex/MessagePacker.build/Debug/MessagePacker-t.build/Objects-normal/arm64/MessagePacker_const_extract_protocols.json -Xcc -I/Users/admin/builder/spi-builder-workspace/.derivedData/Build/Products/Debug/include -Xcc -I/Users/admin/builder/spi-builder-workspace/.derivedData/Build/Intermediates.noindex/MessagePacker.build/Debug/MessagePacker-t.build/DerivedSources-normal/arm64 -Xcc -I/Users/admin/builder/spi-builder-workspace/.derivedData/Build/Intermediates.noindex/MessagePacker.build/Debug/MessagePacker-t.build/DerivedSources/arm64 -Xcc -I/Users/admin/builder/spi-builder-workspace/.derivedData/Build/Intermediates.noindex/MessagePacker.build/Debug/MessagePacker-t.build/DerivedSources -Xcc -DSWIFT_PACKAGE -Xcc -DDEBUG\=1 -emit-objc-header -emit-objc-header-path /Users/admin/builder/spi-builder-workspace/.derivedData/Build/Intermediates.noindex/MessagePacker.build/Debug/MessagePacker-t.build/Objects-normal/arm64/MessagePacker-Swift.h -working-directory /Users/admin/builder/spi-builder-workspace/.swiftpm/xcode -experimental-emit-module-separately -disable-cmo
SwiftDriver SwiftMsgpack normal arm64 com.apple.xcode.tools.swift.compiler (in target 'SwiftMsgpack' from project 'swift-msgpack')
cd /Users/admin/builder/spi-builder-workspace/.swiftpm/xcode
builtin-SwiftDriver -- /Applications/Xcode-27.0.0-Release.Candidate.app/Contents/Developer/Toolchains/XcodeDefault.xctoolchain/usr/bin/swiftc -parse-as-library -module-name SwiftMsgpack -Onone @/Users/admin/builder/spi-builder-workspace/.derivedData/Build/Intermediates.noindex/swift-msgpack.build/Debug/SwiftMsgpack-t.build/Objects-normal/arm64/SwiftMsgpack.SwiftFileList -DSWIFT_PACKAGE -DDEBUG -DSWIFT_MODULE_RESOURCE_BUNDLE_UNAVAILABLE -DXcode -plugin-path /Applications/Xcode-27.0.0-Release.Candidate.app/Contents/Developer/Toolchains/XcodeDefault.xctoolchain/usr/lib/swift/host/plugins/testing -enable-experimental-feature DebugDescriptionMacro -sdk /Applications/Xcode-27.0.0-Release.Candidate.app/Contents/Developer/Platforms/MacOSX.platform/Developer/SDKs/MacOSX27.0.sdk -target arm64-apple-macos12.0 -g -module-cache-path /Users/admin/builder/spi-builder-workspace/.derivedData/ModuleCache.noindex -Xfrontend -serialize-debugging-options -profile-coverage-mapping -profile-generate -enable-testing -suppress-warnings -index-store-path /Users/admin/builder/spi-builder-workspace/.derivedData/Index.noindex/DataStore -Xcc -D_LIBCPP_HARDENING_MODE\=_LIBCPP_HARDENING_MODE_DEBUG -swift-version 6 -I /Users/admin/builder/spi-builder-workspace/.derivedData/Build/Products/Debug -Isystem /Applications/Xcode-27.0.0-Release.Candidate.app/Contents/Developer/Platforms/MacOSX.platform/Developer/usr/lib -F /Users/admin/builder/spi-builder-workspace/.derivedData/Build/Products/Debug -F /Applications/Xcode-27.0.0-Release.Candidate.app/Contents/Developer/Platforms/MacOSX.platform/Developer/Library/Frameworks -c -j10 -enable-batch-mode -incremental -Xcc -ivfsstatcache -Xcc /Users/admin/builder/spi-builder-workspace/.derivedData/SDKStatCaches.noindex/macosx27.0-26A425-e829b21a6f8c9b70876ba0858053c0446a22442a12e9d48fe1a705f55a1adfc4.sdkstatcache -output-file-map /Users/admin/builder/spi-builder-workspace/.derivedData/Build/Intermediates.noindex/swift-msgpack.build/Debug/SwiftMsgpack-t.build/Objects-normal/arm64/SwiftMsgpack-OutputFileMap.json -save-temps -no-color-diagnostics -explicit-module-build -module-cache-path /Users/admin/builder/spi-builder-workspace/.derivedData/Build/Intermediates.noindex/SwiftExplicitPrecompiledModules -clang-scanner-module-cache-path /Users/admin/builder/spi-builder-workspace/.derivedData/ModuleCache.noindex -sdk-module-cache-path /Users/admin/builder/spi-builder-workspace/.derivedData/SDKExplicitPrecompiledModules -emit-dependencies -emit-module -emit-module-path /Users/admin/builder/spi-builder-workspace/.derivedData/Build/Intermediates.noindex/swift-msgpack.build/Debug/SwiftMsgpack-t.build/Objects-normal/arm64/SwiftMsgpack.swiftmodule -serialize-diagnostics -dependency-scan-serialize-diagnostics-path /Users/admin/builder/spi-builder-workspace/.derivedData/Build/Intermediates.noindex/swift-msgpack.build/Debug/SwiftMsgpack-t.build/Objects-normal/arm64/SwiftMsgpack-dependency-scan.dia -user-module-version 0.7.0 -validate-clang-modules-once -clang-build-session-file /Users/admin/builder/spi-builder-workspace/.derivedData/ModuleCache.noindex/Session.modulevalidation -Xcc -fmodules-prune-interval\=86400 -Xcc -fmodules-prune-after\=345600 -package-name swift_msgpack -emit-const-values -const-gather-protocols-list /Users/admin/builder/spi-builder-workspace/.derivedData/Build/Intermediates.noindex/swift-msgpack.build/Debug/SwiftMsgpack-t.build/Objects-normal/arm64/SwiftMsgpack_const_extract_protocols.json -Xcc -I/Users/admin/builder/spi-builder-workspace/.derivedData/Build/Products/Debug/include -Xcc -I/Users/admin/builder/spi-builder-workspace/.derivedData/Build/Intermediates.noindex/swift-msgpack.build/Debug/SwiftMsgpack-t.build/DerivedSources-normal/arm64 -Xcc -I/Users/admin/builder/spi-builder-workspace/.derivedData/Build/Intermediates.noindex/swift-msgpack.build/Debug/SwiftMsgpack-t.build/DerivedSources/arm64 -Xcc -I/Users/admin/builder/spi-builder-workspace/.derivedData/Build/Intermediates.noindex/swift-msgpack.build/Debug/SwiftMsgpack-t.build/DerivedSources -Xcc -DSWIFT_PACKAGE -Xcc -DDEBUG\=1 -emit-objc-header -emit-objc-header-path /Users/admin/builder/spi-builder-workspace/.derivedData/Build/Intermediates.noindex/swift-msgpack.build/Debug/SwiftMsgpack-t.build/Objects-normal/arm64/SwiftMsgpack-Swift.h -working-directory /Users/admin/builder/spi-builder-workspace/.swiftpm/xcode -experimental-emit-module-separately -disable-cmo
SwiftDriver MessagePackReferenceImplementation normal arm64 com.apple.xcode.tools.swift.compiler (in target 'MessagePackReferenceImplementation' from project 'MessagePackReferenceImplementation')
cd /Users/admin/builder/spi-builder-workspace/.swiftpm/xcode
builtin-SwiftDriver -- /Applications/Xcode-27.0.0-Release.Candidate.app/Contents/Developer/Toolchains/XcodeDefault.xctoolchain/usr/bin/swiftc -parse-as-library -module-name MessagePackReferenceImplementation -Onone @/Users/admin/builder/spi-builder-workspace/.derivedData/Build/Intermediates.noindex/MessagePackReferenceImplementation.build/Debug/MessagePackReferenceImplementation-t.build/Objects-normal/arm64/MessagePackReferenceImplementation.SwiftFileList -DSWIFT_PACKAGE -DDEBUG -DSWIFT_MODULE_RESOURCE_BUNDLE_UNAVAILABLE -Xcc -fmodule-map-file\=/Users/admin/builder/spi-builder-workspace/.dependencies/checkouts/MessagePackReferenceImplementation/Sources/Cmsgpack/Legacy/module.modulemap -DXcode -plugin-path /Applications/Xcode-27.0.0-Release.Candidate.app/Contents/Developer/Toolchains/XcodeDefault.xctoolchain/usr/lib/swift/host/plugins/testing -enable-experimental-feature DebugDescriptionMacro -sdk /Applications/Xcode-27.0.0-Release.Candidate.app/Contents/Developer/Platforms/MacOSX.platform/Developer/SDKs/MacOSX27.0.sdk -target arm64-apple-macos12.0 -g -module-cache-path /Users/admin/builder/spi-builder-workspace/.derivedData/ModuleCache.noindex -Xfrontend -serialize-debugging-options -profile-coverage-mapping -profile-generate -enable-testing -suppress-warnings -index-store-path /Users/admin/builder/spi-builder-workspace/.derivedData/Index.noindex/DataStore -Xcc -D_LIBCPP_HARDENING_MODE\=_LIBCPP_HARDENING_MODE_DEBUG -swift-version 5 -I /Users/admin/builder/spi-builder-workspace/.derivedData/Build/Products/Debug -Isystem /Applications/Xcode-27.0.0-Release.Candidate.app/Contents/Developer/Platforms/MacOSX.platform/Developer/usr/lib -F /Users/admin/builder/spi-builder-workspace/.derivedData/Build/Products/Debug -F /Applications/Xcode-27.0.0-Release.Candidate.app/Contents/Developer/Platforms/MacOSX.platform/Developer/Library/Frameworks -c -j10 -enable-batch-mode -incremental -Xcc -ivfsstatcache -Xcc /Users/admin/builder/spi-builder-workspace/.derivedData/SDKStatCaches.noindex/macosx27.0-26A425-e829b21a6f8c9b70876ba0858053c0446a22442a12e9d48fe1a705f55a1adfc4.sdkstatcache -output-file-map /Users/admin/builder/spi-builder-workspace/.derivedData/Build/Intermediates.noindex/MessagePackReferenceImplementation.build/Debug/MessagePackReferenceImplementation-t.build/Objects-normal/arm64/MessagePackReferenceImplementation-OutputFileMap.json -save-temps -no-color-diagnostics -explicit-module-build -module-cache-path /Users/admin/builder/spi-builder-workspace/.derivedData/Build/Intermediates.noindex/SwiftExplicitPrecompiledModules -clang-scanner-module-cache-path /Users/admin/builder/spi-builder-workspace/.derivedData/ModuleCache.noindex -sdk-module-cache-path /Users/admin/builder/spi-builder-workspace/.derivedData/SDKExplicitPrecompiledModules -emit-dependencies -emit-module -emit-module-path /Users/admin/builder/spi-builder-workspace/.derivedData/Build/Intermediates.noindex/MessagePackReferenceImplementation.build/Debug/MessagePackReferenceImplementation-t.build/Objects-normal/arm64/MessagePackReferenceImplementation.swiftmodule -serialize-diagnostics -dependency-scan-serialize-diagnostics-path /Users/admin/builder/spi-builder-workspace/.derivedData/Build/Intermediates.noindex/MessagePackReferenceImplementation.build/Debug/MessagePackReferenceImplementation-t.build/Objects-normal/arm64/MessagePackReferenceImplementation-dependency-scan.dia -validate-clang-modules-once -clang-build-session-file /Users/admin/builder/spi-builder-workspace/.derivedData/ModuleCache.noindex/Session.modulevalidation -Xcc -fmodules-prune-interval\=86400 -Xcc -fmodules-prune-after\=345600 -emit-const-values -const-gather-protocols-list /Users/admin/builder/spi-builder-workspace/.derivedData/Build/Intermediates.noindex/MessagePackReferenceImplementation.build/Debug/MessagePackReferenceImplementation-t.build/Objects-normal/arm64/MessagePackReferenceImplementation_const_extract_protocols.json -Xcc -I/Users/admin/builder/spi-builder-workspace/.derivedData/Build/Products/Debug/include -Xcc -I/Users/admin/builder/spi-builder-workspace/.derivedData/Build/Intermediates.noindex/MessagePackReferenceImplementation.build/Debug/MessagePackReferenceImplementation-t.build/DerivedSources-normal/arm64 -Xcc -I/Users/admin/builder/spi-builder-workspace/.derivedData/Build/Intermediates.noindex/MessagePackReferenceImplementation.build/Debug/MessagePackReferenceImplementation-t.build/DerivedSources/arm64 -Xcc -I/Users/admin/builder/spi-builder-workspace/.derivedData/Build/Intermediates.noindex/MessagePackReferenceImplementation.build/Debug/MessagePackReferenceImplementation-t.build/DerivedSources -Xcc -DSWIFT_PACKAGE -Xcc -DDEBUG\=1 -emit-objc-header -emit-objc-header-path /Users/admin/builder/spi-builder-workspace/.derivedData/Build/Intermediates.noindex/MessagePackReferenceImplementation.build/Debug/MessagePackReferenceImplementation-t.build/Objects-normal/arm64/MessagePackReferenceImplementation-Swift.h -working-directory /Users/admin/builder/spi-builder-workspace/.swiftpm/xcode -experimental-emit-module-separately -disable-cmo
error: Clang dependency scanning failure: While building module 'Cmsgpack' imported from module-include.input:1:
In file included from <module-includes>:1:
/Users/admin/builder/spi-builder-workspace/.dependencies/checkouts/MessagePackReferenceImplementation/Sources/Cmsgpack/Legacy/msgpack.h:25:10: error: 'msgpack.h' file not found with <angled> include; use "quotes" instead
module-include.input:1:1: fatal error: could not build module 'Cmsgpack'
(in target 'MessagePackReferenceImplementation' from project 'MessagePackReferenceImplementation')
/Users/admin/builder/spi-builder-workspace/.dependencies/checkouts/MessagePackReferenceImplementation/Sources/MessagePackReferenceImplementation/Cmsgpack+Exported.swift:24:8: error: Unable to resolve module dependency: 'Cmsgpack' (in target 'MessagePackReferenceImplementation' from project 'MessagePackReferenceImplementation')
note: A dependency of main module 'MessagePackReferenceImplementation'
/Users/admin/builder/spi-builder-workspace/.dependencies/checkouts/MessagePackReferenceImplementation/Sources/MessagePackReferenceImplementation/msgpack_timestamp+Hashable.swift:23:8: note: Also imported here
/Users/admin/builder/spi-builder-workspace/.dependencies/checkouts/MessagePackReferenceImplementation/Sources/MessagePackReferenceImplementation/pack.swift:23:8: note: Also imported here
/Users/admin/builder/spi-builder-workspace/.dependencies/checkouts/MessagePackReferenceImplementation/Sources/MessagePackReferenceImplementation/unpack.swift:23:8: note: Also imported here
error: Clang dependency scanning failure: While building module 'Cmsgpack' imported from module-include.input:1:
In file included from <module-includes>:1:
/Users/admin/builder/spi-builder-workspace/.dependencies/checkouts/MessagePackReferenceImplementation/Sources/Cmsgpack/Legacy/msgpack.h:25:10: error: 'msgpack.h' file not found with <angled> include; use "quotes" instead
module-include.input:1:1: fatal error: could not build module 'Cmsgpack'
(in target 'MessagePackReferenceImplementation' from project 'MessagePackReferenceImplementation')
/Users/admin/builder/spi-builder-workspace/.dependencies/checkouts/MessagePackReferenceImplementation/Sources/MessagePackReferenceImplementation/Cmsgpack+Exported.swift:24:8: note: A dependency of main module 'MessagePackReferenceImplementation'
import Cmsgpack
^ (in target 'MessagePackReferenceImplementation' from project 'MessagePackReferenceImplementation')
/Users/admin/builder/spi-builder-workspace/.dependencies/checkouts/MessagePackReferenceImplementation/Sources/MessagePackReferenceImplementation/msgpack_timestamp+Hashable.swift:23:8: note: Also imported here
import Cmsgpack
^ (in target 'MessagePackReferenceImplementation' from project 'MessagePackReferenceImplementation')
/Users/admin/builder/spi-builder-workspace/.dependencies/checkouts/MessagePackReferenceImplementation/Sources/MessagePackReferenceImplementation/pack.swift:23:8: note: Also imported here
import Cmsgpack
^ (in target 'MessagePackReferenceImplementation' from project 'MessagePackReferenceImplementation')
/Users/admin/builder/spi-builder-workspace/.dependencies/checkouts/MessagePackReferenceImplementation/Sources/MessagePackReferenceImplementation/unpack.swift:23:8: note: Also imported here
import Cmsgpack
^ (in target 'MessagePackReferenceImplementation' from project 'MessagePackReferenceImplementation')
SwiftDriver MessagePack normal arm64 com.apple.xcode.tools.swift.compiler (in target 'MessagePack' from project 'msgpack-swift')
cd /Users/admin/builder/spi-builder-workspace/.swiftpm/xcode
builtin-SwiftDriver -- /Applications/Xcode-27.0.0-Release.Candidate.app/Contents/Developer/Toolchains/XcodeDefault.xctoolchain/usr/bin/swiftc -parse-as-library -module-name MessagePack -Onone @/Users/admin/builder/spi-builder-workspace/.derivedData/Build/Intermediates.noindex/msgpack-swift.build/Debug/MessagePack-t.build/Objects-normal/arm64/MessagePack.SwiftFileList -DSWIFT_PACKAGE -DDEBUG -DSWIFT_MODULE_RESOURCE_BUNDLE_UNAVAILABLE -DXcode -enable-upcoming-feature StrictConcurrency -plugin-path /Applications/Xcode-27.0.0-Release.Candidate.app/Contents/Developer/Toolchains/XcodeDefault.xctoolchain/usr/lib/swift/host/plugins/testing -enable-experimental-feature DebugDescriptionMacro -sdk /Applications/Xcode-27.0.0-Release.Candidate.app/Contents/Developer/Platforms/MacOSX.platform/Developer/SDKs/MacOSX27.0.sdk -target arm64-apple-macos13.0 -g -module-cache-path /Users/admin/builder/spi-builder-workspace/.derivedData/ModuleCache.noindex -Xfrontend -serialize-debugging-options -profile-coverage-mapping -profile-generate -enable-testing -index-store-path /Users/admin/builder/spi-builder-workspace/.derivedData/Index.noindex/DataStore -Xcc -D_LIBCPP_HARDENING_MODE\=_LIBCPP_HARDENING_MODE_DEBUG -swift-version 5 -I /Users/admin/builder/spi-builder-workspace/.derivedData/Build/Products/Debug -Isystem /Applications/Xcode-27.0.0-Release.Candidate.app/Contents/Developer/Platforms/MacOSX.platform/Developer/usr/lib -F /Users/admin/builder/spi-builder-workspace/.derivedData/Build/Products/Debug -F /Applications/Xcode-27.0.0-Release.Candidate.app/Contents/Developer/Platforms/MacOSX.platform/Developer/Library/Frameworks -c -j10 -enable-batch-mode -incremental -Xcc -ivfsstatcache -Xcc /Users/admin/builder/spi-builder-workspace/.derivedData/SDKStatCaches.noindex/macosx27.0-26A425-e829b21a6f8c9b70876ba0858053c0446a22442a12e9d48fe1a705f55a1adfc4.sdkstatcache -output-file-map /Users/admin/builder/spi-builder-workspace/.derivedData/Build/Intermediates.noindex/msgpack-swift.build/Debug/MessagePack-t.build/Objects-normal/arm64/MessagePack-OutputFileMap.json -save-temps -no-color-diagnostics -explicit-module-build -module-cache-path /Users/admin/builder/spi-builder-workspace/.derivedData/Build/Intermediates.noindex/SwiftExplicitPrecompiledModules -clang-scanner-module-cache-path /Users/admin/builder/spi-builder-workspace/.derivedData/ModuleCache.noindex -sdk-module-cache-path /Users/admin/builder/spi-builder-workspace/.derivedData/SDKExplicitPrecompiledModules -emit-dependencies -emit-module -emit-module-path /Users/admin/builder/spi-builder-workspace/.derivedData/Build/Intermediates.noindex/msgpack-swift.build/Debug/MessagePack-t.build/Objects-normal/arm64/MessagePack.swiftmodule -serialize-diagnostics -dependency-scan-serialize-diagnostics-path /Users/admin/builder/spi-builder-workspace/.derivedData/Build/Intermediates.noindex/msgpack-swift.build/Debug/MessagePack-t.build/Objects-normal/arm64/MessagePack-dependency-scan.dia -validate-clang-modules-once -clang-build-session-file /Users/admin/builder/spi-builder-workspace/.derivedData/ModuleCache.noindex/Session.modulevalidation -Xcc -fmodules-prune-interval\=86400 -Xcc -fmodules-prune-after\=345600 -package-name spi_builder_workspace -emit-const-values -const-gather-protocols-list /Users/admin/builder/spi-builder-workspace/.derivedData/Build/Intermediates.noindex/msgpack-swift.build/Debug/MessagePack-t.build/Objects-normal/arm64/MessagePack_const_extract_protocols.json -Xcc -I/Users/admin/builder/spi-builder-workspace/.derivedData/Build/Products/Debug/include -Xcc -I/Users/admin/builder/spi-builder-workspace/.derivedData/Build/Intermediates.noindex/msgpack-swift.build/Debug/MessagePack-t.build/DerivedSources-normal/arm64 -Xcc -I/Users/admin/builder/spi-builder-workspace/.derivedData/Build/Intermediates.noindex/msgpack-swift.build/Debug/MessagePack-t.build/DerivedSources/arm64 -Xcc -I/Users/admin/builder/spi-builder-workspace/.derivedData/Build/Intermediates.noindex/msgpack-swift.build/Debug/MessagePack-t.build/DerivedSources -Xcc -DSWIFT_PACKAGE -Xcc -DDEBUG\=1 -emit-objc-header -emit-objc-header-path /Users/admin/builder/spi-builder-workspace/.derivedData/Build/Intermediates.noindex/msgpack-swift.build/Debug/MessagePack-t.build/Objects-normal/arm64/MessagePack-Swift.h -working-directory /Users/admin/builder/spi-builder-workspace/.swiftpm/xcode -experimental-emit-module-separately -disable-cmo
SwiftDriver Logging normal arm64 com.apple.xcode.tools.swift.compiler (in target 'Logging' from project 'swift-log')
cd /Users/admin/builder/spi-builder-workspace/.swiftpm/xcode
builtin-SwiftDriver -- /Applications/Xcode-27.0.0-Release.Candidate.app/Contents/Developer/Toolchains/XcodeDefault.xctoolchain/usr/bin/swiftc -parse-as-library -module-name Logging -Onone @/Users/admin/builder/spi-builder-workspace/.derivedData/Build/Intermediates.noindex/swift-log.build/Debug/Logging-t.build/Objects-normal/arm64/Logging.SwiftFileList -DSWIFT_PACKAGE -DDEBUG -DSWIFT_MODULE_RESOURCE_BUNDLE_UNAVAILABLE -DXcode -enable-upcoming-feature ExistentialAny -enable-upcoming-feature MemberImportVisibility -enable-upcoming-feature InternalImportsByDefault -enable-upcoming-feature NonisolatedNonsendingByDefault -Xfrontend -require-explicit-sendable -plugin-path /Applications/Xcode-27.0.0-Release.Candidate.app/Contents/Developer/Toolchains/XcodeDefault.xctoolchain/usr/lib/swift/host/plugins/testing -enable-experimental-feature DebugDescriptionMacro -sdk /Applications/Xcode-27.0.0-Release.Candidate.app/Contents/Developer/Platforms/MacOSX.platform/Developer/SDKs/MacOSX27.0.sdk -target arm64-apple-macos12.0 -g -module-cache-path /Users/admin/builder/spi-builder-workspace/.derivedData/ModuleCache.noindex -Xfrontend -serialize-debugging-options -profile-coverage-mapping -profile-generate -enable-testing -suppress-warnings -index-store-path /Users/admin/builder/spi-builder-workspace/.derivedData/Index.noindex/DataStore -Xcc -D_LIBCPP_HARDENING_MODE\=_LIBCPP_HARDENING_MODE_DEBUG -swift-version 6 -I /Users/admin/builder/spi-builder-workspace/.derivedData/Build/Products/Debug -Isystem /Applications/Xcode-27.0.0-Release.Candidate.app/Contents/Developer/Platforms/MacOSX.platform/Developer/usr/lib -F /Users/admin/builder/spi-builder-workspace/.derivedData/Build/Products/Debug -F /Applications/Xcode-27.0.0-Release.Candidate.app/Contents/Developer/Platforms/MacOSX.platform/Developer/Library/Frameworks -c -j10 -enable-batch-mode -incremental -Xcc -ivfsstatcache -Xcc /Users/admin/builder/spi-builder-workspace/.derivedData/SDKStatCaches.noindex/macosx27.0-26A425-e829b21a6f8c9b70876ba0858053c0446a22442a12e9d48fe1a705f55a1adfc4.sdkstatcache -output-file-map /Users/admin/builder/spi-builder-workspace/.derivedData/Build/Intermediates.noindex/swift-log.build/Debug/Logging-t.build/Objects-normal/arm64/Logging-OutputFileMap.json -save-temps -no-color-diagnostics -explicit-module-build -module-cache-path /Users/admin/builder/spi-builder-workspace/.derivedData/Build/Intermediates.noindex/SwiftExplicitPrecompiledModules -clang-scanner-module-cache-path /Users/admin/builder/spi-builder-workspace/.derivedData/ModuleCache.noindex -sdk-module-cache-path /Users/admin/builder/spi-builder-workspace/.derivedData/SDKExplicitPrecompiledModules -emit-dependencies -emit-module -emit-module-path /Users/admin/builder/spi-builder-workspace/.derivedData/Build/Intermediates.noindex/swift-log.build/Debug/Logging-t.build/Objects-normal/arm64/Logging.swiftmodule -serialize-diagnostics -dependency-scan-serialize-diagnostics-path /Users/admin/builder/spi-builder-workspace/.derivedData/Build/Intermediates.noindex/swift-log.build/Debug/Logging-t.build/Objects-normal/arm64/Logging-dependency-scan.dia -user-module-version 1.15.1 -validate-clang-modules-once -clang-build-session-file /Users/admin/builder/spi-builder-workspace/.derivedData/ModuleCache.noindex/Session.modulevalidation -Xcc -fmodules-prune-interval\=86400 -Xcc -fmodules-prune-after\=345600 -package-name swift_log -emit-const-values -const-gather-protocols-list /Users/admin/builder/spi-builder-workspace/.derivedData/Build/Intermediates.noindex/swift-log.build/Debug/Logging-t.build/Objects-normal/arm64/Logging_const_extract_protocols.json -Xcc -I/Users/admin/builder/spi-builder-workspace/.derivedData/Build/Products/Debug/include -Xcc -I/Users/admin/builder/spi-builder-workspace/.derivedData/Build/Intermediates.noindex/swift-log.build/Debug/Logging-t.build/DerivedSources-normal/arm64 -Xcc -I/Users/admin/builder/spi-builder-workspace/.derivedData/Build/Intermediates.noindex/swift-log.build/Debug/Logging-t.build/DerivedSources/arm64 -Xcc -I/Users/admin/builder/spi-builder-workspace/.derivedData/Build/Intermediates.noindex/swift-log.build/Debug/Logging-t.build/DerivedSources -Xcc -DSWIFT_PACKAGE -Xcc -DDEBUG\=1 -emit-objc-header -emit-objc-header-path /Users/admin/builder/spi-builder-workspace/.derivedData/Build/Intermediates.noindex/swift-log.build/Debug/Logging-t.build/Objects-normal/arm64/Logging-Swift.h -working-directory /Users/admin/builder/spi-builder-workspace/.swiftpm/xcode -experimental-emit-module-separately -disable-cmo
SwiftExplicitDependencyGeneratePcm arm64 /Users/admin/builder/spi-builder-workspace/.derivedData/SDKExplicitPrecompiledModules/_DarwinFoundation2-8A4UVIA5QLD0UNZXBQYRW6KN7.pcm
PruneExplicitPrecompiledModules /Users/admin/builder/spi-builder-workspace/.derivedData/Build/Intermediates.noindex/ExplicitPrecompiledModules
PruneExplicitPrecompiledModules /Users/admin/builder/spi-builder-workspace/.derivedData/SDKExplicitPrecompiledModules
PruneExplicitPrecompiledModules /Users/admin/builder/spi-builder-workspace/.derivedData/Build/Intermediates.noindex/SwiftExplicitPrecompiledModules
2026-09-20 17:18:13.864 xcodebuild[1343:8131] [MT] IDERunDestination: Supported platforms for the buildables in the current scheme is empty.
2026-09-20 17:18:13.968 xcodebuild[1343:8131] [MT] IDERunDestination: Supported platforms for the buildables in the current scheme is empty.
--- xcodebuild: WARNING: Using the first of multiple matching destinations:
{ platform:macOS, arch:arm64, id:3c05c427dec4052735889ba8ce952c6971494d13, name:My Mac }
{ platform:macOS, arch:arm64, variant:Mac Catalyst, id:3c05c427dec4052735889ba8ce952c6971494d13, name:My Mac }
{ platform:macOS, arch:arm64, variant:DriverKit, id:3c05c427dec4052735889ba8ce952c6971494d13, name:My Mac }
{ platform:macOS, arch:arm64, variant:Designed for [iPad,iPhone], id:3c05c427dec4052735889ba8ce952c6971494d13, name:My Mac }
** BUILD FAILED **
The following build commands failed:
SwiftDriver MessagePackReferenceImplementation normal arm64 com.apple.xcode.tools.swift.compiler (in target 'MessagePackReferenceImplementation' from project 'MessagePackReferenceImplementation')
Building workspace msgpack-swift with scheme msgpack-swift
(2 failures)
BUILD FAILURE 6.4 macosXcodebuild