The Swift Package Index logo.Swift Package Index

Build Information

Failed to build PreviewResizable, reference main (ff59f6), with Swift 6.4 for macOS (Xcode) using Xcode 27.0 on 18 Sep 2026 22:18:34 UTC.

Build Command

env DEVELOPER_DIR=/Applications/Xcode-27.0.0-Release.Candidate.app xcrun xcodebuild -IDEClonedSourcePackagesDirPathOverride=$PWD/.dependencies -skipMacroValidation -skipPackagePluginValidation -derivedDataPath $PWD/.derivedData build -scheme PreviewResizable -destination platform=macOS,arch=arm64

Build Log

========================================
RunAll
========================================
Builder version: 5.1.0
Interrupt handler set up.
========================================
Checkout
========================================
Clone URL: https://github.com/yannxou/PreviewResizable.git
Reference: main
Initialized empty Git repository in /Users/admin/builder/spi-builder-workspace/.git/
From https://github.com/yannxou/PreviewResizable
 * branch            main       -> FETCH_HEAD
 * [new branch]      main       -> origin/main
HEAD is now at ff59f64 Update README.md
Cloned https://github.com/yannxou/PreviewResizable.git
Revision (git rev-parse @):
ff59f6419111b1912f288d67da4867ed365419a9
SUCCESS checkout https://github.com/yannxou/PreviewResizable.git at main
========================================
Build
========================================
Selected platform:         macosXcodebuild
Swift version:             6.4
Building package at path:  $PWD
https://github.com/yannxou/PreviewResizable.git
Command line invocation:
    /Applications/Xcode-27.0.0-Release.Candidate.app/Contents/Developer/usr/bin/xcodebuild -IDEClonedSourcePackagesDirPathOverride=/Users/admin/builder/spi-builder-workspace/.dependencies -resolvePackageDependencies
Resolve Package Graph
Resolve Package Graph
Resolved source packages:
  PreviewResizable: /Users/admin/builder/spi-builder-workspace
resolved source packages: PreviewResizable
2026-09-18 18:17:40.259 xcodebuild[529:3040] [MT] IDERunDestination: Supported platforms for the buildables in the current scheme is empty.
{
  "dependencies" : [
  ],
  "manifest_display_name" : "PreviewResizable",
  "name" : "PreviewResizable",
  "path" : "/Users/admin/builder/spi-builder-workspace",
  "platforms" : [
    {
      "name" : "ios",
      "version" : "15.0"
    }
  ],
  "products" : [
    {
      "name" : "PreviewResizable",
      "targets" : [
        "PreviewResizable"
      ],
      "type" : {
        "library" : [
          "automatic"
        ]
      }
    }
  ],
  "targets" : [
    {
      "c99name" : "PreviewResizable",
      "module_type" : "SwiftTarget",
      "name" : "PreviewResizable",
      "path" : "Sources/PreviewResizable",
      "product_memberships" : [
        "PreviewResizable"
      ],
      "sources" : [
        "ChildSizeReader.swift",
        "PreviewResizableViewModifier.swift"
      ],
      "type" : "library"
    }
  ],
  "tools_version" : "5.7"
}
{
  "workspace" : {
    "name" : "PreviewResizable",
    "schemes" : [
      "PreviewResizable"
    ]
  }
}
2026-09-18 18:18:21.205 xcodebuild[651:4171] [MT] IDERunDestination: Supported platforms for the buildables in the current scheme is empty.
Running build ...
env DEVELOPER_DIR=/Applications/Xcode-27.0.0-Release.Candidate.app xcrun xcodebuild -IDEClonedSourcePackagesDirPathOverride=$PWD/.dependencies -skipMacroValidation -skipPackagePluginValidation -derivedDataPath $PWD/.derivedData build -scheme PreviewResizable -destination platform=macOS,arch=arm64
Command line invocation:
    /Applications/Xcode-27.0.0-Release.Candidate.app/Contents/Developer/usr/bin/xcodebuild -IDEClonedSourcePackagesDirPathOverride=/Users/admin/builder/spi-builder-workspace/.dependencies -skipMacroValidation -skipPackagePluginValidation -derivedDataPath /Users/admin/builder/spi-builder-workspace/.derivedData build -scheme PreviewResizable -destination platform=macOS,arch=arm64
Resolve Package Graph
Resolved source packages:
  PreviewResizable: /Users/admin/builder/spi-builder-workspace
ComputePackagePrebuildTargetDependencyGraph
Prepare packages
CreateBuildRequest
SendProjectDescription
CreateBuildOperation
ComputeTargetDependencyGraph
note: Building targets in dependency order
note: Target dependency graph (2 targets)
    Target 'PreviewResizable-product' in project 'PreviewResizable'
        ➜ Explicit dependency on target 'PreviewResizable' in project 'PreviewResizable'
    Target 'PreviewResizable' in project 'PreviewResizable' (no dependencies)
GatherProvisioningInputs
CreateBuildDescription
ExecuteExternalTool /Applications/Xcode-27.0.0-Release.Candidate.app/Contents/Developer/Toolchains/XcodeDefault.xctoolchain/usr/bin/clang -v -E -dM -isysroot /Applications/Xcode-27.0.0-Release.Candidate.app/Contents/Developer/Platforms/MacOSX.platform/Developer/SDKs/MacOSX27.0.sdk -x c -c /dev/null
ExecuteExternalTool /Applications/Xcode-27.0.0-Release.Candidate.app/Contents/Developer/Toolchains/XcodeDefault.xctoolchain/usr/bin/swiftc --version
ExecuteExternalTool /Applications/Xcode-27.0.0-Release.Candidate.app/Contents/Developer/Toolchains/XcodeDefault.xctoolchain/usr/bin/ld -version_details
Build description signature: cbfa0aba9a1550ed55a1e29a590faae3
Build description path: /Users/admin/builder/spi-builder-workspace/.derivedData/Build/Intermediates.noindex/XCBuildData/cbfa0aba9a1550ed55a1e29a590faae3.xcbuilddata
CreateBuildDirectory /Users/admin/builder/spi-builder-workspace/.derivedData/SDKExplicitPrecompiledModules
    cd /Users/admin/builder/spi-builder-workspace/.swiftpm/xcode
    builtin-create-build-directory /Users/admin/builder/spi-builder-workspace/.derivedData/SDKExplicitPrecompiledModules
CreateBuildDirectory /Users/admin/builder/spi-builder-workspace/.derivedData/ModuleCache.noindex
    cd /Users/admin/builder/spi-builder-workspace/.swiftpm/xcode
    builtin-create-build-directory /Users/admin/builder/spi-builder-workspace/.derivedData/ModuleCache.noindex
CreateBuildDirectory /Users/admin/builder/spi-builder-workspace/.derivedData/CompilationCache.noindex
    cd /Users/admin/builder/spi-builder-workspace/.swiftpm/xcode
    builtin-create-build-directory /Users/admin/builder/spi-builder-workspace/.derivedData/CompilationCache.noindex
CreateBuildDirectory /Users/admin/builder/spi-builder-workspace/.derivedData/Build/Intermediates.noindex
    cd /Users/admin/builder/spi-builder-workspace/.swiftpm/xcode
    builtin-create-build-directory /Users/admin/builder/spi-builder-workspace/.derivedData/Build/Intermediates.noindex
CreateBuildDirectory /Users/admin/builder/spi-builder-workspace/.derivedData/Build/Products
    cd /Users/admin/builder/spi-builder-workspace/.swiftpm/xcode
    builtin-create-build-directory /Users/admin/builder/spi-builder-workspace/.derivedData/Build/Products
ClangStatCache /Applications/Xcode-27.0.0-Release.Candidate.app/Contents/Developer/Toolchains/XcodeDefault.xctoolchain/usr/bin/clang-stat-cache /Applications/Xcode-27.0.0-Release.Candidate.app/Contents/Developer/Platforms/MacOSX.platform/Developer/SDKs/MacOSX27.0.sdk /Users/admin/builder/spi-builder-workspace/.derivedData/SDKStatCaches.noindex/macosx27.0-26A425-e829b21a6f8c9b70876ba0858053c0446a22442a12e9d48fe1a705f55a1adfc4.sdkstatcache
    cd /Users/admin/builder/spi-builder-workspace/.swiftpm/xcode
    /Applications/Xcode-27.0.0-Release.Candidate.app/Contents/Developer/Toolchains/XcodeDefault.xctoolchain/usr/bin/clang-stat-cache /Applications/Xcode-27.0.0-Release.Candidate.app/Contents/Developer/Platforms/MacOSX.platform/Developer/SDKs/MacOSX27.0.sdk -o /Users/admin/builder/spi-builder-workspace/.derivedData/SDKStatCaches.noindex/macosx27.0-26A425-e829b21a6f8c9b70876ba0858053c0446a22442a12e9d48fe1a705f55a1adfc4.sdkstatcache
CreateBuildDirectory /Users/admin/builder/spi-builder-workspace/.derivedData/Build/Intermediates.noindex/SwiftExplicitPrecompiledModules
    cd /Users/admin/builder/spi-builder-workspace/.swiftpm/xcode
    builtin-create-build-directory /Users/admin/builder/spi-builder-workspace/.derivedData/Build/Intermediates.noindex/SwiftExplicitPrecompiledModules
CreateBuildDirectory /Users/admin/builder/spi-builder-workspace/.derivedData/Build/Intermediates.noindex/ExplicitPrecompiledModules
    cd /Users/admin/builder/spi-builder-workspace/.swiftpm/xcode
    builtin-create-build-directory /Users/admin/builder/spi-builder-workspace/.derivedData/Build/Intermediates.noindex/ExplicitPrecompiledModules
CreateBuildDirectory /Users/admin/builder/spi-builder-workspace/.derivedData/Build/Products/Debug
    cd /Users/admin/builder/spi-builder-workspace/.swiftpm/xcode
    builtin-create-build-directory /Users/admin/builder/spi-builder-workspace/.derivedData/Build/Products/Debug
CreateBuildDirectory /Users/admin/builder/spi-builder-workspace/.derivedData/Build/Intermediates.noindex/PrecompiledHeaders
    cd /Users/admin/builder/spi-builder-workspace/.swiftpm/xcode
    builtin-create-build-directory /Users/admin/builder/spi-builder-workspace/.derivedData/Build/Intermediates.noindex/PrecompiledHeaders
CreateBuildDirectory /Users/admin/builder/spi-builder-workspace/.derivedData/Build/Intermediates.noindex/EagerLinkingTBDs/Debug
    cd /Users/admin/builder/spi-builder-workspace/.swiftpm/xcode
    builtin-create-build-directory /Users/admin/builder/spi-builder-workspace/.derivedData/Build/Intermediates.noindex/EagerLinkingTBDs/Debug
CreateBuildDirectory /Users/admin/builder/spi-builder-workspace/.derivedData/Build/Products/Debug/PackageFrameworks
    cd /Users/admin/builder/spi-builder-workspace/.swiftpm/xcode
    builtin-create-build-directory /Users/admin/builder/spi-builder-workspace/.derivedData/Build/Products/Debug/PackageFrameworks
WriteAuxiliaryFile /Users/admin/builder/spi-builder-workspace/.derivedData/Build/Intermediates.noindex/PreviewResizable.build/Debug/PreviewResizable-t.build/PreviewResizable.modulemap (in target 'PreviewResizable' from project 'PreviewResizable')
    cd /Users/admin/builder/spi-builder-workspace
    write-file /Users/admin/builder/spi-builder-workspace/.derivedData/Build/Intermediates.noindex/PreviewResizable.build/Debug/PreviewResizable-t.build/PreviewResizable.modulemap
WriteAuxiliaryFile /Users/admin/builder/spi-builder-workspace/.derivedData/Build/Intermediates.noindex/PreviewResizable.build/Debug/PreviewResizable-t.build/PreviewResizable.DependencyStaticMetadataFileList (in target 'PreviewResizable' from project 'PreviewResizable')
    cd /Users/admin/builder/spi-builder-workspace
    write-file /Users/admin/builder/spi-builder-workspace/.derivedData/Build/Intermediates.noindex/PreviewResizable.build/Debug/PreviewResizable-t.build/PreviewResizable.DependencyStaticMetadataFileList
WriteAuxiliaryFile /Users/admin/builder/spi-builder-workspace/.derivedData/Build/Intermediates.noindex/PreviewResizable.build/Debug/PreviewResizable-t.build/PreviewResizable.DependencyMetadataFileList (in target 'PreviewResizable' from project 'PreviewResizable')
    cd /Users/admin/builder/spi-builder-workspace
    write-file /Users/admin/builder/spi-builder-workspace/.derivedData/Build/Intermediates.noindex/PreviewResizable.build/Debug/PreviewResizable-t.build/PreviewResizable.DependencyMetadataFileList
WriteAuxiliaryFile /Users/admin/builder/spi-builder-workspace/.derivedData/Build/Intermediates.noindex/PreviewResizable.build/Debug/PreviewResizable-t.build/Objects-normal/arm64/PreviewResizable_const_extract_protocols.json (in target 'PreviewResizable' from project 'PreviewResizable')
    cd /Users/admin/builder/spi-builder-workspace
    write-file /Users/admin/builder/spi-builder-workspace/.derivedData/Build/Intermediates.noindex/PreviewResizable.build/Debug/PreviewResizable-t.build/Objects-normal/arm64/PreviewResizable_const_extract_protocols.json
WriteAuxiliaryFile /Users/admin/builder/spi-builder-workspace/.derivedData/Build/Intermediates.noindex/PreviewResizable.build/Debug/PreviewResizable-t.build/Objects-normal/arm64/PreviewResizable.SwiftFileList (in target 'PreviewResizable' from project 'PreviewResizable')
    cd /Users/admin/builder/spi-builder-workspace
    write-file /Users/admin/builder/spi-builder-workspace/.derivedData/Build/Intermediates.noindex/PreviewResizable.build/Debug/PreviewResizable-t.build/Objects-normal/arm64/PreviewResizable.SwiftFileList
WriteAuxiliaryFile /Users/admin/builder/spi-builder-workspace/.derivedData/Build/Intermediates.noindex/PreviewResizable.build/Debug/PreviewResizable-t.build/Objects-normal/arm64/PreviewResizable.SwiftConstValuesFileList (in target 'PreviewResizable' from project 'PreviewResizable')
    cd /Users/admin/builder/spi-builder-workspace
    write-file /Users/admin/builder/spi-builder-workspace/.derivedData/Build/Intermediates.noindex/PreviewResizable.build/Debug/PreviewResizable-t.build/Objects-normal/arm64/PreviewResizable.SwiftConstValuesFileList
WriteAuxiliaryFile /Users/admin/builder/spi-builder-workspace/.derivedData/Build/Intermediates.noindex/PreviewResizable.build/Debug/PreviewResizable-t.build/Objects-normal/arm64/PreviewResizable-OutputFileMap.json (in target 'PreviewResizable' from project 'PreviewResizable')
    cd /Users/admin/builder/spi-builder-workspace
    write-file /Users/admin/builder/spi-builder-workspace/.derivedData/Build/Intermediates.noindex/PreviewResizable.build/Debug/PreviewResizable-t.build/Objects-normal/arm64/PreviewResizable-OutputFileMap.json
WriteAuxiliaryFile /Users/admin/builder/spi-builder-workspace/.derivedData/Build/Intermediates.noindex/PreviewResizable.build/Debug/PreviewResizable-t.build/Objects-normal/arm64/PreviewResizable.LinkFileList (in target 'PreviewResizable' from project 'PreviewResizable')
    cd /Users/admin/builder/spi-builder-workspace
    write-file /Users/admin/builder/spi-builder-workspace/.derivedData/Build/Intermediates.noindex/PreviewResizable.build/Debug/PreviewResizable-t.build/Objects-normal/arm64/PreviewResizable.LinkFileList
Copy /Users/admin/builder/spi-builder-workspace/.derivedData/Build/Intermediates.noindex/GeneratedModuleMaps/PreviewResizable.modulemap /Users/admin/builder/spi-builder-workspace/.derivedData/Build/Intermediates.noindex/PreviewResizable.build/Debug/PreviewResizable-t.build/PreviewResizable.modulemap (in target 'PreviewResizable' from project 'PreviewResizable')
    cd /Users/admin/builder/spi-builder-workspace
    builtin-copy -exclude .DS_Store -exclude CVS -exclude .svn -exclude .git -exclude .hg -resolve-src-symlinks /Users/admin/builder/spi-builder-workspace/.derivedData/Build/Intermediates.noindex/PreviewResizable.build/Debug/PreviewResizable-t.build/PreviewResizable.modulemap /Users/admin/builder/spi-builder-workspace/.derivedData/Build/Intermediates.noindex/GeneratedModuleMaps
SwiftDriver PreviewResizable normal arm64 com.apple.xcode.tools.swift.compiler (in target 'PreviewResizable' from project 'PreviewResizable')
    cd /Users/admin/builder/spi-builder-workspace/.swiftpm/xcode
    builtin-SwiftDriver -- /Applications/Xcode-27.0.0-Release.Candidate.app/Contents/Developer/Toolchains/XcodeDefault.xctoolchain/usr/bin/swiftc -parse-as-library -module-name PreviewResizable -Onone @/Users/admin/builder/spi-builder-workspace/.derivedData/Build/Intermediates.noindex/PreviewResizable.build/Debug/PreviewResizable-t.build/Objects-normal/arm64/PreviewResizable.SwiftFileList -DSWIFT_PACKAGE -DDEBUG -DSWIFT_MODULE_RESOURCE_BUNDLE_UNAVAILABLE -DXcode -plugin-path /Applications/Xcode-27.0.0-Release.Candidate.app/Contents/Developer/Toolchains/XcodeDefault.xctoolchain/usr/lib/swift/host/plugins/testing -enable-experimental-feature DebugDescriptionMacro -sdk /Applications/Xcode-27.0.0-Release.Candidate.app/Contents/Developer/Platforms/MacOSX.platform/Developer/SDKs/MacOSX27.0.sdk -target arm64-apple-macos12.0 -g -module-cache-path /Users/admin/builder/spi-builder-workspace/.derivedData/ModuleCache.noindex -Xfrontend -serialize-debugging-options -enable-testing -index-store-path /Users/admin/builder/spi-builder-workspace/.derivedData/Index.noindex/DataStore -Xcc -D_LIBCPP_HARDENING_MODE\=_LIBCPP_HARDENING_MODE_DEBUG -swift-version 5 -I /Users/admin/builder/spi-builder-workspace/.derivedData/Build/Products/Debug -Isystem /Applications/Xcode-27.0.0-Release.Candidate.app/Contents/Developer/Platforms/MacOSX.platform/Developer/usr/lib -F /Users/admin/builder/spi-builder-workspace/.derivedData/Build/Products/Debug -F /Applications/Xcode-27.0.0-Release.Candidate.app/Contents/Developer/Platforms/MacOSX.platform/Developer/Library/Frameworks -c -j10 -enable-batch-mode -incremental -Xcc -ivfsstatcache -Xcc /Users/admin/builder/spi-builder-workspace/.derivedData/SDKStatCaches.noindex/macosx27.0-26A425-e829b21a6f8c9b70876ba0858053c0446a22442a12e9d48fe1a705f55a1adfc4.sdkstatcache -output-file-map /Users/admin/builder/spi-builder-workspace/.derivedData/Build/Intermediates.noindex/PreviewResizable.build/Debug/PreviewResizable-t.build/Objects-normal/arm64/PreviewResizable-OutputFileMap.json -save-temps -no-color-diagnostics -explicit-module-build -module-cache-path /Users/admin/builder/spi-builder-workspace/.derivedData/Build/Intermediates.noindex/SwiftExplicitPrecompiledModules -clang-scanner-module-cache-path /Users/admin/builder/spi-builder-workspace/.derivedData/ModuleCache.noindex -sdk-module-cache-path /Users/admin/builder/spi-builder-workspace/.derivedData/SDKExplicitPrecompiledModules -emit-dependencies -emit-module -emit-module-path /Users/admin/builder/spi-builder-workspace/.derivedData/Build/Intermediates.noindex/PreviewResizable.build/Debug/PreviewResizable-t.build/Objects-normal/arm64/PreviewResizable.swiftmodule -serialize-diagnostics -dependency-scan-serialize-diagnostics-path /Users/admin/builder/spi-builder-workspace/.derivedData/Build/Intermediates.noindex/PreviewResizable.build/Debug/PreviewResizable-t.build/Objects-normal/arm64/PreviewResizable-dependency-scan.dia -validate-clang-modules-once -clang-build-session-file /Users/admin/builder/spi-builder-workspace/.derivedData/ModuleCache.noindex/Session.modulevalidation -Xcc -fmodules-prune-interval\=86400 -Xcc -fmodules-prune-after\=345600 -emit-const-values -const-gather-protocols-list /Users/admin/builder/spi-builder-workspace/.derivedData/Build/Intermediates.noindex/PreviewResizable.build/Debug/PreviewResizable-t.build/Objects-normal/arm64/PreviewResizable_const_extract_protocols.json -Xcc -I/Users/admin/builder/spi-builder-workspace/.derivedData/Build/Products/Debug/include -Xcc -I/Users/admin/builder/spi-builder-workspace/.derivedData/Build/Intermediates.noindex/PreviewResizable.build/Debug/PreviewResizable-t.build/DerivedSources-normal/arm64 -Xcc -I/Users/admin/builder/spi-builder-workspace/.derivedData/Build/Intermediates.noindex/PreviewResizable.build/Debug/PreviewResizable-t.build/DerivedSources/arm64 -Xcc -I/Users/admin/builder/spi-builder-workspace/.derivedData/Build/Intermediates.noindex/PreviewResizable.build/Debug/PreviewResizable-t.build/DerivedSources -Xcc -DSWIFT_PACKAGE -Xcc -DDEBUG\=1 -emit-objc-header -emit-objc-header-path /Users/admin/builder/spi-builder-workspace/.derivedData/Build/Intermediates.noindex/PreviewResizable.build/Debug/PreviewResizable-t.build/Objects-normal/arm64/PreviewResizable-Swift.h -working-directory /Users/admin/builder/spi-builder-workspace/.swiftpm/xcode -experimental-emit-module-separately -disable-cmo
SwiftExplicitDependencyGeneratePcm arm64 /Users/admin/builder/spi-builder-workspace/.derivedData/SDKExplicitPrecompiledModules/_Builtin_stddef-3GI9GOKXSW3QCTFOI1USFLDZO.pcm
SwiftExplicitDependencyGeneratePcm arm64 /Users/admin/builder/spi-builder-workspace/.derivedData/SDKExplicitPrecompiledModules/SwiftShims-C4V0DQ62WSTCYBYGILXXGQNO3.pcm
SwiftExplicitDependencyGeneratePcm arm64 /Users/admin/builder/spi-builder-workspace/.derivedData/SDKExplicitPrecompiledModules/ptrauth-2W92ZJRLNJU99RJUQGGJG3OC3.pcm
SwiftExplicitDependencyGeneratePcm arm64 /Users/admin/builder/spi-builder-workspace/.derivedData/SDKExplicitPrecompiledModules/DeveloperToolsSupport-13SNQ6N57G3DOS3KQA7V91OE7.pcm
SwiftExplicitDependencyGeneratePcm arm64 /Users/admin/builder/spi-builder-workspace/.derivedData/SDKExplicitPrecompiledModules/_Builtin_stdarg-7CFWA9OSW5N24E7PG4ZOCF1VH.pcm
SwiftExplicitDependencyGeneratePcm arm64 /Users/admin/builder/spi-builder-workspace/.derivedData/SDKExplicitPrecompiledModules/_AvailabilityInternal-CJTV5E7EL3MWRA437DUFPBVN2.pcm
SwiftExplicitDependencyGeneratePcm arm64 /Users/admin/builder/spi-builder-workspace/.derivedData/SDKExplicitPrecompiledModules/_Builtin_float-105CRCDRP90FQCQO5ZX1LHV7H.pcm
SwiftExplicitDependencyGeneratePcm arm64 /Users/admin/builder/spi-builder-workspace/.derivedData/SDKExplicitPrecompiledModules/ptrcheck-DHLCBWKPNUZOYTPJ1J3QVTCXK.pcm
SwiftExplicitDependencyGeneratePcm arm64 /Users/admin/builder/spi-builder-workspace/.derivedData/SDKExplicitPrecompiledModules/_Builtin_stdbool-KYV2HKP8IKLKMKQS9DGA2GUQ.pcm
SwiftExplicitDependencyGeneratePcm arm64 /Users/admin/builder/spi-builder-workspace/.derivedData/SDKExplicitPrecompiledModules/_SwiftConcurrencyShims-BLUUWKI6AGMD7TJ4RGYS7DP6T.pcm
SwiftExplicitDependencyGeneratePcm arm64 /Users/admin/builder/spi-builder-workspace/.derivedData/SDKExplicitPrecompiledModules/_DarwinFoundation1-7PRJIG163YE9KSKYA3BS35ZZP.pcm
SwiftExplicitDependencyGeneratePcm arm64 /Users/admin/builder/spi-builder-workspace/.derivedData/SDKExplicitPrecompiledModules/_Builtin_limits-AXGUGXBFPC0I7QDLJFB0K341Y.pcm
SwiftExplicitDependencyGeneratePcm arm64 /Users/admin/builder/spi-builder-workspace/.derivedData/SDKExplicitPrecompiledModules/_DarwinFoundation2-94WUUGE4H5R03OWXE0QFZX1DN.pcm
SwiftExplicitDependencyGeneratePcm arm64 /Users/admin/builder/spi-builder-workspace/.derivedData/SDKExplicitPrecompiledModules/sys_types-F4RNCN6UR5R5OWTLTOUM7TN3E.pcm
SwiftExplicitDependencyGeneratePcm arm64 /Users/admin/builder/spi-builder-workspace/.derivedData/SDKExplicitPrecompiledModules/_Builtin_tgmath-52XE6HC8DWOG6S7B5QAI046D1.pcm
SwiftExplicitDependencyGeneratePcm arm64 /Users/admin/builder/spi-builder-workspace/.derivedData/SDKExplicitPrecompiledModules/_Builtin_stdint-22CBBOK8BNSF0UELDCAXSHGB.pcm
SwiftExplicitDependencyGeneratePcm arm64 /Users/admin/builder/spi-builder-workspace/.derivedData/SDKExplicitPrecompiledModules/string_h-10WPXBF3YFYMX5HUAW06LSABR.pcm
SwiftExplicitDependencyGeneratePcm arm64 /Users/admin/builder/spi-builder-workspace/.derivedData/SDKExplicitPrecompiledModules/_DarwinFoundation3-32PO5Q4RCB6WXH5VFO3HA3AVS.pcm
SwiftExplicitDependencyGeneratePcm arm64 /Users/admin/builder/spi-builder-workspace/.derivedData/SDKExplicitPrecompiledModules/libDER-5RCYOD0PCUUY2UGMBNE9LI8N9.pcm
SwiftExplicitDependencyGeneratePcm arm64 /Users/admin/builder/spi-builder-workspace/.derivedData/SDKExplicitPrecompiledModules/_Builtin_intrinsics-4O6R03GTH5FLWSHEUBP0Z3GZ2.pcm
SwiftExplicitDependencyGeneratePcm arm64 /Users/admin/builder/spi-builder-workspace/.derivedData/SDKExplicitPrecompiledModules/_Builtin_stdatomic-8LN7S35C6I48KJOCW7VPXX04X.pcm
SwiftExplicitDependencyGeneratePcm arm64 /Users/admin/builder/spi-builder-workspace/.derivedData/SDKExplicitPrecompiledModules/_Builtin_inttypes-1U6AP9A8AJ4G9WD98E9RHLGTJ.pcm
SwiftExplicitDependencyGeneratePcm arm64 /Users/admin/builder/spi-builder-workspace/.derivedData/SDKExplicitPrecompiledModules/Darwin-1RAAWNGKQM8YGHV0YJNNN5YDY.pcm
SwiftExplicitDependencyGeneratePcm arm64 /Users/admin/builder/spi-builder-workspace/.derivedData/SDKExplicitPrecompiledModules/simd-A9TKR8OE9APRJ1RNS7F0OBY4Q.pcm
SwiftExplicitDependencyGeneratePcm arm64 /Users/admin/builder/spi-builder-workspace/.derivedData/SDKExplicitPrecompiledModules/MachO-AWTJ65TFR7TMST2NUE6ZCC1SL.pcm
SwiftExplicitDependencyGeneratePcm arm64 /Users/admin/builder/spi-builder-workspace/.derivedData/SDKExplicitPrecompiledModules/launch-2XAORMJNLLVS0OVKC1M0752GY.pcm
SwiftExplicitDependencyGeneratePcm arm64 /Users/admin/builder/spi-builder-workspace/.derivedData/SDKExplicitPrecompiledModules/libkern-22MDXN9G35RPO3OLKX9B2PN16.pcm
SwiftExplicitDependencyGeneratePcm arm64 /Users/admin/builder/spi-builder-workspace/.derivedData/SDKExplicitPrecompiledModules/CUPS-45MNISAOHSEBD6VQA5G0MXN9H.pcm
SwiftExplicitDependencyGeneratePcm arm64 /Users/admin/builder/spi-builder-workspace/.derivedData/SDKExplicitPrecompiledModules/ObjectiveC-B89IQP2TC4CFSWOUMTUZRI1VZ.pcm
SwiftExplicitDependencyGeneratePcm arm64 /Users/admin/builder/spi-builder-workspace/.derivedData/SDKExplicitPrecompiledModules/Spatial-2JNOU2HNJ0Q174XCFCD0GCOUQ.pcm
SwiftExplicitDependencyGeneratePcm arm64 /Users/admin/builder/spi-builder-workspace/.derivedData/SDKExplicitPrecompiledModules/os_object-3KLCCI03OX6OQTLJ92KQH2KIO.pcm
SwiftExplicitDependencyGeneratePcm arm64 /Users/admin/builder/spi-builder-workspace/.derivedData/SDKExplicitPrecompiledModules/os_workgroup-10SJ5M8R2OB4BG1TPFL9SZMKV.pcm
SwiftExplicitDependencyGeneratePcm arm64 /Users/admin/builder/spi-builder-workspace/.derivedData/SDKExplicitPrecompiledModules/Dispatch-NAMWF9KN29KC7Z5OS3TTTAE8.pcm
SwiftExplicitDependencyGeneratePcm arm64 /Users/admin/builder/spi-builder-workspace/.derivedData/SDKExplicitPrecompiledModules/XPC-E1MSAZG4ZNL24S2WK6K6Y7GWW.pcm
SwiftExplicitDependencyGeneratePcm arm64 /Users/admin/builder/spi-builder-workspace/.derivedData/SDKExplicitPrecompiledModules/CoreFoundation-4ZIITQ30SOGUQE8KJAB99ZV0Q.pcm
SwiftExplicitDependencyGeneratePcm arm64 /Users/admin/builder/spi-builder-workspace/.derivedData/SDKExplicitPrecompiledModules/os-BYOEVK2GEMB4Q8WWHGZGREA00.pcm
SwiftExplicitDependencyGeneratePcm arm64 /Users/admin/builder/spi-builder-workspace/.derivedData/SDKExplicitPrecompiledModules/IOKit-6H3X691EDBH124EYTC2PEOP5T.pcm
SwiftExplicitDependencyGeneratePcm arm64 /Users/admin/builder/spi-builder-workspace/.derivedData/SDKExplicitPrecompiledModules/Security-ESPJ7FP0YAY1EL3VXBGY9MCZ8.pcm
SwiftExplicitDependencyGeneratePcm arm64 /Users/admin/builder/spi-builder-workspace/.derivedData/SDKExplicitPrecompiledModules/ColorSync-BBCIZDDQ6O3QECFAWJQ6RU4ZJ.pcm
SwiftExplicitDependencyGeneratePcm arm64 /Users/admin/builder/spi-builder-workspace/.derivedData/SDKExplicitPrecompiledModules/CoreAudioTypes-EEH2XZ47XX4YM3FOOISUYVRQE.pcm
SwiftExplicitDependencyGeneratePcm arm64 /Users/admin/builder/spi-builder-workspace/.derivedData/SDKExplicitPrecompiledModules/CFNetwork-CVHS5CT20191MFYXQIEDWSRGJ.pcm
SwiftExplicitDependencyGeneratePcm arm64 /Users/admin/builder/spi-builder-workspace/.derivedData/SDKExplicitPrecompiledModules/CoreGraphics-5TRMNDB7ZP6FFMRNSZCWEOZMD.pcm
SwiftExplicitDependencyGeneratePcm arm64 /Users/admin/builder/spi-builder-workspace/.derivedData/SDKExplicitPrecompiledModules/DiskArbitration-ZNZZU7T0SYELB0DAR56WQF0R.pcm
SwiftExplicitDependencyGeneratePcm arm64 /Users/admin/builder/spi-builder-workspace/.derivedData/SDKExplicitPrecompiledModules/CoreServices-CGCGY0FOMEQGSNMO3HQSC09XU.pcm
SwiftExplicitDependencyGeneratePcm arm64 /Users/admin/builder/spi-builder-workspace/.derivedData/SDKExplicitPrecompiledModules/CoreText-C1WSF2HWGIKVJ2XHWBKXQBSEY.pcm
SwiftExplicitDependencyGeneratePcm arm64 /Users/admin/builder/spi-builder-workspace/.derivedData/SDKExplicitPrecompiledModules/ImageIO-88YNP2EU498GB5YXIFJ9ANNYW.pcm
SwiftExplicitDependencyGeneratePcm arm64 /Users/admin/builder/spi-builder-workspace/.derivedData/SDKExplicitPrecompiledModules/Foundation-44WR0NU86C67CV5BW8W1MGKNG.pcm
SwiftExplicitDependencyGeneratePcm arm64 /Users/admin/builder/spi-builder-workspace/.derivedData/SDKExplicitPrecompiledModules/IOSurface-1TUG4NQVIPJF59WSUNATZ447F.pcm
SwiftExplicitDependencyGeneratePcm arm64 /Users/admin/builder/spi-builder-workspace/.derivedData/SDKExplicitPrecompiledModules/CoreTransferable-2HJ1Z8HJBPECRD89AVJ0X7S63.pcm
SwiftExplicitDependencyGeneratePcm arm64 /Users/admin/builder/spi-builder-workspace/.derivedData/SDKExplicitPrecompiledModules/Accessibility-6F38G4T85MOHD9AA2EH4U2PJS.pcm
SwiftExplicitDependencyGeneratePcm arm64 /Users/admin/builder/spi-builder-workspace/.derivedData/SDKExplicitPrecompiledModules/OSLog-1GSRGGGEESVJH9OULZA91RAA3.pcm
SwiftExplicitDependencyGeneratePcm arm64 /Users/admin/builder/spi-builder-workspace/.derivedData/SDKExplicitPrecompiledModules/UniformTypeIdentifiers-5LG8RE3Q01MBLZVRR3FFHHL5H.pcm
SwiftExplicitDependencyGeneratePcm arm64 /Users/admin/builder/spi-builder-workspace/.derivedData/SDKExplicitPrecompiledModules/Symbols-2NFSQR6R0R96WH1KKGBXW1J.pcm
SwiftExplicitDependencyGeneratePcm arm64 /Users/admin/builder/spi-builder-workspace/.derivedData/SDKExplicitPrecompiledModules/CoreData-4EPJ39F9L3QQ9486B5AMG5G6J.pcm
SwiftExplicitDependencyGeneratePcm arm64 /Users/admin/builder/spi-builder-workspace/.derivedData/SDKExplicitPrecompiledModules/ApplicationServices-ALXSS633FQY42UMJSLR6MNLSK.pcm
SwiftExplicitDependencyGeneratePcm arm64 /Users/admin/builder/spi-builder-workspace/.derivedData/SDKExplicitPrecompiledModules/CoreAudio-8XPVZMQXZVBU162UQPW77JTL1.pcm
SwiftExplicitDependencyGeneratePcm arm64 /Users/admin/builder/spi-builder-workspace/.derivedData/SDKExplicitPrecompiledModules/DataDetection-5GDUUWT6YIA10PE5D9A8SXWZ9.pcm
SwiftExplicitDependencyGeneratePcm arm64 /Users/admin/builder/spi-builder-workspace/.derivedData/SDKExplicitPrecompiledModules/Metal-KM8CI04R5X5OUWMGRMNZE4KP.pcm
SwiftExplicitDependencyGeneratePcm arm64 /Users/admin/builder/spi-builder-workspace/.derivedData/SDKExplicitPrecompiledModules/OpenGL-FXV81CD8YS42YTVJKJH1VLGA.pcm
SwiftExplicitDependencyGeneratePcm arm64 /Users/admin/builder/spi-builder-workspace/.derivedData/SDKExplicitPrecompiledModules/CoreVideo-11TKSDKW0L2K02H4B9ZHWLM3B.pcm
SwiftExplicitDependencyGeneratePcm arm64 /Users/admin/builder/spi-builder-workspace/.derivedData/SDKExplicitPrecompiledModules/QuartzCore-AP21NXF3BYPWOG416U3DI6QME.pcm
SwiftExplicitDependencyGeneratePcm arm64 /Users/admin/builder/spi-builder-workspace/.derivedData/SDKExplicitPrecompiledModules/CoreImage-AKYY8VSFWQ6KIIXG3EQJ7PW5T.pcm
SwiftExplicitDependencyGeneratePcm arm64 /Users/admin/builder/spi-builder-workspace/.derivedData/SDKExplicitPrecompiledModules/CoreMedia-699WGYGEEF2LGFEEGSCM9Y1UF.pcm
SwiftExplicitDependencyGeneratePcm arm64 /Users/admin/builder/spi-builder-workspace/.derivedData/SDKExplicitPrecompiledModules/SwiftUICore-ESLJM4CVIQEQNCRTK6KPAF1I7.pcm
SwiftExplicitDependencyGeneratePcm arm64 /Users/admin/builder/spi-builder-workspace/.derivedData/SDKExplicitPrecompiledModules/AppKit-C2WRQ26QXORUMMNQB0M8H4QYD.pcm
SwiftExplicitDependencyGeneratePcm arm64 /Users/admin/builder/spi-builder-workspace/.derivedData/SDKExplicitPrecompiledModules/SwiftUI-5IEOINZEJ69OCDVRMHPS5W4XI.pcm
SwiftCompile normal arm64 Compiling\ ChildSizeReader.swift /Users/admin/builder/spi-builder-workspace/Sources/PreviewResizable/ChildSizeReader.swift (in target 'PreviewResizable' from project 'PreviewResizable')
SwiftCompile normal arm64 /Users/admin/builder/spi-builder-workspace/Sources/PreviewResizable/ChildSizeReader.swift (in target 'PreviewResizable' from project 'PreviewResizable')
    cd /Users/admin/builder/spi-builder-workspace/.swiftpm/xcode
    builtin-SwiftPerFileCompile ChildSizeReader.swift
SwiftEmitModule normal arm64 Emitting\ module\ for\ PreviewResizable (in target 'PreviewResizable' from project 'PreviewResizable')
macro expansion @State:7:55: error: cannot find 'UIScreen' in scope
`- /Users/admin/builder/spi-builder-workspace/Sources/PreviewResizable/PreviewResizableViewModifier.swift:12:118: note: expanded code originates here
 10 | struct PreviewResizableViewModifier: ViewModifier {
 11 |
 12 |     @State private var size = CGSize(width: UIScreen.main.bounds.size.width, height: UIScreen.main.bounds.size.width)
    |     `- note: in expansion of macro 'State' on property 'size' here
    +--- macro expansion @State ----------------------------------------
    | 5 | @SwiftUICore._StatePropertyWrapperStorage(initialValue: "JHMxNlByZXZpZXdSZXNpemFibGUwYUIxMlZpZXdNb2RpZmllclY0c2l6ZTMzXzc2QzM3QTIwNDdBQ0NCNURCMjY1OTdFN0YwMzJBMEUwTEw1U3RhdGVmTXBfMjBfaW5pdGlhbFN0b3JlZFZhbHVlX2ZNdV8=")
    | 6 | private var _size: SwiftUICore.State<_>! = SwiftUICore._stateNil(of: {
    | 7 |         SwiftUICore.State(initialValue: CGSize(width: UIScreen.main.bounds.size.width, height: UIScreen.main.bounds.size.width))
    |   |                                                       `- error: cannot find 'UIScreen' in scope
    | 8 |     })
    | 9 |
    +-------------------------------------------------------------------
 13 |     @State private var isDragging = false
 14 |     @State private var contentSize: CGSize = .zero
macro expansion @State:7:96: error: cannot find 'UIScreen' in scope
`- /Users/admin/builder/spi-builder-workspace/Sources/PreviewResizable/PreviewResizableViewModifier.swift:12:118: note: expanded code originates here
 10 | struct PreviewResizableViewModifier: ViewModifier {
 11 |
 12 |     @State private var size = CGSize(width: UIScreen.main.bounds.size.width, height: UIScreen.main.bounds.size.width)
    |     `- note: in expansion of macro 'State' on property 'size' here
    +--- macro expansion @State ----------------------------------------
    | 5 | @SwiftUICore._StatePropertyWrapperStorage(initialValue: "JHMxNlByZXZpZXdSZXNpemFibGUwYUIxMlZpZXdNb2RpZmllclY0c2l6ZTMzXzc2QzM3QTIwNDdBQ0NCNURCMjY1OTdFN0YwMzJBMEUwTEw1U3RhdGVmTXBfMjBfaW5pdGlhbFN0b3JlZFZhbHVlX2ZNdV8=")
    | 6 | private var _size: SwiftUICore.State<_>! = SwiftUICore._stateNil(of: {
    | 7 |         SwiftUICore.State(initialValue: CGSize(width: UIScreen.main.bounds.size.width, height: UIScreen.main.bounds.size.width))
    |   |                                                                                                `- error: cannot find 'UIScreen' in scope
    | 8 |     })
    | 9 |
    +-------------------------------------------------------------------
 13 |     @State private var isDragging = false
 14 |     @State private var contentSize: CGSize = .zero
/Users/admin/builder/spi-builder-workspace/Sources/PreviewResizable/PreviewResizableViewModifier.swift:12:45: error: cannot find 'UIScreen' in scope
 10 | struct PreviewResizableViewModifier: ViewModifier {
 11 |
 12 |     @State private var size = CGSize(width: UIScreen.main.bounds.size.width, height: UIScreen.main.bounds.size.width)
    |                                             `- error: cannot find 'UIScreen' in scope
 13 |     @State private var isDragging = false
 14 |     @State private var contentSize: CGSize = .zero
/Users/admin/builder/spi-builder-workspace/Sources/PreviewResizable/PreviewResizableViewModifier.swift:12:86: error: cannot find 'UIScreen' in scope
 10 | struct PreviewResizableViewModifier: ViewModifier {
 11 |
 12 |     @State private var size = CGSize(width: UIScreen.main.bounds.size.width, height: UIScreen.main.bounds.size.width)
    |                                                                                      `- error: cannot find 'UIScreen' in scope
 13 |     @State private var isDragging = false
 14 |     @State private var contentSize: CGSize = .zero
macro expansion @State:2:23: error: cannot find 'UIScreen' in scope
`- /Users/admin/builder/spi-builder-workspace/Sources/PreviewResizable/PreviewResizableViewModifier.swift:12:118: note: expanded code originates here
 10 | struct PreviewResizableViewModifier: ViewModifier {
 11 |
 12 |     @State private var size = CGSize(width: UIScreen.main.bounds.size.width, height: UIScreen.main.bounds.size.width)
    |     `- note: in expansion of macro 'State' on property 'size' here
    +--- macro expansion @State ----------------------------------------
    | 1 | private var __size = SwiftUICore.State._makeStorage({
    | 2 |         CGSize(width: UIScreen.main.bounds.size.width, height: UIScreen.main.bounds.size.width)
    |   |                       `- error: cannot find 'UIScreen' in scope
    | 3 |     })
    | 4 |
    +-------------------------------------------------------------------
 13 |     @State private var isDragging = false
 14 |     @State private var contentSize: CGSize = .zero
macro expansion @State:2:64: error: cannot find 'UIScreen' in scope
`- /Users/admin/builder/spi-builder-workspace/Sources/PreviewResizable/PreviewResizableViewModifier.swift:12:118: note: expanded code originates here
 10 | struct PreviewResizableViewModifier: ViewModifier {
 11 |
 12 |     @State private var size = CGSize(width: UIScreen.main.bounds.size.width, height: UIScreen.main.bounds.size.width)
    |     `- note: in expansion of macro 'State' on property 'size' here
    +--- macro expansion @State ----------------------------------------
    | 1 | private var __size = SwiftUICore.State._makeStorage({
    | 2 |         CGSize(width: UIScreen.main.bounds.size.width, height: UIScreen.main.bounds.size.width)
    |   |                                                                `- error: cannot find 'UIScreen' in scope
    | 3 |     })
    | 4 |
    +-------------------------------------------------------------------
 13 |     @State private var isDragging = false
 14 |     @State private var contentSize: CGSize = .zero
macro expansion @State:11:67: error: cannot find 'UIScreen' in scope
`- /Users/admin/builder/spi-builder-workspace/Sources/PreviewResizable/PreviewResizableViewModifier.swift:12:118: note: expanded code originates here
 10 | struct PreviewResizableViewModifier: ViewModifier {
 11 |
 12 |     @State private var size = CGSize(width: UIScreen.main.bounds.size.width, height: UIScreen.main.bounds.size.width)
    |     `- note: in expansion of macro 'State' on property 'size' here
    +--- macro expansion @State ----------------------------------------
    | 9 |
    |10 | @SwiftUICore._StateProjectedValue
    |11 | private var $size = SwiftUICore.State(initialValue: CGSize(width: UIScreen.main.bounds.size.width, height: UIScreen.main.bounds.size.width)).projectedValue
    |   |                                                                   `- error: cannot find 'UIScreen' in scope
    |12 |
    |13 | @SwiftUICore._StateInitialStoredValue("U3dpZnRVSUNvcmUuU3RhdGUuX21ha2VTdG9yYWdlKHsgQ0dTaXplKHdpZHRoOiBVSVNjcmVlbi5tYWluLmJvdW5kcy5zaXplLndpZHRoLCBoZWlnaHQ6IFVJU2NyZWVuLm1haW4uYm91bmRzLnNpemUud2lkdGgpIH0p")
    +-------------------------------------------------------------------
 13 |     @State private var isDragging = false
 14 |     @State private var contentSize: CGSize = .zero
macro expansion @State:11:108: error: cannot find 'UIScreen' in scope
`- /Users/admin/builder/spi-builder-workspace/Sources/PreviewResizable/PreviewResizableViewModifier.swift:12:118: note: expanded code originates here
 10 | struct PreviewResizableViewModifier: ViewModifier {
 11 |
 12 |     @State private var size = CGSize(width: UIScreen.main.bounds.size.width, height: UIScreen.main.bounds.size.width)
    |     `- note: in expansion of macro 'State' on property 'size' here
    +--- macro expansion @State ----------------------------------------
    | 9 |
    |10 | @SwiftUICore._StateProjectedValue
    |11 | private var $size = SwiftUICore.State(initialValue: CGSize(width: UIScreen.main.bounds.size.width, height: UIScreen.main.bounds.size.width)).projectedValue
    |   |                                                                                                            `- error: cannot find 'UIScreen' in scope
    |12 |
    |13 | @SwiftUICore._StateInitialStoredValue("U3dpZnRVSUNvcmUuU3RhdGUuX21ha2VTdG9yYWdlKHsgQ0dTaXplKHdpZHRoOiBVSVNjcmVlbi5tYWluLmJvdW5kcy5zaXplLndpZHRoLCBoZWlnaHQ6IFVJU2NyZWVuLm1haW4uYm91bmRzLnNpemUud2lkdGgpIH0p")
    +-------------------------------------------------------------------
 13 |     @State private var isDragging = false
 14 |     @State private var contentSize: CGSize = .zero
macro expansion @State:14:199: error: cannot find 'UIScreen' in scope
`- /Users/admin/builder/spi-builder-workspace/Sources/PreviewResizable/PreviewResizableViewModifier.swift:12:118: note: expanded code originates here
 10 | struct PreviewResizableViewModifier: ViewModifier {
 11 |
 12 |     @State private var size = CGSize(width: UIScreen.main.bounds.size.width, height: UIScreen.main.bounds.size.width)
    |     `- note: in expansion of macro 'State' on property 'size' here
    +--- macro expansion @State ----------------------------------------
    |12 |
    |13 | @SwiftUICore._StateInitialStoredValue("U3dpZnRVSUNvcmUuU3RhdGUuX21ha2VTdG9yYWdlKHsgQ0dTaXplKHdpZHRoOiBVSVNjcmVlbi5tYWluLmJvdW5kcy5zaXplLndpZHRoLCBoZWlnaHQ6IFVJU2NyZWVuLm1haW4uYm91bmRzLnNpemUud2lkdGgpIH0p")
    |14 | private static var $s16PreviewResizable0aB12ViewModifierV4size33_76C37A2047ACCB5DB26597E7F032A0E0LL5StatefMp_20_initialStoredValue_fMu_ = (SwiftUICore.State._makeStorage(initialValue: CGSize(width: UIScreen.main.bounds.size.width, height: UIScreen.main.bounds.size.width)))
    |   |                                                                                                                                                                                                       `- error: cannot find 'UIScreen' in scope
    +-------------------------------------------------------------------
 13 |     @State private var isDragging = false
 14 |     @State private var contentSize: CGSize = .zero
macro expansion @State:14:240: error: cannot find 'UIScreen' in scope
`- /Users/admin/builder/spi-builder-workspace/Sources/PreviewResizable/PreviewResizableViewModifier.swift:12:118: note: expanded code originates here
 10 | struct PreviewResizableViewModifier: ViewModifier {
 11 |
 12 |     @State private var size = CGSize(width: UIScreen.main.bounds.size.width, height: UIScreen.main.bounds.size.width)
    |     `- note: in expansion of macro 'State' on property 'size' here
    +--- macro expansion @State ----------------------------------------
    |12 |
    |13 | @SwiftUICore._StateInitialStoredValue("U3dpZnRVSUNvcmUuU3RhdGUuX21ha2VTdG9yYWdlKHsgQ0dTaXplKHdpZHRoOiBVSVNjcmVlbi5tYWluLmJvdW5kcy5zaXplLndpZHRoLCBoZWlnaHQ6IFVJU2NyZWVuLm1haW4uYm91bmRzLnNpemUud2lkdGgpIH0p")
    |14 | private static var $s16PreviewResizable0aB12ViewModifierV4size33_76C37A2047ACCB5DB26597E7F032A0E0LL5StatefMp_20_initialStoredValue_fMu_ = (SwiftUICore.State._makeStorage(initialValue: CGSize(width: UIScreen.main.bounds.size.width, height: UIScreen.main.bounds.size.width)))
    |   |                                                                                                                                                                                                                                                `- error: cannot find 'UIScreen' in scope
    +-------------------------------------------------------------------
 13 |     @State private var isDragging = false
 14 |     @State private var contentSize: CGSize = .zero
Failed frontend command:
/Applications/Xcode-27.0.0-Release.Candidate.app/Contents/Developer/Toolchains/XcodeDefault.xctoolchain/usr/bin/swift-frontend -frontend -emit-module -experimental-skip-non-inlinable-function-bodies-without-types /Users/admin/builder/spi-builder-workspace/Sources/PreviewResizable/ChildSizeReader.swift /Users/admin/builder/spi-builder-workspace/Sources/PreviewResizable/PreviewResizableViewModifier.swift -target arm64-apple-macos12.0 -disable-cross-import-overlay-search -load-resolved-plugin /Applications/Xcode-27.0.0-Release.Candidate.app/Contents/Developer/Platforms/MacOSX.platform/Developer/usr/lib/swift/host/plugins/libFoundationMacros.dylib\#/Applications/Xcode-27.0.0-Release.Candidate.app/Contents/Developer/Platforms/MacOSX.platform/Developer/usr/bin/swift-plugin-server\#FoundationMacros -load-resolved-plugin /Applications/Xcode-27.0.0-Release.Candidate.app/Contents/Developer/Platforms/MacOSX.platform/Developer/usr/lib/swift/host/plugins/libObservationMacros.dylib\#/Applications/Xcode-27.0.0-Release.Candidate.app/Contents/Developer/Platforms/MacOSX.platform/Developer/usr/bin/swift-plugin-server\#ObservationMacros -load-resolved-plugin /Applications/Xcode-27.0.0-Release.Candidate.app/Contents/Developer/Platforms/MacOSX.platform/Developer/usr/lib/swift/host/plugins/libPreviewsMacros.dylib\#/Applications/Xcode-27.0.0-Release.Candidate.app/Contents/Developer/Platforms/MacOSX.platform/Developer/usr/bin/swift-plugin-server\#PreviewsMacros -load-resolved-plugin /Applications/Xcode-27.0.0-Release.Candidate.app/Contents/Developer/Platforms/MacOSX.platform/Developer/usr/lib/swift/host/plugins/libSwiftMacros.dylib\#/Applications/Xcode-27.0.0-Release.Candidate.app/Contents/Developer/Platforms/MacOSX.platform/Developer/usr/bin/swift-plugin-server\#SwiftMacros -load-resolved-plugin /Applications/Xcode-27.0.0-Release.Candidate.app/Contents/Developer/Platforms/MacOSX.platform/Developer/usr/lib/swift/host/plugins/libSwiftUIMacros.dylib\#/Applications/Xcode-27.0.0-Release.Candidate.app/Contents/Developer/Platforms/MacOSX.platform/Developer/usr/bin/swift-plugin-server\#SwiftUIMacros -disable-implicit-swift-modules -Xcc -fno-implicit-modules -Xcc -fno-implicit-module-maps -explicit-swift-module-map-file /Users/admin/builder/spi-builder-workspace/.derivedData/Build/Intermediates.noindex/PreviewResizable.build/Debug/PreviewResizable-t.build/Objects-normal/arm64/PreviewResizable-dependencies-1.json -Xllvm -aarch64-use-tbi -enable-objc-interop -stack-check -sdk /Applications/Xcode-27.0.0-Release.Candidate.app/Contents/Developer/Platforms/MacOSX.platform/Developer/SDKs/MacOSX27.0.sdk -I /Users/admin/builder/spi-builder-workspace/.derivedData/Build/Products/Debug -Isystem /Applications/Xcode-27.0.0-Release.Candidate.app/Contents/Developer/Platforms/MacOSX.platform/Developer/usr/lib -F /Users/admin/builder/spi-builder-workspace/.derivedData/Build/Products/Debug -F /Applications/Xcode-27.0.0-Release.Candidate.app/Contents/Developer/Platforms/MacOSX.platform/Developer/Library/Frameworks -module-cache-path /Users/admin/builder/spi-builder-workspace/.derivedData/Build/Intermediates.noindex/SwiftExplicitPrecompiledModules -no-color-diagnostics -Xcc -fno-color-diagnostics -enable-testing -g -debug-info-format\=dwarf -dwarf-version\=4 -swift-version 5 -Onone -D SWIFT_PACKAGE -D DEBUG -D SWIFT_MODULE_RESOURCE_BUNDLE_UNAVAILABLE -D Xcode -serialize-debugging-options -enable-experimental-feature DebugDescriptionMacro -empty-abi-descriptor -validate-clang-modules-once -clang-build-session-file /Users/admin/builder/spi-builder-workspace/.derivedData/ModuleCache.noindex/Session.modulevalidation -Xcc -working-directory -Xcc /Users/admin/builder/spi-builder-workspace/.swiftpm/xcode -enable-anonymous-context-mangled-names -file-compilation-dir /Users/admin/builder/spi-builder-workspace/.swiftpm/xcode -Xcc -D_LIBCPP_HARDENING_MODE\=_LIBCPP_HARDENING_MODE_DEBUG -Xcc -ivfsstatcache -Xcc /Users/admin/builder/spi-builder-workspace/.derivedData/SDKStatCaches.noindex/macosx27.0-26A425-e829b21a6f8c9b70876ba0858053c0446a22442a12e9d48fe1a705f55a1adfc4.sdkstatcache -Xcc -fmodules-prune-interval\=86400 -Xcc -fmodules-prune-after\=345600 -Xcc -I/Users/admin/builder/spi-builder-workspace/.derivedData/Build/Products/Debug/include -Xcc -I/Users/admin/builder/spi-builder-workspace/.derivedData/Build/Intermediates.noindex/PreviewResizable.build/Debug/PreviewResizable-t.build/DerivedSources-normal/arm64 -Xcc -I/Users/admin/builder/spi-builder-workspace/.derivedData/Build/Intermediates.noindex/PreviewResizable.build/Debug/PreviewResizable-t.build/DerivedSources/arm64 -Xcc -I/Users/admin/builder/spi-builder-workspace/.derivedData/Build/Intermediates.noindex/PreviewResizable.build/Debug/PreviewResizable-t.build/DerivedSources -Xcc -DSWIFT_PACKAGE -Xcc -DDEBUG\=1 -no-auto-bridging-header-chaining -module-name PreviewResizable -const-gather-protocols-file /Users/admin/builder/spi-builder-workspace/.derivedData/Build/Intermediates.noindex/PreviewResizable.build/Debug/PreviewResizable-t.build/Objects-normal/arm64/PreviewResizable_const_extract_protocols.json -disable-clang-spi -clang-target arm64-apple-macos27.0 -target-sdk-version 27.0 -target-sdk-name macosx27.0 -in-process-plugin-server-path /Applications/Xcode-27.0.0-Release.Candidate.app/Contents/Developer/Toolchains/XcodeDefault.xctoolchain/usr/lib/swift/host/libSwiftInProcPluginServer.dylib -emit-module-doc-path /Users/admin/builder/spi-builder-workspace/.derivedData/Build/Intermediates.noindex/PreviewResizable.build/Debug/PreviewResizable-t.build/Objects-normal/arm64/PreviewResizable.swiftdoc -emit-module-source-info-path /Users/admin/builder/spi-builder-workspace/.derivedData/Build/Intermediates.noindex/PreviewResizable.build/Debug/PreviewResizable-t.build/Objects-normal/arm64/PreviewResizable.swiftsourceinfo -emit-objc-header-path /Users/admin/builder/spi-builder-workspace/.derivedData/Build/Intermediates.noindex/PreviewResizable.build/Debug/PreviewResizable-t.build/Objects-normal/arm64/PreviewResizable-Swift.h -serialize-diagnostics-path /Users/admin/builder/spi-builder-workspace/.derivedData/Build/Intermediates.noindex/PreviewResizable.build/Debug/PreviewResizable-t.build/Objects-normal/arm64/PreviewResizable-primary-emit-module.dia -emit-dependencies-path /Users/admin/builder/spi-builder-workspace/.derivedData/Build/Intermediates.noindex/PreviewResizable.build/Debug/PreviewResizable-t.build/Objects-normal/arm64/PreviewResizable-primary-emit-module.d -parse-as-library -o /Users/admin/builder/spi-builder-workspace/.derivedData/Build/Intermediates.noindex/PreviewResizable.build/Debug/PreviewResizable-t.build/Objects-normal/arm64/PreviewResizable.swiftmodule -emit-abi-descriptor-path /Users/admin/builder/spi-builder-workspace/.derivedData/Build/Intermediates.noindex/PreviewResizable.build/Debug/PreviewResizable-t.build/Objects-normal/arm64/PreviewResizable.abi.json
SwiftCompile normal arm64 (in target 'PreviewResizable' from project 'PreviewResizable')
    cd /Users/admin/builder/spi-builder-workspace/.swiftpm/xcode

SwiftCompile normal arm64 Compiling\ PreviewResizableViewModifier.swift /Users/admin/builder/spi-builder-workspace/Sources/PreviewResizable/PreviewResizableViewModifier.swift (in target 'PreviewResizable' from project 'PreviewResizable')
macro expansion @State:7:55: error: cannot find 'UIScreen' in scope
`- /Users/admin/builder/spi-builder-workspace/Sources/PreviewResizable/PreviewResizableViewModifier.swift:12:118: note: expanded code originates here
 10 | struct PreviewResizableViewModifier: ViewModifier {
 11 |
 12 |     @State private var size = CGSize(width: UIScreen.main.bounds.size.width, height: UIScreen.main.bounds.size.width)
    |     `- note: in expansion of macro 'State' on property 'size' here
    +--- macro expansion @State ----------------------------------------
    | 5 | @SwiftUICore._StatePropertyWrapperStorage(initialValue: "JHMxNlByZXZpZXdSZXNpemFibGUwYUIxMlZpZXdNb2RpZmllclY0c2l6ZTMzXzc2QzM3QTIwNDdBQ0NCNURCMjY1OTdFN0YwMzJBMEUwTEw1U3RhdGVmTXBfMjBfaW5pdGlhbFN0b3JlZFZhbHVlX2ZNdV8=")
    | 6 | private var _size: SwiftUICore.State<_>! = SwiftUICore._stateNil(of: {
    | 7 |         SwiftUICore.State(initialValue: CGSize(width: UIScreen.main.bounds.size.width, height: UIScreen.main.bounds.size.width))
    |   |                                                       `- error: cannot find 'UIScreen' in scope
    | 8 |     })
    | 9 |
    +-------------------------------------------------------------------
 13 |     @State private var isDragging = false
 14 |     @State private var contentSize: CGSize = .zero
macro expansion @State:7:96: error: cannot find 'UIScreen' in scope
`- /Users/admin/builder/spi-builder-workspace/Sources/PreviewResizable/PreviewResizableViewModifier.swift:12:118: note: expanded code originates here
 10 | struct PreviewResizableViewModifier: ViewModifier {
 11 |
 12 |     @State private var size = CGSize(width: UIScreen.main.bounds.size.width, height: UIScreen.main.bounds.size.width)
    |     `- note: in expansion of macro 'State' on property 'size' here
    +--- macro expansion @State ----------------------------------------
    | 5 | @SwiftUICore._StatePropertyWrapperStorage(initialValue: "JHMxNlByZXZpZXdSZXNpemFibGUwYUIxMlZpZXdNb2RpZmllclY0c2l6ZTMzXzc2QzM3QTIwNDdBQ0NCNURCMjY1OTdFN0YwMzJBMEUwTEw1U3RhdGVmTXBfMjBfaW5pdGlhbFN0b3JlZFZhbHVlX2ZNdV8=")
    | 6 | private var _size: SwiftUICore.State<_>! = SwiftUICore._stateNil(of: {
    | 7 |         SwiftUICore.State(initialValue: CGSize(width: UIScreen.main.bounds.size.width, height: UIScreen.main.bounds.size.width))
    |   |                                                                                                `- error: cannot find 'UIScreen' in scope
    | 8 |     })
    | 9 |
    +-------------------------------------------------------------------
 13 |     @State private var isDragging = false
 14 |     @State private var contentSize: CGSize = .zero
/Users/admin/builder/spi-builder-workspace/Sources/PreviewResizable/PreviewResizableViewModifier.swift:12:45: error: cannot find 'UIScreen' in scope
 10 | struct PreviewResizableViewModifier: ViewModifier {
 11 |
 12 |     @State private var size = CGSize(width: UIScreen.main.bounds.size.width, height: UIScreen.main.bounds.size.width)
    |                                             `- error: cannot find 'UIScreen' in scope
 13 |     @State private var isDragging = false
 14 |     @State private var contentSize: CGSize = .zero
/Users/admin/builder/spi-builder-workspace/Sources/PreviewResizable/PreviewResizableViewModifier.swift:12:86: error: cannot find 'UIScreen' in scope
 10 | struct PreviewResizableViewModifier: ViewModifier {
 11 |
 12 |     @State private var size = CGSize(width: UIScreen.main.bounds.size.width, height: UIScreen.main.bounds.size.width)
    |                                                                                      `- error: cannot find 'UIScreen' in scope
 13 |     @State private var isDragging = false
 14 |     @State private var contentSize: CGSize = .zero
macro expansion @State:2:23: error: cannot find 'UIScreen' in scope
`- /Users/admin/builder/spi-builder-workspace/Sources/PreviewResizable/PreviewResizableViewModifier.swift:12:118: note: expanded code originates here
 10 | struct PreviewResizableViewModifier: ViewModifier {
 11 |
 12 |     @State private var size = CGSize(width: UIScreen.main.bounds.size.width, height: UIScreen.main.bounds.size.width)
    |     `- note: in expansion of macro 'State' on property 'size' here
    +--- macro expansion @State ----------------------------------------
    | 1 | private var __size = SwiftUICore.State._makeStorage({
    | 2 |         CGSize(width: UIScreen.main.bounds.size.width, height: UIScreen.main.bounds.size.width)
    |   |                       `- error: cannot find 'UIScreen' in scope
    | 3 |     })
    | 4 |
    +-------------------------------------------------------------------
 13 |     @State private var isDragging = false
 14 |     @State private var contentSize: CGSize = .zero
macro expansion @State:2:64: error: cannot find 'UIScreen' in scope
`- /Users/admin/builder/spi-builder-workspace/Sources/PreviewResizable/PreviewResizableViewModifier.swift:12:118: note: expanded code originates here
 10 | struct PreviewResizableViewModifier: ViewModifier {
 11 |
 12 |     @State private var size = CGSize(width: UIScreen.main.bounds.size.width, height: UIScreen.main.bounds.size.width)
    |     `- note: in expansion of macro 'State' on property 'size' here
    +--- macro expansion @State ----------------------------------------
    | 1 | private var __size = SwiftUICore.State._makeStorage({
    | 2 |         CGSize(width: UIScreen.main.bounds.size.width, height: UIScreen.main.bounds.size.width)
    |   |                                                                `- error: cannot find 'UIScreen' in scope
    | 3 |     })
    | 4 |
    +-------------------------------------------------------------------
 13 |     @State private var isDragging = false
 14 |     @State private var contentSize: CGSize = .zero
macro expansion @State:11:67: error: cannot find 'UIScreen' in scope
`- /Users/admin/builder/spi-builder-workspace/Sources/PreviewResizable/PreviewResizableViewModifier.swift:12:118: note: expanded code originates here
 10 | struct PreviewResizableViewModifier: ViewModifier {
 11 |
 12 |     @State private var size = CGSize(width: UIScreen.main.bounds.size.width, height: UIScreen.main.bounds.size.width)
    |     `- note: in expansion of macro 'State' on property 'size' here
    +--- macro expansion @State ----------------------------------------
    | 9 |
    |10 | @SwiftUICore._StateProjectedValue
    |11 | private var $size = SwiftUICore.State(initialValue: CGSize(width: UIScreen.main.bounds.size.width, height: UIScreen.main.bounds.size.width)).projectedValue
    |   |                                                                   `- error: cannot find 'UIScreen' in scope
    |12 |
    |13 | @SwiftUICore._StateInitialStoredValue("U3dpZnRVSUNvcmUuU3RhdGUuX21ha2VTdG9yYWdlKHsgQ0dTaXplKHdpZHRoOiBVSVNjcmVlbi5tYWluLmJvdW5kcy5zaXplLndpZHRoLCBoZWlnaHQ6IFVJU2NyZWVuLm1haW4uYm91bmRzLnNpemUud2lkdGgpIH0p")
    +-------------------------------------------------------------------
 13 |     @State private var isDragging = false
 14 |     @State private var contentSize: CGSize = .zero
macro expansion @State:11:108: error: cannot find 'UIScreen' in scope
`- /Users/admin/builder/spi-builder-workspace/Sources/PreviewResizable/PreviewResizableViewModifier.swift:12:118: note: expanded code originates here
 10 | struct PreviewResizableViewModifier: ViewModifier {
 11 |
 12 |     @State private var size = CGSize(width: UIScreen.main.bounds.size.width, height: UIScreen.main.bounds.size.width)
    |     `- note: in expansion of macro 'State' on property 'size' here
    +--- macro expansion @State ----------------------------------------
    | 9 |
    |10 | @SwiftUICore._StateProjectedValue
    |11 | private var $size = SwiftUICore.State(initialValue: CGSize(width: UIScreen.main.bounds.size.width, height: UIScreen.main.bounds.size.width)).projectedValue
    |   |                                                                                                            `- error: cannot find 'UIScreen' in scope
    |12 |
    |13 | @SwiftUICore._StateInitialStoredValue("U3dpZnRVSUNvcmUuU3RhdGUuX21ha2VTdG9yYWdlKHsgQ0dTaXplKHdpZHRoOiBVSVNjcmVlbi5tYWluLmJvdW5kcy5zaXplLndpZHRoLCBoZWlnaHQ6IFVJU2NyZWVuLm1haW4uYm91bmRzLnNpemUud2lkdGgpIH0p")
    +-------------------------------------------------------------------
 13 |     @State private var isDragging = false
 14 |     @State private var contentSize: CGSize = .zero
macro expansion @State:14:199: error: cannot find 'UIScreen' in scope
`- /Users/admin/builder/spi-builder-workspace/Sources/PreviewResizable/PreviewResizableViewModifier.swift:12:118: note: expanded code originates here
 10 | struct PreviewResizableViewModifier: ViewModifier {
 11 |
 12 |     @State private var size = CGSize(width: UIScreen.main.bounds.size.width, height: UIScreen.main.bounds.size.width)
    |     `- note: in expansion of macro 'State' on property 'size' here
    +--- macro expansion @State ----------------------------------------
    |12 |
    |13 | @SwiftUICore._StateInitialStoredValue("U3dpZnRVSUNvcmUuU3RhdGUuX21ha2VTdG9yYWdlKHsgQ0dTaXplKHdpZHRoOiBVSVNjcmVlbi5tYWluLmJvdW5kcy5zaXplLndpZHRoLCBoZWlnaHQ6IFVJU2NyZWVuLm1haW4uYm91bmRzLnNpemUud2lkdGgpIH0p")
    |14 | private static var $s16PreviewResizable0aB12ViewModifierV4size33_76C37A2047ACCB5DB26597E7F032A0E0LL5StatefMp_20_initialStoredValue_fMu_ = (SwiftUICore.State._makeStorage(initialValue: CGSize(width: UIScreen.main.bounds.size.width, height: UIScreen.main.bounds.size.width)))
    |   |                                                                                                                                                                                                       `- error: cannot find 'UIScreen' in scope
    +-------------------------------------------------------------------
 13 |     @State private var isDragging = false
 14 |     @State private var contentSize: CGSize = .zero
SwiftCompile normal arm64 /Users/admin/builder/spi-builder-workspace/Sources/PreviewResizable/PreviewResizableViewModifier.swift (in target 'PreviewResizable' from project 'PreviewResizable')
    cd /Users/admin/builder/spi-builder-workspace/.swiftpm/xcode
    builtin-SwiftPerFileCompile PreviewResizableViewModifier.swift
PruneExplicitPrecompiledModules /Users/admin/builder/spi-builder-workspace/.derivedData/SDKExplicitPrecompiledModules
PruneExplicitPrecompiledModules /Users/admin/builder/spi-builder-workspace/.derivedData/Build/Intermediates.noindex/ExplicitPrecompiledModules
PruneExplicitPrecompiledModules /Users/admin/builder/spi-builder-workspace/.derivedData/Build/Intermediates.noindex/SwiftExplicitPrecompiledModules
2026-09-18 18:18:22.764 xcodebuild[652:4218] [MT] IDERunDestination: Supported platforms for the buildables in the current scheme is empty.
--- xcodebuild: WARNING: Using the first of multiple matching destinations:
{ platform:macOS, arch:arm64, id:f6f7845b00fa9e4811a8b9aa2ddafd66c9496e2e, name:My Mac }
{ platform:macOS, arch:arm64, variant:Mac Catalyst, id:f6f7845b00fa9e4811a8b9aa2ddafd66c9496e2e, name:My Mac }
{ platform:macOS, arch:arm64, variant:DriverKit, id:f6f7845b00fa9e4811a8b9aa2ddafd66c9496e2e, name:My Mac }
{ platform:macOS, arch:arm64, variant:Designed for [iPad,iPhone], id:f6f7845b00fa9e4811a8b9aa2ddafd66c9496e2e, name:My Mac }
** BUILD FAILED **
The following build commands failed:
	SwiftEmitModule normal arm64 Emitting\ module\ for\ PreviewResizable (in target 'PreviewResizable' from project 'PreviewResizable')
	SwiftCompile normal arm64 (in target 'PreviewResizable' from project 'PreviewResizable')
	Building workspace PreviewResizable with scheme PreviewResizable
(3 failures)
Command line invocation:
    /Applications/Xcode-27.0.0-Release.Candidate.app/Contents/Developer/usr/bin/xcodebuild -IDEClonedSourcePackagesDirPathOverride=/Users/admin/builder/spi-builder-workspace/.dependencies -resolvePackageDependencies
Resolve Package Graph
Resolved source packages:
  PreviewResizable: /Users/admin/builder/spi-builder-workspace
resolved source packages: PreviewResizable
2026-09-18 18:18:31.161 xcodebuild[738:4584] [MT] IDERunDestination: Supported platforms for the buildables in the current scheme is empty.
{
  "dependencies" : [
  ],
  "manifest_display_name" : "PreviewResizable",
  "name" : "PreviewResizable",
  "path" : "/Users/admin/builder/spi-builder-workspace",
  "platforms" : [
    {
      "name" : "ios",
      "version" : "15.0"
    }
  ],
  "products" : [
    {
      "name" : "PreviewResizable",
      "targets" : [
        "PreviewResizable"
      ],
      "type" : {
        "library" : [
          "automatic"
        ]
      }
    }
  ],
  "targets" : [
    {
      "c99name" : "PreviewResizable",
      "module_type" : "SwiftTarget",
      "name" : "PreviewResizable",
      "path" : "Sources/PreviewResizable",
      "product_memberships" : [
        "PreviewResizable"
      ],
      "sources" : [
        "ChildSizeReader.swift",
        "PreviewResizableViewModifier.swift"
      ],
      "type" : "library"
    }
  ],
  "tools_version" : "5.7"
}
{
  "workspace" : {
    "name" : "PreviewResizable",
    "schemes" : [
      "PreviewResizable"
    ]
  }
}
2026-09-18 18:18:32.376 xcodebuild[746:4652] [MT] IDERunDestination: Supported platforms for the buildables in the current scheme is empty.
Running build ...
env DEVELOPER_DIR=/Applications/Xcode-27.0.0-Release.Candidate.app xcrun xcodebuild -IDEClonedSourcePackagesDirPathOverride=$PWD/.dependencies -skipMacroValidation -skipPackagePluginValidation -derivedDataPath $PWD/.derivedData build -scheme PreviewResizable -destination platform=macOS,arch=arm64
Command line invocation:
    /Applications/Xcode-27.0.0-Release.Candidate.app/Contents/Developer/usr/bin/xcodebuild -IDEClonedSourcePackagesDirPathOverride=/Users/admin/builder/spi-builder-workspace/.dependencies -skipMacroValidation -skipPackagePluginValidation -derivedDataPath /Users/admin/builder/spi-builder-workspace/.derivedData build -scheme PreviewResizable -destination platform=macOS,arch=arm64
Resolve Package Graph
Resolved source packages:
  PreviewResizable: /Users/admin/builder/spi-builder-workspace
ComputePackagePrebuildTargetDependencyGraph
Prepare packages
CreateBuildRequest
SendProjectDescription
CreateBuildOperation
ComputeTargetDependencyGraph
note: Building targets in dependency order
note: Target dependency graph (2 targets)
    Target 'PreviewResizable-product' in project 'PreviewResizable'
        ➜ Explicit dependency on target 'PreviewResizable' in project 'PreviewResizable'
    Target 'PreviewResizable' in project 'PreviewResizable' (no dependencies)
GatherProvisioningInputs
CreateBuildDescription
ClangStatCache /Applications/Xcode-27.0.0-Release.Candidate.app/Contents/Developer/Toolchains/XcodeDefault.xctoolchain/usr/bin/clang-stat-cache /Applications/Xcode-27.0.0-Release.Candidate.app/Contents/Developer/Platforms/MacOSX.platform/Developer/SDKs/MacOSX27.0.sdk /Users/admin/builder/spi-builder-workspace/.derivedData/SDKStatCaches.noindex/macosx27.0-26A425-e829b21a6f8c9b70876ba0858053c0446a22442a12e9d48fe1a705f55a1adfc4.sdkstatcache
    cd /Users/admin/builder/spi-builder-workspace/.swiftpm/xcode
    /Applications/Xcode-27.0.0-Release.Candidate.app/Contents/Developer/Toolchains/XcodeDefault.xctoolchain/usr/bin/clang-stat-cache /Applications/Xcode-27.0.0-Release.Candidate.app/Contents/Developer/Platforms/MacOSX.platform/Developer/SDKs/MacOSX27.0.sdk -o /Users/admin/builder/spi-builder-workspace/.derivedData/SDKStatCaches.noindex/macosx27.0-26A425-e829b21a6f8c9b70876ba0858053c0446a22442a12e9d48fe1a705f55a1adfc4.sdkstatcache
SwiftDriver PreviewResizable normal arm64 com.apple.xcode.tools.swift.compiler (in target 'PreviewResizable' from project 'PreviewResizable')
    cd /Users/admin/builder/spi-builder-workspace/.swiftpm/xcode
    builtin-SwiftDriver -- /Applications/Xcode-27.0.0-Release.Candidate.app/Contents/Developer/Toolchains/XcodeDefault.xctoolchain/usr/bin/swiftc -parse-as-library -module-name PreviewResizable -Onone @/Users/admin/builder/spi-builder-workspace/.derivedData/Build/Intermediates.noindex/PreviewResizable.build/Debug/PreviewResizable-t.build/Objects-normal/arm64/PreviewResizable.SwiftFileList -DSWIFT_PACKAGE -DDEBUG -DSWIFT_MODULE_RESOURCE_BUNDLE_UNAVAILABLE -DXcode -plugin-path /Applications/Xcode-27.0.0-Release.Candidate.app/Contents/Developer/Toolchains/XcodeDefault.xctoolchain/usr/lib/swift/host/plugins/testing -enable-experimental-feature DebugDescriptionMacro -sdk /Applications/Xcode-27.0.0-Release.Candidate.app/Contents/Developer/Platforms/MacOSX.platform/Developer/SDKs/MacOSX27.0.sdk -target arm64-apple-macos12.0 -g -module-cache-path /Users/admin/builder/spi-builder-workspace/.derivedData/ModuleCache.noindex -Xfrontend -serialize-debugging-options -enable-testing -index-store-path /Users/admin/builder/spi-builder-workspace/.derivedData/Index.noindex/DataStore -Xcc -D_LIBCPP_HARDENING_MODE\=_LIBCPP_HARDENING_MODE_DEBUG -swift-version 5 -I /Users/admin/builder/spi-builder-workspace/.derivedData/Build/Products/Debug -Isystem /Applications/Xcode-27.0.0-Release.Candidate.app/Contents/Developer/Platforms/MacOSX.platform/Developer/usr/lib -F /Users/admin/builder/spi-builder-workspace/.derivedData/Build/Products/Debug -F /Applications/Xcode-27.0.0-Release.Candidate.app/Contents/Developer/Platforms/MacOSX.platform/Developer/Library/Frameworks -c -j10 -enable-batch-mode -incremental -Xcc -ivfsstatcache -Xcc /Users/admin/builder/spi-builder-workspace/.derivedData/SDKStatCaches.noindex/macosx27.0-26A425-e829b21a6f8c9b70876ba0858053c0446a22442a12e9d48fe1a705f55a1adfc4.sdkstatcache -output-file-map /Users/admin/builder/spi-builder-workspace/.derivedData/Build/Intermediates.noindex/PreviewResizable.build/Debug/PreviewResizable-t.build/Objects-normal/arm64/PreviewResizable-OutputFileMap.json -save-temps -no-color-diagnostics -explicit-module-build -module-cache-path /Users/admin/builder/spi-builder-workspace/.derivedData/Build/Intermediates.noindex/SwiftExplicitPrecompiledModules -clang-scanner-module-cache-path /Users/admin/builder/spi-builder-workspace/.derivedData/ModuleCache.noindex -sdk-module-cache-path /Users/admin/builder/spi-builder-workspace/.derivedData/SDKExplicitPrecompiledModules -emit-dependencies -emit-module -emit-module-path /Users/admin/builder/spi-builder-workspace/.derivedData/Build/Intermediates.noindex/PreviewResizable.build/Debug/PreviewResizable-t.build/Objects-normal/arm64/PreviewResizable.swiftmodule -serialize-diagnostics -dependency-scan-serialize-diagnostics-path /Users/admin/builder/spi-builder-workspace/.derivedData/Build/Intermediates.noindex/PreviewResizable.build/Debug/PreviewResizable-t.build/Objects-normal/arm64/PreviewResizable-dependency-scan.dia -validate-clang-modules-once -clang-build-session-file /Users/admin/builder/spi-builder-workspace/.derivedData/ModuleCache.noindex/Session.modulevalidation -Xcc -fmodules-prune-interval\=86400 -Xcc -fmodules-prune-after\=345600 -emit-const-values -const-gather-protocols-list /Users/admin/builder/spi-builder-workspace/.derivedData/Build/Intermediates.noindex/PreviewResizable.build/Debug/PreviewResizable-t.build/Objects-normal/arm64/PreviewResizable_const_extract_protocols.json -Xcc -I/Users/admin/builder/spi-builder-workspace/.derivedData/Build/Products/Debug/include -Xcc -I/Users/admin/builder/spi-builder-workspace/.derivedData/Build/Intermediates.noindex/PreviewResizable.build/Debug/PreviewResizable-t.build/DerivedSources-normal/arm64 -Xcc -I/Users/admin/builder/spi-builder-workspace/.derivedData/Build/Intermediates.noindex/PreviewResizable.build/Debug/PreviewResizable-t.build/DerivedSources/arm64 -Xcc -I/Users/admin/builder/spi-builder-workspace/.derivedData/Build/Intermediates.noindex/PreviewResizable.build/Debug/PreviewResizable-t.build/DerivedSources -Xcc -DSWIFT_PACKAGE -Xcc -DDEBUG\=1 -emit-objc-header -emit-objc-header-path /Users/admin/builder/spi-builder-workspace/.derivedData/Build/Intermediates.noindex/PreviewResizable.build/Debug/PreviewResizable-t.build/Objects-normal/arm64/PreviewResizable-Swift.h -working-directory /Users/admin/builder/spi-builder-workspace/.swiftpm/xcode -experimental-emit-module-separately -disable-cmo
SwiftEmitModule normal arm64 Emitting\ module\ for\ PreviewResizable (in target 'PreviewResizable' from project 'PreviewResizable')
macro expansion @State:7:55: error: cannot find 'UIScreen' in scope
`- /Users/admin/builder/spi-builder-workspace/Sources/PreviewResizable/PreviewResizableViewModifier.swift:12:118: note: expanded code originates here
 10 | struct PreviewResizableViewModifier: ViewModifier {
 11 |
 12 |     @State private var size = CGSize(width: UIScreen.main.bounds.size.width, height: UIScreen.main.bounds.size.width)
    |     `- note: in expansion of macro 'State' on property 'size' here
    +--- macro expansion @State ----------------------------------------
    | 5 | @SwiftUICore._StatePropertyWrapperStorage(initialValue: "JHMxNlByZXZpZXdSZXNpemFibGUwYUIxMlZpZXdNb2RpZmllclY0c2l6ZTMzXzc2QzM3QTIwNDdBQ0NCNURCMjY1OTdFN0YwMzJBMEUwTEw1U3RhdGVmTXBfMjBfaW5pdGlhbFN0b3JlZFZhbHVlX2ZNdV8=")
    | 6 | private var _size: SwiftUICore.State<_>! = SwiftUICore._stateNil(of: {
    | 7 |         SwiftUICore.State(initialValue: CGSize(width: UIScreen.main.bounds.size.width, height: UIScreen.main.bounds.size.width))
    |   |                                                       `- error: cannot find 'UIScreen' in scope
    | 8 |     })
    | 9 |
    +-------------------------------------------------------------------
 13 |     @State private var isDragging = false
 14 |     @State private var contentSize: CGSize = .zero
macro expansion @State:7:96: error: cannot find 'UIScreen' in scope
`- /Users/admin/builder/spi-builder-workspace/Sources/PreviewResizable/PreviewResizableViewModifier.swift:12:118: note: expanded code originates here
 10 | struct PreviewResizableViewModifier: ViewModifier {
 11 |
 12 |     @State private var size = CGSize(width: UIScreen.main.bounds.size.width, height: UIScreen.main.bounds.size.width)
    |     `- note: in expansion of macro 'State' on property 'size' here
    +--- macro expansion @State ----------------------------------------
    | 5 | @SwiftUICore._StatePropertyWrapperStorage(initialValue: "JHMxNlByZXZpZXdSZXNpemFibGUwYUIxMlZpZXdNb2RpZmllclY0c2l6ZTMzXzc2QzM3QTIwNDdBQ0NCNURCMjY1OTdFN0YwMzJBMEUwTEw1U3RhdGVmTXBfMjBfaW5pdGlhbFN0b3JlZFZhbHVlX2ZNdV8=")
    | 6 | private var _size: SwiftUICore.State<_>! = SwiftUICore._stateNil(of: {
    | 7 |         SwiftUICore.State(initialValue: CGSize(width: UIScreen.main.bounds.size.width, height: UIScreen.main.bounds.size.width))
    |   |                                                                                                `- error: cannot find 'UIScreen' in scope
    | 8 |     })
    | 9 |
    +-------------------------------------------------------------------
 13 |     @State private var isDragging = false
 14 |     @State private var contentSize: CGSize = .zero
/Users/admin/builder/spi-builder-workspace/Sources/PreviewResizable/PreviewResizableViewModifier.swift:12:45: error: cannot find 'UIScreen' in scope
 10 | struct PreviewResizableViewModifier: ViewModifier {
 11 |
 12 |     @State private var size = CGSize(width: UIScreen.main.bounds.size.width, height: UIScreen.main.bounds.size.width)
    |                                             `- error: cannot find 'UIScreen' in scope
 13 |     @State private var isDragging = false
 14 |     @State private var contentSize: CGSize = .zero
/Users/admin/builder/spi-builder-workspace/Sources/PreviewResizable/PreviewResizableViewModifier.swift:12:86: error: cannot find 'UIScreen' in scope
 10 | struct PreviewResizableViewModifier: ViewModifier {
 11 |
 12 |     @State private var size = CGSize(width: UIScreen.main.bounds.size.width, height: UIScreen.main.bounds.size.width)
    |                                                                                      `- error: cannot find 'UIScreen' in scope
 13 |     @State private var isDragging = false
 14 |     @State private var contentSize: CGSize = .zero
macro expansion @State:2:23: error: cannot find 'UIScreen' in scope
`- /Users/admin/builder/spi-builder-workspace/Sources/PreviewResizable/PreviewResizableViewModifier.swift:12:118: note: expanded code originates here
 10 | struct PreviewResizableViewModifier: ViewModifier {
 11 |
 12 |     @State private var size = CGSize(width: UIScreen.main.bounds.size.width, height: UIScreen.main.bounds.size.width)
    |     `- note: in expansion of macro 'State' on property 'size' here
    +--- macro expansion @State ----------------------------------------
    | 1 | private var __size = SwiftUICore.State._makeStorage({
    | 2 |         CGSize(width: UIScreen.main.bounds.size.width, height: UIScreen.main.bounds.size.width)
    |   |                       `- error: cannot find 'UIScreen' in scope
    | 3 |     })
    | 4 |
    +-------------------------------------------------------------------
 13 |     @State private var isDragging = false
 14 |     @State private var contentSize: CGSize = .zero
macro expansion @State:2:64: error: cannot find 'UIScreen' in scope
`- /Users/admin/builder/spi-builder-workspace/Sources/PreviewResizable/PreviewResizableViewModifier.swift:12:118: note: expanded code originates here
 10 | struct PreviewResizableViewModifier: ViewModifier {
 11 |
 12 |     @State private var size = CGSize(width: UIScreen.main.bounds.size.width, height: UIScreen.main.bounds.size.width)
    |     `- note: in expansion of macro 'State' on property 'size' here
    +--- macro expansion @State ----------------------------------------
    | 1 | private var __size = SwiftUICore.State._makeStorage({
    | 2 |         CGSize(width: UIScreen.main.bounds.size.width, height: UIScreen.main.bounds.size.width)
    |   |                                                                `- error: cannot find 'UIScreen' in scope
    | 3 |     })
    | 4 |
    +-------------------------------------------------------------------
 13 |     @State private var isDragging = false
 14 |     @State private var contentSize: CGSize = .zero
macro expansion @State:11:67: error: cannot find 'UIScreen' in scope
`- /Users/admin/builder/spi-builder-workspace/Sources/PreviewResizable/PreviewResizableViewModifier.swift:12:118: note: expanded code originates here
 10 | struct PreviewResizableViewModifier: ViewModifier {
 11 |
 12 |     @State private var size = CGSize(width: UIScreen.main.bounds.size.width, height: UIScreen.main.bounds.size.width)
    |     `- note: in expansion of macro 'State' on property 'size' here
    +--- macro expansion @State ----------------------------------------
    | 9 |
    |10 | @SwiftUICore._StateProjectedValue
    |11 | private var $size = SwiftUICore.State(initialValue: CGSize(width: UIScreen.main.bounds.size.width, height: UIScreen.main.bounds.size.width)).projectedValue
    |   |                                                                   `- error: cannot find 'UIScreen' in scope
    |12 |
    |13 | @SwiftUICore._StateInitialStoredValue("U3dpZnRVSUNvcmUuU3RhdGUuX21ha2VTdG9yYWdlKHsgQ0dTaXplKHdpZHRoOiBVSVNjcmVlbi5tYWluLmJvdW5kcy5zaXplLndpZHRoLCBoZWlnaHQ6IFVJU2NyZWVuLm1haW4uYm91bmRzLnNpemUud2lkdGgpIH0p")
    +-------------------------------------------------------------------
 13 |     @State private var isDragging = false
 14 |     @State private var contentSize: CGSize = .zero
macro expansion @State:11:108: error: cannot find 'UIScreen' in scope
`- /Users/admin/builder/spi-builder-workspace/Sources/PreviewResizable/PreviewResizableViewModifier.swift:12:118: note: expanded code originates here
 10 | struct PreviewResizableViewModifier: ViewModifier {
 11 |
 12 |     @State private var size = CGSize(width: UIScreen.main.bounds.size.width, height: UIScreen.main.bounds.size.width)
    |     `- note: in expansion of macro 'State' on property 'size' here
    +--- macro expansion @State ----------------------------------------
    | 9 |
    |10 | @SwiftUICore._StateProjectedValue
    |11 | private var $size = SwiftUICore.State(initialValue: CGSize(width: UIScreen.main.bounds.size.width, height: UIScreen.main.bounds.size.width)).projectedValue
    |   |                                                                                                            `- error: cannot find 'UIScreen' in scope
    |12 |
    |13 | @SwiftUICore._StateInitialStoredValue("U3dpZnRVSUNvcmUuU3RhdGUuX21ha2VTdG9yYWdlKHsgQ0dTaXplKHdpZHRoOiBVSVNjcmVlbi5tYWluLmJvdW5kcy5zaXplLndpZHRoLCBoZWlnaHQ6IFVJU2NyZWVuLm1haW4uYm91bmRzLnNpemUud2lkdGgpIH0p")
    +-------------------------------------------------------------------
 13 |     @State private var isDragging = false
 14 |     @State private var contentSize: CGSize = .zero
macro expansion @State:14:199: error: cannot find 'UIScreen' in scope
`- /Users/admin/builder/spi-builder-workspace/Sources/PreviewResizable/PreviewResizableViewModifier.swift:12:118: note: expanded code originates here
 10 | struct PreviewResizableViewModifier: ViewModifier {
 11 |
 12 |     @State private var size = CGSize(width: UIScreen.main.bounds.size.width, height: UIScreen.main.bounds.size.width)
    |     `- note: in expansion of macro 'State' on property 'size' here
    +--- macro expansion @State ----------------------------------------
    |12 |
    |13 | @SwiftUICore._StateInitialStoredValue("U3dpZnRVSUNvcmUuU3RhdGUuX21ha2VTdG9yYWdlKHsgQ0dTaXplKHdpZHRoOiBVSVNjcmVlbi5tYWluLmJvdW5kcy5zaXplLndpZHRoLCBoZWlnaHQ6IFVJU2NyZWVuLm1haW4uYm91bmRzLnNpemUud2lkdGgpIH0p")
    |14 | private static var $s16PreviewResizable0aB12ViewModifierV4size33_76C37A2047ACCB5DB26597E7F032A0E0LL5StatefMp_20_initialStoredValue_fMu_ = (SwiftUICore.State._makeStorage(initialValue: CGSize(width: UIScreen.main.bounds.size.width, height: UIScreen.main.bounds.size.width)))
    |   |                                                                                                                                                                                                       `- error: cannot find 'UIScreen' in scope
    +-------------------------------------------------------------------
 13 |     @State private var isDragging = false
 14 |     @State private var contentSize: CGSize = .zero
SwiftCompile normal arm64 (in target 'PreviewResizable' from project 'PreviewResizable')
    cd /Users/admin/builder/spi-builder-workspace/.swiftpm/xcode

macro expansion @State:14:240: error: cannot find 'UIScreen' in scope
`- /Users/admin/builder/spi-builder-workspace/Sources/PreviewResizable/PreviewResizableViewModifier.swift:12:118: note: expanded code originates here
 10 | struct PreviewResizableViewModifier: ViewModifier {
 11 |
 12 |     @State private var size = CGSize(width: UIScreen.main.bounds.size.width, height: UIScreen.main.bounds.size.width)
    |     `- note: in expansion of macro 'State' on property 'size' here
    +--- macro expansion @State ----------------------------------------
    |12 |
    |13 | @SwiftUICore._StateInitialStoredValue("U3dpZnRVSUNvcmUuU3RhdGUuX21ha2VTdG9yYWdlKHsgQ0dTaXplKHdpZHRoOiBVSVNjcmVlbi5tYWluLmJvdW5kcy5zaXplLndpZHRoLCBoZWlnaHQ6IFVJU2NyZWVuLm1haW4uYm91bmRzLnNpemUud2lkdGgpIH0p")
    |14 | private static var $s16PreviewResizable0aB12ViewModifierV4size33_76C37A2047ACCB5DB26597E7F032A0E0LL5StatefMp_20_initialStoredValue_fMu_ = (SwiftUICore.State._makeStorage(initialValue: CGSize(width: UIScreen.main.bounds.size.width, height: UIScreen.main.bounds.size.width)))
    |   |                                                                                                                                                                                                                                                `- error: cannot find 'UIScreen' in scope
    +-------------------------------------------------------------------
 13 |     @State private var isDragging = false
 14 |     @State private var contentSize: CGSize = .zero
Failed frontend command:
/Applications/Xcode-27.0.0-Release.Candidate.app/Contents/Developer/Toolchains/XcodeDefault.xctoolchain/usr/bin/swift-frontend -frontend -emit-module -experimental-skip-non-inlinable-function-bodies-without-types /Users/admin/builder/spi-builder-workspace/Sources/PreviewResizable/ChildSizeReader.swift /Users/admin/builder/spi-builder-workspace/Sources/PreviewResizable/PreviewResizableViewModifier.swift -target arm64-apple-macos12.0 -disable-cross-import-overlay-search -load-resolved-plugin /Applications/Xcode-27.0.0-Release.Candidate.app/Contents/Developer/Platforms/MacOSX.platform/Developer/usr/lib/swift/host/plugins/libFoundationMacros.dylib\#/Applications/Xcode-27.0.0-Release.Candidate.app/Contents/Developer/Platforms/MacOSX.platform/Developer/usr/bin/swift-plugin-server\#FoundationMacros -load-resolved-plugin /Applications/Xcode-27.0.0-Release.Candidate.app/Contents/Developer/Platforms/MacOSX.platform/Developer/usr/lib/swift/host/plugins/libObservationMacros.dylib\#/Applications/Xcode-27.0.0-Release.Candidate.app/Contents/Developer/Platforms/MacOSX.platform/Developer/usr/bin/swift-plugin-server\#ObservationMacros -load-resolved-plugin /Applications/Xcode-27.0.0-Release.Candidate.app/Contents/Developer/Platforms/MacOSX.platform/Developer/usr/lib/swift/host/plugins/libPreviewsMacros.dylib\#/Applications/Xcode-27.0.0-Release.Candidate.app/Contents/Developer/Platforms/MacOSX.platform/Developer/usr/bin/swift-plugin-server\#PreviewsMacros -load-resolved-plugin /Applications/Xcode-27.0.0-Release.Candidate.app/Contents/Developer/Platforms/MacOSX.platform/Developer/usr/lib/swift/host/plugins/libSwiftMacros.dylib\#/Applications/Xcode-27.0.0-Release.Candidate.app/Contents/Developer/Platforms/MacOSX.platform/Developer/usr/bin/swift-plugin-server\#SwiftMacros -load-resolved-plugin /Applications/Xcode-27.0.0-Release.Candidate.app/Contents/Developer/Platforms/MacOSX.platform/Developer/usr/lib/swift/host/plugins/libSwiftUIMacros.dylib\#/Applications/Xcode-27.0.0-Release.Candidate.app/Contents/Developer/Platforms/MacOSX.platform/Developer/usr/bin/swift-plugin-server\#SwiftUIMacros -disable-implicit-swift-modules -Xcc -fno-implicit-modules -Xcc -fno-implicit-module-maps -explicit-swift-module-map-file /Users/admin/builder/spi-builder-workspace/.derivedData/Build/Intermediates.noindex/PreviewResizable.build/Debug/PreviewResizable-t.build/Objects-normal/arm64/PreviewResizable-dependencies-1.json -Xllvm -aarch64-use-tbi -enable-objc-interop -stack-check -sdk /Applications/Xcode-27.0.0-Release.Candidate.app/Contents/Developer/Platforms/MacOSX.platform/Developer/SDKs/MacOSX27.0.sdk -I /Users/admin/builder/spi-builder-workspace/.derivedData/Build/Products/Debug -Isystem /Applications/Xcode-27.0.0-Release.Candidate.app/Contents/Developer/Platforms/MacOSX.platform/Developer/usr/lib -F /Users/admin/builder/spi-builder-workspace/.derivedData/Build/Products/Debug -F /Applications/Xcode-27.0.0-Release.Candidate.app/Contents/Developer/Platforms/MacOSX.platform/Developer/Library/Frameworks -module-cache-path /Users/admin/builder/spi-builder-workspace/.derivedData/Build/Intermediates.noindex/SwiftExplicitPrecompiledModules -no-color-diagnostics -Xcc -fno-color-diagnostics -enable-testing -g -debug-info-format\=dwarf -dwarf-version\=4 -swift-version 5 -Onone -D SWIFT_PACKAGE -D DEBUG -D SWIFT_MODULE_RESOURCE_BUNDLE_UNAVAILABLE -D Xcode -serialize-debugging-options -enable-experimental-feature DebugDescriptionMacro -empty-abi-descriptor -validate-clang-modules-once -clang-build-session-file /Users/admin/builder/spi-builder-workspace/.derivedData/ModuleCache.noindex/Session.modulevalidation -Xcc -working-directory -Xcc /Users/admin/builder/spi-builder-workspace/.swiftpm/xcode -enable-anonymous-context-mangled-names -file-compilation-dir /Users/admin/builder/spi-builder-workspace/.swiftpm/xcode -Xcc -D_LIBCPP_HARDENING_MODE\=_LIBCPP_HARDENING_MODE_DEBUG -Xcc -ivfsstatcache -Xcc /Users/admin/builder/spi-builder-workspace/.derivedData/SDKStatCaches.noindex/macosx27.0-26A425-e829b21a6f8c9b70876ba0858053c0446a22442a12e9d48fe1a705f55a1adfc4.sdkstatcache -Xcc -fmodules-prune-interval\=86400 -Xcc -fmodules-prune-after\=345600 -Xcc -I/Users/admin/builder/spi-builder-workspace/.derivedData/Build/Products/Debug/include -Xcc -I/Users/admin/builder/spi-builder-workspace/.derivedData/Build/Intermediates.noindex/PreviewResizable.build/Debug/PreviewResizable-t.build/DerivedSources-normal/arm64 -Xcc -I/Users/admin/builder/spi-builder-workspace/.derivedData/Build/Intermediates.noindex/PreviewResizable.build/Debug/PreviewResizable-t.build/DerivedSources/arm64 -Xcc -I/Users/admin/builder/spi-builder-workspace/.derivedData/Build/Intermediates.noindex/PreviewResizable.build/Debug/PreviewResizable-t.build/DerivedSources -Xcc -DSWIFT_PACKAGE -Xcc -DDEBUG\=1 -no-auto-bridging-header-chaining -module-name PreviewResizable -const-gather-protocols-file /Users/admin/builder/spi-builder-workspace/.derivedData/Build/Intermediates.noindex/PreviewResizable.build/Debug/PreviewResizable-t.build/Objects-normal/arm64/PreviewResizable_const_extract_protocols.json -disable-clang-spi -clang-target arm64-apple-macos27.0 -target-sdk-version 27.0 -target-sdk-name macosx27.0 -in-process-plugin-server-path /Applications/Xcode-27.0.0-Release.Candidate.app/Contents/Developer/Toolchains/XcodeDefault.xctoolchain/usr/lib/swift/host/libSwiftInProcPluginServer.dylib -emit-module-doc-path /Users/admin/builder/spi-builder-workspace/.derivedData/Build/Intermediates.noindex/PreviewResizable.build/Debug/PreviewResizable-t.build/Objects-normal/arm64/PreviewResizable.swiftdoc -emit-module-source-info-path /Users/admin/builder/spi-builder-workspace/.derivedData/Build/Intermediates.noindex/PreviewResizable.build/Debug/PreviewResizable-t.build/Objects-normal/arm64/PreviewResizable.swiftsourceinfo -emit-objc-header-path /Users/admin/builder/spi-builder-workspace/.derivedData/Build/Intermediates.noindex/PreviewResizable.build/Debug/PreviewResizable-t.build/Objects-normal/arm64/PreviewResizable-Swift.h -serialize-diagnostics-path /Users/admin/builder/spi-builder-workspace/.derivedData/Build/Intermediates.noindex/PreviewResizable.build/Debug/PreviewResizable-t.build/Objects-normal/arm64/PreviewResizable-primary-emit-module.dia -emit-dependencies-path /Users/admin/builder/spi-builder-workspace/.derivedData/Build/Intermediates.noindex/PreviewResizable.build/Debug/PreviewResizable-t.build/Objects-normal/arm64/PreviewResizable-primary-emit-module.d -parse-as-library -o /Users/admin/builder/spi-builder-workspace/.derivedData/Build/Intermediates.noindex/PreviewResizable.build/Debug/PreviewResizable-t.build/Objects-normal/arm64/PreviewResizable.swiftmodule -emit-abi-descriptor-path /Users/admin/builder/spi-builder-workspace/.derivedData/Build/Intermediates.noindex/PreviewResizable.build/Debug/PreviewResizable-t.build/Objects-normal/arm64/PreviewResizable.abi.json
SwiftCompile normal arm64 Compiling\ ChildSizeReader.swift /Users/admin/builder/spi-builder-workspace/Sources/PreviewResizable/ChildSizeReader.swift (in target 'PreviewResizable' from project 'PreviewResizable')
SwiftCompile normal arm64 /Users/admin/builder/spi-builder-workspace/Sources/PreviewResizable/ChildSizeReader.swift (in target 'PreviewResizable' from project 'PreviewResizable')
    cd /Users/admin/builder/spi-builder-workspace/.swiftpm/xcode
    builtin-SwiftPerFileCompile ChildSizeReader.swift
SwiftCompile normal arm64 Compiling\ PreviewResizableViewModifier.swift /Users/admin/builder/spi-builder-workspace/Sources/PreviewResizable/PreviewResizableViewModifier.swift (in target 'PreviewResizable' from project 'PreviewResizable')
macro expansion @State:7:55: error: cannot find 'UIScreen' in scope
`- /Users/admin/builder/spi-builder-workspace/Sources/PreviewResizable/PreviewResizableViewModifier.swift:12:118: note: expanded code originates here
 10 | struct PreviewResizableViewModifier: ViewModifier {
 11 |
 12 |     @State private var size = CGSize(width: UIScreen.main.bounds.size.width, height: UIScreen.main.bounds.size.width)
    |     `- note: in expansion of macro 'State' on property 'size' here
    +--- macro expansion @State ----------------------------------------
    | 5 | @SwiftUICore._StatePropertyWrapperStorage(initialValue: "JHMxNlByZXZpZXdSZXNpemFibGUwYUIxMlZpZXdNb2RpZmllclY0c2l6ZTMzXzc2QzM3QTIwNDdBQ0NCNURCMjY1OTdFN0YwMzJBMEUwTEw1U3RhdGVmTXBfMjBfaW5pdGlhbFN0b3JlZFZhbHVlX2ZNdV8=")
    | 6 | private var _size: SwiftUICore.State<_>! = SwiftUICore._stateNil(of: {
    | 7 |         SwiftUICore.State(initialValue: CGSize(width: UIScreen.main.bounds.size.width, height: UIScreen.main.bounds.size.width))
    |   |                                                       `- error: cannot find 'UIScreen' in scope
    | 8 |     })
    | 9 |
    +-------------------------------------------------------------------
 13 |     @State private var isDragging = false
 14 |     @State private var contentSize: CGSize = .zero
macro expansion @State:7:96: error: cannot find 'UIScreen' in scope
`- /Users/admin/builder/spi-builder-workspace/Sources/PreviewResizable/PreviewResizableViewModifier.swift:12:118: note: expanded code originates here
 10 | struct PreviewResizableViewModifier: ViewModifier {
 11 |
 12 |     @State private var size = CGSize(width: UIScreen.main.bounds.size.width, height: UIScreen.main.bounds.size.width)
    |     `- note: in expansion of macro 'State' on property 'size' here
    +--- macro expansion @State ----------------------------------------
    | 5 | @SwiftUICore._StatePropertyWrapperStorage(initialValue: "JHMxNlByZXZpZXdSZXNpemFibGUwYUIxMlZpZXdNb2RpZmllclY0c2l6ZTMzXzc2QzM3QTIwNDdBQ0NCNURCMjY1OTdFN0YwMzJBMEUwTEw1U3RhdGVmTXBfMjBfaW5pdGlhbFN0b3JlZFZhbHVlX2ZNdV8=")
    | 6 | private var _size: SwiftUICore.State<_>! = SwiftUICore._stateNil(of: {
    | 7 |         SwiftUICore.State(initialValue: CGSize(width: UIScreen.main.bounds.size.width, height: UIScreen.main.bounds.size.width))
    |   |                                                                                                `- error: cannot find 'UIScreen' in scope
    | 8 |     })
    | 9 |
    +-------------------------------------------------------------------
 13 |     @State private var isDragging = false
 14 |     @State private var contentSize: CGSize = .zero
/Users/admin/builder/spi-builder-workspace/Sources/PreviewResizable/PreviewResizableViewModifier.swift:12:45: error: cannot find 'UIScreen' in scope
 10 | struct PreviewResizableViewModifier: ViewModifier {
 11 |
 12 |     @State private var size = CGSize(width: UIScreen.main.bounds.size.width, height: UIScreen.main.bounds.size.width)
    |                                             `- error: cannot find 'UIScreen' in scope
 13 |     @State private var isDragging = false
 14 |     @State private var contentSize: CGSize = .zero
/Users/admin/builder/spi-builder-workspace/Sources/PreviewResizable/PreviewResizableViewModifier.swift:12:86: error: cannot find 'UIScreen' in scope
 10 | struct PreviewResizableViewModifier: ViewModifier {
 11 |
 12 |     @State private var size = CGSize(width: UIScreen.main.bounds.size.width, height: UIScreen.main.bounds.size.width)
    |                                                                                      `- error: cannot find 'UIScreen' in scope
 13 |     @State private var isDragging = false
 14 |     @State private var contentSize: CGSize = .zero
macro expansion @State:2:23: error: cannot find 'UIScreen' in scope
`- /Users/admin/builder/spi-builder-workspace/Sources/PreviewResizable/PreviewResizableViewModifier.swift:12:118: note: expanded code originates here
 10 | struct PreviewResizableViewModifier: ViewModifier {
 11 |
 12 |     @State private var size = CGSize(width: UIScreen.main.bounds.size.width, height: UIScreen.main.bounds.size.width)
    |     `- note: in expansion of macro 'State' on property 'size' here
    +--- macro expansion @State ----------------------------------------
    | 1 | private var __size = SwiftUICore.State._makeStorage({
    | 2 |         CGSize(width: UIScreen.main.bounds.size.width, height: UIScreen.main.bounds.size.width)
    |   |                       `- error: cannot find 'UIScreen' in scope
    | 3 |     })
    | 4 |
    +-------------------------------------------------------------------
 13 |     @State private var isDragging = false
 14 |     @State private var contentSize: CGSize = .zero
macro expansion @State:2:64: error: cannot find 'UIScreen' in scope
`- /Users/admin/builder/spi-builder-workspace/Sources/PreviewResizable/PreviewResizableViewModifier.swift:12:118: note: expanded code originates here
 10 | struct PreviewResizableViewModifier: ViewModifier {
 11 |
 12 |     @State private var size = CGSize(width: UIScreen.main.bounds.size.width, height: UIScreen.main.bounds.size.width)
    |     `- note: in expansion of macro 'State' on property 'size' here
    +--- macro expansion @State ----------------------------------------
    | 1 | private var __size = SwiftUICore.State._makeStorage({
    | 2 |         CGSize(width: UIScreen.main.bounds.size.width, height: UIScreen.main.bounds.size.width)
    |   |                                                                `- error: cannot find 'UIScreen' in scope
    | 3 |     })
    | 4 |
    +-------------------------------------------------------------------
 13 |     @State private var isDragging = false
 14 |     @State private var contentSize: CGSize = .zero
macro expansion @State:11:67: error: cannot find 'UIScreen' in scope
`- /Users/admin/builder/spi-builder-workspace/Sources/PreviewResizable/PreviewResizableViewModifier.swift:12:118: note: expanded code originates here
 10 | struct PreviewResizableViewModifier: ViewModifier {
 11 |
 12 |     @State private var size = CGSize(width: UIScreen.main.bounds.size.width, height: UIScreen.main.bounds.size.width)
    |     `- note: in expansion of macro 'State' on property 'size' here
    +--- macro expansion @State ----------------------------------------
    | 9 |
    |10 | @SwiftUICore._StateProjectedValue
    |11 | private var $size = SwiftUICore.State(initialValue: CGSize(width: UIScreen.main.bounds.size.width, height: UIScreen.main.bounds.size.width)).projectedValue
    |   |                                                                   `- error: cannot find 'UIScreen' in scope
    |12 |
    |13 | @SwiftUICore._StateInitialStoredValue("U3dpZnRVSUNvcmUuU3RhdGUuX21ha2VTdG9yYWdlKHsgQ0dTaXplKHdpZHRoOiBVSVNjcmVlbi5tYWluLmJvdW5kcy5zaXplLndpZHRoLCBoZWlnaHQ6IFVJU2NyZWVuLm1haW4uYm91bmRzLnNpemUud2lkdGgpIH0p")
    +-------------------------------------------------------------------
 13 |     @State private var isDragging = false
 14 |     @State private var contentSize: CGSize = .zero
macro expansion @State:11:108: error: cannot find 'UIScreen' in scope
`- /Users/admin/builder/spi-builder-workspace/Sources/PreviewResizable/PreviewResizableViewModifier.swift:12:118: note: expanded code originates here
 10 | struct PreviewResizableViewModifier: ViewModifier {
 11 |
 12 |     @State private var size = CGSize(width: UIScreen.main.bounds.size.width, height: UIScreen.main.bounds.size.width)
    |     `- note: in expansion of macro 'State' on property 'size' here
    +--- macro expansion @State ----------------------------------------
    | 9 |
    |10 | @SwiftUICore._StateProjectedValue
    |11 | private var $size = SwiftUICore.State(initialValue: CGSize(width: UIScreen.main.bounds.size.width, height: UIScreen.main.bounds.size.width)).projectedValue
    |   |                                                                                                            `- error: cannot find 'UIScreen' in scope
    |12 |
    |13 | @SwiftUICore._StateInitialStoredValue("U3dpZnRVSUNvcmUuU3RhdGUuX21ha2VTdG9yYWdlKHsgQ0dTaXplKHdpZHRoOiBVSVNjcmVlbi5tYWluLmJvdW5kcy5zaXplLndpZHRoLCBoZWlnaHQ6IFVJU2NyZWVuLm1haW4uYm91bmRzLnNpemUud2lkdGgpIH0p")
    +-------------------------------------------------------------------
 13 |     @State private var isDragging = false
 14 |     @State private var contentSize: CGSize = .zero
macro expansion @State:14:199: error: cannot find 'UIScreen' in scope
`- /Users/admin/builder/spi-builder-workspace/Sources/PreviewResizable/PreviewResizableViewModifier.swift:12:118: note: expanded code originates here
 10 | struct PreviewResizableViewModifier: ViewModifier {
 11 |
 12 |     @State private var size = CGSize(width: UIScreen.main.bounds.size.width, height: UIScreen.main.bounds.size.width)
    |     `- note: in expansion of macro 'State' on property 'size' here
    +--- macro expansion @State ----------------------------------------
    |12 |
    |13 | @SwiftUICore._StateInitialStoredValue("U3dpZnRVSUNvcmUuU3RhdGUuX21ha2VTdG9yYWdlKHsgQ0dTaXplKHdpZHRoOiBVSVNjcmVlbi5tYWluLmJvdW5kcy5zaXplLndpZHRoLCBoZWlnaHQ6IFVJU2NyZWVuLm1haW4uYm91bmRzLnNpemUud2lkdGgpIH0p")
    |14 | private static var $s16PreviewResizable0aB12ViewModifierV4size33_76C37A2047ACCB5DB26597E7F032A0E0LL5StatefMp_20_initialStoredValue_fMu_ = (SwiftUICore.State._makeStorage(initialValue: CGSize(width: UIScreen.main.bounds.size.width, height: UIScreen.main.bounds.size.width)))
    |   |                                                                                                                                                                                                       `- error: cannot find 'UIScreen' in scope
    +-------------------------------------------------------------------
 13 |     @State private var isDragging = false
 14 |     @State private var contentSize: CGSize = .zero
SwiftCompile normal arm64 /Users/admin/builder/spi-builder-workspace/Sources/PreviewResizable/PreviewResizableViewModifier.swift (in target 'PreviewResizable' from project 'PreviewResizable')
    cd /Users/admin/builder/spi-builder-workspace/.swiftpm/xcode
    builtin-SwiftPerFileCompile PreviewResizableViewModifier.swift
PruneExplicitPrecompiledModules /Users/admin/builder/spi-builder-workspace/.derivedData/Build/Intermediates.noindex/SwiftExplicitPrecompiledModules
PruneExplicitPrecompiledModules /Users/admin/builder/spi-builder-workspace/.derivedData/Build/Intermediates.noindex/ExplicitPrecompiledModules
PruneExplicitPrecompiledModules /Users/admin/builder/spi-builder-workspace/.derivedData/SDKExplicitPrecompiledModules
2026-09-18 18:18:33.333 xcodebuild[747:4682] [MT] IDERunDestination: Supported platforms for the buildables in the current scheme is empty.
--- xcodebuild: WARNING: Using the first of multiple matching destinations:
{ platform:macOS, arch:arm64, id:f6f7845b00fa9e4811a8b9aa2ddafd66c9496e2e, name:My Mac }
{ platform:macOS, arch:arm64, variant:Mac Catalyst, id:f6f7845b00fa9e4811a8b9aa2ddafd66c9496e2e, name:My Mac }
{ platform:macOS, arch:arm64, variant:DriverKit, id:f6f7845b00fa9e4811a8b9aa2ddafd66c9496e2e, name:My Mac }
{ platform:macOS, arch:arm64, variant:Designed for [iPad,iPhone], id:f6f7845b00fa9e4811a8b9aa2ddafd66c9496e2e, name:My Mac }
** BUILD FAILED **
The following build commands failed:
	SwiftCompile normal arm64 (in target 'PreviewResizable' from project 'PreviewResizable')
	SwiftEmitModule normal arm64 Emitting\ module\ for\ PreviewResizable (in target 'PreviewResizable' from project 'PreviewResizable')
	Building workspace PreviewResizable with scheme PreviewResizable
(3 failures)
BUILD FAILURE 6.4 macosXcodebuild