Build Information
Failed to build Fusion, reference 1.7.11 (a056bf), with Swift 6.3 for watchOS using Xcode 26.4 on 13 Oct 2026 03:11:12 UTC.
Build Command
No build command. This typically means the build failed at an early stage where we determine the build command.Build Log
========================================
RunAll
========================================
Builder version: 5.1.1
Interrupt handler set up.
========================================
Checkout
========================================
Clone URL: https://github.com/db-in/fusion.git
Reference: 1.7.11
Initialized empty Git repository in /Users/admin/builder/spi-builder-workspace/.git/
From https://github.com/db-in/fusion
* tag 1.7.11 -> FETCH_HEAD
HEAD is now at a056bf1 - Updating dynamic keys and prefix find per key.
Cloned https://github.com/db-in/fusion.git
Revision (git rev-parse @):
a056bf130dde6536e9b35507d74a876591d7c97b
SUCCESS checkout https://github.com/db-in/fusion.git at 1.7.11
========================================
Build
========================================
Selected platform: watchOS
Swift version: 6.3
Building package at path: $PWD
https://github.com/db-in/fusion.git
Command line invocation:
/Applications/Xcode-26.5.0.app/Contents/Developer/usr/bin/xcodebuild -IDEClonedSourcePackagesDirPathOverride=/Users/admin/builder/spi-builder-workspace/.dependencies -resolvePackageDependencies
Resolve Package Graph
the package at '/Users/admin/builder/Fusion' cannot be accessed (/Users/admin/builder/Fusion doesn't exist in file system)
2026-10-12 23:11:10.494 xcodebuild[536:3069] Writing error result bundle to /var/folders/xq/y_g06wb113726d38xsyx71_h0000gn/T/ResultBundle_2026-12-10_23-11-0010.xcresult
xcodebuild: error: Could not resolve package dependencies:
the package at '/Users/admin/builder/Fusion' cannot be accessed (/Users/admin/builder/Fusion doesn't exist in file system)
Command line invocation:
/Applications/Xcode-26.5.0.app/Contents/Developer/usr/bin/xcodebuild -IDEClonedSourcePackagesDirPathOverride=/Users/admin/builder/spi-builder-workspace/.dependencies -resolvePackageDependencies
Resolve Package Graph
the package at '/Users/admin/builder/Fusion' cannot be accessed (/Users/admin/builder/Fusion doesn't exist in file system)
2026-10-12 23:11:11.993 xcodebuild[603:3574] Writing error result bundle to /var/folders/xq/y_g06wb113726d38xsyx71_h0000gn/T/ResultBundle_2026-12-10_23-11-0011.xcresult
xcodebuild: error: Could not resolve package dependencies:
the package at '/Users/admin/builder/Fusion' cannot be accessed (/Users/admin/builder/Fusion doesn't exist in file system)
BUILD FAILURE 6.3 watchOS