Build Information
Failed to build swift-tokenizers, reference 0.7.4 (8a6682), with Swift 6.2 for tvOS using Xcode 26.3 on 19 Sep 2026 21:01:27 UTC.
Build Command
env DEVELOPER_DIR=/Applications/Xcode-26.3.0.app xcrun xcodebuild -IDEClonedSourcePackagesDirPathOverride=$PWD/.dependencies -skipMacroValidation -skipPackagePluginValidation -derivedDataPath $PWD/.derivedData build -scheme swift-tokenizers -destination generic/platform=tvOSBuild Log
========================================
RunAll
========================================
Builder version: 5.1.0
Interrupt handler set up.
========================================
Checkout
========================================
Clone URL: https://github.com/DePasqualeOrg/swift-tokenizers.git
Reference: 0.7.4
Initialized empty Git repository in /Users/admin/builder/spi-builder-workspace/.git/
From https://github.com/DePasqualeOrg/swift-tokenizers
* tag 0.7.4 -> FETCH_HEAD
HEAD is now at 8a66828 Pin Rust artifactbundle to tokenizers-rust-0.7.3
Cloned https://github.com/DePasqualeOrg/swift-tokenizers.git
Revision (git rev-parse @):
8a66828e7a094d94e282754321c831150129ea25
SPI manifest file found: $PWD/.spi.yml
SUCCESS checkout https://github.com/DePasqualeOrg/swift-tokenizers.git at 0.7.4
========================================
Build
========================================
Selected platform: tvOS
Swift version: 6.2
Building package at path: $PWD
https://github.com/DePasqualeOrg/swift-tokenizers.git
Command line invocation:
/Applications/Xcode-26.3.0.app/Contents/Developer/usr/bin/xcodebuild -IDEClonedSourcePackagesDirPathOverride=/Users/admin/builder/spi-builder-workspace/.dependencies -resolvePackageDependencies
Resolve Package Graph
Fetching from https://github.com/DePasqualeOrg/swift-hf-api.git
Fetching from https://github.com/apple/swift-crypto
Fetching from https://github.com/apple/swift-asn1.git
Creating working copy of package ‘swift-crypto’
Checking out 4.5.2 of package ‘swift-crypto’
Creating working copy of package ‘swift-asn1’
Checking out 1.7.3 of package ‘swift-asn1’
Creating working copy of package ‘swift-hf-api’
Checking out 0.4.4 of package ‘swift-hf-api’
Resolve Package Graph
Resolved source packages:
swift-asn1: https://github.com/apple/swift-asn1.git @ 1.7.3
swift-tokenizers: /Users/admin/builder/spi-builder-workspace
swift-crypto: https://github.com/apple/swift-crypto @ 4.5.2
swift-hf-api: https://github.com/DePasqualeOrg/swift-hf-api.git @ 0.4.4
resolved source packages: swift-asn1, swift-tokenizers, swift-crypto, swift-hf-api
2026-09-19 17:00:56.232 xcodebuild[538:3118] [MT] IDERunDestination: Supported platforms for the buildables in the current scheme is empty.
{
"dependencies" : [
{
"identity" : "swift-hf-api",
"requirement" : {
"range" : [
{
"lower_bound" : "0.4.2",
"upper_bound" : "0.5.0"
}
]
},
"type" : "sourceControl",
"url" : "https://github.com/DePasqualeOrg/swift-hf-api.git"
}
],
"manifest_display_name" : "swift-tokenizers",
"name" : "swift-tokenizers",
"path" : "/Users/admin/builder/spi-builder-workspace",
"platforms" : [
{
"name" : "ios",
"version" : "17.0"
},
{
"name" : "macos",
"version" : "14.0"
}
],
"products" : [
{
"name" : "Tokenizers",
"targets" : [
"Tokenizers"
],
"type" : {
"library" : [
"automatic"
]
}
}
],
"targets" : [
{
"c99name" : "TokenizersTests",
"module_type" : "SwiftTarget",
"name" : "TokenizersTests",
"path" : "Tests/TokenizersTests",
"product_dependencies" : [
"HFAPI"
],
"resources" : [
{
"path" : "/Users/admin/builder/spi-builder-workspace/Tests/TokenizersTests/Resources/bert_uncased_encoded.json",
"rule" : {
"process" : {
}
}
},
{
"path" : "/Users/admin/builder/spi-builder-workspace/Tests/TokenizersTests/Resources/distilbert_cased_encoded.json",
"rule" : {
"process" : {
}
}
},
{
"path" : "/Users/admin/builder/spi-builder-workspace/Tests/TokenizersTests/Resources/falcon_encoded.json",
"rule" : {
"process" : {
}
}
},
{
"path" : "/Users/admin/builder/spi-builder-workspace/Tests/TokenizersTests/Resources/gemma_encoded.json",
"rule" : {
"process" : {
}
}
},
{
"path" : "/Users/admin/builder/spi-builder-workspace/Tests/TokenizersTests/Resources/gpt2_encoded_tokens.json",
"rule" : {
"process" : {
}
}
},
{
"path" : "/Users/admin/builder/spi-builder-workspace/Tests/TokenizersTests/Resources/llama_3.2_encoded.json",
"rule" : {
"process" : {
}
}
},
{
"path" : "/Users/admin/builder/spi-builder-workspace/Tests/TokenizersTests/Resources/llama_encoded.json",
"rule" : {
"process" : {
}
}
},
{
"path" : "/Users/admin/builder/spi-builder-workspace/Tests/TokenizersTests/Resources/t5_base_encoded.json",
"rule" : {
"process" : {
}
}
},
{
"path" : "/Users/admin/builder/spi-builder-workspace/Tests/TokenizersTests/Resources/tokenizer.json",
"rule" : {
"process" : {
}
}
},
{
"path" : "/Users/admin/builder/spi-builder-workspace/Tests/TokenizersTests/Resources/tokenizer_config.json",
"rule" : {
"process" : {
}
}
},
{
"path" : "/Users/admin/builder/spi-builder-workspace/Tests/TokenizersTests/Resources/tokenizer_tests.json",
"rule" : {
"process" : {
}
}
},
{
"path" : "/Users/admin/builder/spi-builder-workspace/Tests/TokenizersTests/Resources/whisper_large_v2_encoded.json",
"rule" : {
"process" : {
}
}
},
{
"path" : "/Users/admin/builder/spi-builder-workspace/Tests/TokenizersTests/Resources/whisper_tiny_en_encoded.json",
"rule" : {
"process" : {
}
}
}
],
"sources" : [
"AlgorithmTests.swift",
"BaselineTests.swift",
"ChatTemplateTests.swift",
"FactoryTests.swift",
"TestHFClient.swift",
"ThrowingAPITests.swift",
"TokenizerTests.swift",
"UniffiSpikeTests.swift"
],
"target_dependencies" : [
"Tokenizers",
"TokenizersFFI"
],
"type" : "test"
},
{
"c99name" : "TokenizersRust",
"module_type" : "BinaryTarget",
"name" : "TokenizersRust",
"path" : "remote/archive/TokenizersRust-0.7.3.artifactbundle.zip",
"product_memberships" : [
"Tokenizers"
],
"sources" : [
],
"type" : "binary"
},
{
"c99name" : "TokenizersFFI",
"module_type" : "SwiftTarget",
"name" : "TokenizersFFI",
"path" : "Sources/TokenizersFFI",
"product_memberships" : [
"Tokenizers"
],
"resources" : [
{
"path" : "/Users/admin/builder/spi-builder-workspace/Sources/TokenizersFFI/Resources/PrivacyInfo.xcprivacy",
"rule" : {
"process" : {
}
}
}
],
"sources" : [
"Generated/TokenizersFFI.swift"
],
"target_dependencies" : [
"TokenizersRust"
],
"type" : "library"
},
{
"c99name" : "Tokenizers",
"module_type" : "SwiftTarget",
"name" : "Tokenizers",
"path" : "Sources/Tokenizers",
"product_memberships" : [
"Tokenizers"
],
"sources" : [
"AutoTokenizerDirectoryLoader.swift",
"ChatTemplate.swift",
"RustTokenizer.swift",
"StreamingDetokenizer.swift",
"Tokenizer.swift",
"TokenizerRuntimeConfiguration.swift"
],
"target_dependencies" : [
"TokenizersFFI"
],
"type" : "library"
}
],
"tools_version" : "6.2"
}
{
"workspace" : {
"name" : "spi-builder-workspace",
"schemes" : [
"swift-tokenizers"
]
}
}
2026-09-19 17:01:13.960 xcodebuild[822:4795] [MT] IDERunDestination: Supported platforms for the buildables in the current scheme is empty.
Running build ...
env DEVELOPER_DIR=/Applications/Xcode-26.3.0.app xcrun xcodebuild -IDEClonedSourcePackagesDirPathOverride=$PWD/.dependencies -skipMacroValidation -skipPackagePluginValidation -derivedDataPath $PWD/.derivedData build -scheme swift-tokenizers -destination generic/platform=tvOS
Command line invocation:
/Applications/Xcode-26.3.0.app/Contents/Developer/usr/bin/xcodebuild -IDEClonedSourcePackagesDirPathOverride=/Users/admin/builder/spi-builder-workspace/.dependencies -skipMacroValidation -skipPackagePluginValidation -derivedDataPath /Users/admin/builder/spi-builder-workspace/.derivedData build -scheme swift-tokenizers -destination generic/platform=tvOS
Resolve Package Graph
Resolve Package Graph
Resolved source packages:
swift-hf-api: https://github.com/DePasqualeOrg/swift-hf-api.git @ 0.4.4
swift-tokenizers: /Users/admin/builder/spi-builder-workspace
swift-asn1: https://github.com/apple/swift-asn1.git @ 1.7.3
swift-crypto: https://github.com/apple/swift-crypto @ 4.5.2
ComputePackagePrebuildTargetDependencyGraph
Prepare packages
CreateBuildRequest
SendProjectDescription
CreateBuildOperation
ComputeTargetDependencyGraph
note: Building targets in dependency order
note: Target dependency graph (4 targets)
Target 'Tokenizers' in project 'swift-tokenizers'
➜ Explicit dependency on target 'Tokenizers' in project 'swift-tokenizers'
➜ Explicit dependency on target 'TokenizersFFI' in project 'swift-tokenizers'
Target 'Tokenizers' in project 'swift-tokenizers'
➜ Explicit dependency on target 'TokenizersFFI' in project 'swift-tokenizers'
Target 'TokenizersFFI' in project 'swift-tokenizers'
➜ Explicit dependency on target 'swift-tokenizers_TokenizersFFI' in project 'swift-tokenizers'
Target 'swift-tokenizers_TokenizersFFI' in project 'swift-tokenizers' (no dependencies)
GatherProvisioningInputs
CreateBuildDescription
ExecuteExternalTool /Applications/Xcode-26.3.0.app/Contents/Developer/Toolchains/XcodeDefault.xctoolchain/usr/bin/clang -v -E -dM -isysroot /Applications/Xcode-26.3.0.app/Contents/Developer/Platforms/AppleTVOS.platform/Developer/SDKs/AppleTVOS26.2.sdk -x c -c /dev/null
ExecuteExternalTool /Applications/Xcode-26.3.0.app/Contents/Developer/Toolchains/XcodeDefault.xctoolchain/usr/bin/swiftc --version
ExecuteExternalTool /Applications/Xcode-26.3.0.app/Contents/Developer/Toolchains/XcodeDefault.xctoolchain/usr/bin/ld -version_details
ReadFileContents /Applications/Xcode-26.3.0.app/Contents/Developer/Toolchains/XcodeDefault.xctoolchain/usr/share/docc/features.json
Build description signature: a001e728d395167fcc5e2e9bcd6d8068
Build description path: /Users/admin/builder/spi-builder-workspace/.derivedData/Build/Intermediates.noindex/XCBuildData/a001e728d395167fcc5e2e9bcd6d8068.xcbuilddata
CreateBuildDirectory /Users/admin/builder/spi-builder-workspace/.derivedData/Build/Intermediates.noindex
cd /Users/admin/builder/spi-builder-workspace/.swiftpm/xcode
builtin-create-build-directory /Users/admin/builder/spi-builder-workspace/.derivedData/Build/Intermediates.noindex
ClangStatCache /Applications/Xcode-26.3.0.app/Contents/Developer/Toolchains/XcodeDefault.xctoolchain/usr/bin/clang-stat-cache /Applications/Xcode-26.3.0.app/Contents/Developer/Platforms/AppleTVOS.platform/Developer/SDKs/AppleTVOS26.2.sdk /Users/admin/builder/spi-builder-workspace/.derivedData/SDKStatCaches.noindex/appletvos26.2-23K50-dc75598d0054f22ec865fa860f139d72c1feacec85df2e04b9fa10f95e757c08.sdkstatcache
cd /Users/admin/builder/spi-builder-workspace/.swiftpm/xcode
/Applications/Xcode-26.3.0.app/Contents/Developer/Toolchains/XcodeDefault.xctoolchain/usr/bin/clang-stat-cache /Applications/Xcode-26.3.0.app/Contents/Developer/Platforms/AppleTVOS.platform/Developer/SDKs/AppleTVOS26.2.sdk -o /Users/admin/builder/spi-builder-workspace/.derivedData/SDKStatCaches.noindex/appletvos26.2-23K50-dc75598d0054f22ec865fa860f139d72c1feacec85df2e04b9fa10f95e757c08.sdkstatcache
CreateBuildDirectory /Users/admin/builder/spi-builder-workspace/.derivedData/Build/Products
cd /Users/admin/builder/spi-builder-workspace/.swiftpm/xcode
builtin-create-build-directory /Users/admin/builder/spi-builder-workspace/.derivedData/Build/Products
CreateBuildDirectory /Users/admin/builder/spi-builder-workspace/.derivedData/Build/Intermediates.noindex/ExplicitPrecompiledModules
cd /Users/admin/builder/spi-builder-workspace/.swiftpm/xcode
builtin-create-build-directory /Users/admin/builder/spi-builder-workspace/.derivedData/Build/Intermediates.noindex/ExplicitPrecompiledModules
CreateBuildDirectory /Users/admin/builder/spi-builder-workspace/.derivedData/Build/Intermediates.noindex/SwiftExplicitPrecompiledModules
cd /Users/admin/builder/spi-builder-workspace/.swiftpm/xcode
builtin-create-build-directory /Users/admin/builder/spi-builder-workspace/.derivedData/Build/Intermediates.noindex/SwiftExplicitPrecompiledModules
CreateBuildDirectory /Users/admin/builder/spi-builder-workspace/.derivedData/Build/Intermediates.noindex/EagerLinkingTBDs/Debug-appletvos
cd /Users/admin/builder/spi-builder-workspace/.swiftpm/xcode
builtin-create-build-directory /Users/admin/builder/spi-builder-workspace/.derivedData/Build/Intermediates.noindex/EagerLinkingTBDs/Debug-appletvos
CreateBuildDirectory /Users/admin/builder/spi-builder-workspace/.derivedData/Build/Products/Debug-appletvos
cd /Users/admin/builder/spi-builder-workspace/.swiftpm/xcode
builtin-create-build-directory /Users/admin/builder/spi-builder-workspace/.derivedData/Build/Products/Debug-appletvos
CreateBuildDirectory /Users/admin/builder/spi-builder-workspace/.derivedData/Build/Products/Debug-appletvos/PackageFrameworks
cd /Users/admin/builder/spi-builder-workspace/.swiftpm/xcode
builtin-create-build-directory /Users/admin/builder/spi-builder-workspace/.derivedData/Build/Products/Debug-appletvos/PackageFrameworks
MkDir /Users/admin/builder/spi-builder-workspace/.derivedData/Build/Products/Debug-appletvos/swift-tokenizers_TokenizersFFI.bundle (in target 'swift-tokenizers_TokenizersFFI' from project 'swift-tokenizers')
cd /Users/admin/builder/spi-builder-workspace
/bin/mkdir -p /Users/admin/builder/spi-builder-workspace/.derivedData/Build/Products/Debug-appletvos/swift-tokenizers_TokenizersFFI.bundle
WriteAuxiliaryFile /Users/admin/builder/spi-builder-workspace/.derivedData/Build/Intermediates.noindex/swift-tokenizers.build/Debug-appletvos/swift-tokenizers_TokenizersFFI.build/swift-tokenizers_TokenizersFFI.DependencyStaticMetadataFileList (in target 'swift-tokenizers_TokenizersFFI' from project 'swift-tokenizers')
cd /Users/admin/builder/spi-builder-workspace
write-file /Users/admin/builder/spi-builder-workspace/.derivedData/Build/Intermediates.noindex/swift-tokenizers.build/Debug-appletvos/swift-tokenizers_TokenizersFFI.build/swift-tokenizers_TokenizersFFI.DependencyStaticMetadataFileList
WriteAuxiliaryFile /Users/admin/builder/spi-builder-workspace/.derivedData/Build/Intermediates.noindex/swift-tokenizers.build/Debug-appletvos/TokenizersFFI.build/TokenizersFFI.modulemap (in target 'TokenizersFFI' from project 'swift-tokenizers')
cd /Users/admin/builder/spi-builder-workspace
write-file /Users/admin/builder/spi-builder-workspace/.derivedData/Build/Intermediates.noindex/swift-tokenizers.build/Debug-appletvos/TokenizersFFI.build/TokenizersFFI.modulemap
WriteAuxiliaryFile /Users/admin/builder/spi-builder-workspace/.derivedData/Build/Intermediates.noindex/swift-tokenizers.build/Debug-appletvos/swift-tokenizers_TokenizersFFI.build/swift-tokenizers_TokenizersFFI.DependencyMetadataFileList (in target 'swift-tokenizers_TokenizersFFI' from project 'swift-tokenizers')
cd /Users/admin/builder/spi-builder-workspace
write-file /Users/admin/builder/spi-builder-workspace/.derivedData/Build/Intermediates.noindex/swift-tokenizers.build/Debug-appletvos/swift-tokenizers_TokenizersFFI.build/swift-tokenizers_TokenizersFFI.DependencyMetadataFileList
WriteAuxiliaryFile /Users/admin/builder/spi-builder-workspace/.derivedData/Build/Intermediates.noindex/swift-tokenizers.build/Debug-appletvos/swift-tokenizers_TokenizersFFI.build/empty-swift-tokenizers_TokenizersFFI.plist (in target 'swift-tokenizers_TokenizersFFI' from project 'swift-tokenizers')
cd /Users/admin/builder/spi-builder-workspace
write-file /Users/admin/builder/spi-builder-workspace/.derivedData/Build/Intermediates.noindex/swift-tokenizers.build/Debug-appletvos/swift-tokenizers_TokenizersFFI.build/empty-swift-tokenizers_TokenizersFFI.plist
WriteAuxiliaryFile /Users/admin/builder/spi-builder-workspace/.derivedData/Build/Intermediates.noindex/swift-tokenizers.build/Debug-appletvos/TokenizersFFI.build/TokenizersFFI.DependencyStaticMetadataFileList (in target 'TokenizersFFI' from project 'swift-tokenizers')
cd /Users/admin/builder/spi-builder-workspace
write-file /Users/admin/builder/spi-builder-workspace/.derivedData/Build/Intermediates.noindex/swift-tokenizers.build/Debug-appletvos/TokenizersFFI.build/TokenizersFFI.DependencyStaticMetadataFileList
WriteAuxiliaryFile /Users/admin/builder/spi-builder-workspace/.derivedData/Build/Intermediates.noindex/swift-tokenizers.build/Debug-appletvos/TokenizersFFI.build/TokenizersFFI.DependencyMetadataFileList (in target 'TokenizersFFI' from project 'swift-tokenizers')
cd /Users/admin/builder/spi-builder-workspace
write-file /Users/admin/builder/spi-builder-workspace/.derivedData/Build/Intermediates.noindex/swift-tokenizers.build/Debug-appletvos/TokenizersFFI.build/TokenizersFFI.DependencyMetadataFileList
WriteAuxiliaryFile /Users/admin/builder/spi-builder-workspace/.derivedData/Build/Intermediates.noindex/swift-tokenizers.build/Debug-appletvos/TokenizersFFI.build/Objects-normal/arm64/TokenizersFFI_const_extract_protocols.json (in target 'TokenizersFFI' from project 'swift-tokenizers')
cd /Users/admin/builder/spi-builder-workspace
write-file /Users/admin/builder/spi-builder-workspace/.derivedData/Build/Intermediates.noindex/swift-tokenizers.build/Debug-appletvos/TokenizersFFI.build/Objects-normal/arm64/TokenizersFFI_const_extract_protocols.json
WriteAuxiliaryFile /Users/admin/builder/spi-builder-workspace/.derivedData/Build/Intermediates.noindex/swift-tokenizers.build/Debug-appletvos/TokenizersFFI.build/Objects-normal/arm64/TokenizersFFI.SwiftFileList (in target 'TokenizersFFI' from project 'swift-tokenizers')
cd /Users/admin/builder/spi-builder-workspace
write-file /Users/admin/builder/spi-builder-workspace/.derivedData/Build/Intermediates.noindex/swift-tokenizers.build/Debug-appletvos/TokenizersFFI.build/Objects-normal/arm64/TokenizersFFI.SwiftFileList
WriteAuxiliaryFile /Users/admin/builder/spi-builder-workspace/.derivedData/Build/Intermediates.noindex/swift-tokenizers.build/Debug-appletvos/TokenizersFFI.build/Objects-normal/arm64/TokenizersFFI.SwiftConstValuesFileList (in target 'TokenizersFFI' from project 'swift-tokenizers')
cd /Users/admin/builder/spi-builder-workspace
write-file /Users/admin/builder/spi-builder-workspace/.derivedData/Build/Intermediates.noindex/swift-tokenizers.build/Debug-appletvos/TokenizersFFI.build/Objects-normal/arm64/TokenizersFFI.SwiftConstValuesFileList
WriteAuxiliaryFile /Users/admin/builder/spi-builder-workspace/.derivedData/Build/Intermediates.noindex/swift-tokenizers.build/Debug-appletvos/TokenizersFFI.build/Objects-normal/arm64/TokenizersFFI.LinkFileList (in target 'TokenizersFFI' from project 'swift-tokenizers')
cd /Users/admin/builder/spi-builder-workspace
write-file /Users/admin/builder/spi-builder-workspace/.derivedData/Build/Intermediates.noindex/swift-tokenizers.build/Debug-appletvos/TokenizersFFI.build/Objects-normal/arm64/TokenizersFFI.LinkFileList
WriteAuxiliaryFile /Users/admin/builder/spi-builder-workspace/.derivedData/Build/Intermediates.noindex/swift-tokenizers.build/Debug-appletvos/TokenizersFFI.build/Objects-normal/arm64/TokenizersFFI-OutputFileMap.json (in target 'TokenizersFFI' from project 'swift-tokenizers')
cd /Users/admin/builder/spi-builder-workspace
write-file /Users/admin/builder/spi-builder-workspace/.derivedData/Build/Intermediates.noindex/swift-tokenizers.build/Debug-appletvos/TokenizersFFI.build/Objects-normal/arm64/TokenizersFFI-OutputFileMap.json
WriteAuxiliaryFile /Users/admin/builder/spi-builder-workspace/.derivedData/Build/Intermediates.noindex/swift-tokenizers.build/Debug-appletvos/Tokenizers.build/Tokenizers.DependencyStaticMetadataFileList (in target 'Tokenizers' from project 'swift-tokenizers')
cd /Users/admin/builder/spi-builder-workspace
write-file /Users/admin/builder/spi-builder-workspace/.derivedData/Build/Intermediates.noindex/swift-tokenizers.build/Debug-appletvos/Tokenizers.build/Tokenizers.DependencyStaticMetadataFileList
WriteAuxiliaryFile /Users/admin/builder/spi-builder-workspace/.derivedData/Build/Intermediates.noindex/swift-tokenizers.build/Debug-appletvos/TokenizersFFI.build/DerivedSources/resource_bundle_accessor.swift (in target 'TokenizersFFI' from project 'swift-tokenizers')
cd /Users/admin/builder/spi-builder-workspace
write-file /Users/admin/builder/spi-builder-workspace/.derivedData/Build/Intermediates.noindex/swift-tokenizers.build/Debug-appletvos/TokenizersFFI.build/DerivedSources/resource_bundle_accessor.swift
WriteAuxiliaryFile /Users/admin/builder/spi-builder-workspace/.derivedData/Build/Intermediates.noindex/swift-tokenizers.build/Debug-appletvos/Tokenizers.build/Tokenizers.DependencyMetadataFileList (in target 'Tokenizers' from project 'swift-tokenizers')
cd /Users/admin/builder/spi-builder-workspace
write-file /Users/admin/builder/spi-builder-workspace/.derivedData/Build/Intermediates.noindex/swift-tokenizers.build/Debug-appletvos/Tokenizers.build/Tokenizers.DependencyMetadataFileList
WriteAuxiliaryFile /Users/admin/builder/spi-builder-workspace/.derivedData/Build/Intermediates.noindex/swift-tokenizers.build/Debug-appletvos/Tokenizers.build/Tokenizers.modulemap (in target 'Tokenizers' from project 'swift-tokenizers')
cd /Users/admin/builder/spi-builder-workspace
write-file /Users/admin/builder/spi-builder-workspace/.derivedData/Build/Intermediates.noindex/swift-tokenizers.build/Debug-appletvos/Tokenizers.build/Tokenizers.modulemap
Copy /Users/admin/builder/spi-builder-workspace/.derivedData/Build/Intermediates.noindex/GeneratedModuleMaps-appletvos/TokenizersFFI.modulemap /Users/admin/builder/spi-builder-workspace/.derivedData/Build/Intermediates.noindex/swift-tokenizers.build/Debug-appletvos/TokenizersFFI.build/TokenizersFFI.modulemap (in target 'TokenizersFFI' from project 'swift-tokenizers')
cd /Users/admin/builder/spi-builder-workspace
builtin-copy -exclude .DS_Store -exclude CVS -exclude .svn -exclude .git -exclude .hg -resolve-src-symlinks /Users/admin/builder/spi-builder-workspace/.derivedData/Build/Intermediates.noindex/swift-tokenizers.build/Debug-appletvos/TokenizersFFI.build/TokenizersFFI.modulemap /Users/admin/builder/spi-builder-workspace/.derivedData/Build/Intermediates.noindex/GeneratedModuleMaps-appletvos
WriteAuxiliaryFile /Users/admin/builder/spi-builder-workspace/.derivedData/Build/Intermediates.noindex/swift-tokenizers.build/Debug-appletvos/Tokenizers.build/Objects-normal/arm64/Tokenizers_const_extract_protocols.json (in target 'Tokenizers' from project 'swift-tokenizers')
cd /Users/admin/builder/spi-builder-workspace
write-file /Users/admin/builder/spi-builder-workspace/.derivedData/Build/Intermediates.noindex/swift-tokenizers.build/Debug-appletvos/Tokenizers.build/Objects-normal/arm64/Tokenizers_const_extract_protocols.json
WriteAuxiliaryFile /Users/admin/builder/spi-builder-workspace/.derivedData/Build/Intermediates.noindex/swift-tokenizers.build/Debug-appletvos/Tokenizers.build/Objects-normal/arm64/Tokenizers.SwiftFileList (in target 'Tokenizers' from project 'swift-tokenizers')
cd /Users/admin/builder/spi-builder-workspace
write-file /Users/admin/builder/spi-builder-workspace/.derivedData/Build/Intermediates.noindex/swift-tokenizers.build/Debug-appletvos/Tokenizers.build/Objects-normal/arm64/Tokenizers.SwiftFileList
WriteAuxiliaryFile /Users/admin/builder/spi-builder-workspace/.derivedData/Build/Intermediates.noindex/swift-tokenizers.build/Debug-appletvos/Tokenizers.build/Objects-normal/arm64/Tokenizers.SwiftConstValuesFileList (in target 'Tokenizers' from project 'swift-tokenizers')
cd /Users/admin/builder/spi-builder-workspace
write-file /Users/admin/builder/spi-builder-workspace/.derivedData/Build/Intermediates.noindex/swift-tokenizers.build/Debug-appletvos/Tokenizers.build/Objects-normal/arm64/Tokenizers.SwiftConstValuesFileList
WriteAuxiliaryFile /Users/admin/builder/spi-builder-workspace/.derivedData/Build/Intermediates.noindex/swift-tokenizers.build/Debug-appletvos/Tokenizers.build/Objects-normal/arm64/Tokenizers.LinkFileList (in target 'Tokenizers' from project 'swift-tokenizers')
cd /Users/admin/builder/spi-builder-workspace
write-file /Users/admin/builder/spi-builder-workspace/.derivedData/Build/Intermediates.noindex/swift-tokenizers.build/Debug-appletvos/Tokenizers.build/Objects-normal/arm64/Tokenizers.LinkFileList
WriteAuxiliaryFile /Users/admin/builder/spi-builder-workspace/.derivedData/Build/Intermediates.noindex/swift-tokenizers.build/Debug-appletvos/Tokenizers.build/Objects-normal/arm64/Tokenizers-OutputFileMap.json (in target 'Tokenizers' from project 'swift-tokenizers')
cd /Users/admin/builder/spi-builder-workspace
write-file /Users/admin/builder/spi-builder-workspace/.derivedData/Build/Intermediates.noindex/swift-tokenizers.build/Debug-appletvos/Tokenizers.build/Objects-normal/arm64/Tokenizers-OutputFileMap.json
Copy /Users/admin/builder/spi-builder-workspace/.derivedData/Build/Intermediates.noindex/GeneratedModuleMaps-appletvos/Tokenizers.modulemap /Users/admin/builder/spi-builder-workspace/.derivedData/Build/Intermediates.noindex/swift-tokenizers.build/Debug-appletvos/Tokenizers.build/Tokenizers.modulemap (in target 'Tokenizers' from project 'swift-tokenizers')
cd /Users/admin/builder/spi-builder-workspace
builtin-copy -exclude .DS_Store -exclude CVS -exclude .svn -exclude .git -exclude .hg -resolve-src-symlinks /Users/admin/builder/spi-builder-workspace/.derivedData/Build/Intermediates.noindex/swift-tokenizers.build/Debug-appletvos/Tokenizers.build/Tokenizers.modulemap /Users/admin/builder/spi-builder-workspace/.derivedData/Build/Intermediates.noindex/GeneratedModuleMaps-appletvos
ProcessInfoPlistFile /Users/admin/builder/spi-builder-workspace/.derivedData/Build/Products/Debug-appletvos/swift-tokenizers_TokenizersFFI.bundle/Info.plist /Users/admin/builder/spi-builder-workspace/.derivedData/Build/Intermediates.noindex/swift-tokenizers.build/Debug-appletvos/swift-tokenizers_TokenizersFFI.build/empty-swift-tokenizers_TokenizersFFI.plist (in target 'swift-tokenizers_TokenizersFFI' from project 'swift-tokenizers')
cd /Users/admin/builder/spi-builder-workspace
builtin-infoPlistUtility /Users/admin/builder/spi-builder-workspace/.derivedData/Build/Intermediates.noindex/swift-tokenizers.build/Debug-appletvos/swift-tokenizers_TokenizersFFI.build/empty-swift-tokenizers_TokenizersFFI.plist -producttype com.apple.product-type.bundle -expandbuildsettings -format binary -platform appletvos -o /Users/admin/builder/spi-builder-workspace/.derivedData/Build/Products/Debug-appletvos/swift-tokenizers_TokenizersFFI.bundle/Info.plist
CpResource /Users/admin/builder/spi-builder-workspace/.derivedData/Build/Products/Debug-appletvos/swift-tokenizers_TokenizersFFI.bundle/PrivacyInfo.xcprivacy /Users/admin/builder/spi-builder-workspace/Sources/TokenizersFFI/Resources/PrivacyInfo.xcprivacy (in target 'swift-tokenizers_TokenizersFFI' from project 'swift-tokenizers')
cd /Users/admin/builder/spi-builder-workspace
builtin-copy -exclude .DS_Store -exclude CVS -exclude .svn -exclude .git -exclude .hg -resolve-src-symlinks /Users/admin/builder/spi-builder-workspace/Sources/TokenizersFFI/Resources/PrivacyInfo.xcprivacy /Users/admin/builder/spi-builder-workspace/.derivedData/Build/Products/Debug-appletvos/swift-tokenizers_TokenizersFFI.bundle
RegisterExecutionPolicyException /Users/admin/builder/spi-builder-workspace/.derivedData/Build/Products/Debug-appletvos/swift-tokenizers_TokenizersFFI.bundle (in target 'swift-tokenizers_TokenizersFFI' from project 'swift-tokenizers')
cd /Users/admin/builder/spi-builder-workspace
builtin-RegisterExecutionPolicyException /Users/admin/builder/spi-builder-workspace/.derivedData/Build/Products/Debug-appletvos/swift-tokenizers_TokenizersFFI.bundle
Touch /Users/admin/builder/spi-builder-workspace/.derivedData/Build/Products/Debug-appletvos/swift-tokenizers_TokenizersFFI.bundle (in target 'swift-tokenizers_TokenizersFFI' from project 'swift-tokenizers')
cd /Users/admin/builder/spi-builder-workspace
/usr/bin/touch -c /Users/admin/builder/spi-builder-workspace/.derivedData/Build/Products/Debug-appletvos/swift-tokenizers_TokenizersFFI.bundle
SwiftDriver TokenizersFFI normal arm64 com.apple.xcode.tools.swift.compiler (in target 'TokenizersFFI' from project 'swift-tokenizers')
cd /Users/admin/builder/spi-builder-workspace/.swiftpm/xcode
builtin-SwiftDriver -- /Applications/Xcode-26.3.0.app/Contents/Developer/Toolchains/XcodeDefault.xctoolchain/usr/bin/swiftc -module-name TokenizersFFI -Onone -enforce-exclusivity\=checked @/Users/admin/builder/spi-builder-workspace/.derivedData/Build/Intermediates.noindex/swift-tokenizers.build/Debug-appletvos/TokenizersFFI.build/Objects-normal/arm64/TokenizersFFI.SwiftFileList -DSWIFT_PACKAGE -DDEBUG -DSWIFT_MODULE_RESOURCE_BUNDLE_AVAILABLE -DXcode -plugin-path /Applications/Xcode-26.3.0.app/Contents/Developer/Toolchains/XcodeDefault.xctoolchain/usr/lib/swift/host/plugins/testing -enable-experimental-feature DebugDescriptionMacro -sdk /Applications/Xcode-26.3.0.app/Contents/Developer/Platforms/AppleTVOS.platform/Developer/SDKs/AppleTVOS26.2.sdk -target arm64-apple-tvos17.0 -g -module-cache-path /Users/admin/builder/spi-builder-workspace/.derivedData/ModuleCache.noindex -Xfrontend -serialize-debugging-options -profile-coverage-mapping -profile-generate -enable-testing -index-store-path /Users/admin/builder/spi-builder-workspace/.derivedData/Index.noindex/DataStore -Xcc -D_LIBCPP_HARDENING_MODE\=_LIBCPP_HARDENING_MODE_DEBUG -swift-version 6 -I /Users/admin/builder/spi-builder-workspace/.derivedData/Build/Products/Debug-appletvos -Isystem /Applications/Xcode-26.3.0.app/Contents/Developer/Platforms/AppleTVOS.platform/Developer/usr/lib -F /Users/admin/builder/spi-builder-workspace/.derivedData/Build/Products/Debug-appletvos -F /Applications/Xcode-26.3.0.app/Contents/Developer/Platforms/AppleTVOS.platform/Developer/Library/Frameworks -F /Applications/Xcode-26.3.0.app/Contents/Developer/Platforms/AppleTVOS.platform/Developer/SDKs/AppleTVOS26.2.sdk/Developer/Library/Frameworks -c -j10 -enable-batch-mode -incremental -Xcc -ivfsstatcache -Xcc /Users/admin/builder/spi-builder-workspace/.derivedData/SDKStatCaches.noindex/appletvos26.2-23K50-dc75598d0054f22ec865fa860f139d72c1feacec85df2e04b9fa10f95e757c08.sdkstatcache -output-file-map /Users/admin/builder/spi-builder-workspace/.derivedData/Build/Intermediates.noindex/swift-tokenizers.build/Debug-appletvos/TokenizersFFI.build/Objects-normal/arm64/TokenizersFFI-OutputFileMap.json -use-frontend-parseable-output -save-temps -no-color-diagnostics -explicit-module-build -module-cache-path /Users/admin/builder/spi-builder-workspace/.derivedData/Build/Intermediates.noindex/SwiftExplicitPrecompiledModules -clang-scanner-module-cache-path /Users/admin/builder/spi-builder-workspace/.derivedData/ModuleCache.noindex -sdk-module-cache-path /Users/admin/builder/spi-builder-workspace/.derivedData/ModuleCache.noindex -serialize-diagnostics -emit-dependencies -emit-module -emit-module-path /Users/admin/builder/spi-builder-workspace/.derivedData/Build/Intermediates.noindex/swift-tokenizers.build/Debug-appletvos/TokenizersFFI.build/Objects-normal/arm64/TokenizersFFI.swiftmodule -validate-clang-modules-once -clang-build-session-file /Users/admin/builder/spi-builder-workspace/.derivedData/ModuleCache.noindex/Session.modulevalidation -package-name spi_builder_workspace -Xcc -I/Users/admin/builder/spi-builder-workspace/.derivedData/Build/Intermediates.noindex/swift-tokenizers.build/Debug-appletvos/TokenizersFFI.build/swift-overrides.hmap -emit-const-values -Xfrontend -const-gather-protocols-file -Xfrontend /Users/admin/builder/spi-builder-workspace/.derivedData/Build/Intermediates.noindex/swift-tokenizers.build/Debug-appletvos/TokenizersFFI.build/Objects-normal/arm64/TokenizersFFI_const_extract_protocols.json -Xcc -I/Users/admin/builder/spi-builder-workspace/.derivedData/Build/Products/Debug-appletvos/include -Xcc -I/Users/admin/builder/spi-builder-workspace/.derivedData/Build/Intermediates.noindex/swift-tokenizers.build/Debug-appletvos/TokenizersFFI.build/DerivedSources-normal/arm64 -Xcc -I/Users/admin/builder/spi-builder-workspace/.derivedData/Build/Intermediates.noindex/swift-tokenizers.build/Debug-appletvos/TokenizersFFI.build/DerivedSources/arm64 -Xcc -I/Users/admin/builder/spi-builder-workspace/.derivedData/Build/Intermediates.noindex/swift-tokenizers.build/Debug-appletvos/TokenizersFFI.build/DerivedSources -Xcc -DSWIFT_PACKAGE -Xcc -DDEBUG\=1 -emit-objc-header -emit-objc-header-path /Users/admin/builder/spi-builder-workspace/.derivedData/Build/Intermediates.noindex/swift-tokenizers.build/Debug-appletvos/TokenizersFFI.build/Objects-normal/arm64/TokenizersFFI-Swift.h -working-directory /Users/admin/builder/spi-builder-workspace/.swiftpm/xcode -experimental-emit-module-separately -disable-cmo
SwiftExplicitDependencyGeneratePcm arm64 /Users/admin/builder/spi-builder-workspace/.derivedData/ModuleCache.noindex/SwiftShims-3AHLVSDGRHJG0G0SOS8934V32.pcm
SwiftExplicitDependencyGeneratePcm arm64 /Users/admin/builder/spi-builder-workspace/.derivedData/ModuleCache.noindex/_SwiftConcurrencyShims-63WYH7D9N5GA8C3BYH0SL0GLV.pcm
SwiftExplicitDependencyGeneratePcm arm64 /Users/admin/builder/spi-builder-workspace/.derivedData/ModuleCache.noindex/_AvailabilityInternal-5SOSDZ6OWC0BZLNXP3M7RQAVZ.pcm
SwiftExplicitDependencyGeneratePcm arm64 /Users/admin/builder/spi-builder-workspace/.derivedData/ModuleCache.noindex/_Builtin_stdarg-C7BYDF1U3HIH06DNXDSUM4FTT.pcm
SwiftExplicitDependencyGeneratePcm arm64 /Users/admin/builder/spi-builder-workspace/.derivedData/ModuleCache.noindex/ptrcheck-1PYZUUSJVB3190KYWPQ2HPH6T.pcm
SwiftExplicitDependencyGeneratePcm arm64 /Users/admin/builder/spi-builder-workspace/.derivedData/ModuleCache.noindex/_Builtin_stddef-AMFHETDGZZBL95KB6W1W0T0VV.pcm
SwiftExplicitDependencyGeneratePcm arm64 /Users/admin/builder/spi-builder-workspace/.derivedData/ModuleCache.noindex/_Builtin_float-8QAK3C6Z57AM8E8FKW50RMKE0.pcm
SwiftExplicitDependencyGeneratePcm arm64 /Users/admin/builder/spi-builder-workspace/.derivedData/ModuleCache.noindex/_Builtin_stdbool-1R0VA7GHOCZIBHY8NLIU8432O.pcm
SwiftExplicitDependencyGeneratePcm arm64 /Users/admin/builder/spi-builder-workspace/.derivedData/ModuleCache.noindex/ptrauth-F12J2CYS1H0H7PFJPSXR0BMRJ.pcm
SwiftExplicitDependencyGeneratePcm arm64 /Users/admin/builder/spi-builder-workspace/.derivedData/ModuleCache.noindex/_DarwinFoundation1-1QBHJ5571SRONB2YTEF0W1AZY.pcm
SwiftExplicitDependencyGeneratePcm arm64 /Users/admin/builder/spi-builder-workspace/.derivedData/ModuleCache.noindex/_Builtin_limits-2E5S7VT2TXRPTXMF0BVOZZESK.pcm
SwiftExplicitDependencyGeneratePcm arm64 /Users/admin/builder/spi-builder-workspace/.derivedData/ModuleCache.noindex/_DarwinFoundation2-C8RRMSSA0HAGP6ND221ZWI44X.pcm
SwiftExplicitDependencyGeneratePcm arm64 /Users/admin/builder/spi-builder-workspace/.derivedData/ModuleCache.noindex/sys_types-6BLO2NPL2992COH57RXH2U5HM.pcm
SwiftExplicitDependencyGeneratePcm arm64 /Users/admin/builder/spi-builder-workspace/.derivedData/ModuleCache.noindex/_Builtin_stdint-81OO0IBAPEXC8PDD3L0YS8RNX.pcm
SwiftExplicitDependencyGeneratePcm arm64 /Users/admin/builder/spi-builder-workspace/.derivedData/ModuleCache.noindex/_DarwinFoundation3-6UHMDDSTU0LM5C7C4P4H0CUIY.pcm
SwiftExplicitDependencyGeneratePcm arm64 /Users/admin/builder/spi-builder-workspace/.derivedData/ModuleCache.noindex/_Builtin_inttypes-DLLIL3NWPRXNQNMBT8DC05YE8.pcm
SwiftExplicitDependencyGeneratePcm arm64 /Users/admin/builder/spi-builder-workspace/.derivedData/ModuleCache.noindex/Darwin-575OOLOMX910P5D3ATXB8SS2F.pcm
SwiftExplicitDependencyGeneratePcm arm64 /Users/admin/builder/spi-builder-workspace/.derivedData/ModuleCache.noindex/ObjectiveC-26T7JC2QU7TEZO7VVGNFJ6X8W.pcm
SwiftExplicitDependencyGeneratePcm arm64 /Users/admin/builder/spi-builder-workspace/.derivedData/ModuleCache.noindex/os_object-9KOTYT53GTW08K0SC0NERBQKZ.pcm
SwiftExplicitDependencyGeneratePcm arm64 /Users/admin/builder/spi-builder-workspace/.derivedData/ModuleCache.noindex/os_workgroup-8LHTS21UZQ74V0AT5HZW75AV1.pcm
SwiftExplicitDependencyGeneratePcm arm64 /Users/admin/builder/spi-builder-workspace/.derivedData/ModuleCache.noindex/Dispatch-1PDGBJ5QVFC7CLI4RKJ0VMGH6.pcm
SwiftExplicitDependencyGeneratePcm arm64 /Users/admin/builder/spi-builder-workspace/.derivedData/ModuleCache.noindex/CoreFoundation-3J23TPD9ZE2CL1B8K8EKFM921.pcm
SwiftExplicitDependencyGeneratePcm arm64 /Users/admin/builder/spi-builder-workspace/.derivedData/ModuleCache.noindex/Security-8TBOSOW7OGW1K0PRX58JW9BUJ.pcm
SwiftExplicitDependencyGeneratePcm arm64 /Users/admin/builder/spi-builder-workspace/.derivedData/ModuleCache.noindex/CFNetwork-EIGAIPZB6XFUTII1QUH5FMZNB.pcm
SwiftExplicitDependencyGeneratePcm arm64 /Users/admin/builder/spi-builder-workspace/.derivedData/ModuleCache.noindex/Foundation-920MCA7YAE1WTX5FMTQJ2S6JD.pcm
SwiftCompile normal arm64 Compiling\ resource_bundle_accessor.swift /Users/admin/builder/spi-builder-workspace/.derivedData/Build/Intermediates.noindex/swift-tokenizers.build/Debug-appletvos/TokenizersFFI.build/DerivedSources/resource_bundle_accessor.swift (in target 'TokenizersFFI' from project 'swift-tokenizers')
SwiftCompile normal arm64 /Users/admin/builder/spi-builder-workspace/.derivedData/Build/Intermediates.noindex/swift-tokenizers.build/Debug-appletvos/TokenizersFFI.build/DerivedSources/resource_bundle_accessor.swift (in target 'TokenizersFFI' from project 'swift-tokenizers')
cd /Users/admin/builder/spi-builder-workspace/.swiftpm/xcode
SwiftEmitModule normal arm64 Emitting\ module\ for\ TokenizersFFI (in target 'TokenizersFFI' from project 'swift-tokenizers')
Failed frontend command:
/Applications/Xcode-26.3.0.app/Contents/Developer/Toolchains/XcodeDefault.xctoolchain/usr/bin/swift-frontend -frontend -emit-module -experimental-skip-non-inlinable-function-bodies-without-types /Users/admin/builder/spi-builder-workspace/.derivedData/Build/Intermediates.noindex/swift-tokenizers.build/Debug-appletvos/TokenizersFFI.build/DerivedSources/resource_bundle_accessor.swift /Users/admin/builder/spi-builder-workspace/Sources/TokenizersFFI/Generated/TokenizersFFI.swift -target arm64-apple-tvos17.0 -load-resolved-plugin /Applications/Xcode-26.3.0.app/Contents/Developer/Platforms/AppleTVOS.platform/Developer/usr/lib/swift/host/plugins/libFoundationMacros.dylib\#/Applications/Xcode-26.3.0.app/Contents/Developer/Platforms/AppleTVOS.platform/Developer/usr/bin/swift-plugin-server\#FoundationMacros -load-resolved-plugin /Applications/Xcode-26.3.0.app/Contents/Developer/Platforms/AppleTVOS.platform/Developer/usr/lib/swift/host/plugins/libObservationMacros.dylib\#/Applications/Xcode-26.3.0.app/Contents/Developer/Platforms/AppleTVOS.platform/Developer/usr/bin/swift-plugin-server\#ObservationMacros -load-resolved-plugin /Applications/Xcode-26.3.0.app/Contents/Developer/Platforms/AppleTVOS.platform/Developer/usr/lib/swift/host/plugins/libSwiftMacros.dylib\#/Applications/Xcode-26.3.0.app/Contents/Developer/Platforms/AppleTVOS.platform/Developer/usr/bin/swift-plugin-server\#SwiftMacros -disable-implicit-swift-modules -Xcc -fno-implicit-modules -Xcc -fno-implicit-module-maps -explicit-swift-module-map-file /Users/admin/builder/spi-builder-workspace/.derivedData/Build/Intermediates.noindex/swift-tokenizers.build/Debug-appletvos/TokenizersFFI.build/Objects-normal/arm64/TokenizersFFI-dependencies-1.json -Xllvm -aarch64-use-tbi -enable-objc-interop -stack-check -sdk /Applications/Xcode-26.3.0.app/Contents/Developer/Platforms/AppleTVOS.platform/Developer/SDKs/AppleTVOS26.2.sdk -I /Users/admin/builder/spi-builder-workspace/.derivedData/Build/Products/Debug-appletvos -Isystem /Applications/Xcode-26.3.0.app/Contents/Developer/Platforms/AppleTVOS.platform/Developer/usr/lib -F /Users/admin/builder/spi-builder-workspace/.derivedData/Build/Products/Debug-appletvos -F /Applications/Xcode-26.3.0.app/Contents/Developer/Platforms/AppleTVOS.platform/Developer/Library/Frameworks -F /Applications/Xcode-26.3.0.app/Contents/Developer/Platforms/AppleTVOS.platform/Developer/SDKs/AppleTVOS26.2.sdk/Developer/Library/Frameworks -no-color-diagnostics -Xcc -fno-color-diagnostics -enable-testing -g -debug-info-format\=dwarf -dwarf-version\=4 -module-cache-path /Users/admin/builder/spi-builder-workspace/.derivedData/Build/Intermediates.noindex/SwiftExplicitPrecompiledModules -profile-generate -profile-coverage-mapping -swift-version 6 -enforce-exclusivity\=checked -Onone -D SWIFT_PACKAGE -D DEBUG -D SWIFT_MODULE_RESOURCE_BUNDLE_AVAILABLE -D Xcode -serialize-debugging-options -const-gather-protocols-file /Users/admin/builder/spi-builder-workspace/.derivedData/Build/Intermediates.noindex/swift-tokenizers.build/Debug-appletvos/TokenizersFFI.build/Objects-normal/arm64/TokenizersFFI_const_extract_protocols.json -enable-experimental-feature DebugDescriptionMacro -empty-abi-descriptor -validate-clang-modules-once -clang-build-session-file /Users/admin/builder/spi-builder-workspace/.derivedData/ModuleCache.noindex/Session.modulevalidation -Xcc -working-directory -Xcc /Users/admin/builder/spi-builder-workspace/.swiftpm/xcode -enable-anonymous-context-mangled-names -file-compilation-dir /Users/admin/builder/spi-builder-workspace/.swiftpm/xcode -Xcc -D_LIBCPP_HARDENING_MODE\=_LIBCPP_HARDENING_MODE_DEBUG -Xcc -ivfsstatcache -Xcc /Users/admin/builder/spi-builder-workspace/.derivedData/SDKStatCaches.noindex/appletvos26.2-23K50-dc75598d0054f22ec865fa860f139d72c1feacec85df2e04b9fa10f95e757c08.sdkstatcache -Xcc -I/Users/admin/builder/spi-builder-workspace/.derivedData/Build/Intermediates.noindex/swift-tokenizers.build/Debug-appletvos/TokenizersFFI.build/swift-overrides.hmap -Xcc -I/Users/admin/builder/spi-builder-workspace/.derivedData/Build/Products/Debug-appletvos/include -Xcc -I/Users/admin/builder/spi-builder-workspace/.derivedData/Build/Intermediates.noindex/swift-tokenizers.build/Debug-appletvos/TokenizersFFI.build/DerivedSources-normal/arm64 -Xcc -I/Users/admin/builder/spi-builder-workspace/.derivedData/Build/Intermediates.noindex/swift-tokenizers.build/Debug-appletvos/TokenizersFFI.build/DerivedSources/arm64 -Xcc -I/Users/admin/builder/spi-builder-workspace/.derivedData/Build/Intermediates.noindex/swift-tokenizers.build/Debug-appletvos/TokenizersFFI.build/DerivedSources -Xcc -DSWIFT_PACKAGE -Xcc -DDEBUG\=1 -no-auto-bridging-header-chaining -module-name TokenizersFFI -package-name spi_builder_workspace -frontend-parseable-output -disable-clang-spi -target-sdk-version 26.2 -target-sdk-name appletvos26.2 -clang-target arm64-apple-tvos26.2 -in-process-plugin-server-path /Applications/Xcode-26.3.0.app/Contents/Developer/Toolchains/XcodeDefault.xctoolchain/usr/lib/swift/host/libSwiftInProcPluginServer.dylib -emit-module-doc-path /Users/admin/builder/spi-builder-workspace/.derivedData/Build/Intermediates.noindex/swift-tokenizers.build/Debug-appletvos/TokenizersFFI.build/Objects-normal/arm64/TokenizersFFI.swiftdoc -emit-module-source-info-path /Users/admin/builder/spi-builder-workspace/.derivedData/Build/Intermediates.noindex/swift-tokenizers.build/Debug-appletvos/TokenizersFFI.build/Objects-normal/arm64/TokenizersFFI.swiftsourceinfo -emit-objc-header-path /Users/admin/builder/spi-builder-workspace/.derivedData/Build/Intermediates.noindex/swift-tokenizers.build/Debug-appletvos/TokenizersFFI.build/Objects-normal/arm64/TokenizersFFI-Swift.h -serialize-diagnostics-path /Users/admin/builder/spi-builder-workspace/.derivedData/Build/Intermediates.noindex/swift-tokenizers.build/Debug-appletvos/TokenizersFFI.build/Objects-normal/arm64/TokenizersFFI-primary-emit-module.dia -emit-dependencies-path /Users/admin/builder/spi-builder-workspace/.derivedData/Build/Intermediates.noindex/swift-tokenizers.build/Debug-appletvos/TokenizersFFI.build/Objects-normal/arm64/TokenizersFFI-primary-emit-module.d -o /Users/admin/builder/spi-builder-workspace/.derivedData/Build/Intermediates.noindex/swift-tokenizers.build/Debug-appletvos/TokenizersFFI.build/Objects-normal/arm64/TokenizersFFI.swiftmodule -emit-abi-descriptor-path /Users/admin/builder/spi-builder-workspace/.derivedData/Build/Intermediates.noindex/swift-tokenizers.build/Debug-appletvos/TokenizersFFI.build/Objects-normal/arm64/TokenizersFFI.abi.json
EmitSwiftModule normal arm64 (in target 'TokenizersFFI' from project 'swift-tokenizers')
cd /Users/admin/builder/spi-builder-workspace/.swiftpm/xcode
/Users/admin/builder/spi-builder-workspace/Sources/TokenizersFFI/Generated/TokenizersFFI.swift:15:23: error: cannot find type 'RustBuffer' in scope
fileprivate extension RustBuffer {
^~~~~~~~~~
/Users/admin/builder/spi-builder-workspace/Sources/TokenizersFFI/Generated/TokenizersFFI.swift:39:23: error: cannot find type 'ForeignBytes' in scope
fileprivate extension ForeignBytes {
^~~~~~~~~~~~
/Users/admin/builder/spi-builder-workspace/Sources/TokenizersFFI/Generated/TokenizersFFI.swift:66:25: error: cannot find type 'ForeignBytes' in scope
typealias FfiType = ForeignBytes
^~~~~~~~~~~~
/Users/admin/builder/spi-builder-workspace/Sources/TokenizersFFI/Generated/TokenizersFFI.swift:68:50: error: cannot find type 'ForeignBytes' in scope
static func lower<R>(_ value: Data, _ body: (ForeignBytes) throws -> R) rethrows -> R {
^~~~~~~~~~~~
/Users/admin/builder/spi-builder-workspace/Sources/TokenizersFFI/Generated/TokenizersFFI.swift:74:41: error: cannot find type 'ForeignBytes' in scope
static func lower(_ value: Data) -> ForeignBytes {
^~~~~~~~~~~~
/Users/admin/builder/spi-builder-workspace/Sources/TokenizersFFI/Generated/TokenizersFFI.swift:78:31: error: cannot find type 'ForeignBytes' in scope
static func lift(_ value: ForeignBytes) throws -> Data {
^~~~~~~~~~~~
/Users/admin/builder/spi-builder-workspace/Sources/TokenizersFFI/Generated/TokenizersFFI.swift:64:18: error: type 'FfiConverterByRefBytes' does not conform to protocol 'FfiConverter'
fileprivate enum FfiConverterByRefBytes: FfiConverter {
^
/Users/admin/builder/spi-builder-workspace/Sources/TokenizersFFI/Generated/TokenizersFFI.swift:64:18: note: add stubs for conformance
fileprivate enum FfiConverterByRefBytes: FfiConverter {
^
/Users/admin/builder/spi-builder-workspace/Sources/TokenizersFFI/Generated/TokenizersFFI.swift:207:20: note: protocol requires nested type 'FfiType'
associatedtype FfiType
^
/Users/admin/builder/spi-builder-workspace/Sources/TokenizersFFI/Generated/TokenizersFFI.swift:99:22: error: cannot find type 'RustBuffer' in scope
init(rustBuffer: RustBuffer) {
^~~~~~~~~~
/Users/admin/builder/spi-builder-workspace/Sources/TokenizersFFI/Generated/TokenizersFFI.swift:247:29: error: cannot find type 'RustBuffer' in scope
static func lift(_ buf: RustBuffer) throws -> SwiftType {
^~~~~~~~~~
/Users/admin/builder/spi-builder-workspace/Sources/TokenizersFFI/Generated/TokenizersFFI.swift:260:46: error: cannot find type 'RustBuffer' in scope
static func lower(_ value: SwiftType) -> RustBuffer {
^~~~~~~~~~
/Users/admin/builder/spi-builder-workspace/Sources/TokenizersFFI/Generated/TokenizersFFI.swift:307:23: error: cannot find type 'RustCallStatus' in scope
fileprivate extension RustCallStatus {
^~~~~~~~~~~~~~
/Users/admin/builder/spi-builder-workspace/Sources/TokenizersFFI/Generated/TokenizersFFI.swift:320:60: error: cannot find type 'RustCallStatus' in scope
private func rustCall<T>(_ callback: (UnsafeMutablePointer<RustCallStatus>) -> T) throws -> T {
^~~~~~~~~~~~~~
/Users/admin/builder/spi-builder-workspace/Sources/TokenizersFFI/Generated/TokenizersFFI.swift:326:32: error: cannot find type 'RustBuffer' in scope
_ errorHandler: @escaping (RustBuffer) throws -> E,
^~~~~~~~~~
/Users/admin/builder/spi-builder-workspace/Sources/TokenizersFFI/Generated/TokenizersFFI.swift:327:39: error: cannot find type 'RustCallStatus' in scope
_ callback: (UnsafeMutablePointer<RustCallStatus>) -> T) throws -> T {
^~~~~~~~~~~~~~
/Users/admin/builder/spi-builder-workspace/Sources/TokenizersFFI/Generated/TokenizersFFI.swift:332:39: error: cannot find type 'RustCallStatus' in scope
_ callback: (UnsafeMutablePointer<RustCallStatus>) -> T,
^~~~~~~~~~~~~~
/Users/admin/builder/spi-builder-workspace/Sources/TokenizersFFI/Generated/TokenizersFFI.swift:333:21: error: cannot find type 'RustBuffer' in scope
errorHandler: ((RustBuffer) throws -> E)?
^~~~~~~~~~
/Users/admin/builder/spi-builder-workspace/Sources/TokenizersFFI/Generated/TokenizersFFI.swift:343:17: error: cannot find type 'RustCallStatus' in scope
callStatus: RustCallStatus,
^~~~~~~~~~~~~~
/Users/admin/builder/spi-builder-workspace/Sources/TokenizersFFI/Generated/TokenizersFFI.swift:344:21: error: cannot find type 'RustBuffer' in scope
errorHandler: ((RustBuffer) throws -> E)?
^~~~~~~~~~
/Users/admin/builder/spi-builder-workspace/Sources/TokenizersFFI/Generated/TokenizersFFI.swift:378:38: error: cannot find type 'RustCallStatus' in scope
callStatus: UnsafeMutablePointer<RustCallStatus>,
^~~~~~~~~~~~~~
/Users/admin/builder/spi-builder-workspace/Sources/TokenizersFFI/Generated/TokenizersFFI.swift:391:38: error: cannot find type 'RustCallStatus' in scope
callStatus: UnsafeMutablePointer<RustCallStatus>,
^~~~~~~~~~~~~~
/Users/admin/builder/spi-builder-workspace/Sources/TokenizersFFI/Generated/TokenizersFFI.swift:394:24: error: cannot find type 'RustBuffer' in scope
lowerError: (E) -> RustBuffer
^~~~~~~~~~
/Users/admin/builder/spi-builder-workspace/Sources/TokenizersFFI/Generated/TokenizersFFI.swift:531:25: error: cannot find type 'RustBuffer' in scope
typealias FfiType = RustBuffer
^~~~~~~~~~
/Users/admin/builder/spi-builder-workspace/Sources/TokenizersFFI/Generated/TokenizersFFI.swift:533:31: error: cannot find type 'RustBuffer' in scope
static func lift(_ value: RustBuffer) throws -> String {
^~~~~~~~~~
/Users/admin/builder/spi-builder-workspace/Sources/TokenizersFFI/Generated/TokenizersFFI.swift:548:43: error: cannot find type 'RustBuffer' in scope
static func lower(_ value: String) -> RustBuffer {
^~~~~~~~~~
/Users/admin/builder/spi-builder-workspace/Sources/TokenizersFFI/Generated/TokenizersFFI.swift:529:20: error: type 'FfiConverterString' does not conform to protocol 'FfiConverter'
fileprivate struct FfiConverterString: FfiConverter {
^
/Users/admin/builder/spi-builder-workspace/Sources/TokenizersFFI/Generated/TokenizersFFI.swift:529:20: note: add stubs for conformance
fileprivate struct FfiConverterString: FfiConverter {
^
/Users/admin/builder/spi-builder-workspace/Sources/TokenizersFFI/Generated/TokenizersFFI.swift:207:20: note: protocol requires nested type 'FfiType'
associatedtype FfiType
^
/Users/admin/builder/spi-builder-workspace/Sources/TokenizersFFI/Generated/TokenizersFFI.swift:886:25: error: cannot find type 'RustBuffer' in scope
typealias FfiType = RustBuffer
^~~~~~~~~~
/Users/admin/builder/spi-builder-workspace/Sources/TokenizersFFI/Generated/TokenizersFFI.swift:885:8: error: type 'FfiConverterTypeEncodeInput' does not conform to protocol 'FfiConverter'
struct FfiConverterTypeEncodeInput: FfiConverterRustBuffer {
^
/Users/admin/builder/spi-builder-workspace/Sources/TokenizersFFI/Generated/TokenizersFFI.swift:885:8: note: add stubs for conformance
struct FfiConverterTypeEncodeInput: FfiConverterRustBuffer {
^
/Users/admin/builder/spi-builder-workspace/Sources/TokenizersFFI/Generated/TokenizersFFI.swift:207:20: note: protocol requires nested type 'FfiType'
associatedtype FfiType
^
/Users/admin/builder/spi-builder-workspace/Sources/TokenizersFFI/Generated/TokenizersFFI.swift:906:46: error: cannot find type 'RustBuffer' in scope
func FfiConverterTypeEncodeInput_lift(_ buf: RustBuffer) throws -> EncodeInput {
^~~~~~~~~~
/Users/admin/builder/spi-builder-workspace/Sources/TokenizersFFI/Generated/TokenizersFFI.swift:913:65: error: cannot find type 'RustBuffer' in scope
func FfiConverterTypeEncodeInput_lower(_ value: EncodeInput) -> RustBuffer {
^~~~~~~~~~
/Users/admin/builder/spi-builder-workspace/Sources/TokenizersFFI/Generated/TokenizersFFI.swift:954:25: error: cannot find type 'RustBuffer' in scope
typealias FfiType = RustBuffer
^~~~~~~~~~
/Users/admin/builder/spi-builder-workspace/Sources/TokenizersFFI/Generated/TokenizersFFI.swift:953:8: error: type 'FfiConverterTypeEncoding' does not conform to protocol 'FfiConverter'
struct FfiConverterTypeEncoding: FfiConverterRustBuffer {
^
/Users/admin/builder/spi-builder-workspace/Sources/TokenizersFFI/Generated/TokenizersFFI.swift:953:8: note: add stubs for conformance
struct FfiConverterTypeEncoding: FfiConverterRustBuffer {
^
/Users/admin/builder/spi-builder-workspace/Sources/TokenizersFFI/Generated/TokenizersFFI.swift:207:20: note: protocol requires nested type 'FfiType'
associatedtype FfiType
^
/Users/admin/builder/spi-builder-workspace/Sources/TokenizersFFI/Generated/TokenizersFFI.swift:974:43: error: cannot find type 'RustBuffer' in scope
func FfiConverterTypeEncoding_lift(_ buf: RustBuffer) throws -> Encoding {
^~~~~~~~~~
/Users/admin/builder/spi-builder-workspace/Sources/TokenizersFFI/Generated/TokenizersFFI.swift:981:59: error: cannot find type 'RustBuffer' in scope
func FfiConverterTypeEncoding_lower(_ value: Encoding) -> RustBuffer {
^~~~~~~~~~
/Users/admin/builder/spi-builder-workspace/Sources/TokenizersFFI/Generated/TokenizersFFI.swift:1030:25: error: cannot find type 'RustBuffer' in scope
typealias FfiType = RustBuffer
^~~~~~~~~~
/Users/admin/builder/spi-builder-workspace/Sources/TokenizersFFI/Generated/TokenizersFFI.swift:1029:8: error: type 'FfiConverterTypeEncodingMetadata' does not conform to protocol 'FfiConverter'
struct FfiConverterTypeEncodingMetadata: FfiConverterRustBuffer {
^
/Users/admin/builder/spi-builder-workspace/Sources/TokenizersFFI/Generated/TokenizersFFI.swift:1029:8: note: add stubs for conformance
struct FfiConverterTypeEncodingMetadata: FfiConverterRustBuffer {
^
/Users/admin/builder/spi-builder-workspace/Sources/TokenizersFFI/Generated/TokenizersFFI.swift:207:20: note: protocol requires nested type 'FfiType'
associatedtype FfiType
^
/Users/admin/builder/spi-builder-workspace/Sources/TokenizersFFI/Generated/TokenizersFFI.swift:1066:51: error: cannot find type 'RustBuffer' in scope
func FfiConverterTypeEncodingMetadata_lift(_ buf: RustBuffer) throws -> EncodingMetadata {
^~~~~~~~~~
/Users/admin/builder/spi-builder-workspace/Sources/TokenizersFFI/Generated/TokenizersFFI.swift:1073:75: error: cannot find type 'RustBuffer' in scope
func FfiConverterTypeEncodingMetadata_lower(_ value: EncodingMetadata) -> RustBuffer {
^~~~~~~~~~
/Users/admin/builder/spi-builder-workspace/Sources/TokenizersFFI/Generated/TokenizersFFI.swift:1102:25: error: cannot find type 'RustBuffer' in scope
typealias FfiType = RustBuffer
^~~~~~~~~~
/Users/admin/builder/spi-builder-workspace/Sources/TokenizersFFI/Generated/TokenizersFFI.swift:1101:8: error: type 'FfiConverterTypeNamedChatTemplate' does not conform to protocol 'FfiConverter'
struct FfiConverterTypeNamedChatTemplate: FfiConverterRustBuffer {
^
/Users/admin/builder/spi-builder-workspace/Sources/TokenizersFFI/Generated/TokenizersFFI.swift:1101:8: note: add stubs for conformance
struct FfiConverterTypeNamedChatTemplate: FfiConverterRustBuffer {
^
/Users/admin/builder/spi-builder-workspace/Sources/TokenizersFFI/Generated/TokenizersFFI.swift:207:20: note: protocol requires nested type 'FfiType'
associatedtype FfiType
^
/Users/admin/builder/spi-builder-workspace/Sources/TokenizersFFI/Generated/TokenizersFFI.swift:1122:52: error: cannot find type 'RustBuffer' in scope
func FfiConverterTypeNamedChatTemplate_lift(_ buf: RustBuffer) throws -> NamedChatTemplate {
^~~~~~~~~~
/Users/admin/builder/spi-builder-workspace/Sources/TokenizersFFI/Generated/TokenizersFFI.swift:1129:77: error: cannot find type 'RustBuffer' in scope
func FfiConverterTypeNamedChatTemplate_lower(_ value: NamedChatTemplate) -> RustBuffer {
^~~~~~~~~~
/Users/admin/builder/spi-builder-workspace/Sources/TokenizersFFI/Generated/TokenizersFFI.swift:1162:25: error: cannot find type 'RustBuffer' in scope
typealias FfiType = RustBuffer
^~~~~~~~~~
/Users/admin/builder/spi-builder-workspace/Sources/TokenizersFFI/Generated/TokenizersFFI.swift:1161:8: error: type 'FfiConverterTypeOffsetSpan' does not conform to protocol 'FfiConverter'
struct FfiConverterTypeOffsetSpan: FfiConverterRustBuffer {
^
/Users/admin/builder/spi-builder-workspace/Sources/TokenizersFFI/Generated/TokenizersFFI.swift:1161:8: note: add stubs for conformance
struct FfiConverterTypeOffsetSpan: FfiConverterRustBuffer {
^
/Users/admin/builder/spi-builder-workspace/Sources/TokenizersFFI/Generated/TokenizersFFI.swift:207:20: note: protocol requires nested type 'FfiType'
associatedtype FfiType
^
/Users/admin/builder/spi-builder-workspace/Sources/TokenizersFFI/Generated/TokenizersFFI.swift:1182:45: error: cannot find type 'RustBuffer' in scope
func FfiConverterTypeOffsetSpan_lift(_ buf: RustBuffer) throws -> OffsetSpan {
^~~~~~~~~~
/Users/admin/builder/spi-builder-workspace/Sources/TokenizersFFI/Generated/TokenizersFFI.swift:1189:63: error: cannot find type 'RustBuffer' in scope
func FfiConverterTypeOffsetSpan_lower(_ value: OffsetSpan) -> RustBuffer {
^~~~~~~~~~
/Users/admin/builder/spi-builder-workspace/Sources/TokenizersFFI/Generated/TokenizersFFI.swift:1240:25: error: cannot find type 'RustBuffer' in scope
typealias FfiType = RustBuffer
^~~~~~~~~~
/Users/admin/builder/spi-builder-workspace/Sources/TokenizersFFI/Generated/TokenizersFFI.swift:1239:8: error: type 'FfiConverterTypeRuntimeConfiguration' does not conform to protocol 'FfiConverter'
struct FfiConverterTypeRuntimeConfiguration: FfiConverterRustBuffer {
^
/Users/admin/builder/spi-builder-workspace/Sources/TokenizersFFI/Generated/TokenizersFFI.swift:1239:8: note: add stubs for conformance
struct FfiConverterTypeRuntimeConfiguration: FfiConverterRustBuffer {
^
/Users/admin/builder/spi-builder-workspace/Sources/TokenizersFFI/Generated/TokenizersFFI.swift:207:20: note: protocol requires nested type 'FfiType'
associatedtype FfiType
^
/Users/admin/builder/spi-builder-workspace/Sources/TokenizersFFI/Generated/TokenizersFFI.swift:1278:55: error: cannot find type 'RustBuffer' in scope
func FfiConverterTypeRuntimeConfiguration_lift(_ buf: RustBuffer) throws -> RuntimeConfiguration {
^~~~~~~~~~
/Users/admin/builder/spi-builder-workspace/Sources/TokenizersFFI/Generated/TokenizersFFI.swift:1285:83: error: cannot find type 'RustBuffer' in scope
func FfiConverterTypeRuntimeConfiguration_lower(_ value: RuntimeConfiguration) -> RustBuffer {
^~~~~~~~~~
/Users/admin/builder/spi-builder-workspace/Sources/TokenizersFFI/Generated/TokenizersFFI.swift:1327:25: error: cannot find type 'RustBuffer' in scope
typealias FfiType = RustBuffer
^~~~~~~~~~
/Users/admin/builder/spi-builder-workspace/Sources/TokenizersFFI/Generated/TokenizersFFI.swift:1326:8: error: type 'FfiConverterTypeTokenizerDescriptor' does not conform to protocol 'FfiConverter'
struct FfiConverterTypeTokenizerDescriptor: FfiConverterRustBuffer {
^
/Users/admin/builder/spi-builder-workspace/Sources/TokenizersFFI/Generated/TokenizersFFI.swift:1326:8: note: add stubs for conformance
struct FfiConverterTypeTokenizerDescriptor: FfiConverterRustBuffer {
^
/Users/admin/builder/spi-builder-workspace/Sources/TokenizersFFI/Generated/TokenizersFFI.swift:207:20: note: protocol requires nested type 'FfiType'
associatedtype FfiType
^
/Users/admin/builder/spi-builder-workspace/Sources/TokenizersFFI/Generated/TokenizersFFI.swift:1355:54: error: cannot find type 'RustBuffer' in scope
func FfiConverterTypeTokenizerDescriptor_lift(_ buf: RustBuffer) throws -> TokenizerDescriptor {
^~~~~~~~~~
/Users/admin/builder/spi-builder-workspace/Sources/TokenizersFFI/Generated/TokenizersFFI.swift:1362:81: error: cannot find type 'RustBuffer' in scope
func FfiConverterTypeTokenizerDescriptor_lower(_ value: TokenizerDescriptor) -> RustBuffer {
^~~~~~~~~~
/Users/admin/builder/spi-builder-workspace/Sources/TokenizersFFI/Generated/TokenizersFFI.swift:1394:25: error: cannot find type 'RustBuffer' in scope
typealias FfiType = RustBuffer
^~~~~~~~~~
/Users/admin/builder/spi-builder-workspace/Sources/TokenizersFFI/Generated/TokenizersFFI.swift:1393:8: error: type 'FfiConverterTypeChatTemplateSource' does not conform to protocol 'FfiConverter'
struct FfiConverterTypeChatTemplateSource: FfiConverterRustBuffer {
^
/Users/admin/builder/spi-builder-workspace/Sources/TokenizersFFI/Generated/TokenizersFFI.swift:1393:8: note: add stubs for conformance
struct FfiConverterTypeChatTemplateSource: FfiConverterRustBuffer {
^
/Users/admin/builder/spi-builder-workspace/Sources/TokenizersFFI/Generated/TokenizersFFI.swift:207:20: note: protocol requires nested type 'FfiType'
associatedtype FfiType
^
/Users/admin/builder/spi-builder-workspace/Sources/TokenizersFFI/Generated/TokenizersFFI.swift:1438:53: error: cannot find type 'RustBuffer' in scope
func FfiConverterTypeChatTemplateSource_lift(_ buf: RustBuffer) throws -> ChatTemplateSource {
^~~~~~~~~~
/Users/admin/builder/spi-builder-workspace/Sources/TokenizersFFI/Generated/TokenizersFFI.swift:1445:79: error: cannot find type 'RustBuffer' in scope
func FfiConverterTypeChatTemplateSource_lower(_ value: ChatTemplateSource) -> RustBuffer {
^~~~~~~~~~
/Users/admin/builder/spi-builder-workspace/Sources/TokenizersFFI/Generated/TokenizersFFI.swift:1476:25: error: cannot find type 'RustBuffer' in scope
typealias FfiType = RustBuffer
^~~~~~~~~~
/Users/admin/builder/spi-builder-workspace/Sources/TokenizersFFI/Generated/TokenizersFFI.swift:1475:8: error: type 'FfiConverterTypeOffsetUnit' does not conform to protocol 'FfiConverter'
struct FfiConverterTypeOffsetUnit: FfiConverterRustBuffer {
^
/Users/admin/builder/spi-builder-workspace/Sources/TokenizersFFI/Generated/TokenizersFFI.swift:1475:8: note: add stubs for conformance
struct FfiConverterTypeOffsetUnit: FfiConverterRustBuffer {
^
/Users/admin/builder/spi-builder-workspace/Sources/TokenizersFFI/Generated/TokenizersFFI.swift:207:20: note: protocol requires nested type 'FfiType'
associatedtype FfiType
^
/Users/admin/builder/spi-builder-workspace/Sources/TokenizersFFI/Generated/TokenizersFFI.swift:1510:45: error: cannot find type 'RustBuffer' in scope
func FfiConverterTypeOffsetUnit_lift(_ buf: RustBuffer) throws -> OffsetUnit {
^~~~~~~~~~
/Users/admin/builder/spi-builder-workspace/Sources/TokenizersFFI/Generated/TokenizersFFI.swift:1517:63: error: cannot find type 'RustBuffer' in scope
func FfiConverterTypeOffsetUnit_lower(_ value: OffsetUnit) -> RustBuffer {
^~~~~~~~~~
/Users/admin/builder/spi-builder-workspace/Sources/TokenizersFFI/Generated/TokenizersFFI.swift:1561:25: error: cannot find type 'RustBuffer' in scope
typealias FfiType = RustBuffer
^~~~~~~~~~
/Users/admin/builder/spi-builder-workspace/Sources/TokenizersFFI/Generated/TokenizersFFI.swift:1560:8: error: type 'FfiConverterTypeTokenizerError' does not conform to protocol 'FfiConverter'
struct FfiConverterTypeTokenizerError: FfiConverterRustBuffer {
^
/Users/admin/builder/spi-builder-workspace/Sources/TokenizersFFI/Generated/TokenizersFFI.swift:1560:8: note: add stubs for conformance
struct FfiConverterTypeTokenizerError: FfiConverterRustBuffer {
^
/Users/admin/builder/spi-builder-workspace/Sources/TokenizersFFI/Generated/TokenizersFFI.swift:207:20: note: protocol requires nested type 'FfiType'
associatedtype FfiType
^
/Users/admin/builder/spi-builder-workspace/Sources/TokenizersFFI/Generated/TokenizersFFI.swift:1619:49: error: cannot find type 'RustBuffer' in scope
func FfiConverterTypeTokenizerError_lift(_ buf: RustBuffer) throws -> TokenizerError {
^~~~~~~~~~
/Users/admin/builder/spi-builder-workspace/Sources/TokenizersFFI/Generated/TokenizersFFI.swift:1626:71: error: cannot find type 'RustBuffer' in scope
func FfiConverterTypeTokenizerError_lower(_ value: TokenizerError) -> RustBuffer {
^~~~~~~~~~
/Users/admin/builder/spi-builder-workspace/Sources/TokenizersFFI/Generated/TokenizersFFI.swift:1634:25: error: cannot find type 'RustBuffer' in scope
typealias FfiType = RustBuffer
^~~~~~~~~~
/Users/admin/builder/spi-builder-workspace/Sources/TokenizersFFI/Generated/TokenizersFFI.swift:1633:20: error: type 'FfiConverterOptionInt32' does not conform to protocol 'FfiConverter'
fileprivate struct FfiConverterOptionInt32: FfiConverterRustBuffer {
^
/Users/admin/builder/spi-builder-workspace/Sources/TokenizersFFI/Generated/TokenizersFFI.swift:1633:20: note: add stubs for conformance
fileprivate struct FfiConverterOptionInt32: FfiConverterRustBuffer {
^
/Users/admin/builder/spi-builder-workspace/Sources/TokenizersFFI/Generated/TokenizersFFI.swift:207:20: note: protocol requires nested type 'FfiType'
associatedtype FfiType
^
/Users/admin/builder/spi-builder-workspace/Sources/TokenizersFFI/Generated/TokenizersFFI.swift:1659:25: error: cannot find type 'RustBuffer' in scope
typealias FfiType = RustBuffer
^~~~~~~~~~
/Users/admin/builder/spi-builder-workspace/Sources/TokenizersFFI/Generated/TokenizersFFI.swift:1658:20: error: type 'FfiConverterOptionUInt64' does not conform to protocol 'FfiConverter'
fileprivate struct FfiConverterOptionUInt64: FfiConverterRustBuffer {
^
/Users/admin/builder/spi-builder-workspace/Sources/TokenizersFFI/Generated/TokenizersFFI.swift:1658:20: note: add stubs for conformance
fileprivate struct FfiConverterOptionUInt64: FfiConverterRustBuffer {
^
/Users/admin/builder/spi-builder-workspace/Sources/TokenizersFFI/Generated/TokenizersFFI.swift:207:20: note: protocol requires nested type 'FfiType'
associatedtype FfiType
^
/Users/admin/builder/spi-builder-workspace/Sources/TokenizersFFI/Generated/TokenizersFFI.swift:1684:25: error: cannot find type 'RustBuffer' in scope
typealias FfiType = RustBuffer
^~~~~~~~~~
/Users/admin/builder/spi-builder-workspace/Sources/TokenizersFFI/Generated/TokenizersFFI.swift:1683:20: error: type 'FfiConverterOptionString' does not conform to protocol 'FfiConverter'
fileprivate struct FfiConverterOptionString: FfiConverterRustBuffer {
^
/Users/admin/builder/spi-builder-workspace/Sources/TokenizersFFI/Generated/TokenizersFFI.swift:1683:20: note: add stubs for conformance
fileprivate struct FfiConverterOptionString: FfiConverterRustBuffer {
^
/Users/admin/builder/spi-builder-workspace/Sources/TokenizersFFI/Generated/TokenizersFFI.swift:207:20: note: protocol requires nested type 'FfiType'
associatedtype FfiType
^
/Users/admin/builder/spi-builder-workspace/Sources/TokenizersFFI/Generated/TokenizersFFI.swift:1709:25: error: cannot find type 'RustBuffer' in scope
typealias FfiType = RustBuffer
^~~~~~~~~~
/Users/admin/builder/spi-builder-workspace/Sources/TokenizersFFI/Generated/TokenizersFFI.swift:1708:20: error: type 'FfiConverterSequenceInt32' does not conform to protocol 'FfiConverter'
fileprivate struct FfiConverterSequenceInt32: FfiConverterRustBuffer {
^
/Users/admin/builder/spi-builder-workspace/Sources/TokenizersFFI/Generated/TokenizersFFI.swift:1708:20: note: add stubs for conformance
fileprivate struct FfiConverterSequenceInt32: FfiConverterRustBuffer {
^
/Users/admin/builder/spi-builder-workspace/Sources/TokenizersFFI/Generated/TokenizersFFI.swift:207:20: note: protocol requires nested type 'FfiType'
associatedtype FfiType
^
/Users/admin/builder/spi-builder-workspace/Sources/TokenizersFFI/Generated/TokenizersFFI.swift:1735:25: error: cannot find type 'RustBuffer' in scope
typealias FfiType = RustBuffer
^~~~~~~~~~
/Users/admin/builder/spi-builder-workspace/Sources/TokenizersFFI/Generated/TokenizersFFI.swift:1734:20: error: type 'FfiConverterSequenceString' does not conform to protocol 'FfiConverter'
fileprivate struct FfiConverterSequenceString: FfiConverterRustBuffer {
^
/Users/admin/builder/spi-builder-workspace/Sources/TokenizersFFI/Generated/TokenizersFFI.swift:1734:20: note: add stubs for conformance
fileprivate struct FfiConverterSequenceString: FfiConverterRustBuffer {
^
/Users/admin/builder/spi-builder-workspace/Sources/TokenizersFFI/Generated/TokenizersFFI.swift:207:20: note: protocol requires nested type 'FfiType'
associatedtype FfiType
^
/Users/admin/builder/spi-builder-workspace/Sources/TokenizersFFI/Generated/TokenizersFFI.swift:1761:25: error: cannot find type 'RustBuffer' in scope
typealias FfiType = RustBuffer
^~~~~~~~~~
/Users/admin/builder/spi-builder-workspace/Sources/TokenizersFFI/Generated/TokenizersFFI.swift:1760:20: error: type 'FfiConverterSequenceTypeEncodeInput' does not conform to protocol 'FfiConverter'
fileprivate struct FfiConverterSequenceTypeEncodeInput: FfiConverterRustBuffer {
^
/Users/admin/builder/spi-builder-workspace/Sources/TokenizersFFI/Generated/TokenizersFFI.swift:1760:20: note: add stubs for conformance
fileprivate struct FfiConverterSequenceTypeEncodeInput: FfiConverterRustBuffer {
^
/Users/admin/builder/spi-builder-workspace/Sources/TokenizersFFI/Generated/TokenizersFFI.swift:207:20: note: protocol requires nested type 'FfiType'
associatedtype FfiType
^
/Users/admin/builder/spi-builder-workspace/Sources/TokenizersFFI/Generated/TokenizersFFI.swift:1787:25: error: cannot find type 'RustBuffer' in scope
typealias FfiType = RustBuffer
^~~~~~~~~~
/Users/admin/builder/spi-builder-workspace/Sources/TokenizersFFI/Generated/TokenizersFFI.swift:1786:20: error: type 'FfiConverterSequenceTypeEncoding' does not conform to protocol 'FfiConverter'
fileprivate struct FfiConverterSequenceTypeEncoding: FfiConverterRustBuffer {
^
/Users/admin/builder/spi-builder-workspace/Sources/TokenizersFFI/Generated/TokenizersFFI.swift:1786:20: note: add stubs for conformance
fileprivate struct FfiConverterSequenceTypeEncoding: FfiConverterRustBuffer {
^
/Users/admin/builder/spi-builder-workspace/Sources/TokenizersFFI/Generated/TokenizersFFI.swift:207:20: note: protocol requires nested type 'FfiType'
associatedtype FfiType
^
/Users/admin/builder/spi-builder-workspace/Sources/TokenizersFFI/Generated/TokenizersFFI.swift:1813:25: error: cannot find type 'RustBuffer' in scope
typealias FfiType = RustBuffer
^~~~~~~~~~
/Users/admin/builder/spi-builder-workspace/Sources/TokenizersFFI/Generated/TokenizersFFI.swift:1812:20: error: type 'FfiConverterSequenceTypeEncodingMetadata' does not conform to protocol 'FfiConverter'
fileprivate struct FfiConverterSequenceTypeEncodingMetadata: FfiConverterRustBuffer {
^
/Users/admin/builder/spi-builder-workspace/Sources/TokenizersFFI/Generated/TokenizersFFI.swift:1812:20: note: add stubs for conformance
fileprivate struct FfiConverterSequenceTypeEncodingMetadata: FfiConverterRustBuffer {
^
/Users/admin/builder/spi-builder-workspace/Sources/TokenizersFFI/Generated/TokenizersFFI.swift:207:20: note: protocol requires nested type 'FfiType'
associatedtype FfiType
^
/Users/admin/builder/spi-builder-workspace/Sources/TokenizersFFI/Generated/TokenizersFFI.swift:1839:25: error: cannot find type 'RustBuffer' in scope
typealias FfiType = RustBuffer
^~~~~~~~~~
/Users/admin/builder/spi-builder-workspace/Sources/TokenizersFFI/Generated/TokenizersFFI.swift:1838:20: error: type 'FfiConverterSequenceTypeNamedChatTemplate' does not conform to protocol 'FfiConverter'
fileprivate struct FfiConverterSequenceTypeNamedChatTemplate: FfiConverterRustBuffer {
^
/Users/admin/builder/spi-builder-workspace/Sources/TokenizersFFI/Generated/TokenizersFFI.swift:1838:20: note: add stubs for conformance
fileprivate struct FfiConverterSequenceTypeNamedChatTemplate: FfiConverterRustBuffer {
^
/Users/admin/builder/spi-builder-workspace/Sources/TokenizersFFI/Generated/TokenizersFFI.swift:207:20: note: protocol requires nested type 'FfiType'
associatedtype FfiType
^
/Users/admin/builder/spi-builder-workspace/Sources/TokenizersFFI/Generated/TokenizersFFI.swift:1865:25: error: cannot find type 'RustBuffer' in scope
typealias FfiType = RustBuffer
^~~~~~~~~~
/Users/admin/builder/spi-builder-workspace/Sources/TokenizersFFI/Generated/TokenizersFFI.swift:1864:20: error: type 'FfiConverterSequenceTypeOffsetSpan' does not conform to protocol 'FfiConverter'
fileprivate struct FfiConverterSequenceTypeOffsetSpan: FfiConverterRustBuffer {
^
/Users/admin/builder/spi-builder-workspace/Sources/TokenizersFFI/Generated/TokenizersFFI.swift:1864:20: note: add stubs for conformance
fileprivate struct FfiConverterSequenceTypeOffsetSpan: FfiConverterRustBuffer {
^
/Users/admin/builder/spi-builder-workspace/Sources/TokenizersFFI/Generated/TokenizersFFI.swift:207:20: note: protocol requires nested type 'FfiType'
associatedtype FfiType
^
/Users/admin/builder/spi-builder-workspace/Sources/TokenizersFFI/Generated/TokenizersFFI.swift:1891:25: error: cannot find type 'RustBuffer' in scope
typealias FfiType = RustBuffer
^~~~~~~~~~
/Users/admin/builder/spi-builder-workspace/Sources/TokenizersFFI/Generated/TokenizersFFI.swift:1890:20: error: type 'FfiConverterSequenceOptionInt32' does not conform to protocol 'FfiConverter'
fileprivate struct FfiConverterSequenceOptionInt32: FfiConverterRustBuffer {
^
/Users/admin/builder/spi-builder-workspace/Sources/TokenizersFFI/Generated/TokenizersFFI.swift:1890:20: note: add stubs for conformance
fileprivate struct FfiConverterSequenceOptionInt32: FfiConverterRustBuffer {
^
/Users/admin/builder/spi-builder-workspace/Sources/TokenizersFFI/Generated/TokenizersFFI.swift:207:20: note: protocol requires nested type 'FfiType'
associatedtype FfiType
^
/Users/admin/builder/spi-builder-workspace/Sources/TokenizersFFI/Generated/TokenizersFFI.swift:1917:25: error: cannot find type 'RustBuffer' in scope
typealias FfiType = RustBuffer
^~~~~~~~~~
/Users/admin/builder/spi-builder-workspace/Sources/TokenizersFFI/Generated/TokenizersFFI.swift:1916:20: error: type 'FfiConverterSequenceSequenceInt32' does not conform to protocol 'FfiConverter'
fileprivate struct FfiConverterSequenceSequenceInt32: FfiConverterRustBuffer {
^
/Users/admin/builder/spi-builder-workspace/Sources/TokenizersFFI/Generated/TokenizersFFI.swift:1916:20: note: add stubs for conformance
fileprivate struct FfiConverterSequenceSequenceInt32: FfiConverterRustBuffer {
^
/Users/admin/builder/spi-builder-workspace/Sources/TokenizersFFI/Generated/TokenizersFFI.swift:207:20: note: protocol requires nested type 'FfiType'
associatedtype FfiType
^
/Users/admin/builder/spi-builder-workspace/Sources/TokenizersFFI/Generated/TokenizersFFI.swift:1975:40: error: cannot find 'ffi_tokenizers_rust_uniffi_contract_version' in scope
let scaffolding_contract_version = ffi_tokenizers_rust_uniffi_contract_version()
^~~~~~~~~~~~~~~~~~~~~~~~~~~~~~~~~~~~~~~~~~~
/Users/admin/builder/spi-builder-workspace/Sources/TokenizersFFI/Generated/TokenizersFFI.swift:1979:9: error: cannot find 'uniffi_tokenizers_rust_checksum_func_load_runtime_configuration' in scope
if (uniffi_tokenizers_rust_checksum_func_load_runtime_configuration() != 32094) {
^~~~~~~~~~~~~~~~~~~~~~~~~~~~~~~~~~~~~~~~~~~~~~~~~~~~~~~~~~~~~~~
/Users/admin/builder/spi-builder-workspace/Sources/TokenizersFFI/Generated/TokenizersFFI.swift:1982:9: error: cannot find 'uniffi_tokenizers_rust_checksum_func_render_template' in scope
if (uniffi_tokenizers_rust_checksum_func_render_template() != 14454) {
^~~~~~~~~~~~~~~~~~~~~~~~~~~~~~~~~~~~~~~~~~~~~~~~~~~~
/Users/admin/builder/spi-builder-workspace/Sources/TokenizersFFI/Generated/TokenizersFFI.swift:1985:9: error: cannot find 'uniffi_tokenizers_rust_checksum_method_tokenizer_apply_chat_template' in scope
if (uniffi_tokenizers_rust_checksum_method_tokenizer_apply_chat_template() != 44594) {
^~~~~~~~~~~~~~~~~~~~~~~~~~~~~~~~~~~~~~~~~~~~~~~~~~~~~~~~~~~~~~~~~~~~
/Users/admin/builder/spi-builder-workspace/Sources/TokenizersFFI/Generated/TokenizersFFI.swift:1988:9: error: cannot find 'uniffi_tokenizers_rust_checksum_method_tokenizer_convert_id_to_token' in scope
if (uniffi_tokenizers_rust_checksum_method_tokenizer_convert_id_to_token() != 16921) {
^~~~~~~~~~~~~~~~~~~~~~~~~~~~~~~~~~~~~~~~~~~~~~~~~~~~~~~~~~~~~~~~~~~~
/Users/admin/builder/spi-builder-workspace/Sources/TokenizersFFI/Generated/TokenizersFFI.swift:1991:9: error: cannot find 'uniffi_tokenizers_rust_checksum_method_tokenizer_convert_token_to_id' in scope
if (uniffi_tokenizers_rust_checksum_method_tokenizer_convert_token_to_id() != 2283) {
^~~~~~~~~~~~~~~~~~~~~~~~~~~~~~~~~~~~~~~~~~~~~~~~~~~~~~~~~~~~~~~~~~~~
/Users/admin/builder/spi-builder-workspace/Sources/TokenizersFFI/Generated/TokenizersFFI.swift:1994:9: error: cannot find 'uniffi_tokenizers_rust_checksum_method_tokenizer_decode' in scope
if (uniffi_tokenizers_rust_checksum_method_tokenizer_decode() != 35722) {
^~~~~~~~~~~~~~~~~~~~~~~~~~~~~~~~~~~~~~~~~~~~~~~~~~~~~~~
/Users/admin/builder/spi-builder-workspace/Sources/TokenizersFFI/Generated/TokenizersFFI.swift:1997:9: error: cannot find 'uniffi_tokenizers_rust_checksum_method_tokenizer_descriptor' in scope
if (uniffi_tokenizers_rust_checksum_method_tokenizer_descriptor() != 16135) {
^~~~~~~~~~~~~~~~~~~~~~~~~~~~~~~~~~~~~~~~~~~~~~~~~~~~~~~~~~~
/Users/admin/builder/spi-builder-workspace/Sources/TokenizersFFI/Generated/TokenizersFFI.swift:2000:9: error: cannot find 'uniffi_tokenizers_rust_checksum_method_tokenizer_encode' in scope
if (uniffi_tokenizers_rust_checksum_method_tokenizer_encode() != 40506) {
^~~~~~~~~~~~~~~~~~~~~~~~~~~~~~~~~~~~~~~~~~~~~~~~~~~~~~~
/Users/admin/builder/spi-builder-workspace/Sources/TokenizersFFI/Generated/TokenizersFFI.swift:2003:9: error: cannot find 'uniffi_tokenizers_rust_checksum_method_tokenizer_encode_batch' in scope
if (uniffi_tokenizers_rust_checksum_method_tokenizer_encode_batch() != 22039) {
^~~~~~~~~~~~~~~~~~~~~~~~~~~~~~~~~~~~~~~~~~~~~~~~~~~~~~~~~~~~~
/Users/admin/builder/spi-builder-workspace/Sources/TokenizersFFI/Generated/TokenizersFFI.swift:2006:9: error: cannot find 'uniffi_tokenizers_rust_checksum_method_tokenizer_encode_batch_with_metadata' in scope
if (uniffi_tokenizers_rust_checksum_method_tokenizer_encode_batch_with_metadata() != 43508) {
^~~~~~~~~~~~~~~~~~~~~~~~~~~~~~~~~~~~~~~~~~~~~~~~~~~~~~~~~~~~~~~~~~~~~~~~~~~
/Users/admin/builder/spi-builder-workspace/Sources/TokenizersFFI/Generated/TokenizersFFI.swift:2009:9: error: cannot find 'uniffi_tokenizers_rust_checksum_method_tokenizer_encode_with_metadata' in scope
if (uniffi_tokenizers_rust_checksum_method_tokenizer_encode_with_metadata() != 58122) {
^~~~~~~~~~~~~~~~~~~~~~~~~~~~~~~~~~~~~~~~~~~~~~~~~~~~~~~~~~~~~~~~~~~~~
/Users/admin/builder/spi-builder-workspace/Sources/TokenizersFFI/Generated/TokenizersFFI.swift:2012:9: error: cannot find 'uniffi_tokenizers_rust_checksum_method_tokenizer_tokenize' in scope
if (uniffi_tokenizers_rust_checksum_method_tokenizer_tokenize() != 36961) {
^~~~~~~~~~~~~~~~~~~~~~~~~~~~~~~~~~~~~~~~~~~~~~~~~~~~~~~~~
/Users/admin/builder/spi-builder-workspace/Sources/TokenizersFFI/Generated/TokenizersFFI.swift:2015:9: error: cannot find 'uniffi_tokenizers_rust_checksum_constructor_tokenizer_from_directory' in scope
if (uniffi_tokenizers_rust_checksum_constructor_tokenizer_from_directory() != 31313) {
^~~~~~~~~~~~~~~~~~~~~~~~~~~~~~~~~~~~~~~~~~~~~~~~~~~~~~~~~~~~~~~~~~~~
/Users/admin/builder/spi-builder-workspace/Sources/TokenizersFFI/Generated/TokenizersFFI.swift:2018:9: error: cannot find 'uniffi_tokenizers_rust_checksum_constructor_tokenizer_from_directory_with_runtime_configuration' in scope
if (uniffi_tokenizers_rust_checksum_constructor_tokenizer_from_directory_with_runtime_configuration() != 36470) {
^~~~~~~~~~~~~~~~~~~~~~~~~~~~~~~~~~~~~~~~~~~~~~~~~~~~~~~~~~~~~~~~~~~~~~~~~~~~~~~~~~~~~~~~~~~~~~~
SwiftCompile normal arm64 Compiling\ TokenizersFFI.swift /Users/admin/builder/spi-builder-workspace/Sources/TokenizersFFI/Generated/TokenizersFFI.swift (in target 'TokenizersFFI' from project 'swift-tokenizers')
SwiftCompile normal arm64 /Users/admin/builder/spi-builder-workspace/Sources/TokenizersFFI/Generated/TokenizersFFI.swift (in target 'TokenizersFFI' from project 'swift-tokenizers')
cd /Users/admin/builder/spi-builder-workspace/.swiftpm/xcode
2026-09-19 17:01:17.626 xcodebuild[833:4871] [MT] IDERunDestination: Supported platforms for the buildables in the current scheme is empty.
** BUILD FAILED **
The following build commands failed:
SwiftEmitModule normal arm64 Emitting\ module\ for\ TokenizersFFI (in target 'TokenizersFFI' from project 'swift-tokenizers')
EmitSwiftModule normal arm64 (in target 'TokenizersFFI' from project 'swift-tokenizers')
Building workspace spi-builder-workspace with scheme swift-tokenizers
(3 failures)
Command line invocation:
/Applications/Xcode-26.3.0.app/Contents/Developer/usr/bin/xcodebuild -IDEClonedSourcePackagesDirPathOverride=/Users/admin/builder/spi-builder-workspace/.dependencies -resolvePackageDependencies
Resolve Package Graph
Resolved source packages:
swift-hf-api: https://github.com/DePasqualeOrg/swift-hf-api.git @ 0.4.4
swift-asn1: https://github.com/apple/swift-asn1.git @ 1.7.3
swift-tokenizers: /Users/admin/builder/spi-builder-workspace
swift-crypto: https://github.com/apple/swift-crypto @ 4.5.2
resolved source packages: swift-hf-api, swift-asn1, swift-tokenizers, swift-crypto
2026-09-19 17:01:23.844 xcodebuild[920:5279] [MT] IDERunDestination: Supported platforms for the buildables in the current scheme is empty.
{
"dependencies" : [
{
"identity" : "swift-hf-api",
"requirement" : {
"range" : [
{
"lower_bound" : "0.4.2",
"upper_bound" : "0.5.0"
}
]
},
"type" : "sourceControl",
"url" : "https://github.com/DePasqualeOrg/swift-hf-api.git"
}
],
"manifest_display_name" : "swift-tokenizers",
"name" : "swift-tokenizers",
"path" : "/Users/admin/builder/spi-builder-workspace",
"platforms" : [
{
"name" : "ios",
"version" : "17.0"
},
{
"name" : "macos",
"version" : "14.0"
}
],
"products" : [
{
"name" : "Tokenizers",
"targets" : [
"Tokenizers"
],
"type" : {
"library" : [
"automatic"
]
}
}
],
"targets" : [
{
"c99name" : "TokenizersTests",
"module_type" : "SwiftTarget",
"name" : "TokenizersTests",
"path" : "Tests/TokenizersTests",
"product_dependencies" : [
"HFAPI"
],
"resources" : [
{
"path" : "/Users/admin/builder/spi-builder-workspace/Tests/TokenizersTests/Resources/bert_uncased_encoded.json",
"rule" : {
"process" : {
}
}
},
{
"path" : "/Users/admin/builder/spi-builder-workspace/Tests/TokenizersTests/Resources/distilbert_cased_encoded.json",
"rule" : {
"process" : {
}
}
},
{
"path" : "/Users/admin/builder/spi-builder-workspace/Tests/TokenizersTests/Resources/falcon_encoded.json",
"rule" : {
"process" : {
}
}
},
{
"path" : "/Users/admin/builder/spi-builder-workspace/Tests/TokenizersTests/Resources/gemma_encoded.json",
"rule" : {
"process" : {
}
}
},
{
"path" : "/Users/admin/builder/spi-builder-workspace/Tests/TokenizersTests/Resources/gpt2_encoded_tokens.json",
"rule" : {
"process" : {
}
}
},
{
"path" : "/Users/admin/builder/spi-builder-workspace/Tests/TokenizersTests/Resources/llama_3.2_encoded.json",
"rule" : {
"process" : {
}
}
},
{
"path" : "/Users/admin/builder/spi-builder-workspace/Tests/TokenizersTests/Resources/llama_encoded.json",
"rule" : {
"process" : {
}
}
},
{
"path" : "/Users/admin/builder/spi-builder-workspace/Tests/TokenizersTests/Resources/t5_base_encoded.json",
"rule" : {
"process" : {
}
}
},
{
"path" : "/Users/admin/builder/spi-builder-workspace/Tests/TokenizersTests/Resources/tokenizer.json",
"rule" : {
"process" : {
}
}
},
{
"path" : "/Users/admin/builder/spi-builder-workspace/Tests/TokenizersTests/Resources/tokenizer_config.json",
"rule" : {
"process" : {
}
}
},
{
"path" : "/Users/admin/builder/spi-builder-workspace/Tests/TokenizersTests/Resources/tokenizer_tests.json",
"rule" : {
"process" : {
}
}
},
{
"path" : "/Users/admin/builder/spi-builder-workspace/Tests/TokenizersTests/Resources/whisper_large_v2_encoded.json",
"rule" : {
"process" : {
}
}
},
{
"path" : "/Users/admin/builder/spi-builder-workspace/Tests/TokenizersTests/Resources/whisper_tiny_en_encoded.json",
"rule" : {
"process" : {
}
}
}
],
"sources" : [
"AlgorithmTests.swift",
"BaselineTests.swift",
"ChatTemplateTests.swift",
"FactoryTests.swift",
"TestHFClient.swift",
"ThrowingAPITests.swift",
"TokenizerTests.swift",
"UniffiSpikeTests.swift"
],
"target_dependencies" : [
"Tokenizers",
"TokenizersFFI"
],
"type" : "test"
},
{
"c99name" : "TokenizersRust",
"module_type" : "BinaryTarget",
"name" : "TokenizersRust",
"path" : "remote/archive/TokenizersRust-0.7.3.artifactbundle.zip",
"product_memberships" : [
"Tokenizers"
],
"sources" : [
],
"type" : "binary"
},
{
"c99name" : "TokenizersFFI",
"module_type" : "SwiftTarget",
"name" : "TokenizersFFI",
"path" : "Sources/TokenizersFFI",
"product_memberships" : [
"Tokenizers"
],
"resources" : [
{
"path" : "/Users/admin/builder/spi-builder-workspace/Sources/TokenizersFFI/Resources/PrivacyInfo.xcprivacy",
"rule" : {
"process" : {
}
}
}
],
"sources" : [
"Generated/TokenizersFFI.swift"
],
"target_dependencies" : [
"TokenizersRust"
],
"type" : "library"
},
{
"c99name" : "Tokenizers",
"module_type" : "SwiftTarget",
"name" : "Tokenizers",
"path" : "Sources/Tokenizers",
"product_memberships" : [
"Tokenizers"
],
"sources" : [
"AutoTokenizerDirectoryLoader.swift",
"ChatTemplate.swift",
"RustTokenizer.swift",
"StreamingDetokenizer.swift",
"Tokenizer.swift",
"TokenizerRuntimeConfiguration.swift"
],
"target_dependencies" : [
"TokenizersFFI"
],
"type" : "library"
}
],
"tools_version" : "6.2"
}
{
"workspace" : {
"name" : "spi-builder-workspace",
"schemes" : [
"swift-tokenizers"
]
}
}
2026-09-19 17:01:25.268 xcodebuild[937:5377] [MT] IDERunDestination: Supported platforms for the buildables in the current scheme is empty.
Running build ...
env DEVELOPER_DIR=/Applications/Xcode-26.3.0.app xcrun xcodebuild -IDEClonedSourcePackagesDirPathOverride=$PWD/.dependencies -skipMacroValidation -skipPackagePluginValidation -derivedDataPath $PWD/.derivedData build -scheme swift-tokenizers -destination generic/platform=tvOS
Command line invocation:
/Applications/Xcode-26.3.0.app/Contents/Developer/usr/bin/xcodebuild -IDEClonedSourcePackagesDirPathOverride=/Users/admin/builder/spi-builder-workspace/.dependencies -skipMacroValidation -skipPackagePluginValidation -derivedDataPath /Users/admin/builder/spi-builder-workspace/.derivedData build -scheme swift-tokenizers -destination generic/platform=tvOS
Resolve Package Graph
Resolved source packages:
swift-tokenizers: /Users/admin/builder/spi-builder-workspace
swift-crypto: https://github.com/apple/swift-crypto @ 4.5.2
swift-hf-api: https://github.com/DePasqualeOrg/swift-hf-api.git @ 0.4.4
swift-asn1: https://github.com/apple/swift-asn1.git @ 1.7.3
ComputePackagePrebuildTargetDependencyGraph
Prepare packages
CreateBuildRequest
SendProjectDescription
CreateBuildOperation
ComputeTargetDependencyGraph
note: Building targets in dependency order
note: Target dependency graph (4 targets)
Target 'Tokenizers' in project 'swift-tokenizers'
➜ Explicit dependency on target 'Tokenizers' in project 'swift-tokenizers'
➜ Explicit dependency on target 'TokenizersFFI' in project 'swift-tokenizers'
Target 'Tokenizers' in project 'swift-tokenizers'
➜ Explicit dependency on target 'TokenizersFFI' in project 'swift-tokenizers'
Target 'TokenizersFFI' in project 'swift-tokenizers'
➜ Explicit dependency on target 'swift-tokenizers_TokenizersFFI' in project 'swift-tokenizers'
Target 'swift-tokenizers_TokenizersFFI' in project 'swift-tokenizers' (no dependencies)
GatherProvisioningInputs
CreateBuildDescription
ClangStatCache /Applications/Xcode-26.3.0.app/Contents/Developer/Toolchains/XcodeDefault.xctoolchain/usr/bin/clang-stat-cache /Applications/Xcode-26.3.0.app/Contents/Developer/Platforms/AppleTVOS.platform/Developer/SDKs/AppleTVOS26.2.sdk /Users/admin/builder/spi-builder-workspace/.derivedData/SDKStatCaches.noindex/appletvos26.2-23K50-dc75598d0054f22ec865fa860f139d72c1feacec85df2e04b9fa10f95e757c08.sdkstatcache
cd /Users/admin/builder/spi-builder-workspace/.swiftpm/xcode
/Applications/Xcode-26.3.0.app/Contents/Developer/Toolchains/XcodeDefault.xctoolchain/usr/bin/clang-stat-cache /Applications/Xcode-26.3.0.app/Contents/Developer/Platforms/AppleTVOS.platform/Developer/SDKs/AppleTVOS26.2.sdk -o /Users/admin/builder/spi-builder-workspace/.derivedData/SDKStatCaches.noindex/appletvos26.2-23K50-dc75598d0054f22ec865fa860f139d72c1feacec85df2e04b9fa10f95e757c08.sdkstatcache
SwiftDriver TokenizersFFI normal arm64 com.apple.xcode.tools.swift.compiler (in target 'TokenizersFFI' from project 'swift-tokenizers')
cd /Users/admin/builder/spi-builder-workspace/.swiftpm/xcode
builtin-SwiftDriver -- /Applications/Xcode-26.3.0.app/Contents/Developer/Toolchains/XcodeDefault.xctoolchain/usr/bin/swiftc -module-name TokenizersFFI -Onone -enforce-exclusivity\=checked @/Users/admin/builder/spi-builder-workspace/.derivedData/Build/Intermediates.noindex/swift-tokenizers.build/Debug-appletvos/TokenizersFFI.build/Objects-normal/arm64/TokenizersFFI.SwiftFileList -DSWIFT_PACKAGE -DDEBUG -DSWIFT_MODULE_RESOURCE_BUNDLE_AVAILABLE -DXcode -plugin-path /Applications/Xcode-26.3.0.app/Contents/Developer/Toolchains/XcodeDefault.xctoolchain/usr/lib/swift/host/plugins/testing -enable-experimental-feature DebugDescriptionMacro -sdk /Applications/Xcode-26.3.0.app/Contents/Developer/Platforms/AppleTVOS.platform/Developer/SDKs/AppleTVOS26.2.sdk -target arm64-apple-tvos17.0 -g -module-cache-path /Users/admin/builder/spi-builder-workspace/.derivedData/ModuleCache.noindex -Xfrontend -serialize-debugging-options -profile-coverage-mapping -profile-generate -enable-testing -index-store-path /Users/admin/builder/spi-builder-workspace/.derivedData/Index.noindex/DataStore -Xcc -D_LIBCPP_HARDENING_MODE\=_LIBCPP_HARDENING_MODE_DEBUG -swift-version 6 -I /Users/admin/builder/spi-builder-workspace/.derivedData/Build/Products/Debug-appletvos -Isystem /Applications/Xcode-26.3.0.app/Contents/Developer/Platforms/AppleTVOS.platform/Developer/usr/lib -F /Users/admin/builder/spi-builder-workspace/.derivedData/Build/Products/Debug-appletvos -F /Applications/Xcode-26.3.0.app/Contents/Developer/Platforms/AppleTVOS.platform/Developer/Library/Frameworks -F /Applications/Xcode-26.3.0.app/Contents/Developer/Platforms/AppleTVOS.platform/Developer/SDKs/AppleTVOS26.2.sdk/Developer/Library/Frameworks -c -j10 -enable-batch-mode -incremental -Xcc -ivfsstatcache -Xcc /Users/admin/builder/spi-builder-workspace/.derivedData/SDKStatCaches.noindex/appletvos26.2-23K50-dc75598d0054f22ec865fa860f139d72c1feacec85df2e04b9fa10f95e757c08.sdkstatcache -output-file-map /Users/admin/builder/spi-builder-workspace/.derivedData/Build/Intermediates.noindex/swift-tokenizers.build/Debug-appletvos/TokenizersFFI.build/Objects-normal/arm64/TokenizersFFI-OutputFileMap.json -use-frontend-parseable-output -save-temps -no-color-diagnostics -explicit-module-build -module-cache-path /Users/admin/builder/spi-builder-workspace/.derivedData/Build/Intermediates.noindex/SwiftExplicitPrecompiledModules -clang-scanner-module-cache-path /Users/admin/builder/spi-builder-workspace/.derivedData/ModuleCache.noindex -sdk-module-cache-path /Users/admin/builder/spi-builder-workspace/.derivedData/ModuleCache.noindex -serialize-diagnostics -emit-dependencies -emit-module -emit-module-path /Users/admin/builder/spi-builder-workspace/.derivedData/Build/Intermediates.noindex/swift-tokenizers.build/Debug-appletvos/TokenizersFFI.build/Objects-normal/arm64/TokenizersFFI.swiftmodule -validate-clang-modules-once -clang-build-session-file /Users/admin/builder/spi-builder-workspace/.derivedData/ModuleCache.noindex/Session.modulevalidation -package-name spi_builder_workspace -Xcc -I/Users/admin/builder/spi-builder-workspace/.derivedData/Build/Intermediates.noindex/swift-tokenizers.build/Debug-appletvos/TokenizersFFI.build/swift-overrides.hmap -emit-const-values -Xfrontend -const-gather-protocols-file -Xfrontend /Users/admin/builder/spi-builder-workspace/.derivedData/Build/Intermediates.noindex/swift-tokenizers.build/Debug-appletvos/TokenizersFFI.build/Objects-normal/arm64/TokenizersFFI_const_extract_protocols.json -Xcc -I/Users/admin/builder/spi-builder-workspace/.derivedData/Build/Products/Debug-appletvos/include -Xcc -I/Users/admin/builder/spi-builder-workspace/.derivedData/Build/Intermediates.noindex/swift-tokenizers.build/Debug-appletvos/TokenizersFFI.build/DerivedSources-normal/arm64 -Xcc -I/Users/admin/builder/spi-builder-workspace/.derivedData/Build/Intermediates.noindex/swift-tokenizers.build/Debug-appletvos/TokenizersFFI.build/DerivedSources/arm64 -Xcc -I/Users/admin/builder/spi-builder-workspace/.derivedData/Build/Intermediates.noindex/swift-tokenizers.build/Debug-appletvos/TokenizersFFI.build/DerivedSources -Xcc -DSWIFT_PACKAGE -Xcc -DDEBUG\=1 -emit-objc-header -emit-objc-header-path /Users/admin/builder/spi-builder-workspace/.derivedData/Build/Intermediates.noindex/swift-tokenizers.build/Debug-appletvos/TokenizersFFI.build/Objects-normal/arm64/TokenizersFFI-Swift.h -working-directory /Users/admin/builder/spi-builder-workspace/.swiftpm/xcode -experimental-emit-module-separately -disable-cmo
SwiftCompile normal arm64 Compiling\ TokenizersFFI.swift /Users/admin/builder/spi-builder-workspace/Sources/TokenizersFFI/Generated/TokenizersFFI.swift (in target 'TokenizersFFI' from project 'swift-tokenizers')
SwiftCompile normal arm64 /Users/admin/builder/spi-builder-workspace/Sources/TokenizersFFI/Generated/TokenizersFFI.swift (in target 'TokenizersFFI' from project 'swift-tokenizers')
cd /Users/admin/builder/spi-builder-workspace/.swiftpm/xcode
SwiftEmitModule normal arm64 Emitting\ module\ for\ TokenizersFFI (in target 'TokenizersFFI' from project 'swift-tokenizers')
Failed frontend command:
/Applications/Xcode-26.3.0.app/Contents/Developer/Toolchains/XcodeDefault.xctoolchain/usr/bin/swift-frontend -frontend -emit-module -experimental-skip-non-inlinable-function-bodies-without-types /Users/admin/builder/spi-builder-workspace/.derivedData/Build/Intermediates.noindex/swift-tokenizers.build/Debug-appletvos/TokenizersFFI.build/DerivedSources/resource_bundle_accessor.swift /Users/admin/builder/spi-builder-workspace/Sources/TokenizersFFI/Generated/TokenizersFFI.swift -target arm64-apple-tvos17.0 -load-resolved-plugin /Applications/Xcode-26.3.0.app/Contents/Developer/Platforms/AppleTVOS.platform/Developer/usr/lib/swift/host/plugins/libFoundationMacros.dylib\#/Applications/Xcode-26.3.0.app/Contents/Developer/Platforms/AppleTVOS.platform/Developer/usr/bin/swift-plugin-server\#FoundationMacros -load-resolved-plugin /Applications/Xcode-26.3.0.app/Contents/Developer/Platforms/AppleTVOS.platform/Developer/usr/lib/swift/host/plugins/libObservationMacros.dylib\#/Applications/Xcode-26.3.0.app/Contents/Developer/Platforms/AppleTVOS.platform/Developer/usr/bin/swift-plugin-server\#ObservationMacros -load-resolved-plugin /Applications/Xcode-26.3.0.app/Contents/Developer/Platforms/AppleTVOS.platform/Developer/usr/lib/swift/host/plugins/libSwiftMacros.dylib\#/Applications/Xcode-26.3.0.app/Contents/Developer/Platforms/AppleTVOS.platform/Developer/usr/bin/swift-plugin-server\#SwiftMacros -disable-implicit-swift-modules -Xcc -fno-implicit-modules -Xcc -fno-implicit-module-maps -explicit-swift-module-map-file /Users/admin/builder/spi-builder-workspace/.derivedData/Build/Intermediates.noindex/swift-tokenizers.build/Debug-appletvos/TokenizersFFI.build/Objects-normal/arm64/TokenizersFFI-dependencies-1.json -Xllvm -aarch64-use-tbi -enable-objc-interop -stack-check -sdk /Applications/Xcode-26.3.0.app/Contents/Developer/Platforms/AppleTVOS.platform/Developer/SDKs/AppleTVOS26.2.sdk -I /Users/admin/builder/spi-builder-workspace/.derivedData/Build/Products/Debug-appletvos -Isystem /Applications/Xcode-26.3.0.app/Contents/Developer/Platforms/AppleTVOS.platform/Developer/usr/lib -F /Users/admin/builder/spi-builder-workspace/.derivedData/Build/Products/Debug-appletvos -F /Applications/Xcode-26.3.0.app/Contents/Developer/Platforms/AppleTVOS.platform/Developer/Library/Frameworks -F /Applications/Xcode-26.3.0.app/Contents/Developer/Platforms/AppleTVOS.platform/Developer/SDKs/AppleTVOS26.2.sdk/Developer/Library/Frameworks -no-color-diagnostics -Xcc -fno-color-diagnostics -enable-testing -g -debug-info-format\=dwarf -dwarf-version\=4 -module-cache-path /Users/admin/builder/spi-builder-workspace/.derivedData/Build/Intermediates.noindex/SwiftExplicitPrecompiledModules -profile-generate -profile-coverage-mapping -swift-version 6 -enforce-exclusivity\=checked -Onone -D SWIFT_PACKAGE -D DEBUG -D SWIFT_MODULE_RESOURCE_BUNDLE_AVAILABLE -D Xcode -serialize-debugging-options -const-gather-protocols-file /Users/admin/builder/spi-builder-workspace/.derivedData/Build/Intermediates.noindex/swift-tokenizers.build/Debug-appletvos/TokenizersFFI.build/Objects-normal/arm64/TokenizersFFI_const_extract_protocols.json -enable-experimental-feature DebugDescriptionMacro -empty-abi-descriptor -validate-clang-modules-once -clang-build-session-file /Users/admin/builder/spi-builder-workspace/.derivedData/ModuleCache.noindex/Session.modulevalidation -Xcc -working-directory -Xcc /Users/admin/builder/spi-builder-workspace/.swiftpm/xcode -enable-anonymous-context-mangled-names -file-compilation-dir /Users/admin/builder/spi-builder-workspace/.swiftpm/xcode -Xcc -D_LIBCPP_HARDENING_MODE\=_LIBCPP_HARDENING_MODE_DEBUG -Xcc -ivfsstatcache -Xcc /Users/admin/builder/spi-builder-workspace/.derivedData/SDKStatCaches.noindex/appletvos26.2-23K50-dc75598d0054f22ec865fa860f139d72c1feacec85df2e04b9fa10f95e757c08.sdkstatcache -Xcc -I/Users/admin/builder/spi-builder-workspace/.derivedData/Build/Intermediates.noindex/swift-tokenizers.build/Debug-appletvos/TokenizersFFI.build/swift-overrides.hmap -Xcc -I/Users/admin/builder/spi-builder-workspace/.derivedData/Build/Products/Debug-appletvos/include -Xcc -I/Users/admin/builder/spi-builder-workspace/.derivedData/Build/Intermediates.noindex/swift-tokenizers.build/Debug-appletvos/TokenizersFFI.build/DerivedSources-normal/arm64 -Xcc -I/Users/admin/builder/spi-builder-workspace/.derivedData/Build/Intermediates.noindex/swift-tokenizers.build/Debug-appletvos/TokenizersFFI.build/DerivedSources/arm64 -Xcc -I/Users/admin/builder/spi-builder-workspace/.derivedData/Build/Intermediates.noindex/swift-tokenizers.build/Debug-appletvos/TokenizersFFI.build/DerivedSources -Xcc -DSWIFT_PACKAGE -Xcc -DDEBUG\=1 -no-auto-bridging-header-chaining -module-name TokenizersFFI -package-name spi_builder_workspace -frontend-parseable-output -disable-clang-spi -target-sdk-version 26.2 -target-sdk-name appletvos26.2 -clang-target arm64-apple-tvos26.2 -in-process-plugin-server-path /Applications/Xcode-26.3.0.app/Contents/Developer/Toolchains/XcodeDefault.xctoolchain/usr/lib/swift/host/libSwiftInProcPluginServer.dylib -emit-module-doc-path /Users/admin/builder/spi-builder-workspace/.derivedData/Build/Intermediates.noindex/swift-tokenizers.build/Debug-appletvos/TokenizersFFI.build/Objects-normal/arm64/TokenizersFFI.swiftdoc -emit-module-source-info-path /Users/admin/builder/spi-builder-workspace/.derivedData/Build/Intermediates.noindex/swift-tokenizers.build/Debug-appletvos/TokenizersFFI.build/Objects-normal/arm64/TokenizersFFI.swiftsourceinfo -emit-objc-header-path /Users/admin/builder/spi-builder-workspace/.derivedData/Build/Intermediates.noindex/swift-tokenizers.build/Debug-appletvos/TokenizersFFI.build/Objects-normal/arm64/TokenizersFFI-Swift.h -serialize-diagnostics-path /Users/admin/builder/spi-builder-workspace/.derivedData/Build/Intermediates.noindex/swift-tokenizers.build/Debug-appletvos/TokenizersFFI.build/Objects-normal/arm64/TokenizersFFI-primary-emit-module.dia -emit-dependencies-path /Users/admin/builder/spi-builder-workspace/.derivedData/Build/Intermediates.noindex/swift-tokenizers.build/Debug-appletvos/TokenizersFFI.build/Objects-normal/arm64/TokenizersFFI-primary-emit-module.d -o /Users/admin/builder/spi-builder-workspace/.derivedData/Build/Intermediates.noindex/swift-tokenizers.build/Debug-appletvos/TokenizersFFI.build/Objects-normal/arm64/TokenizersFFI.swiftmodule -emit-abi-descriptor-path /Users/admin/builder/spi-builder-workspace/.derivedData/Build/Intermediates.noindex/swift-tokenizers.build/Debug-appletvos/TokenizersFFI.build/Objects-normal/arm64/TokenizersFFI.abi.json
EmitSwiftModule normal arm64 (in target 'TokenizersFFI' from project 'swift-tokenizers')
cd /Users/admin/builder/spi-builder-workspace/.swiftpm/xcode
/Users/admin/builder/spi-builder-workspace/Sources/TokenizersFFI/Generated/TokenizersFFI.swift:15:23: error: cannot find type 'RustBuffer' in scope
fileprivate extension RustBuffer {
^~~~~~~~~~
/Users/admin/builder/spi-builder-workspace/Sources/TokenizersFFI/Generated/TokenizersFFI.swift:39:23: error: cannot find type 'ForeignBytes' in scope
fileprivate extension ForeignBytes {
^~~~~~~~~~~~
/Users/admin/builder/spi-builder-workspace/Sources/TokenizersFFI/Generated/TokenizersFFI.swift:66:25: error: cannot find type 'ForeignBytes' in scope
typealias FfiType = ForeignBytes
^~~~~~~~~~~~
/Users/admin/builder/spi-builder-workspace/Sources/TokenizersFFI/Generated/TokenizersFFI.swift:68:50: error: cannot find type 'ForeignBytes' in scope
static func lower<R>(_ value: Data, _ body: (ForeignBytes) throws -> R) rethrows -> R {
^~~~~~~~~~~~
/Users/admin/builder/spi-builder-workspace/Sources/TokenizersFFI/Generated/TokenizersFFI.swift:74:41: error: cannot find type 'ForeignBytes' in scope
static func lower(_ value: Data) -> ForeignBytes {
^~~~~~~~~~~~
/Users/admin/builder/spi-builder-workspace/Sources/TokenizersFFI/Generated/TokenizersFFI.swift:78:31: error: cannot find type 'ForeignBytes' in scope
static func lift(_ value: ForeignBytes) throws -> Data {
^~~~~~~~~~~~
/Users/admin/builder/spi-builder-workspace/Sources/TokenizersFFI/Generated/TokenizersFFI.swift:64:18: error: type 'FfiConverterByRefBytes' does not conform to protocol 'FfiConverter'
fileprivate enum FfiConverterByRefBytes: FfiConverter {
^
/Users/admin/builder/spi-builder-workspace/Sources/TokenizersFFI/Generated/TokenizersFFI.swift:64:18: note: add stubs for conformance
fileprivate enum FfiConverterByRefBytes: FfiConverter {
^
/Users/admin/builder/spi-builder-workspace/Sources/TokenizersFFI/Generated/TokenizersFFI.swift:207:20: note: protocol requires nested type 'FfiType'
associatedtype FfiType
^
/Users/admin/builder/spi-builder-workspace/Sources/TokenizersFFI/Generated/TokenizersFFI.swift:99:22: error: cannot find type 'RustBuffer' in scope
init(rustBuffer: RustBuffer) {
^~~~~~~~~~
/Users/admin/builder/spi-builder-workspace/Sources/TokenizersFFI/Generated/TokenizersFFI.swift:247:29: error: cannot find type 'RustBuffer' in scope
static func lift(_ buf: RustBuffer) throws -> SwiftType {
^~~~~~~~~~
/Users/admin/builder/spi-builder-workspace/Sources/TokenizersFFI/Generated/TokenizersFFI.swift:260:46: error: cannot find type 'RustBuffer' in scope
static func lower(_ value: SwiftType) -> RustBuffer {
^~~~~~~~~~
/Users/admin/builder/spi-builder-workspace/Sources/TokenizersFFI/Generated/TokenizersFFI.swift:307:23: error: cannot find type 'RustCallStatus' in scope
fileprivate extension RustCallStatus {
^~~~~~~~~~~~~~
/Users/admin/builder/spi-builder-workspace/Sources/TokenizersFFI/Generated/TokenizersFFI.swift:320:60: error: cannot find type 'RustCallStatus' in scope
private func rustCall<T>(_ callback: (UnsafeMutablePointer<RustCallStatus>) -> T) throws -> T {
^~~~~~~~~~~~~~
/Users/admin/builder/spi-builder-workspace/Sources/TokenizersFFI/Generated/TokenizersFFI.swift:326:32: error: cannot find type 'RustBuffer' in scope
_ errorHandler: @escaping (RustBuffer) throws -> E,
^~~~~~~~~~
/Users/admin/builder/spi-builder-workspace/Sources/TokenizersFFI/Generated/TokenizersFFI.swift:327:39: error: cannot find type 'RustCallStatus' in scope
_ callback: (UnsafeMutablePointer<RustCallStatus>) -> T) throws -> T {
^~~~~~~~~~~~~~
/Users/admin/builder/spi-builder-workspace/Sources/TokenizersFFI/Generated/TokenizersFFI.swift:332:39: error: cannot find type 'RustCallStatus' in scope
_ callback: (UnsafeMutablePointer<RustCallStatus>) -> T,
^~~~~~~~~~~~~~
/Users/admin/builder/spi-builder-workspace/Sources/TokenizersFFI/Generated/TokenizersFFI.swift:333:21: error: cannot find type 'RustBuffer' in scope
errorHandler: ((RustBuffer) throws -> E)?
^~~~~~~~~~
/Users/admin/builder/spi-builder-workspace/Sources/TokenizersFFI/Generated/TokenizersFFI.swift:343:17: error: cannot find type 'RustCallStatus' in scope
callStatus: RustCallStatus,
^~~~~~~~~~~~~~
/Users/admin/builder/spi-builder-workspace/Sources/TokenizersFFI/Generated/TokenizersFFI.swift:344:21: error: cannot find type 'RustBuffer' in scope
errorHandler: ((RustBuffer) throws -> E)?
^~~~~~~~~~
/Users/admin/builder/spi-builder-workspace/Sources/TokenizersFFI/Generated/TokenizersFFI.swift:378:38: error: cannot find type 'RustCallStatus' in scope
callStatus: UnsafeMutablePointer<RustCallStatus>,
^~~~~~~~~~~~~~
/Users/admin/builder/spi-builder-workspace/Sources/TokenizersFFI/Generated/TokenizersFFI.swift:391:38: error: cannot find type 'RustCallStatus' in scope
callStatus: UnsafeMutablePointer<RustCallStatus>,
^~~~~~~~~~~~~~
/Users/admin/builder/spi-builder-workspace/Sources/TokenizersFFI/Generated/TokenizersFFI.swift:394:24: error: cannot find type 'RustBuffer' in scope
lowerError: (E) -> RustBuffer
^~~~~~~~~~
/Users/admin/builder/spi-builder-workspace/Sources/TokenizersFFI/Generated/TokenizersFFI.swift:531:25: error: cannot find type 'RustBuffer' in scope
typealias FfiType = RustBuffer
^~~~~~~~~~
/Users/admin/builder/spi-builder-workspace/Sources/TokenizersFFI/Generated/TokenizersFFI.swift:533:31: error: cannot find type 'RustBuffer' in scope
static func lift(_ value: RustBuffer) throws -> String {
^~~~~~~~~~
/Users/admin/builder/spi-builder-workspace/Sources/TokenizersFFI/Generated/TokenizersFFI.swift:548:43: error: cannot find type 'RustBuffer' in scope
static func lower(_ value: String) -> RustBuffer {
^~~~~~~~~~
/Users/admin/builder/spi-builder-workspace/Sources/TokenizersFFI/Generated/TokenizersFFI.swift:529:20: error: type 'FfiConverterString' does not conform to protocol 'FfiConverter'
fileprivate struct FfiConverterString: FfiConverter {
^
/Users/admin/builder/spi-builder-workspace/Sources/TokenizersFFI/Generated/TokenizersFFI.swift:529:20: note: add stubs for conformance
fileprivate struct FfiConverterString: FfiConverter {
^
/Users/admin/builder/spi-builder-workspace/Sources/TokenizersFFI/Generated/TokenizersFFI.swift:207:20: note: protocol requires nested type 'FfiType'
associatedtype FfiType
^
/Users/admin/builder/spi-builder-workspace/Sources/TokenizersFFI/Generated/TokenizersFFI.swift:886:25: error: cannot find type 'RustBuffer' in scope
typealias FfiType = RustBuffer
^~~~~~~~~~
/Users/admin/builder/spi-builder-workspace/Sources/TokenizersFFI/Generated/TokenizersFFI.swift:885:8: error: type 'FfiConverterTypeEncodeInput' does not conform to protocol 'FfiConverter'
struct FfiConverterTypeEncodeInput: FfiConverterRustBuffer {
^
/Users/admin/builder/spi-builder-workspace/Sources/TokenizersFFI/Generated/TokenizersFFI.swift:885:8: note: add stubs for conformance
struct FfiConverterTypeEncodeInput: FfiConverterRustBuffer {
^
/Users/admin/builder/spi-builder-workspace/Sources/TokenizersFFI/Generated/TokenizersFFI.swift:207:20: note: protocol requires nested type 'FfiType'
associatedtype FfiType
^
/Users/admin/builder/spi-builder-workspace/Sources/TokenizersFFI/Generated/TokenizersFFI.swift:906:46: error: cannot find type 'RustBuffer' in scope
func FfiConverterTypeEncodeInput_lift(_ buf: RustBuffer) throws -> EncodeInput {
^~~~~~~~~~
/Users/admin/builder/spi-builder-workspace/Sources/TokenizersFFI/Generated/TokenizersFFI.swift:913:65: error: cannot find type 'RustBuffer' in scope
func FfiConverterTypeEncodeInput_lower(_ value: EncodeInput) -> RustBuffer {
^~~~~~~~~~
/Users/admin/builder/spi-builder-workspace/Sources/TokenizersFFI/Generated/TokenizersFFI.swift:954:25: error: cannot find type 'RustBuffer' in scope
typealias FfiType = RustBuffer
^~~~~~~~~~
/Users/admin/builder/spi-builder-workspace/Sources/TokenizersFFI/Generated/TokenizersFFI.swift:953:8: error: type 'FfiConverterTypeEncoding' does not conform to protocol 'FfiConverter'
struct FfiConverterTypeEncoding: FfiConverterRustBuffer {
^
/Users/admin/builder/spi-builder-workspace/Sources/TokenizersFFI/Generated/TokenizersFFI.swift:953:8: note: add stubs for conformance
struct FfiConverterTypeEncoding: FfiConverterRustBuffer {
^
/Users/admin/builder/spi-builder-workspace/Sources/TokenizersFFI/Generated/TokenizersFFI.swift:207:20: note: protocol requires nested type 'FfiType'
associatedtype FfiType
^
/Users/admin/builder/spi-builder-workspace/Sources/TokenizersFFI/Generated/TokenizersFFI.swift:974:43: error: cannot find type 'RustBuffer' in scope
func FfiConverterTypeEncoding_lift(_ buf: RustBuffer) throws -> Encoding {
^~~~~~~~~~
/Users/admin/builder/spi-builder-workspace/Sources/TokenizersFFI/Generated/TokenizersFFI.swift:981:59: error: cannot find type 'RustBuffer' in scope
func FfiConverterTypeEncoding_lower(_ value: Encoding) -> RustBuffer {
^~~~~~~~~~
/Users/admin/builder/spi-builder-workspace/Sources/TokenizersFFI/Generated/TokenizersFFI.swift:1030:25: error: cannot find type 'RustBuffer' in scope
typealias FfiType = RustBuffer
^~~~~~~~~~
/Users/admin/builder/spi-builder-workspace/Sources/TokenizersFFI/Generated/TokenizersFFI.swift:1029:8: error: type 'FfiConverterTypeEncodingMetadata' does not conform to protocol 'FfiConverter'
struct FfiConverterTypeEncodingMetadata: FfiConverterRustBuffer {
^
/Users/admin/builder/spi-builder-workspace/Sources/TokenizersFFI/Generated/TokenizersFFI.swift:1029:8: note: add stubs for conformance
struct FfiConverterTypeEncodingMetadata: FfiConverterRustBuffer {
^
/Users/admin/builder/spi-builder-workspace/Sources/TokenizersFFI/Generated/TokenizersFFI.swift:207:20: note: protocol requires nested type 'FfiType'
associatedtype FfiType
^
/Users/admin/builder/spi-builder-workspace/Sources/TokenizersFFI/Generated/TokenizersFFI.swift:1066:51: error: cannot find type 'RustBuffer' in scope
func FfiConverterTypeEncodingMetadata_lift(_ buf: RustBuffer) throws -> EncodingMetadata {
^~~~~~~~~~
/Users/admin/builder/spi-builder-workspace/Sources/TokenizersFFI/Generated/TokenizersFFI.swift:1073:75: error: cannot find type 'RustBuffer' in scope
func FfiConverterTypeEncodingMetadata_lower(_ value: EncodingMetadata) -> RustBuffer {
^~~~~~~~~~
/Users/admin/builder/spi-builder-workspace/Sources/TokenizersFFI/Generated/TokenizersFFI.swift:1102:25: error: cannot find type 'RustBuffer' in scope
typealias FfiType = RustBuffer
^~~~~~~~~~
/Users/admin/builder/spi-builder-workspace/Sources/TokenizersFFI/Generated/TokenizersFFI.swift:1101:8: error: type 'FfiConverterTypeNamedChatTemplate' does not conform to protocol 'FfiConverter'
struct FfiConverterTypeNamedChatTemplate: FfiConverterRustBuffer {
^
/Users/admin/builder/spi-builder-workspace/Sources/TokenizersFFI/Generated/TokenizersFFI.swift:1101:8: note: add stubs for conformance
struct FfiConverterTypeNamedChatTemplate: FfiConverterRustBuffer {
^
/Users/admin/builder/spi-builder-workspace/Sources/TokenizersFFI/Generated/TokenizersFFI.swift:207:20: note: protocol requires nested type 'FfiType'
associatedtype FfiType
^
/Users/admin/builder/spi-builder-workspace/Sources/TokenizersFFI/Generated/TokenizersFFI.swift:1122:52: error: cannot find type 'RustBuffer' in scope
func FfiConverterTypeNamedChatTemplate_lift(_ buf: RustBuffer) throws -> NamedChatTemplate {
^~~~~~~~~~
/Users/admin/builder/spi-builder-workspace/Sources/TokenizersFFI/Generated/TokenizersFFI.swift:1129:77: error: cannot find type 'RustBuffer' in scope
func FfiConverterTypeNamedChatTemplate_lower(_ value: NamedChatTemplate) -> RustBuffer {
^~~~~~~~~~
/Users/admin/builder/spi-builder-workspace/Sources/TokenizersFFI/Generated/TokenizersFFI.swift:1162:25: error: cannot find type 'RustBuffer' in scope
typealias FfiType = RustBuffer
^~~~~~~~~~
/Users/admin/builder/spi-builder-workspace/Sources/TokenizersFFI/Generated/TokenizersFFI.swift:1161:8: error: type 'FfiConverterTypeOffsetSpan' does not conform to protocol 'FfiConverter'
struct FfiConverterTypeOffsetSpan: FfiConverterRustBuffer {
^
/Users/admin/builder/spi-builder-workspace/Sources/TokenizersFFI/Generated/TokenizersFFI.swift:1161:8: note: add stubs for conformance
struct FfiConverterTypeOffsetSpan: FfiConverterRustBuffer {
^
/Users/admin/builder/spi-builder-workspace/Sources/TokenizersFFI/Generated/TokenizersFFI.swift:207:20: note: protocol requires nested type 'FfiType'
associatedtype FfiType
^
/Users/admin/builder/spi-builder-workspace/Sources/TokenizersFFI/Generated/TokenizersFFI.swift:1182:45: error: cannot find type 'RustBuffer' in scope
func FfiConverterTypeOffsetSpan_lift(_ buf: RustBuffer) throws -> OffsetSpan {
^~~~~~~~~~
/Users/admin/builder/spi-builder-workspace/Sources/TokenizersFFI/Generated/TokenizersFFI.swift:1189:63: error: cannot find type 'RustBuffer' in scope
func FfiConverterTypeOffsetSpan_lower(_ value: OffsetSpan) -> RustBuffer {
^~~~~~~~~~
/Users/admin/builder/spi-builder-workspace/Sources/TokenizersFFI/Generated/TokenizersFFI.swift:1240:25: error: cannot find type 'RustBuffer' in scope
typealias FfiType = RustBuffer
^~~~~~~~~~
/Users/admin/builder/spi-builder-workspace/Sources/TokenizersFFI/Generated/TokenizersFFI.swift:1239:8: error: type 'FfiConverterTypeRuntimeConfiguration' does not conform to protocol 'FfiConverter'
struct FfiConverterTypeRuntimeConfiguration: FfiConverterRustBuffer {
^
/Users/admin/builder/spi-builder-workspace/Sources/TokenizersFFI/Generated/TokenizersFFI.swift:1239:8: note: add stubs for conformance
struct FfiConverterTypeRuntimeConfiguration: FfiConverterRustBuffer {
^
/Users/admin/builder/spi-builder-workspace/Sources/TokenizersFFI/Generated/TokenizersFFI.swift:207:20: note: protocol requires nested type 'FfiType'
associatedtype FfiType
^
/Users/admin/builder/spi-builder-workspace/Sources/TokenizersFFI/Generated/TokenizersFFI.swift:1278:55: error: cannot find type 'RustBuffer' in scope
func FfiConverterTypeRuntimeConfiguration_lift(_ buf: RustBuffer) throws -> RuntimeConfiguration {
^~~~~~~~~~
/Users/admin/builder/spi-builder-workspace/Sources/TokenizersFFI/Generated/TokenizersFFI.swift:1285:83: error: cannot find type 'RustBuffer' in scope
func FfiConverterTypeRuntimeConfiguration_lower(_ value: RuntimeConfiguration) -> RustBuffer {
^~~~~~~~~~
/Users/admin/builder/spi-builder-workspace/Sources/TokenizersFFI/Generated/TokenizersFFI.swift:1327:25: error: cannot find type 'RustBuffer' in scope
typealias FfiType = RustBuffer
^~~~~~~~~~
/Users/admin/builder/spi-builder-workspace/Sources/TokenizersFFI/Generated/TokenizersFFI.swift:1326:8: error: type 'FfiConverterTypeTokenizerDescriptor' does not conform to protocol 'FfiConverter'
struct FfiConverterTypeTokenizerDescriptor: FfiConverterRustBuffer {
^
/Users/admin/builder/spi-builder-workspace/Sources/TokenizersFFI/Generated/TokenizersFFI.swift:1326:8: note: add stubs for conformance
struct FfiConverterTypeTokenizerDescriptor: FfiConverterRustBuffer {
^
/Users/admin/builder/spi-builder-workspace/Sources/TokenizersFFI/Generated/TokenizersFFI.swift:207:20: note: protocol requires nested type 'FfiType'
associatedtype FfiType
^
/Users/admin/builder/spi-builder-workspace/Sources/TokenizersFFI/Generated/TokenizersFFI.swift:1355:54: error: cannot find type 'RustBuffer' in scope
func FfiConverterTypeTokenizerDescriptor_lift(_ buf: RustBuffer) throws -> TokenizerDescriptor {
^~~~~~~~~~
/Users/admin/builder/spi-builder-workspace/Sources/TokenizersFFI/Generated/TokenizersFFI.swift:1362:81: error: cannot find type 'RustBuffer' in scope
func FfiConverterTypeTokenizerDescriptor_lower(_ value: TokenizerDescriptor) -> RustBuffer {
^~~~~~~~~~
/Users/admin/builder/spi-builder-workspace/Sources/TokenizersFFI/Generated/TokenizersFFI.swift:1394:25: error: cannot find type 'RustBuffer' in scope
typealias FfiType = RustBuffer
^~~~~~~~~~
/Users/admin/builder/spi-builder-workspace/Sources/TokenizersFFI/Generated/TokenizersFFI.swift:1393:8: error: type 'FfiConverterTypeChatTemplateSource' does not conform to protocol 'FfiConverter'
struct FfiConverterTypeChatTemplateSource: FfiConverterRustBuffer {
^
/Users/admin/builder/spi-builder-workspace/Sources/TokenizersFFI/Generated/TokenizersFFI.swift:1393:8: note: add stubs for conformance
struct FfiConverterTypeChatTemplateSource: FfiConverterRustBuffer {
^
/Users/admin/builder/spi-builder-workspace/Sources/TokenizersFFI/Generated/TokenizersFFI.swift:207:20: note: protocol requires nested type 'FfiType'
associatedtype FfiType
^
/Users/admin/builder/spi-builder-workspace/Sources/TokenizersFFI/Generated/TokenizersFFI.swift:1438:53: error: cannot find type 'RustBuffer' in scope
func FfiConverterTypeChatTemplateSource_lift(_ buf: RustBuffer) throws -> ChatTemplateSource {
^~~~~~~~~~
/Users/admin/builder/spi-builder-workspace/Sources/TokenizersFFI/Generated/TokenizersFFI.swift:1445:79: error: cannot find type 'RustBuffer' in scope
func FfiConverterTypeChatTemplateSource_lower(_ value: ChatTemplateSource) -> RustBuffer {
^~~~~~~~~~
/Users/admin/builder/spi-builder-workspace/Sources/TokenizersFFI/Generated/TokenizersFFI.swift:1476:25: error: cannot find type 'RustBuffer' in scope
typealias FfiType = RustBuffer
^~~~~~~~~~
/Users/admin/builder/spi-builder-workspace/Sources/TokenizersFFI/Generated/TokenizersFFI.swift:1475:8: error: type 'FfiConverterTypeOffsetUnit' does not conform to protocol 'FfiConverter'
struct FfiConverterTypeOffsetUnit: FfiConverterRustBuffer {
^
/Users/admin/builder/spi-builder-workspace/Sources/TokenizersFFI/Generated/TokenizersFFI.swift:1475:8: note: add stubs for conformance
struct FfiConverterTypeOffsetUnit: FfiConverterRustBuffer {
^
/Users/admin/builder/spi-builder-workspace/Sources/TokenizersFFI/Generated/TokenizersFFI.swift:207:20: note: protocol requires nested type 'FfiType'
associatedtype FfiType
^
/Users/admin/builder/spi-builder-workspace/Sources/TokenizersFFI/Generated/TokenizersFFI.swift:1510:45: error: cannot find type 'RustBuffer' in scope
func FfiConverterTypeOffsetUnit_lift(_ buf: RustBuffer) throws -> OffsetUnit {
^~~~~~~~~~
/Users/admin/builder/spi-builder-workspace/Sources/TokenizersFFI/Generated/TokenizersFFI.swift:1517:63: error: cannot find type 'RustBuffer' in scope
func FfiConverterTypeOffsetUnit_lower(_ value: OffsetUnit) -> RustBuffer {
^~~~~~~~~~
/Users/admin/builder/spi-builder-workspace/Sources/TokenizersFFI/Generated/TokenizersFFI.swift:1561:25: error: cannot find type 'RustBuffer' in scope
typealias FfiType = RustBuffer
^~~~~~~~~~
/Users/admin/builder/spi-builder-workspace/Sources/TokenizersFFI/Generated/TokenizersFFI.swift:1560:8: error: type 'FfiConverterTypeTokenizerError' does not conform to protocol 'FfiConverter'
struct FfiConverterTypeTokenizerError: FfiConverterRustBuffer {
^
/Users/admin/builder/spi-builder-workspace/Sources/TokenizersFFI/Generated/TokenizersFFI.swift:1560:8: note: add stubs for conformance
struct FfiConverterTypeTokenizerError: FfiConverterRustBuffer {
^
/Users/admin/builder/spi-builder-workspace/Sources/TokenizersFFI/Generated/TokenizersFFI.swift:207:20: note: protocol requires nested type 'FfiType'
associatedtype FfiType
^
/Users/admin/builder/spi-builder-workspace/Sources/TokenizersFFI/Generated/TokenizersFFI.swift:1619:49: error: cannot find type 'RustBuffer' in scope
func FfiConverterTypeTokenizerError_lift(_ buf: RustBuffer) throws -> TokenizerError {
^~~~~~~~~~
/Users/admin/builder/spi-builder-workspace/Sources/TokenizersFFI/Generated/TokenizersFFI.swift:1626:71: error: cannot find type 'RustBuffer' in scope
func FfiConverterTypeTokenizerError_lower(_ value: TokenizerError) -> RustBuffer {
^~~~~~~~~~
/Users/admin/builder/spi-builder-workspace/Sources/TokenizersFFI/Generated/TokenizersFFI.swift:1634:25: error: cannot find type 'RustBuffer' in scope
typealias FfiType = RustBuffer
^~~~~~~~~~
/Users/admin/builder/spi-builder-workspace/Sources/TokenizersFFI/Generated/TokenizersFFI.swift:1633:20: error: type 'FfiConverterOptionInt32' does not conform to protocol 'FfiConverter'
fileprivate struct FfiConverterOptionInt32: FfiConverterRustBuffer {
^
/Users/admin/builder/spi-builder-workspace/Sources/TokenizersFFI/Generated/TokenizersFFI.swift:1633:20: note: add stubs for conformance
fileprivate struct FfiConverterOptionInt32: FfiConverterRustBuffer {
^
/Users/admin/builder/spi-builder-workspace/Sources/TokenizersFFI/Generated/TokenizersFFI.swift:207:20: note: protocol requires nested type 'FfiType'
associatedtype FfiType
^
/Users/admin/builder/spi-builder-workspace/Sources/TokenizersFFI/Generated/TokenizersFFI.swift:1659:25: error: cannot find type 'RustBuffer' in scope
typealias FfiType = RustBuffer
^~~~~~~~~~
/Users/admin/builder/spi-builder-workspace/Sources/TokenizersFFI/Generated/TokenizersFFI.swift:1658:20: error: type 'FfiConverterOptionUInt64' does not conform to protocol 'FfiConverter'
fileprivate struct FfiConverterOptionUInt64: FfiConverterRustBuffer {
^
/Users/admin/builder/spi-builder-workspace/Sources/TokenizersFFI/Generated/TokenizersFFI.swift:1658:20: note: add stubs for conformance
fileprivate struct FfiConverterOptionUInt64: FfiConverterRustBuffer {
^
/Users/admin/builder/spi-builder-workspace/Sources/TokenizersFFI/Generated/TokenizersFFI.swift:207:20: note: protocol requires nested type 'FfiType'
associatedtype FfiType
^
/Users/admin/builder/spi-builder-workspace/Sources/TokenizersFFI/Generated/TokenizersFFI.swift:1684:25: error: cannot find type 'RustBuffer' in scope
typealias FfiType = RustBuffer
^~~~~~~~~~
/Users/admin/builder/spi-builder-workspace/Sources/TokenizersFFI/Generated/TokenizersFFI.swift:1683:20: error: type 'FfiConverterOptionString' does not conform to protocol 'FfiConverter'
fileprivate struct FfiConverterOptionString: FfiConverterRustBuffer {
^
/Users/admin/builder/spi-builder-workspace/Sources/TokenizersFFI/Generated/TokenizersFFI.swift:1683:20: note: add stubs for conformance
fileprivate struct FfiConverterOptionString: FfiConverterRustBuffer {
^
/Users/admin/builder/spi-builder-workspace/Sources/TokenizersFFI/Generated/TokenizersFFI.swift:207:20: note: protocol requires nested type 'FfiType'
associatedtype FfiType
^
/Users/admin/builder/spi-builder-workspace/Sources/TokenizersFFI/Generated/TokenizersFFI.swift:1709:25: error: cannot find type 'RustBuffer' in scope
typealias FfiType = RustBuffer
^~~~~~~~~~
/Users/admin/builder/spi-builder-workspace/Sources/TokenizersFFI/Generated/TokenizersFFI.swift:1708:20: error: type 'FfiConverterSequenceInt32' does not conform to protocol 'FfiConverter'
fileprivate struct FfiConverterSequenceInt32: FfiConverterRustBuffer {
^
/Users/admin/builder/spi-builder-workspace/Sources/TokenizersFFI/Generated/TokenizersFFI.swift:1708:20: note: add stubs for conformance
fileprivate struct FfiConverterSequenceInt32: FfiConverterRustBuffer {
^
/Users/admin/builder/spi-builder-workspace/Sources/TokenizersFFI/Generated/TokenizersFFI.swift:207:20: note: protocol requires nested type 'FfiType'
associatedtype FfiType
^
/Users/admin/builder/spi-builder-workspace/Sources/TokenizersFFI/Generated/TokenizersFFI.swift:1735:25: error: cannot find type 'RustBuffer' in scope
typealias FfiType = RustBuffer
^~~~~~~~~~
/Users/admin/builder/spi-builder-workspace/Sources/TokenizersFFI/Generated/TokenizersFFI.swift:1734:20: error: type 'FfiConverterSequenceString' does not conform to protocol 'FfiConverter'
fileprivate struct FfiConverterSequenceString: FfiConverterRustBuffer {
^
/Users/admin/builder/spi-builder-workspace/Sources/TokenizersFFI/Generated/TokenizersFFI.swift:1734:20: note: add stubs for conformance
fileprivate struct FfiConverterSequenceString: FfiConverterRustBuffer {
^
/Users/admin/builder/spi-builder-workspace/Sources/TokenizersFFI/Generated/TokenizersFFI.swift:207:20: note: protocol requires nested type 'FfiType'
associatedtype FfiType
^
/Users/admin/builder/spi-builder-workspace/Sources/TokenizersFFI/Generated/TokenizersFFI.swift:1761:25: error: cannot find type 'RustBuffer' in scope
typealias FfiType = RustBuffer
^~~~~~~~~~
/Users/admin/builder/spi-builder-workspace/Sources/TokenizersFFI/Generated/TokenizersFFI.swift:1760:20: error: type 'FfiConverterSequenceTypeEncodeInput' does not conform to protocol 'FfiConverter'
fileprivate struct FfiConverterSequenceTypeEncodeInput: FfiConverterRustBuffer {
^
/Users/admin/builder/spi-builder-workspace/Sources/TokenizersFFI/Generated/TokenizersFFI.swift:1760:20: note: add stubs for conformance
fileprivate struct FfiConverterSequenceTypeEncodeInput: FfiConverterRustBuffer {
^
/Users/admin/builder/spi-builder-workspace/Sources/TokenizersFFI/Generated/TokenizersFFI.swift:207:20: note: protocol requires nested type 'FfiType'
associatedtype FfiType
^
/Users/admin/builder/spi-builder-workspace/Sources/TokenizersFFI/Generated/TokenizersFFI.swift:1787:25: error: cannot find type 'RustBuffer' in scope
typealias FfiType = RustBuffer
^~~~~~~~~~
/Users/admin/builder/spi-builder-workspace/Sources/TokenizersFFI/Generated/TokenizersFFI.swift:1786:20: error: type 'FfiConverterSequenceTypeEncoding' does not conform to protocol 'FfiConverter'
fileprivate struct FfiConverterSequenceTypeEncoding: FfiConverterRustBuffer {
^
/Users/admin/builder/spi-builder-workspace/Sources/TokenizersFFI/Generated/TokenizersFFI.swift:1786:20: note: add stubs for conformance
fileprivate struct FfiConverterSequenceTypeEncoding: FfiConverterRustBuffer {
^
/Users/admin/builder/spi-builder-workspace/Sources/TokenizersFFI/Generated/TokenizersFFI.swift:207:20: note: protocol requires nested type 'FfiType'
associatedtype FfiType
^
/Users/admin/builder/spi-builder-workspace/Sources/TokenizersFFI/Generated/TokenizersFFI.swift:1813:25: error: cannot find type 'RustBuffer' in scope
typealias FfiType = RustBuffer
^~~~~~~~~~
/Users/admin/builder/spi-builder-workspace/Sources/TokenizersFFI/Generated/TokenizersFFI.swift:1812:20: error: type 'FfiConverterSequenceTypeEncodingMetadata' does not conform to protocol 'FfiConverter'
fileprivate struct FfiConverterSequenceTypeEncodingMetadata: FfiConverterRustBuffer {
^
/Users/admin/builder/spi-builder-workspace/Sources/TokenizersFFI/Generated/TokenizersFFI.swift:1812:20: note: add stubs for conformance
fileprivate struct FfiConverterSequenceTypeEncodingMetadata: FfiConverterRustBuffer {
^
/Users/admin/builder/spi-builder-workspace/Sources/TokenizersFFI/Generated/TokenizersFFI.swift:207:20: note: protocol requires nested type 'FfiType'
associatedtype FfiType
^
/Users/admin/builder/spi-builder-workspace/Sources/TokenizersFFI/Generated/TokenizersFFI.swift:1839:25: error: cannot find type 'RustBuffer' in scope
typealias FfiType = RustBuffer
^~~~~~~~~~
/Users/admin/builder/spi-builder-workspace/Sources/TokenizersFFI/Generated/TokenizersFFI.swift:1838:20: error: type 'FfiConverterSequenceTypeNamedChatTemplate' does not conform to protocol 'FfiConverter'
fileprivate struct FfiConverterSequenceTypeNamedChatTemplate: FfiConverterRustBuffer {
^
/Users/admin/builder/spi-builder-workspace/Sources/TokenizersFFI/Generated/TokenizersFFI.swift:1838:20: note: add stubs for conformance
fileprivate struct FfiConverterSequenceTypeNamedChatTemplate: FfiConverterRustBuffer {
^
/Users/admin/builder/spi-builder-workspace/Sources/TokenizersFFI/Generated/TokenizersFFI.swift:207:20: note: protocol requires nested type 'FfiType'
associatedtype FfiType
^
/Users/admin/builder/spi-builder-workspace/Sources/TokenizersFFI/Generated/TokenizersFFI.swift:1865:25: error: cannot find type 'RustBuffer' in scope
typealias FfiType = RustBuffer
^~~~~~~~~~
/Users/admin/builder/spi-builder-workspace/Sources/TokenizersFFI/Generated/TokenizersFFI.swift:1864:20: error: type 'FfiConverterSequenceTypeOffsetSpan' does not conform to protocol 'FfiConverter'
fileprivate struct FfiConverterSequenceTypeOffsetSpan: FfiConverterRustBuffer {
^
/Users/admin/builder/spi-builder-workspace/Sources/TokenizersFFI/Generated/TokenizersFFI.swift:1864:20: note: add stubs for conformance
fileprivate struct FfiConverterSequenceTypeOffsetSpan: FfiConverterRustBuffer {
^
/Users/admin/builder/spi-builder-workspace/Sources/TokenizersFFI/Generated/TokenizersFFI.swift:207:20: note: protocol requires nested type 'FfiType'
associatedtype FfiType
^
/Users/admin/builder/spi-builder-workspace/Sources/TokenizersFFI/Generated/TokenizersFFI.swift:1891:25: error: cannot find type 'RustBuffer' in scope
typealias FfiType = RustBuffer
^~~~~~~~~~
/Users/admin/builder/spi-builder-workspace/Sources/TokenizersFFI/Generated/TokenizersFFI.swift:1890:20: error: type 'FfiConverterSequenceOptionInt32' does not conform to protocol 'FfiConverter'
fileprivate struct FfiConverterSequenceOptionInt32: FfiConverterRustBuffer {
^
/Users/admin/builder/spi-builder-workspace/Sources/TokenizersFFI/Generated/TokenizersFFI.swift:1890:20: note: add stubs for conformance
fileprivate struct FfiConverterSequenceOptionInt32: FfiConverterRustBuffer {
^
/Users/admin/builder/spi-builder-workspace/Sources/TokenizersFFI/Generated/TokenizersFFI.swift:207:20: note: protocol requires nested type 'FfiType'
associatedtype FfiType
^
/Users/admin/builder/spi-builder-workspace/Sources/TokenizersFFI/Generated/TokenizersFFI.swift:1917:25: error: cannot find type 'RustBuffer' in scope
typealias FfiType = RustBuffer
^~~~~~~~~~
/Users/admin/builder/spi-builder-workspace/Sources/TokenizersFFI/Generated/TokenizersFFI.swift:1916:20: error: type 'FfiConverterSequenceSequenceInt32' does not conform to protocol 'FfiConverter'
fileprivate struct FfiConverterSequenceSequenceInt32: FfiConverterRustBuffer {
^
/Users/admin/builder/spi-builder-workspace/Sources/TokenizersFFI/Generated/TokenizersFFI.swift:1916:20: note: add stubs for conformance
fileprivate struct FfiConverterSequenceSequenceInt32: FfiConverterRustBuffer {
^
/Users/admin/builder/spi-builder-workspace/Sources/TokenizersFFI/Generated/TokenizersFFI.swift:207:20: note: protocol requires nested type 'FfiType'
associatedtype FfiType
^
/Users/admin/builder/spi-builder-workspace/Sources/TokenizersFFI/Generated/TokenizersFFI.swift:1975:40: error: cannot find 'ffi_tokenizers_rust_uniffi_contract_version' in scope
let scaffolding_contract_version = ffi_tokenizers_rust_uniffi_contract_version()
^~~~~~~~~~~~~~~~~~~~~~~~~~~~~~~~~~~~~~~~~~~
/Users/admin/builder/spi-builder-workspace/Sources/TokenizersFFI/Generated/TokenizersFFI.swift:1979:9: error: cannot find 'uniffi_tokenizers_rust_checksum_func_load_runtime_configuration' in scope
if (uniffi_tokenizers_rust_checksum_func_load_runtime_configuration() != 32094) {
^~~~~~~~~~~~~~~~~~~~~~~~~~~~~~~~~~~~~~~~~~~~~~~~~~~~~~~~~~~~~~~
/Users/admin/builder/spi-builder-workspace/Sources/TokenizersFFI/Generated/TokenizersFFI.swift:1982:9: error: cannot find 'uniffi_tokenizers_rust_checksum_func_render_template' in scope
if (uniffi_tokenizers_rust_checksum_func_render_template() != 14454) {
^~~~~~~~~~~~~~~~~~~~~~~~~~~~~~~~~~~~~~~~~~~~~~~~~~~~
/Users/admin/builder/spi-builder-workspace/Sources/TokenizersFFI/Generated/TokenizersFFI.swift:1985:9: error: cannot find 'uniffi_tokenizers_rust_checksum_method_tokenizer_apply_chat_template' in scope
if (uniffi_tokenizers_rust_checksum_method_tokenizer_apply_chat_template() != 44594) {
^~~~~~~~~~~~~~~~~~~~~~~~~~~~~~~~~~~~~~~~~~~~~~~~~~~~~~~~~~~~~~~~~~~~
/Users/admin/builder/spi-builder-workspace/Sources/TokenizersFFI/Generated/TokenizersFFI.swift:1988:9: error: cannot find 'uniffi_tokenizers_rust_checksum_method_tokenizer_convert_id_to_token' in scope
if (uniffi_tokenizers_rust_checksum_method_tokenizer_convert_id_to_token() != 16921) {
^~~~~~~~~~~~~~~~~~~~~~~~~~~~~~~~~~~~~~~~~~~~~~~~~~~~~~~~~~~~~~~~~~~~
/Users/admin/builder/spi-builder-workspace/Sources/TokenizersFFI/Generated/TokenizersFFI.swift:1991:9: error: cannot find 'uniffi_tokenizers_rust_checksum_method_tokenizer_convert_token_to_id' in scope
if (uniffi_tokenizers_rust_checksum_method_tokenizer_convert_token_to_id() != 2283) {
^~~~~~~~~~~~~~~~~~~~~~~~~~~~~~~~~~~~~~~~~~~~~~~~~~~~~~~~~~~~~~~~~~~~
/Users/admin/builder/spi-builder-workspace/Sources/TokenizersFFI/Generated/TokenizersFFI.swift:1994:9: error: cannot find 'uniffi_tokenizers_rust_checksum_method_tokenizer_decode' in scope
if (uniffi_tokenizers_rust_checksum_method_tokenizer_decode() != 35722) {
^~~~~~~~~~~~~~~~~~~~~~~~~~~~~~~~~~~~~~~~~~~~~~~~~~~~~~~
/Users/admin/builder/spi-builder-workspace/Sources/TokenizersFFI/Generated/TokenizersFFI.swift:1997:9: error: cannot find 'uniffi_tokenizers_rust_checksum_method_tokenizer_descriptor' in scope
if (uniffi_tokenizers_rust_checksum_method_tokenizer_descriptor() != 16135) {
^~~~~~~~~~~~~~~~~~~~~~~~~~~~~~~~~~~~~~~~~~~~~~~~~~~~~~~~~~~
/Users/admin/builder/spi-builder-workspace/Sources/TokenizersFFI/Generated/TokenizersFFI.swift:2000:9: error: cannot find 'uniffi_tokenizers_rust_checksum_method_tokenizer_encode' in scope
if (uniffi_tokenizers_rust_checksum_method_tokenizer_encode() != 40506) {
^~~~~~~~~~~~~~~~~~~~~~~~~~~~~~~~~~~~~~~~~~~~~~~~~~~~~~~
/Users/admin/builder/spi-builder-workspace/Sources/TokenizersFFI/Generated/TokenizersFFI.swift:2003:9: error: cannot find 'uniffi_tokenizers_rust_checksum_method_tokenizer_encode_batch' in scope
if (uniffi_tokenizers_rust_checksum_method_tokenizer_encode_batch() != 22039) {
^~~~~~~~~~~~~~~~~~~~~~~~~~~~~~~~~~~~~~~~~~~~~~~~~~~~~~~~~~~~~
/Users/admin/builder/spi-builder-workspace/Sources/TokenizersFFI/Generated/TokenizersFFI.swift:2006:9: error: cannot find 'uniffi_tokenizers_rust_checksum_method_tokenizer_encode_batch_with_metadata' in scope
if (uniffi_tokenizers_rust_checksum_method_tokenizer_encode_batch_with_metadata() != 43508) {
^~~~~~~~~~~~~~~~~~~~~~~~~~~~~~~~~~~~~~~~~~~~~~~~~~~~~~~~~~~~~~~~~~~~~~~~~~~
/Users/admin/builder/spi-builder-workspace/Sources/TokenizersFFI/Generated/TokenizersFFI.swift:2009:9: error: cannot find 'uniffi_tokenizers_rust_checksum_method_tokenizer_encode_with_metadata' in scope
if (uniffi_tokenizers_rust_checksum_method_tokenizer_encode_with_metadata() != 58122) {
^~~~~~~~~~~~~~~~~~~~~~~~~~~~~~~~~~~~~~~~~~~~~~~~~~~~~~~~~~~~~~~~~~~~~
/Users/admin/builder/spi-builder-workspace/Sources/TokenizersFFI/Generated/TokenizersFFI.swift:2012:9: error: cannot find 'uniffi_tokenizers_rust_checksum_method_tokenizer_tokenize' in scope
if (uniffi_tokenizers_rust_checksum_method_tokenizer_tokenize() != 36961) {
^~~~~~~~~~~~~~~~~~~~~~~~~~~~~~~~~~~~~~~~~~~~~~~~~~~~~~~~~
/Users/admin/builder/spi-builder-workspace/Sources/TokenizersFFI/Generated/TokenizersFFI.swift:2015:9: error: cannot find 'uniffi_tokenizers_rust_checksum_constructor_tokenizer_from_directory' in scope
if (uniffi_tokenizers_rust_checksum_constructor_tokenizer_from_directory() != 31313) {
^~~~~~~~~~~~~~~~~~~~~~~~~~~~~~~~~~~~~~~~~~~~~~~~~~~~~~~~~~~~~~~~~~~~
/Users/admin/builder/spi-builder-workspace/Sources/TokenizersFFI/Generated/TokenizersFFI.swift:2018:9: error: cannot find 'uniffi_tokenizers_rust_checksum_constructor_tokenizer_from_directory_with_runtime_configuration' in scope
if (uniffi_tokenizers_rust_checksum_constructor_tokenizer_from_directory_with_runtime_configuration() != 36470) {
^~~~~~~~~~~~~~~~~~~~~~~~~~~~~~~~~~~~~~~~~~~~~~~~~~~~~~~~~~~~~~~~~~~~~~~~~~~~~~~~~~~~~~~~~~~~~~~
SwiftCompile normal arm64 Compiling\ resource_bundle_accessor.swift /Users/admin/builder/spi-builder-workspace/.derivedData/Build/Intermediates.noindex/swift-tokenizers.build/Debug-appletvos/TokenizersFFI.build/DerivedSources/resource_bundle_accessor.swift (in target 'TokenizersFFI' from project 'swift-tokenizers')
SwiftCompile normal arm64 /Users/admin/builder/spi-builder-workspace/.derivedData/Build/Intermediates.noindex/swift-tokenizers.build/Debug-appletvos/TokenizersFFI.build/DerivedSources/resource_bundle_accessor.swift (in target 'TokenizersFFI' from project 'swift-tokenizers')
cd /Users/admin/builder/spi-builder-workspace/.swiftpm/xcode
2026-09-19 17:01:26.436 xcodebuild[948:5441] [MT] IDERunDestination: Supported platforms for the buildables in the current scheme is empty.
** BUILD FAILED **
The following build commands failed:
SwiftEmitModule normal arm64 Emitting\ module\ for\ TokenizersFFI (in target 'TokenizersFFI' from project 'swift-tokenizers')
EmitSwiftModule normal arm64 (in target 'TokenizersFFI' from project 'swift-tokenizers')
Building workspace spi-builder-workspace with scheme swift-tokenizers
(3 failures)
BUILD FAILURE 6.2 tvOS