The Swift Package Index logo.Swift Package Index

Build Information

Failed to build MarkdownText, reference 1.2.0 (c5f5e3), with Swift 6.4 for watchOS using Xcode 27.0 on 19 Sep 2026 04:59:48 UTC.

Build Command

env DEVELOPER_DIR=/Applications/Xcode-27.0.0-Release.Candidate.app xcrun xcodebuild -IDEClonedSourcePackagesDirPathOverride=$PWD/.dependencies -skipMacroValidation -skipPackagePluginValidation -derivedDataPath $PWD/.derivedData build -scheme MarkdownText -destination generic/platform=watchOS

Build Log

    cd /Users/admin/builder/spi-builder-workspace/.swiftpm/xcode
    builtin-SwiftPerFileCompile DragIndicator.swift
SwiftCompile normal arm64_32 /Users/admin/builder/spi-builder-workspace/.dependencies/checkouts/SwiftUIBackports/Sources/SwiftUIBackports/iOS/Presentation/InteractiveDetent.swift (in target 'SwiftUIBackports' from project 'SwiftUIBackports')
    cd /Users/admin/builder/spi-builder-workspace/.swiftpm/xcode
    builtin-SwiftPerFileCompile InteractiveDetent.swift
SwiftCompile normal arm64_32 /Users/admin/builder/spi-builder-workspace/.dependencies/checkouts/SwiftUIBackports/Sources/SwiftUIBackports/iOS/Presentation/InteractiveDismiss.swift (in target 'SwiftUIBackports' from project 'SwiftUIBackports')
    cd /Users/admin/builder/spi-builder-workspace/.swiftpm/xcode
    builtin-SwiftPerFileCompile InteractiveDismiss.swift
SwiftCompile normal arm64_32 /Users/admin/builder/spi-builder-workspace/.dependencies/checkouts/SwiftUIBackports/Sources/SwiftUIBackports/iOS/ScaledMetric/ScaledMetric.swift (in target 'SwiftUIBackports' from project 'SwiftUIBackports')
    cd /Users/admin/builder/spi-builder-workspace/.swiftpm/xcode
    builtin-SwiftPerFileCompile ScaledMetric.swift
SwiftCompile normal arm64_32 /Users/admin/builder/spi-builder-workspace/.dependencies/checkouts/SwiftUIBackports/Sources/SwiftUIBackports/iOS/ScrollView/Scroll+Environment.swift (in target 'SwiftUIBackports' from project 'SwiftUIBackports')
    cd /Users/admin/builder/spi-builder-workspace/.swiftpm/xcode
    builtin-SwiftPerFileCompile Scroll+Environment.swift
SwiftCompile normal arm64_32 /Users/admin/builder/spi-builder-workspace/.dependencies/checkouts/SwiftUIBackports/Sources/SwiftUIBackports/iOS/ScrollView/ScrollDismissesKeyboardMode.swift (in target 'SwiftUIBackports' from project 'SwiftUIBackports')
    cd /Users/admin/builder/spi-builder-workspace/.swiftpm/xcode
    builtin-SwiftPerFileCompile ScrollDismissesKeyboardMode.swift
SwiftCompile normal arm64_32 /Users/admin/builder/spi-builder-workspace/.dependencies/checkouts/SwiftUIBackports/Sources/SwiftUIBackports/iOS/ScrollView/ScrollEnabled.swift (in target 'SwiftUIBackports' from project 'SwiftUIBackports')
    cd /Users/admin/builder/spi-builder-workspace/.swiftpm/xcode
    builtin-SwiftPerFileCompile ScrollEnabled.swift
SwiftCompile normal arm64_32 /Users/admin/builder/spi-builder-workspace/.dependencies/checkouts/SwiftUIBackports/Sources/SwiftUIBackports/iOS/ScrollView/ScrollIndicatorVisibility.swift (in target 'SwiftUIBackports' from project 'SwiftUIBackports')
    cd /Users/admin/builder/spi-builder-workspace/.swiftpm/xcode
    builtin-SwiftPerFileCompile ScrollIndicatorVisibility.swift
SwiftCompile normal arm64_32 /Users/admin/builder/spi-builder-workspace/.dependencies/checkouts/SwiftUIBackports/Sources/SwiftUIBackports/iOS/ScrollView/ScrollIndicators.swift (in target 'SwiftUIBackports' from project 'SwiftUIBackports')
    cd /Users/admin/builder/spi-builder-workspace/.swiftpm/xcode
    builtin-SwiftPerFileCompile ScrollIndicators.swift
SwiftDriverJobDiscovery normal arm64_32 Compiling UIScene.swift, VisualEffect+iOS.swift, VisualEffect+macOS.swift, AppStorage.swift, AsyncImage.swift, Background.swift, Dismiss.swift, DynamicType+Environment.swift, DynamicType+Modifiers.swift, DynamicType.swift, ProposedViewSize.swift, Renderer.swift, Label.swift (in target 'SwiftUIBackports' from project 'SwiftUIBackports')
SwiftCompile normal arm64_32 Compiling\ ScrollKeyboardDismiss.swift,\ Submit.swift,\ ColorProviders.swift,\ FontProviders.swift,\ TextEditor+Support.swift,\ TextEditor.swift,\ UICollectionViewCell.swift,\ UITableViewCell.swift,\ ProposedInsets.swift,\ ProposedSize.swift,\ UIContentConfiguration.swift,\ UIHostingConfiguration.swift /Users/admin/builder/spi-builder-workspace/.dependencies/checkouts/SwiftUIBackports/Sources/SwiftUIBackports/iOS/ScrollView/ScrollKeyboardDismiss.swift /Users/admin/builder/spi-builder-workspace/.dependencies/checkouts/SwiftUIBackports/Sources/SwiftUIBackports/iOS/Submit/Submit.swift /Users/admin/builder/spi-builder-workspace/.dependencies/checkouts/SwiftUIBackports/Sources/SwiftUIBackports/iOS/TextEditor/ColorProviders.swift /Users/admin/builder/spi-builder-workspace/.dependencies/checkouts/SwiftUIBackports/Sources/SwiftUIBackports/iOS/TextEditor/FontProviders.swift /Users/admin/builder/spi-builder-workspace/.dependencies/checkouts/SwiftUIBackports/Sources/SwiftUIBackports/iOS/TextEditor/TextEditor+Support.swift /Users/admin/builder/spi-builder-workspace/.dependencies/checkouts/SwiftUIBackports/Sources/SwiftUIBackports/iOS/TextEditor/TextEditor.swift /Users/admin/builder/spi-builder-workspace/.dependencies/checkouts/SwiftUIBackports/Sources/SwiftUIBackports/iOS/UIHostingConfiguration/Cells/UICollectionViewCell.swift /Users/admin/builder/spi-builder-workspace/.dependencies/checkouts/SwiftUIBackports/Sources/SwiftUIBackports/iOS/UIHostingConfiguration/Cells/UITableViewCell.swift /Users/admin/builder/spi-builder-workspace/.dependencies/checkouts/SwiftUIBackports/Sources/SwiftUIBackports/iOS/UIHostingConfiguration/ProposedInsets.swift /Users/admin/builder/spi-builder-workspace/.dependencies/checkouts/SwiftUIBackports/Sources/SwiftUIBackports/iOS/UIHostingConfiguration/ProposedSize.swift /Users/admin/builder/spi-builder-workspace/.dependencies/checkouts/SwiftUIBackports/Sources/SwiftUIBackports/iOS/UIHostingConfiguration/UIContentConfiguration.swift /Users/admin/builder/spi-builder-workspace/.dependencies/checkouts/SwiftUIBackports/Sources/SwiftUIBackports/iOS/UIHostingConfiguration/UIHostingConfiguration.swift (in target 'SwiftUIBackports' from project 'SwiftUIBackports')
SwiftCompile normal arm64_32 /Users/admin/builder/spi-builder-workspace/.dependencies/checkouts/SwiftUIBackports/Sources/SwiftUIBackports/iOS/ScrollView/ScrollKeyboardDismiss.swift (in target 'SwiftUIBackports' from project 'SwiftUIBackports')
    cd /Users/admin/builder/spi-builder-workspace/.swiftpm/xcode
    builtin-SwiftPerFileCompile ScrollKeyboardDismiss.swift
SwiftCompile normal arm64_32 /Users/admin/builder/spi-builder-workspace/.dependencies/checkouts/SwiftUIBackports/Sources/SwiftUIBackports/iOS/Submit/Submit.swift (in target 'SwiftUIBackports' from project 'SwiftUIBackports')
    cd /Users/admin/builder/spi-builder-workspace/.swiftpm/xcode
    builtin-SwiftPerFileCompile Submit.swift
SwiftCompile normal arm64_32 /Users/admin/builder/spi-builder-workspace/.dependencies/checkouts/SwiftUIBackports/Sources/SwiftUIBackports/iOS/TextEditor/ColorProviders.swift (in target 'SwiftUIBackports' from project 'SwiftUIBackports')
    cd /Users/admin/builder/spi-builder-workspace/.swiftpm/xcode
    builtin-SwiftPerFileCompile ColorProviders.swift
SwiftCompile normal arm64_32 /Users/admin/builder/spi-builder-workspace/.dependencies/checkouts/SwiftUIBackports/Sources/SwiftUIBackports/iOS/TextEditor/FontProviders.swift (in target 'SwiftUIBackports' from project 'SwiftUIBackports')
    cd /Users/admin/builder/spi-builder-workspace/.swiftpm/xcode
    builtin-SwiftPerFileCompile FontProviders.swift
SwiftCompile normal arm64_32 /Users/admin/builder/spi-builder-workspace/.dependencies/checkouts/SwiftUIBackports/Sources/SwiftUIBackports/iOS/TextEditor/TextEditor+Support.swift (in target 'SwiftUIBackports' from project 'SwiftUIBackports')
    cd /Users/admin/builder/spi-builder-workspace/.swiftpm/xcode
    builtin-SwiftPerFileCompile TextEditor+Support.swift
SwiftCompile normal arm64_32 /Users/admin/builder/spi-builder-workspace/.dependencies/checkouts/SwiftUIBackports/Sources/SwiftUIBackports/iOS/TextEditor/TextEditor.swift (in target 'SwiftUIBackports' from project 'SwiftUIBackports')
    cd /Users/admin/builder/spi-builder-workspace/.swiftpm/xcode
    builtin-SwiftPerFileCompile TextEditor.swift
SwiftCompile normal arm64_32 /Users/admin/builder/spi-builder-workspace/.dependencies/checkouts/SwiftUIBackports/Sources/SwiftUIBackports/iOS/UIHostingConfiguration/Cells/UICollectionViewCell.swift (in target 'SwiftUIBackports' from project 'SwiftUIBackports')
    cd /Users/admin/builder/spi-builder-workspace/.swiftpm/xcode
    builtin-SwiftPerFileCompile UICollectionViewCell.swift
SwiftCompile normal arm64_32 /Users/admin/builder/spi-builder-workspace/.dependencies/checkouts/SwiftUIBackports/Sources/SwiftUIBackports/iOS/UIHostingConfiguration/Cells/UITableViewCell.swift (in target 'SwiftUIBackports' from project 'SwiftUIBackports')
    cd /Users/admin/builder/spi-builder-workspace/.swiftpm/xcode
    builtin-SwiftPerFileCompile UITableViewCell.swift
SwiftCompile normal arm64_32 /Users/admin/builder/spi-builder-workspace/.dependencies/checkouts/SwiftUIBackports/Sources/SwiftUIBackports/iOS/UIHostingConfiguration/ProposedInsets.swift (in target 'SwiftUIBackports' from project 'SwiftUIBackports')
    cd /Users/admin/builder/spi-builder-workspace/.swiftpm/xcode
    builtin-SwiftPerFileCompile ProposedInsets.swift
SwiftCompile normal arm64_32 /Users/admin/builder/spi-builder-workspace/.dependencies/checkouts/SwiftUIBackports/Sources/SwiftUIBackports/iOS/UIHostingConfiguration/ProposedSize.swift (in target 'SwiftUIBackports' from project 'SwiftUIBackports')
    cd /Users/admin/builder/spi-builder-workspace/.swiftpm/xcode
    builtin-SwiftPerFileCompile ProposedSize.swift
SwiftCompile normal arm64_32 /Users/admin/builder/spi-builder-workspace/.dependencies/checkouts/SwiftUIBackports/Sources/SwiftUIBackports/iOS/UIHostingConfiguration/UIContentConfiguration.swift (in target 'SwiftUIBackports' from project 'SwiftUIBackports')
    cd /Users/admin/builder/spi-builder-workspace/.swiftpm/xcode
    builtin-SwiftPerFileCompile UIContentConfiguration.swift
SwiftCompile normal arm64_32 /Users/admin/builder/spi-builder-workspace/.dependencies/checkouts/SwiftUIBackports/Sources/SwiftUIBackports/iOS/UIHostingConfiguration/UIHostingConfiguration.swift (in target 'SwiftUIBackports' from project 'SwiftUIBackports')
    cd /Users/admin/builder/spi-builder-workspace/.swiftpm/xcode
    builtin-SwiftPerFileCompile UIHostingConfiguration.swift
SwiftDriverJobDiscovery normal arm64 Compiling FetchAssetList.swift, FetchCollectionList.swift, PhotosPicker+View.swift, PhotosPicker.swift, PhotosPickerItem.swift, PhotosPickerSelectionBehavior.swift, PickerFilter.swift, PickerResult.swift, Hosts.swift, PhotosPickerView.swift, ProgressView.swift, ProgressViewConfiguration.swift (in target 'SwiftUIBackports' from project 'SwiftUIBackports')
SwiftCompile normal arm64 Compiling\ resource_bundle_accessor.swift,\ Backport.swift,\ FittingGeometryReader.swift,\ FittingScrollView.swift,\ Presenatation+Deprecations.swift,\ Environment+String.swift,\ Environment.swift,\ Inspect.swift,\ NSItemProvider+Async.swift,\ OwningController.swift,\ Platforms.swift,\ SafeArea.swift,\ String+LocalizationKey.swift /Users/admin/builder/spi-builder-workspace/.derivedData/Build/Intermediates.noindex/SwiftUIBackports.build/Debug-watchos/SwiftUIBackports-t.build/DerivedSources/resource_bundle_accessor.swift /Users/admin/builder/spi-builder-workspace/.dependencies/checkouts/SwiftUIBackports/Sources/SwiftUIBackports/Backport.swift /Users/admin/builder/spi-builder-workspace/.dependencies/checkouts/SwiftUIBackports/Sources/SwiftUIBackports/Deprecations/FittingGeometryReader.swift /Users/admin/builder/spi-builder-workspace/.dependencies/checkouts/SwiftUIBackports/Sources/SwiftUIBackports/Deprecations/FittingScrollView.swift /Users/admin/builder/spi-builder-workspace/.dependencies/checkouts/SwiftUIBackports/Sources/SwiftUIBackports/Deprecations/Presenatation+Deprecations.swift /Users/admin/builder/spi-builder-workspace/.dependencies/checkouts/SwiftUIBackports/Sources/SwiftUIBackports/Internal/Environment+String.swift /Users/admin/builder/spi-builder-workspace/.dependencies/checkouts/SwiftUIBackports/Sources/SwiftUIBackports/Internal/Environment.swift /Users/admin/builder/spi-builder-workspace/.dependencies/checkouts/SwiftUIBackports/Sources/SwiftUIBackports/Internal/Inspect.swift /Users/admin/builder/spi-builder-workspace/.dependencies/checkouts/SwiftUIBackports/Sources/SwiftUIBackports/Internal/NSItemProvider+Async.swift /Users/admin/builder/spi-builder-workspace/.dependencies/checkouts/SwiftUIBackports/Sources/SwiftUIBackports/Internal/OwningController.swift /Users/admin/builder/spi-builder-workspace/.dependencies/checkouts/SwiftUIBackports/Sources/SwiftUIBackports/Internal/Platforms.swift /Users/admin/builder/spi-builder-workspace/.dependencies/checkouts/SwiftUIBackports/Sources/SwiftUIBackports/Internal/SafeArea.swift /Users/admin/builder/spi-builder-workspace/.dependencies/checkouts/SwiftUIBackports/Sources/SwiftUIBackports/Internal/String+LocalizationKey.swift (in target 'SwiftUIBackports' from project 'SwiftUIBackports')
SwiftCompile normal arm64 /Users/admin/builder/spi-builder-workspace/.derivedData/Build/Intermediates.noindex/SwiftUIBackports.build/Debug-watchos/SwiftUIBackports-t.build/DerivedSources/resource_bundle_accessor.swift (in target 'SwiftUIBackports' from project 'SwiftUIBackports')
    cd /Users/admin/builder/spi-builder-workspace/.swiftpm/xcode
    builtin-SwiftPerFileCompile resource_bundle_accessor.swift
SwiftCompile normal arm64 /Users/admin/builder/spi-builder-workspace/.dependencies/checkouts/SwiftUIBackports/Sources/SwiftUIBackports/Backport.swift (in target 'SwiftUIBackports' from project 'SwiftUIBackports')
    cd /Users/admin/builder/spi-builder-workspace/.swiftpm/xcode
    builtin-SwiftPerFileCompile Backport.swift
SwiftCompile normal arm64 /Users/admin/builder/spi-builder-workspace/.dependencies/checkouts/SwiftUIBackports/Sources/SwiftUIBackports/Deprecations/FittingGeometryReader.swift (in target 'SwiftUIBackports' from project 'SwiftUIBackports')
    cd /Users/admin/builder/spi-builder-workspace/.swiftpm/xcode
    builtin-SwiftPerFileCompile FittingGeometryReader.swift
SwiftCompile normal arm64 /Users/admin/builder/spi-builder-workspace/.dependencies/checkouts/SwiftUIBackports/Sources/SwiftUIBackports/Deprecations/FittingScrollView.swift (in target 'SwiftUIBackports' from project 'SwiftUIBackports')
    cd /Users/admin/builder/spi-builder-workspace/.swiftpm/xcode
    builtin-SwiftPerFileCompile FittingScrollView.swift
SwiftCompile normal arm64 /Users/admin/builder/spi-builder-workspace/.dependencies/checkouts/SwiftUIBackports/Sources/SwiftUIBackports/Deprecations/Presenatation+Deprecations.swift (in target 'SwiftUIBackports' from project 'SwiftUIBackports')
    cd /Users/admin/builder/spi-builder-workspace/.swiftpm/xcode
    builtin-SwiftPerFileCompile Presenatation+Deprecations.swift
SwiftCompile normal arm64 /Users/admin/builder/spi-builder-workspace/.dependencies/checkouts/SwiftUIBackports/Sources/SwiftUIBackports/Internal/Environment+String.swift (in target 'SwiftUIBackports' from project 'SwiftUIBackports')
    cd /Users/admin/builder/spi-builder-workspace/.swiftpm/xcode
    builtin-SwiftPerFileCompile Environment+String.swift
SwiftCompile normal arm64 /Users/admin/builder/spi-builder-workspace/.dependencies/checkouts/SwiftUIBackports/Sources/SwiftUIBackports/Internal/Environment.swift (in target 'SwiftUIBackports' from project 'SwiftUIBackports')
    cd /Users/admin/builder/spi-builder-workspace/.swiftpm/xcode
    builtin-SwiftPerFileCompile Environment.swift
SwiftCompile normal arm64 /Users/admin/builder/spi-builder-workspace/.dependencies/checkouts/SwiftUIBackports/Sources/SwiftUIBackports/Internal/Inspect.swift (in target 'SwiftUIBackports' from project 'SwiftUIBackports')
    cd /Users/admin/builder/spi-builder-workspace/.swiftpm/xcode
    builtin-SwiftPerFileCompile Inspect.swift
SwiftCompile normal arm64 /Users/admin/builder/spi-builder-workspace/.dependencies/checkouts/SwiftUIBackports/Sources/SwiftUIBackports/Internal/NSItemProvider+Async.swift (in target 'SwiftUIBackports' from project 'SwiftUIBackports')
    cd /Users/admin/builder/spi-builder-workspace/.swiftpm/xcode
    builtin-SwiftPerFileCompile NSItemProvider+Async.swift
SwiftCompile normal arm64 /Users/admin/builder/spi-builder-workspace/.dependencies/checkouts/SwiftUIBackports/Sources/SwiftUIBackports/Internal/OwningController.swift (in target 'SwiftUIBackports' from project 'SwiftUIBackports')
    cd /Users/admin/builder/spi-builder-workspace/.swiftpm/xcode
    builtin-SwiftPerFileCompile OwningController.swift
SwiftCompile normal arm64 /Users/admin/builder/spi-builder-workspace/.dependencies/checkouts/SwiftUIBackports/Sources/SwiftUIBackports/Internal/Platforms.swift (in target 'SwiftUIBackports' from project 'SwiftUIBackports')
    cd /Users/admin/builder/spi-builder-workspace/.swiftpm/xcode
    builtin-SwiftPerFileCompile Platforms.swift
SwiftCompile normal arm64 /Users/admin/builder/spi-builder-workspace/.dependencies/checkouts/SwiftUIBackports/Sources/SwiftUIBackports/Internal/SafeArea.swift (in target 'SwiftUIBackports' from project 'SwiftUIBackports')
    cd /Users/admin/builder/spi-builder-workspace/.swiftpm/xcode
    builtin-SwiftPerFileCompile SafeArea.swift
SwiftCompile normal arm64 /Users/admin/builder/spi-builder-workspace/.dependencies/checkouts/SwiftUIBackports/Sources/SwiftUIBackports/Internal/String+LocalizationKey.swift (in target 'SwiftUIBackports' from project 'SwiftUIBackports')
    cd /Users/admin/builder/spi-builder-workspace/.swiftpm/xcode
    builtin-SwiftPerFileCompile String+LocalizationKey.swift
SwiftDriverJobDiscovery normal arm64 Compiling ContentInteraction.swift, CornerRadius.swift, Detents.swift, DragIndicator.swift, InteractiveDetent.swift, InteractiveDismiss.swift, ScaledMetric.swift, Scroll+Environment.swift, ScrollDismissesKeyboardMode.swift, ScrollEnabled.swift, ScrollIndicatorVisibility.swift, ScrollIndicators.swift (in target 'SwiftUIBackports' from project 'SwiftUIBackports')
SwiftDriver\ Compilation SwiftBackports normal arm64_32 com.apple.xcode.tools.swift.compiler (in target 'SwiftBackports' from project 'SwiftBackports')
    cd /Users/admin/builder/spi-builder-workspace/.swiftpm/xcode
    builtin-Swift-Compilation -- /Applications/Xcode-27.0.0-Release.Candidate.app/Contents/Developer/Toolchains/XcodeDefault.xctoolchain/usr/bin/swiftc -parse-as-library -module-name SwiftBackports -Onone @/Users/admin/builder/spi-builder-workspace/.derivedData/Build/Intermediates.noindex/SwiftBackports.build/Debug-watchos/SwiftBackports-t.build/Objects-normal/arm64_32/SwiftBackports.SwiftFileList -DSWIFT_PACKAGE -DDEBUG -DSWIFT_MODULE_RESOURCE_BUNDLE_UNAVAILABLE -DXcode -plugin-path /Applications/Xcode-27.0.0-Release.Candidate.app/Contents/Developer/Toolchains/XcodeDefault.xctoolchain/usr/lib/swift/host/plugins/testing -enable-experimental-feature DebugDescriptionMacro -sdk /Applications/Xcode-27.0.0-Release.Candidate.app/Contents/Developer/Platforms/WatchOS.platform/Developer/SDKs/WatchOS27.0.sdk -target arm64_32-apple-watchos9.0 -g -module-cache-path /Users/admin/builder/spi-builder-workspace/.derivedData/ModuleCache.noindex -Xfrontend -serialize-debugging-options -enable-testing -suppress-warnings -index-store-path /Users/admin/builder/spi-builder-workspace/.derivedData/Index.noindex/DataStore -Xcc -D_LIBCPP_HARDENING_MODE\=_LIBCPP_HARDENING_MODE_DEBUG -swift-version 5 -I /Users/admin/builder/spi-builder-workspace/.derivedData/Build/Products/Debug-watchos -Isystem /Applications/Xcode-27.0.0-Release.Candidate.app/Contents/Developer/Platforms/WatchOS.platform/Developer/usr/lib -F /Users/admin/builder/spi-builder-workspace/.derivedData/Build/Products/Debug-watchos -F /Applications/Xcode-27.0.0-Release.Candidate.app/Contents/Developer/Platforms/WatchOS.platform/Developer/Library/Frameworks -F /Applications/Xcode-27.0.0-Release.Candidate.app/Contents/Developer/Platforms/WatchOS.platform/Developer/SDKs/WatchOS27.0.sdk/Developer/Library/Frameworks -c -j10 -enable-batch-mode -incremental -Xcc -ivfsstatcache -Xcc /Users/admin/builder/spi-builder-workspace/.derivedData/SDKStatCaches.noindex/watchos27.0-24R360-e829b21a6f8c9b70876ba0858053c04477534ef55a1706bf4c1112bbb242f0a2.sdkstatcache -output-file-map /Users/admin/builder/spi-builder-workspace/.derivedData/Build/Intermediates.noindex/SwiftBackports.build/Debug-watchos/SwiftBackports-t.build/Objects-normal/arm64_32/SwiftBackports-OutputFileMap.json -save-temps -no-color-diagnostics -explicit-module-build -module-cache-path /Users/admin/builder/spi-builder-workspace/.derivedData/Build/Intermediates.noindex/SwiftExplicitPrecompiledModules -clang-scanner-module-cache-path /Users/admin/builder/spi-builder-workspace/.derivedData/ModuleCache.noindex -sdk-module-cache-path /Users/admin/builder/spi-builder-workspace/.derivedData/SDKExplicitPrecompiledModules -emit-dependencies -emit-module -emit-module-path /Users/admin/builder/spi-builder-workspace/.derivedData/Build/Intermediates.noindex/SwiftBackports.build/Debug-watchos/SwiftBackports-t.build/Objects-normal/arm64_32/SwiftBackports.swiftmodule -serialize-diagnostics -dependency-scan-serialize-diagnostics-path /Users/admin/builder/spi-builder-workspace/.derivedData/Build/Intermediates.noindex/SwiftBackports.build/Debug-watchos/SwiftBackports-t.build/Objects-normal/arm64_32/SwiftBackports-dependency-scan.dia -validate-clang-modules-once -clang-build-session-file /Users/admin/builder/spi-builder-workspace/.derivedData/ModuleCache.noindex/Session.modulevalidation -Xcc -fmodules-prune-interval\=86400 -Xcc -fmodules-prune-after\=345600 -emit-const-values -const-gather-protocols-list /Users/admin/builder/spi-builder-workspace/.derivedData/Build/Intermediates.noindex/SwiftBackports.build/Debug-watchos/SwiftBackports-t.build/Objects-normal/arm64_32/SwiftBackports_const_extract_protocols.json -Xcc -I/Users/admin/builder/spi-builder-workspace/.derivedData/Build/Products/Debug-watchos/include -Xcc -I/Users/admin/builder/spi-builder-workspace/.derivedData/Build/Intermediates.noindex/SwiftBackports.build/Debug-watchos/SwiftBackports-t.build/DerivedSources-normal/arm64_32 -Xcc -I/Users/admin/builder/spi-builder-workspace/.derivedData/Build/Intermediates.noindex/SwiftBackports.build/Debug-watchos/SwiftBackports-t.build/DerivedSources/arm64_32 -Xcc -I/Users/admin/builder/spi-builder-workspace/.derivedData/Build/Intermediates.noindex/SwiftBackports.build/Debug-watchos/SwiftBackports-t.build/DerivedSources -Xcc -DSWIFT_PACKAGE -Xcc -DDEBUG\=1 -emit-objc-header -emit-objc-header-path /Users/admin/builder/spi-builder-workspace/.derivedData/Build/Intermediates.noindex/SwiftBackports.build/Debug-watchos/SwiftBackports-t.build/Objects-normal/arm64_32/SwiftBackports-Swift.h -working-directory /Users/admin/builder/spi-builder-workspace/.swiftpm/xcode -experimental-emit-module-separately -disable-cmo
SwiftDriver\ Compilation SwiftBackports normal arm64 com.apple.xcode.tools.swift.compiler (in target 'SwiftBackports' from project 'SwiftBackports')
    cd /Users/admin/builder/spi-builder-workspace/.swiftpm/xcode
    builtin-Swift-Compilation -- /Applications/Xcode-27.0.0-Release.Candidate.app/Contents/Developer/Toolchains/XcodeDefault.xctoolchain/usr/bin/swiftc -parse-as-library -module-name SwiftBackports -Onone @/Users/admin/builder/spi-builder-workspace/.derivedData/Build/Intermediates.noindex/SwiftBackports.build/Debug-watchos/SwiftBackports-t.build/Objects-normal/arm64/SwiftBackports.SwiftFileList -DSWIFT_PACKAGE -DDEBUG -DSWIFT_MODULE_RESOURCE_BUNDLE_UNAVAILABLE -DXcode -plugin-path /Applications/Xcode-27.0.0-Release.Candidate.app/Contents/Developer/Toolchains/XcodeDefault.xctoolchain/usr/lib/swift/host/plugins/testing -enable-experimental-feature DebugDescriptionMacro -sdk /Applications/Xcode-27.0.0-Release.Candidate.app/Contents/Developer/Platforms/WatchOS.platform/Developer/SDKs/WatchOS27.0.sdk -target arm64-apple-watchos9.0 -g -module-cache-path /Users/admin/builder/spi-builder-workspace/.derivedData/ModuleCache.noindex -Xfrontend -serialize-debugging-options -enable-testing -suppress-warnings -index-store-path /Users/admin/builder/spi-builder-workspace/.derivedData/Index.noindex/DataStore -Xcc -D_LIBCPP_HARDENING_MODE\=_LIBCPP_HARDENING_MODE_DEBUG -swift-version 5 -I /Users/admin/builder/spi-builder-workspace/.derivedData/Build/Products/Debug-watchos -Isystem /Applications/Xcode-27.0.0-Release.Candidate.app/Contents/Developer/Platforms/WatchOS.platform/Developer/usr/lib -F /Users/admin/builder/spi-builder-workspace/.derivedData/Build/Products/Debug-watchos -F /Applications/Xcode-27.0.0-Release.Candidate.app/Contents/Developer/Platforms/WatchOS.platform/Developer/Library/Frameworks -F /Applications/Xcode-27.0.0-Release.Candidate.app/Contents/Developer/Platforms/WatchOS.platform/Developer/SDKs/WatchOS27.0.sdk/Developer/Library/Frameworks -c -j10 -enable-batch-mode -incremental -Xcc -ivfsstatcache -Xcc /Users/admin/builder/spi-builder-workspace/.derivedData/SDKStatCaches.noindex/watchos27.0-24R360-e829b21a6f8c9b70876ba0858053c04477534ef55a1706bf4c1112bbb242f0a2.sdkstatcache -output-file-map /Users/admin/builder/spi-builder-workspace/.derivedData/Build/Intermediates.noindex/SwiftBackports.build/Debug-watchos/SwiftBackports-t.build/Objects-normal/arm64/SwiftBackports-OutputFileMap.json -save-temps -no-color-diagnostics -explicit-module-build -module-cache-path /Users/admin/builder/spi-builder-workspace/.derivedData/Build/Intermediates.noindex/SwiftExplicitPrecompiledModules -clang-scanner-module-cache-path /Users/admin/builder/spi-builder-workspace/.derivedData/ModuleCache.noindex -sdk-module-cache-path /Users/admin/builder/spi-builder-workspace/.derivedData/SDKExplicitPrecompiledModules -emit-dependencies -emit-module -emit-module-path /Users/admin/builder/spi-builder-workspace/.derivedData/Build/Intermediates.noindex/SwiftBackports.build/Debug-watchos/SwiftBackports-t.build/Objects-normal/arm64/SwiftBackports.swiftmodule -serialize-diagnostics -dependency-scan-serialize-diagnostics-path /Users/admin/builder/spi-builder-workspace/.derivedData/Build/Intermediates.noindex/SwiftBackports.build/Debug-watchos/SwiftBackports-t.build/Objects-normal/arm64/SwiftBackports-dependency-scan.dia -validate-clang-modules-once -clang-build-session-file /Users/admin/builder/spi-builder-workspace/.derivedData/ModuleCache.noindex/Session.modulevalidation -Xcc -fmodules-prune-interval\=86400 -Xcc -fmodules-prune-after\=345600 -emit-const-values -const-gather-protocols-list /Users/admin/builder/spi-builder-workspace/.derivedData/Build/Intermediates.noindex/SwiftBackports.build/Debug-watchos/SwiftBackports-t.build/Objects-normal/arm64/SwiftBackports_const_extract_protocols.json -Xcc -I/Users/admin/builder/spi-builder-workspace/.derivedData/Build/Products/Debug-watchos/include -Xcc -I/Users/admin/builder/spi-builder-workspace/.derivedData/Build/Intermediates.noindex/SwiftBackports.build/Debug-watchos/SwiftBackports-t.build/DerivedSources-normal/arm64 -Xcc -I/Users/admin/builder/spi-builder-workspace/.derivedData/Build/Intermediates.noindex/SwiftBackports.build/Debug-watchos/SwiftBackports-t.build/DerivedSources/arm64 -Xcc -I/Users/admin/builder/spi-builder-workspace/.derivedData/Build/Intermediates.noindex/SwiftBackports.build/Debug-watchos/SwiftBackports-t.build/DerivedSources -Xcc -DSWIFT_PACKAGE -Xcc -DDEBUG\=1 -emit-objc-header -emit-objc-header-path /Users/admin/builder/spi-builder-workspace/.derivedData/Build/Intermediates.noindex/SwiftBackports.build/Debug-watchos/SwiftBackports-t.build/Objects-normal/arm64/SwiftBackports-Swift.h -working-directory /Users/admin/builder/spi-builder-workspace/.swiftpm/xcode -experimental-emit-module-separately -disable-cmo
Ld /Users/admin/builder/spi-builder-workspace/.derivedData/Build/Intermediates.noindex/SwiftBackports.build/Debug-watchos/SwiftBackports-t.build/Objects-normal/arm64_32/Binary/SwiftBackports.o normal arm64_32 (in target 'SwiftBackports' from project 'SwiftBackports')
    cd /Users/admin/builder/spi-builder-workspace/.dependencies/checkouts/SwiftBackports
    /Applications/Xcode-27.0.0-Release.Candidate.app/Contents/Developer/Toolchains/XcodeDefault.xctoolchain/usr/bin/clang -Xlinker -reproducible -target arm64_32-apple-watchos9.0 -r -isysroot /Applications/Xcode-27.0.0-Release.Candidate.app/Contents/Developer/Platforms/WatchOS.platform/Developer/SDKs/WatchOS27.0.sdk -O0 -w -Xlinker -no_warn_duplicate_libraries -F/Users/admin/builder/spi-builder-workspace/.derivedData/Build/Intermediates.noindex/EagerLinkingTBDs/Debug-watchos -F/Users/admin/builder/spi-builder-workspace/.derivedData/Build/Products/Debug-watchos -iframework /Applications/Xcode-27.0.0-Release.Candidate.app/Contents/Developer/Platforms/WatchOS.platform/Developer/Library/Frameworks -iframework /Applications/Xcode-27.0.0-Release.Candidate.app/Contents/Developer/Platforms/WatchOS.platform/Developer/SDKs/WatchOS27.0.sdk/Developer/Library/Frameworks -filelist /Users/admin/builder/spi-builder-workspace/.derivedData/Build/Intermediates.noindex/SwiftBackports.build/Debug-watchos/SwiftBackports-t.build/Objects-normal/arm64_32/SwiftBackports.LinkFileList -nostdlib -Xlinker -object_path_lto -Xlinker /Users/admin/builder/spi-builder-workspace/.derivedData/Build/Intermediates.noindex/SwiftBackports.build/Debug-watchos/SwiftBackports-t.build/Objects-normal/arm64_32/SwiftBackports_lto.o -Xlinker -no_deduplicate -Xlinker -dependency_info -Xlinker /Users/admin/builder/spi-builder-workspace/.derivedData/Build/Intermediates.noindex/SwiftBackports.build/Debug-watchos/SwiftBackports-t.build/Objects-normal/arm64_32/SwiftBackports_dependency_info.dat -fobjc-link-runtime -L/Applications/Xcode-27.0.0-Release.Candidate.app/Contents/Developer/Toolchains/XcodeDefault.xctoolchain/usr/lib/swift/watchos -L/usr/lib/swift -Xlinker -add_ast_path -Xlinker /Users/admin/builder/spi-builder-workspace/.derivedData/Build/Intermediates.noindex/SwiftBackports.build/Debug-watchos/SwiftBackports-t.build/Objects-normal/arm64_32/SwiftBackports.swiftmodule -o /Users/admin/builder/spi-builder-workspace/.derivedData/Build/Intermediates.noindex/SwiftBackports.build/Debug-watchos/SwiftBackports-t.build/Objects-normal/arm64_32/Binary/SwiftBackports.o
Ld /Users/admin/builder/spi-builder-workspace/.derivedData/Build/Intermediates.noindex/SwiftBackports.build/Debug-watchos/SwiftBackports-t.build/Objects-normal/arm64/Binary/SwiftBackports.o normal arm64 (in target 'SwiftBackports' from project 'SwiftBackports')
    cd /Users/admin/builder/spi-builder-workspace/.dependencies/checkouts/SwiftBackports
    /Applications/Xcode-27.0.0-Release.Candidate.app/Contents/Developer/Toolchains/XcodeDefault.xctoolchain/usr/bin/clang -Xlinker -reproducible -target arm64-apple-watchos9.0 -r -isysroot /Applications/Xcode-27.0.0-Release.Candidate.app/Contents/Developer/Platforms/WatchOS.platform/Developer/SDKs/WatchOS27.0.sdk -O0 -w -Xlinker -no_warn_duplicate_libraries -F/Users/admin/builder/spi-builder-workspace/.derivedData/Build/Intermediates.noindex/EagerLinkingTBDs/Debug-watchos -F/Users/admin/builder/spi-builder-workspace/.derivedData/Build/Products/Debug-watchos -iframework /Applications/Xcode-27.0.0-Release.Candidate.app/Contents/Developer/Platforms/WatchOS.platform/Developer/Library/Frameworks -iframework /Applications/Xcode-27.0.0-Release.Candidate.app/Contents/Developer/Platforms/WatchOS.platform/Developer/SDKs/WatchOS27.0.sdk/Developer/Library/Frameworks -filelist /Users/admin/builder/spi-builder-workspace/.derivedData/Build/Intermediates.noindex/SwiftBackports.build/Debug-watchos/SwiftBackports-t.build/Objects-normal/arm64/SwiftBackports.LinkFileList -nostdlib -Xlinker -object_path_lto -Xlinker /Users/admin/builder/spi-builder-workspace/.derivedData/Build/Intermediates.noindex/SwiftBackports.build/Debug-watchos/SwiftBackports-t.build/Objects-normal/arm64/SwiftBackports_lto.o -Xlinker -no_deduplicate -Xlinker -dependency_info -Xlinker /Users/admin/builder/spi-builder-workspace/.derivedData/Build/Intermediates.noindex/SwiftBackports.build/Debug-watchos/SwiftBackports-t.build/Objects-normal/arm64/SwiftBackports_dependency_info.dat -fobjc-link-runtime -L/Applications/Xcode-27.0.0-Release.Candidate.app/Contents/Developer/Toolchains/XcodeDefault.xctoolchain/usr/lib/swift/watchos -L/usr/lib/swift -Xlinker -add_ast_path -Xlinker /Users/admin/builder/spi-builder-workspace/.derivedData/Build/Intermediates.noindex/SwiftBackports.build/Debug-watchos/SwiftBackports-t.build/Objects-normal/arm64/SwiftBackports.swiftmodule -o /Users/admin/builder/spi-builder-workspace/.derivedData/Build/Intermediates.noindex/SwiftBackports.build/Debug-watchos/SwiftBackports-t.build/Objects-normal/arm64/Binary/SwiftBackports.o
CreateUniversalBinary /Users/admin/builder/spi-builder-workspace/.derivedData/Build/Products/Debug-watchos/SwiftBackports.o normal arm64\ arm64_32 (in target 'SwiftBackports' from project 'SwiftBackports')
    cd /Users/admin/builder/spi-builder-workspace/.dependencies/checkouts/SwiftBackports
    /Applications/Xcode-27.0.0-Release.Candidate.app/Contents/Developer/Toolchains/XcodeDefault.xctoolchain/usr/bin/lipo -create /Users/admin/builder/spi-builder-workspace/.derivedData/Build/Intermediates.noindex/SwiftBackports.build/Debug-watchos/SwiftBackports-t.build/Objects-normal/arm64/Binary/SwiftBackports.o /Users/admin/builder/spi-builder-workspace/.derivedData/Build/Intermediates.noindex/SwiftBackports.build/Debug-watchos/SwiftBackports-t.build/Objects-normal/arm64_32/Binary/SwiftBackports.o -output /Users/admin/builder/spi-builder-workspace/.derivedData/Build/Products/Debug-watchos/SwiftBackports.o
ExtractAppIntentsMetadata (in target 'SwiftBackports' from project 'SwiftBackports')
    cd /Users/admin/builder/spi-builder-workspace/.dependencies/checkouts/SwiftBackports
    /Applications/Xcode-27.0.0-Release.Candidate.app/Contents/Developer/Toolchains/XcodeDefault.xctoolchain/usr/bin/appintentsmetadataprocessor --toolchain-dir /var/run/com.apple.security.cryptexd/mnt/com.apple.MobileAsset.MetalToolchain-v27.1.266.1.W6X7UV/Metal.xctoolchain --module-name SwiftBackports --sdk-root /Applications/Xcode-27.0.0-Release.Candidate.app/Contents/Developer/Platforms/WatchOS.platform/Developer/SDKs/WatchOS27.0.sdk --xcode-version 27A266a --platform-family watchOS --deployment-target 9.0 --bundle-identifier swiftbackports.SwiftBackports --output /Users/admin/builder/spi-builder-workspace/.derivedData/Build/Products/Debug-watchos/SwiftBackports.appintents --target-triple arm64-apple-watchos9.0 --target-triple arm64_32-apple-watchos9.0 --binary-file /Users/admin/builder/spi-builder-workspace/.derivedData/Build/Products/Debug-watchos/SwiftBackports.o --dependency-file /Users/admin/builder/spi-builder-workspace/.derivedData/Build/Intermediates.noindex/SwiftBackports.build/Debug-watchos/SwiftBackports-t.build/Objects-normal/arm64/SwiftBackports_dependency_info.dat --dependency-file /Users/admin/builder/spi-builder-workspace/.derivedData/Build/Intermediates.noindex/SwiftBackports.build/Debug-watchos/SwiftBackports-t.build/Objects-normal/arm64_32/SwiftBackports_dependency_info.dat --stringsdata-file /Users/admin/builder/spi-builder-workspace/.derivedData/Build/Intermediates.noindex/SwiftBackports.build/Debug-watchos/SwiftBackports-t.build/Objects-normal/arm64/ExtractedAppShortcutsMetadata.stringsdata --stringsdata-file /Users/admin/builder/spi-builder-workspace/.derivedData/Build/Intermediates.noindex/SwiftBackports.build/Debug-watchos/SwiftBackports-t.build/Objects-normal/arm64_32/ExtractedAppShortcutsMetadata.stringsdata --source-file-list /Users/admin/builder/spi-builder-workspace/.derivedData/Build/Intermediates.noindex/SwiftBackports.build/Debug-watchos/SwiftBackports-t.build/Objects-normal/arm64/SwiftBackports.SwiftFileList --source-file-list /Users/admin/builder/spi-builder-workspace/.derivedData/Build/Intermediates.noindex/SwiftBackports.build/Debug-watchos/SwiftBackports-t.build/Objects-normal/arm64_32/SwiftBackports.SwiftFileList --metadata-file-list /Users/admin/builder/spi-builder-workspace/.derivedData/Build/Intermediates.noindex/SwiftBackports.build/Debug-watchos/SwiftBackports-t.build/SwiftBackports.DependencyMetadataFileList --static-metadata-file-list /Users/admin/builder/spi-builder-workspace/.derivedData/Build/Intermediates.noindex/SwiftBackports.build/Debug-watchos/SwiftBackports-t.build/SwiftBackports.DependencyStaticMetadataFileList --swift-const-vals-list /Users/admin/builder/spi-builder-workspace/.derivedData/Build/Intermediates.noindex/SwiftBackports.build/Debug-watchos/SwiftBackports-t.build/Objects-normal/arm64/SwiftBackports.SwiftConstValuesFileList --swift-const-vals-list /Users/admin/builder/spi-builder-workspace/.derivedData/Build/Intermediates.noindex/SwiftBackports.build/Debug-watchos/SwiftBackports-t.build/Objects-normal/arm64_32/SwiftBackports.SwiftConstValuesFileList --force --compile-time-extraction --deployment-aware-processing --no-app-shortcuts-localization
2026-09-19 00:59:28.526 appintentsmetadataprocessor[1189:6751] Starting appintentsmetadataprocessor export
2026-09-19 00:59:28.620 appintentsmetadataprocessor[1189:6751] Extracted no relevant App Intents symbols, skipping writing output
SwiftDriverJobDiscovery normal arm64 Compiling Items+Label.swift, Items+Preview.swift, Items.swift, ShareLink.swift, SharePreview.swift, ShareSheet.swift, Item+Label+Preview.swift, Item+Label.swift, Item+Preview.swift, Item.swift, Transferable.swift, StateObject.swift (in target 'SwiftUIBackports' from project 'SwiftUIBackports')
SwiftDriver MarkdownText normal arm64_32 com.apple.xcode.tools.swift.compiler (in target 'MarkdownText' from project 'MarkdownText')
    cd /Users/admin/builder/spi-builder-workspace/.swiftpm/xcode
    builtin-SwiftDriver -- /Applications/Xcode-27.0.0-Release.Candidate.app/Contents/Developer/Toolchains/XcodeDefault.xctoolchain/usr/bin/swiftc -parse-as-library -module-name MarkdownText -Onone @/Users/admin/builder/spi-builder-workspace/.derivedData/Build/Intermediates.noindex/MarkdownText.build/Debug-watchos/MarkdownText-t.build/Objects-normal/arm64_32/MarkdownText.SwiftFileList -DSWIFT_PACKAGE -DDEBUG -DSWIFT_MODULE_RESOURCE_BUNDLE_UNAVAILABLE -Xcc -fmodule-map-file\=/Users/admin/builder/spi-builder-workspace/.dependencies/checkouts/swift-cmark/src/include/module.modulemap -Xcc -fmodule-map-file\=/Users/admin/builder/spi-builder-workspace/.derivedData/Build/Intermediates.noindex/GeneratedModuleMaps-watchos/cmark-gfm-extensions.modulemap -Xcc -fmodule-map-file\=/Users/admin/builder/spi-builder-workspace/.derivedData/Build/Intermediates.noindex/GeneratedModuleMaps-watchos/CAtomic.modulemap -DXcode -plugin-path /Applications/Xcode-27.0.0-Release.Candidate.app/Contents/Developer/Toolchains/XcodeDefault.xctoolchain/usr/lib/swift/host/plugins/testing -enable-experimental-feature DebugDescriptionMacro -sdk /Applications/Xcode-27.0.0-Release.Candidate.app/Contents/Developer/Platforms/WatchOS.platform/Developer/SDKs/WatchOS27.0.sdk -target arm64_32-apple-watchos9.0 -g -module-cache-path /Users/admin/builder/spi-builder-workspace/.derivedData/ModuleCache.noindex -Xfrontend -serialize-debugging-options -enable-testing -index-store-path /Users/admin/builder/spi-builder-workspace/.derivedData/Index.noindex/DataStore -Xcc -D_LIBCPP_HARDENING_MODE\=_LIBCPP_HARDENING_MODE_DEBUG -swift-version 5 -I /Users/admin/builder/spi-builder-workspace/.derivedData/Build/Products/Debug-watchos -Isystem /Applications/Xcode-27.0.0-Release.Candidate.app/Contents/Developer/Platforms/WatchOS.platform/Developer/usr/lib -F /Users/admin/builder/spi-builder-workspace/.derivedData/Build/Products/Debug-watchos/PackageFrameworks -F /Users/admin/builder/spi-builder-workspace/.derivedData/Build/Products/Debug-watchos -F /Applications/Xcode-27.0.0-Release.Candidate.app/Contents/Developer/Platforms/WatchOS.platform/Developer/Library/Frameworks -F /Applications/Xcode-27.0.0-Release.Candidate.app/Contents/Developer/Platforms/WatchOS.platform/Developer/SDKs/WatchOS27.0.sdk/Developer/Library/Frameworks -c -j10 -enable-batch-mode -incremental -Xcc -ivfsstatcache -Xcc /Users/admin/builder/spi-builder-workspace/.derivedData/SDKStatCaches.noindex/watchos27.0-24R360-e829b21a6f8c9b70876ba0858053c04477534ef55a1706bf4c1112bbb242f0a2.sdkstatcache -output-file-map /Users/admin/builder/spi-builder-workspace/.derivedData/Build/Intermediates.noindex/MarkdownText.build/Debug-watchos/MarkdownText-t.build/Objects-normal/arm64_32/MarkdownText-OutputFileMap.json -save-temps -no-color-diagnostics -explicit-module-build -module-cache-path /Users/admin/builder/spi-builder-workspace/.derivedData/Build/Intermediates.noindex/SwiftExplicitPrecompiledModules -clang-scanner-module-cache-path /Users/admin/builder/spi-builder-workspace/.derivedData/ModuleCache.noindex -sdk-module-cache-path /Users/admin/builder/spi-builder-workspace/.derivedData/SDKExplicitPrecompiledModules -emit-dependencies -emit-module -emit-module-path /Users/admin/builder/spi-builder-workspace/.derivedData/Build/Intermediates.noindex/MarkdownText.build/Debug-watchos/MarkdownText-t.build/Objects-normal/arm64_32/MarkdownText.swiftmodule -serialize-diagnostics -dependency-scan-serialize-diagnostics-path /Users/admin/builder/spi-builder-workspace/.derivedData/Build/Intermediates.noindex/MarkdownText.build/Debug-watchos/MarkdownText-t.build/Objects-normal/arm64_32/MarkdownText-dependency-scan.dia -validate-clang-modules-once -clang-build-session-file /Users/admin/builder/spi-builder-workspace/.derivedData/ModuleCache.noindex/Session.modulevalidation -Xcc -fmodules-prune-interval\=86400 -Xcc -fmodules-prune-after\=345600 -emit-const-values -const-gather-protocols-list /Users/admin/builder/spi-builder-workspace/.derivedData/Build/Intermediates.noindex/MarkdownText.build/Debug-watchos/MarkdownText-t.build/Objects-normal/arm64_32/MarkdownText_const_extract_protocols.json -Xcc -I/Users/admin/builder/spi-builder-workspace/.dependencies/checkouts/swift-cmark/src/include -Xcc -I/Users/admin/builder/spi-builder-workspace/.dependencies/checkouts/swift-cmark/extensions/include -Xcc -I/Users/admin/builder/spi-builder-workspace/.dependencies/checkouts/swift-markdown/Sources/CAtomic/include -Xcc -I/Users/admin/builder/spi-builder-workspace/.derivedData/Build/Products/Debug-watchos/include -Xcc -I/Users/admin/builder/spi-builder-workspace/.derivedData/Build/Intermediates.noindex/MarkdownText.build/Debug-watchos/MarkdownText-t.build/DerivedSources-normal/arm64_32 -Xcc -I/Users/admin/builder/spi-builder-workspace/.derivedData/Build/Intermediates.noindex/MarkdownText.build/Debug-watchos/MarkdownText-t.build/DerivedSources/arm64_32 -Xcc -I/Users/admin/builder/spi-builder-workspace/.derivedData/Build/Intermediates.noindex/MarkdownText.build/Debug-watchos/MarkdownText-t.build/DerivedSources -Xcc -DSWIFT_PACKAGE -Xcc -DDEBUG\=1 -emit-objc-header -emit-objc-header-path /Users/admin/builder/spi-builder-workspace/.derivedData/Build/Intermediates.noindex/MarkdownText.build/Debug-watchos/MarkdownText-t.build/Objects-normal/arm64_32/MarkdownText-Swift.h -working-directory /Users/admin/builder/spi-builder-workspace/.swiftpm/xcode -experimental-emit-module-separately -disable-cmo
/Users/admin/builder/spi-builder-workspace/Sources/MarkdownText/Styles/Visibility/HeadingVisibility.swift:4:10: warning: Refactor to allow for range based API as well (inspo: DynamicType API) (in target 'MarkdownText' from project 'MarkdownText')
SwiftDriver MarkdownText normal arm64 com.apple.xcode.tools.swift.compiler (in target 'MarkdownText' from project 'MarkdownText')
    cd /Users/admin/builder/spi-builder-workspace/.swiftpm/xcode
    builtin-SwiftDriver -- /Applications/Xcode-27.0.0-Release.Candidate.app/Contents/Developer/Toolchains/XcodeDefault.xctoolchain/usr/bin/swiftc -parse-as-library -module-name MarkdownText -Onone @/Users/admin/builder/spi-builder-workspace/.derivedData/Build/Intermediates.noindex/MarkdownText.build/Debug-watchos/MarkdownText-t.build/Objects-normal/arm64/MarkdownText.SwiftFileList -DSWIFT_PACKAGE -DDEBUG -DSWIFT_MODULE_RESOURCE_BUNDLE_UNAVAILABLE -Xcc -fmodule-map-file\=/Users/admin/builder/spi-builder-workspace/.dependencies/checkouts/swift-cmark/src/include/module.modulemap -Xcc -fmodule-map-file\=/Users/admin/builder/spi-builder-workspace/.derivedData/Build/Intermediates.noindex/GeneratedModuleMaps-watchos/cmark-gfm-extensions.modulemap -Xcc -fmodule-map-file\=/Users/admin/builder/spi-builder-workspace/.derivedData/Build/Intermediates.noindex/GeneratedModuleMaps-watchos/CAtomic.modulemap -DXcode -plugin-path /Applications/Xcode-27.0.0-Release.Candidate.app/Contents/Developer/Toolchains/XcodeDefault.xctoolchain/usr/lib/swift/host/plugins/testing -enable-experimental-feature DebugDescriptionMacro -sdk /Applications/Xcode-27.0.0-Release.Candidate.app/Contents/Developer/Platforms/WatchOS.platform/Developer/SDKs/WatchOS27.0.sdk -target arm64-apple-watchos9.0 -g -module-cache-path /Users/admin/builder/spi-builder-workspace/.derivedData/ModuleCache.noindex -Xfrontend -serialize-debugging-options -enable-testing -index-store-path /Users/admin/builder/spi-builder-workspace/.derivedData/Index.noindex/DataStore -Xcc -D_LIBCPP_HARDENING_MODE\=_LIBCPP_HARDENING_MODE_DEBUG -swift-version 5 -I /Users/admin/builder/spi-builder-workspace/.derivedData/Build/Products/Debug-watchos -Isystem /Applications/Xcode-27.0.0-Release.Candidate.app/Contents/Developer/Platforms/WatchOS.platform/Developer/usr/lib -F /Users/admin/builder/spi-builder-workspace/.derivedData/Build/Products/Debug-watchos/PackageFrameworks -F /Users/admin/builder/spi-builder-workspace/.derivedData/Build/Products/Debug-watchos -F /Applications/Xcode-27.0.0-Release.Candidate.app/Contents/Developer/Platforms/WatchOS.platform/Developer/Library/Frameworks -F /Applications/Xcode-27.0.0-Release.Candidate.app/Contents/Developer/Platforms/WatchOS.platform/Developer/SDKs/WatchOS27.0.sdk/Developer/Library/Frameworks -c -j10 -enable-batch-mode -incremental -Xcc -ivfsstatcache -Xcc /Users/admin/builder/spi-builder-workspace/.derivedData/SDKStatCaches.noindex/watchos27.0-24R360-e829b21a6f8c9b70876ba0858053c04477534ef55a1706bf4c1112bbb242f0a2.sdkstatcache -output-file-map /Users/admin/builder/spi-builder-workspace/.derivedData/Build/Intermediates.noindex/MarkdownText.build/Debug-watchos/MarkdownText-t.build/Objects-normal/arm64/MarkdownText-OutputFileMap.json -save-temps -no-color-diagnostics -explicit-module-build -module-cache-path /Users/admin/builder/spi-builder-workspace/.derivedData/Build/Intermediates.noindex/SwiftExplicitPrecompiledModules -clang-scanner-module-cache-path /Users/admin/builder/spi-builder-workspace/.derivedData/ModuleCache.noindex -sdk-module-cache-path /Users/admin/builder/spi-builder-workspace/.derivedData/SDKExplicitPrecompiledModules -emit-dependencies -emit-module -emit-module-path /Users/admin/builder/spi-builder-workspace/.derivedData/Build/Intermediates.noindex/MarkdownText.build/Debug-watchos/MarkdownText-t.build/Objects-normal/arm64/MarkdownText.swiftmodule -serialize-diagnostics -dependency-scan-serialize-diagnostics-path /Users/admin/builder/spi-builder-workspace/.derivedData/Build/Intermediates.noindex/MarkdownText.build/Debug-watchos/MarkdownText-t.build/Objects-normal/arm64/MarkdownText-dependency-scan.dia -validate-clang-modules-once -clang-build-session-file /Users/admin/builder/spi-builder-workspace/.derivedData/ModuleCache.noindex/Session.modulevalidation -Xcc -fmodules-prune-interval\=86400 -Xcc -fmodules-prune-after\=345600 -emit-const-values -const-gather-protocols-list /Users/admin/builder/spi-builder-workspace/.derivedData/Build/Intermediates.noindex/MarkdownText.build/Debug-watchos/MarkdownText-t.build/Objects-normal/arm64/MarkdownText_const_extract_protocols.json -Xcc -I/Users/admin/builder/spi-builder-workspace/.dependencies/checkouts/swift-cmark/src/include -Xcc -I/Users/admin/builder/spi-builder-workspace/.dependencies/checkouts/swift-cmark/extensions/include -Xcc -I/Users/admin/builder/spi-builder-workspace/.dependencies/checkouts/swift-markdown/Sources/CAtomic/include -Xcc -I/Users/admin/builder/spi-builder-workspace/.derivedData/Build/Products/Debug-watchos/include -Xcc -I/Users/admin/builder/spi-builder-workspace/.derivedData/Build/Intermediates.noindex/MarkdownText.build/Debug-watchos/MarkdownText-t.build/DerivedSources-normal/arm64 -Xcc -I/Users/admin/builder/spi-builder-workspace/.derivedData/Build/Intermediates.noindex/MarkdownText.build/Debug-watchos/MarkdownText-t.build/DerivedSources/arm64 -Xcc -I/Users/admin/builder/spi-builder-workspace/.derivedData/Build/Intermediates.noindex/MarkdownText.build/Debug-watchos/MarkdownText-t.build/DerivedSources -Xcc -DSWIFT_PACKAGE -Xcc -DDEBUG\=1 -emit-objc-header -emit-objc-header-path /Users/admin/builder/spi-builder-workspace/.derivedData/Build/Intermediates.noindex/MarkdownText.build/Debug-watchos/MarkdownText-t.build/Objects-normal/arm64/MarkdownText-Swift.h -working-directory /Users/admin/builder/spi-builder-workspace/.swiftpm/xcode -experimental-emit-module-separately -disable-cmo
/Users/admin/builder/spi-builder-workspace/Sources/MarkdownText/Styles/Visibility/HeadingVisibility.swift:4:10: warning: Refactor to allow for range based API as well (inspo: DynamicType API) (in target 'MarkdownText' from project 'MarkdownText')
SwiftDriverJobDiscovery normal arm64_32 Compiling ScrollKeyboardDismiss.swift, Submit.swift, ColorProviders.swift, FontProviders.swift, TextEditor+Support.swift, TextEditor.swift, UICollectionViewCell.swift, UITableViewCell.swift, ProposedInsets.swift, ProposedSize.swift, UIContentConfiguration.swift, UIHostingConfiguration.swift (in target 'SwiftUIBackports' from project 'SwiftUIBackports')
SwiftDriverJobDiscovery normal arm64_32 Compiling ContentInteraction.swift, CornerRadius.swift, Detents.swift, DragIndicator.swift, InteractiveDetent.swift, InteractiveDismiss.swift, ScaledMetric.swift, Scroll+Environment.swift, ScrollDismissesKeyboardMode.swift, ScrollEnabled.swift, ScrollIndicatorVisibility.swift, ScrollIndicators.swift (in target 'SwiftUIBackports' from project 'SwiftUIBackports')
SwiftDriverJobDiscovery normal arm64 Compiling UIScene.swift, VisualEffect+iOS.swift, VisualEffect+macOS.swift, AppStorage.swift, AsyncImage.swift, Background.swift, Dismiss.swift, DynamicType+Environment.swift, DynamicType+Modifiers.swift, DynamicType.swift, ProposedViewSize.swift, Renderer.swift, Label.swift (in target 'SwiftUIBackports' from project 'SwiftUIBackports')
SwiftDriverJobDiscovery normal arm64_32 Compiling LabelConfiguration.swift, LabelStyle.swift, DefaultLabelStyle.swift, IconOnlyLabelStyle.swift, TitleAndIconLabelStyle.swift, TitleOnlyLabelStyle.swift, LabeledContent.swift, LabeledContentStyle.swift, LabeledContentStyleConfiguration.swift, AutomaticLabeledContentStyle.swift, Link.swift, NavigationDestination.swift (in target 'SwiftUIBackports' from project 'SwiftUIBackports')
SwiftDriverJobDiscovery normal arm64_32 Compiling resource_bundle_accessor.swift, Backport.swift, FittingGeometryReader.swift, FittingScrollView.swift, Presenatation+Deprecations.swift, Environment+String.swift, Environment.swift, Inspect.swift, NSItemProvider+Async.swift, OwningController.swift, Platforms.swift, SafeArea.swift, String+LocalizationKey.swift (in target 'SwiftUIBackports' from project 'SwiftUIBackports')
SwiftDriver\ Compilation SwiftUIBackports normal arm64_32 com.apple.xcode.tools.swift.compiler (in target 'SwiftUIBackports' from project 'SwiftUIBackports')
    cd /Users/admin/builder/spi-builder-workspace/.swiftpm/xcode
    builtin-Swift-Compilation -- /Applications/Xcode-27.0.0-Release.Candidate.app/Contents/Developer/Toolchains/XcodeDefault.xctoolchain/usr/bin/swiftc -parse-as-library -module-name SwiftUIBackports -Onone @/Users/admin/builder/spi-builder-workspace/.derivedData/Build/Intermediates.noindex/SwiftUIBackports.build/Debug-watchos/SwiftUIBackports-t.build/Objects-normal/arm64_32/SwiftUIBackports.SwiftFileList -DSWIFT_PACKAGE -DDEBUG -DSWIFT_MODULE_RESOURCE_BUNDLE_AVAILABLE -DXcode -plugin-path /Applications/Xcode-27.0.0-Release.Candidate.app/Contents/Developer/Toolchains/XcodeDefault.xctoolchain/usr/lib/swift/host/plugins/testing -enable-experimental-feature DebugDescriptionMacro -sdk /Applications/Xcode-27.0.0-Release.Candidate.app/Contents/Developer/Platforms/WatchOS.platform/Developer/SDKs/WatchOS27.0.sdk -target arm64_32-apple-watchos9.0 -g -module-cache-path /Users/admin/builder/spi-builder-workspace/.derivedData/ModuleCache.noindex -Xfrontend -serialize-debugging-options -enable-testing -suppress-warnings -index-store-path /Users/admin/builder/spi-builder-workspace/.derivedData/Index.noindex/DataStore -Xcc -D_LIBCPP_HARDENING_MODE\=_LIBCPP_HARDENING_MODE_DEBUG -swift-version 5 -I /Users/admin/builder/spi-builder-workspace/.derivedData/Build/Products/Debug-watchos -Isystem /Applications/Xcode-27.0.0-Release.Candidate.app/Contents/Developer/Platforms/WatchOS.platform/Developer/usr/lib -F /Users/admin/builder/spi-builder-workspace/.derivedData/Build/Products/Debug-watchos/PackageFrameworks -F /Users/admin/builder/spi-builder-workspace/.derivedData/Build/Products/Debug-watchos -F /Applications/Xcode-27.0.0-Release.Candidate.app/Contents/Developer/Platforms/WatchOS.platform/Developer/Library/Frameworks -F /Applications/Xcode-27.0.0-Release.Candidate.app/Contents/Developer/Platforms/WatchOS.platform/Developer/SDKs/WatchOS27.0.sdk/Developer/Library/Frameworks -c -j10 -enable-batch-mode -incremental -Xcc -ivfsstatcache -Xcc /Users/admin/builder/spi-builder-workspace/.derivedData/SDKStatCaches.noindex/watchos27.0-24R360-e829b21a6f8c9b70876ba0858053c04477534ef55a1706bf4c1112bbb242f0a2.sdkstatcache -output-file-map /Users/admin/builder/spi-builder-workspace/.derivedData/Build/Intermediates.noindex/SwiftUIBackports.build/Debug-watchos/SwiftUIBackports-t.build/Objects-normal/arm64_32/SwiftUIBackports-OutputFileMap.json -save-temps -no-color-diagnostics -explicit-module-build -module-cache-path /Users/admin/builder/spi-builder-workspace/.derivedData/Build/Intermediates.noindex/SwiftExplicitPrecompiledModules -clang-scanner-module-cache-path /Users/admin/builder/spi-builder-workspace/.derivedData/ModuleCache.noindex -sdk-module-cache-path /Users/admin/builder/spi-builder-workspace/.derivedData/SDKExplicitPrecompiledModules -emit-dependencies -emit-module -emit-module-path /Users/admin/builder/spi-builder-workspace/.derivedData/Build/Intermediates.noindex/SwiftUIBackports.build/Debug-watchos/SwiftUIBackports-t.build/Objects-normal/arm64_32/SwiftUIBackports.swiftmodule -serialize-diagnostics -dependency-scan-serialize-diagnostics-path /Users/admin/builder/spi-builder-workspace/.derivedData/Build/Intermediates.noindex/SwiftUIBackports.build/Debug-watchos/SwiftUIBackports-t.build/Objects-normal/arm64_32/SwiftUIBackports-dependency-scan.dia -validate-clang-modules-once -clang-build-session-file /Users/admin/builder/spi-builder-workspace/.derivedData/ModuleCache.noindex/Session.modulevalidation -Xcc -fmodules-prune-interval\=86400 -Xcc -fmodules-prune-after\=345600 -emit-const-values -const-gather-protocols-list /Users/admin/builder/spi-builder-workspace/.derivedData/Build/Intermediates.noindex/SwiftUIBackports.build/Debug-watchos/SwiftUIBackports-t.build/Objects-normal/arm64_32/SwiftUIBackports_const_extract_protocols.json -Xcc -I/Users/admin/builder/spi-builder-workspace/.derivedData/Build/Products/Debug-watchos/include -Xcc -I/Users/admin/builder/spi-builder-workspace/.derivedData/Build/Intermediates.noindex/SwiftUIBackports.build/Debug-watchos/SwiftUIBackports-t.build/DerivedSources-normal/arm64_32 -Xcc -I/Users/admin/builder/spi-builder-workspace/.derivedData/Build/Intermediates.noindex/SwiftUIBackports.build/Debug-watchos/SwiftUIBackports-t.build/DerivedSources/arm64_32 -Xcc -I/Users/admin/builder/spi-builder-workspace/.derivedData/Build/Intermediates.noindex/SwiftUIBackports.build/Debug-watchos/SwiftUIBackports-t.build/DerivedSources -Xcc -DSWIFT_PACKAGE -Xcc -DDEBUG\=1 -emit-objc-header -emit-objc-header-path /Users/admin/builder/spi-builder-workspace/.derivedData/Build/Intermediates.noindex/SwiftUIBackports.build/Debug-watchos/SwiftUIBackports-t.build/Objects-normal/arm64_32/SwiftUIBackports-Swift.h -working-directory /Users/admin/builder/spi-builder-workspace/.swiftpm/xcode -experimental-emit-module-separately -disable-cmo
Ld /Users/admin/builder/spi-builder-workspace/.derivedData/Build/Intermediates.noindex/SwiftUIBackports.build/Debug-watchos/SwiftUIBackports-t.build/Objects-normal/arm64_32/Binary/SwiftUIBackports.o normal arm64_32 (in target 'SwiftUIBackports' from project 'SwiftUIBackports')
    cd /Users/admin/builder/spi-builder-workspace/.dependencies/checkouts/SwiftUIBackports
    /Applications/Xcode-27.0.0-Release.Candidate.app/Contents/Developer/Toolchains/XcodeDefault.xctoolchain/usr/bin/clang -Xlinker -reproducible -target arm64_32-apple-watchos9.0 -r -isysroot /Applications/Xcode-27.0.0-Release.Candidate.app/Contents/Developer/Platforms/WatchOS.platform/Developer/SDKs/WatchOS27.0.sdk -O0 -w -Xlinker -no_warn_duplicate_libraries -F/Users/admin/builder/spi-builder-workspace/.derivedData/Build/Intermediates.noindex/EagerLinkingTBDs/Debug-watchos -F/Users/admin/builder/spi-builder-workspace/.derivedData/Build/Products/Debug-watchos/PackageFrameworks -F/Users/admin/builder/spi-builder-workspace/.derivedData/Build/Products/Debug-watchos -iframework /Applications/Xcode-27.0.0-Release.Candidate.app/Contents/Developer/Platforms/WatchOS.platform/Developer/Library/Frameworks -iframework /Applications/Xcode-27.0.0-Release.Candidate.app/Contents/Developer/Platforms/WatchOS.platform/Developer/SDKs/WatchOS27.0.sdk/Developer/Library/Frameworks -filelist /Users/admin/builder/spi-builder-workspace/.derivedData/Build/Intermediates.noindex/SwiftUIBackports.build/Debug-watchos/SwiftUIBackports-t.build/Objects-normal/arm64_32/SwiftUIBackports.LinkFileList -nostdlib -Xlinker -object_path_lto -Xlinker /Users/admin/builder/spi-builder-workspace/.derivedData/Build/Intermediates.noindex/SwiftUIBackports.build/Debug-watchos/SwiftUIBackports-t.build/Objects-normal/arm64_32/SwiftUIBackports_lto.o -Xlinker -no_deduplicate -Xlinker -dependency_info -Xlinker /Users/admin/builder/spi-builder-workspace/.derivedData/Build/Intermediates.noindex/SwiftUIBackports.build/Debug-watchos/SwiftUIBackports-t.build/Objects-normal/arm64_32/SwiftUIBackports_dependency_info.dat -fobjc-link-runtime -L/Applications/Xcode-27.0.0-Release.Candidate.app/Contents/Developer/Toolchains/XcodeDefault.xctoolchain/usr/lib/swift/watchos -L/usr/lib/swift -Xlinker -add_ast_path -Xlinker /Users/admin/builder/spi-builder-workspace/.derivedData/Build/Intermediates.noindex/SwiftUIBackports.build/Debug-watchos/SwiftUIBackports-t.build/Objects-normal/arm64_32/SwiftUIBackports.swiftmodule -o /Users/admin/builder/spi-builder-workspace/.derivedData/Build/Intermediates.noindex/SwiftUIBackports.build/Debug-watchos/SwiftUIBackports-t.build/Objects-normal/arm64_32/Binary/SwiftUIBackports.o
SwiftEmitModule normal arm64_32 Emitting\ module\ for\ MarkdownText (in target 'MarkdownText' from project 'MarkdownText')
SwiftCompile normal arm64_32 (in target 'MarkdownText' from project 'MarkdownText')
    cd /Users/admin/builder/spi-builder-workspace/.swiftpm/xcode

/Users/admin/builder/spi-builder-workspace/Sources/MarkdownText/Styles/Visibility/HeadingVisibility.swift:4:10: warning: Refactor to allow for range based API as well (inspo: DynamicType API)
 2 | import SwiftUIBackports
 3 |
 4 | #warning("Refactor to allow for range based API as well (inspo: DynamicType API)")
   |          `- warning: Refactor to allow for range based API as well (inspo: DynamicType API)
 5 |
 6 | struct HeadingMarkdownVisibility: EnvironmentKey {
/Users/admin/builder/spi-builder-workspace/Sources/MarkdownText/Helpers/Platform.swift:10:40: warning: 'ScaledMetric' was deprecated in watchOS 7 [#DeprecatedDeclaration]
 8 | typealias ProgressView = SwiftUI.ProgressView
 9 | #else
10 | typealias ScaledMetric = Backport<Any>.ScaledMetric
   |                                        `- warning: 'ScaledMetric' was deprecated in watchOS 7 [#DeprecatedDeclaration]
11 | typealias LabelStyle = SwiftUIBackports.BackportLabelStyle
12 | typealias Label = Backport<Any>.Label
/Users/admin/builder/spi-builder-workspace/Sources/MarkdownText/Helpers/Platform.swift:11:41: warning: 'BackportLabelStyle' was deprecated in watchOS 7 [#DeprecatedDeclaration]
 9 | #else
10 | typealias ScaledMetric = Backport<Any>.ScaledMetric
11 | typealias LabelStyle = SwiftUIBackports.BackportLabelStyle
   |                                         `- warning: 'BackportLabelStyle' was deprecated in watchOS 7 [#DeprecatedDeclaration]
12 | typealias Label = Backport<Any>.Label
13 | typealias ProgressView = Backport<Any>.ProgressView
/Users/admin/builder/spi-builder-workspace/Sources/MarkdownText/Helpers/Platform.swift:12:33: warning: 'Label' was deprecated in watchOS 7 [#DeprecatedDeclaration]
10 | typealias ScaledMetric = Backport<Any>.ScaledMetric
11 | typealias LabelStyle = SwiftUIBackports.BackportLabelStyle
12 | typealias Label = Backport<Any>.Label
   |                                 `- warning: 'Label' was deprecated in watchOS 7 [#DeprecatedDeclaration]
13 | typealias ProgressView = Backport<Any>.ProgressView
14 |
/Users/admin/builder/spi-builder-workspace/Sources/MarkdownText/Helpers/Platform.swift:13:40: warning: 'ProgressView' was deprecated in watchOS 7.0 [#DeprecatedDeclaration]
11 | typealias LabelStyle = SwiftUIBackports.BackportLabelStyle
12 | typealias Label = Backport<Any>.Label
13 | typealias ProgressView = Backport<Any>.ProgressView
   |                                        `- warning: 'ProgressView' was deprecated in watchOS 7.0 [#DeprecatedDeclaration]
14 |
15 | extension View {
/Users/admin/builder/spi-builder-workspace/Sources/MarkdownText/Helpers/Platform.swift:16:24: warning: 'BackportLabelStyle' was deprecated in watchOS 7 [#DeprecatedDeclaration]
14 |
15 | extension View {
16 |     func labelStyle<S: BackportLabelStyle>(_ style: S) -> some View {
   |                        `- warning: 'BackportLabelStyle' was deprecated in watchOS 7 [#DeprecatedDeclaration]
17 |         backport.labelStyle(style)
18 |     }
/Users/admin/builder/spi-builder-workspace/Sources/MarkdownText/Styles/Visibility/CheckListVisibility.swift:5:44: warning: 'Visibility' was deprecated in watchOS 8 [#DeprecatedDeclaration]
 3 |
 4 | struct CheckListItemMarkdownVisibility: EnvironmentKey {
 5 |     static let defaultValue: Backport<Any>.Visibility = .automatic
   |                                            `- warning: 'Visibility' was deprecated in watchOS 8 [#DeprecatedDeclaration]
 6 | }
 7 |
/Users/admin/builder/spi-builder-workspace/Sources/MarkdownText/Styles/Visibility/CheckListVisibility.swift:17:60: warning: 'Visibility' was deprecated in watchOS 8 [#DeprecatedDeclaration]
15 | public extension View {
16 |     /// Sets the visibility for checklist item markdown elements
17 |     func markdownCheckListItem(_ visibility: Backport<Any>.Visibility) -> some View {
   |                                                            `- warning: 'Visibility' was deprecated in watchOS 8 [#DeprecatedDeclaration]
18 |         environment(\.markdownCheckListItemVisibility, visibility)
19 |     }
/Users/admin/builder/spi-builder-workspace/Sources/MarkdownText/Styles/Visibility/CheckListVisibility.swift:23:44: warning: 'Visibility' was deprecated in watchOS 8 [#DeprecatedDeclaration]
21 |
22 | struct CheckListItemBulletMarkdownVisibility: EnvironmentKey {
23 |     static let defaultValue: Backport<Any>.Visibility = .automatic
   |                                            `- warning: 'Visibility' was deprecated in watchOS 8 [#DeprecatedDeclaration]
24 | }
25 |
/Users/admin/builder/spi-builder-workspace/Sources/MarkdownText/Styles/Visibility/CheckListVisibility.swift:35:66: warning: 'Visibility' was deprecated in watchOS 8 [#DeprecatedDeclaration]
33 | public extension View {
34 |     /// Sets the visibility for checklist bullet markdown elements
35 |     func markdownCheckListItemBullet(_ visibility: Backport<Any>.Visibility) -> some View {
   |                                                                  `- warning: 'Visibility' was deprecated in watchOS 8 [#DeprecatedDeclaration]
36 |         environment(\.markdownCheckListItemBulletVisibility, visibility)
37 |     }
/Users/admin/builder/spi-builder-workspace/Sources/MarkdownText/Styles/Visibility/CodeVisibility.swift:5:44: warning: 'Visibility' was deprecated in watchOS 8 [#DeprecatedDeclaration]
 3 |
 4 | struct CodeMarkdownVisibility: EnvironmentKey {
 5 |     static let defaultValue: Backport<Any>.Visibility = .automatic
   |                                            `- warning: 'Visibility' was deprecated in watchOS 8 [#DeprecatedDeclaration]
 6 | }
 7 |
/Users/admin/builder/spi-builder-workspace/Sources/MarkdownText/Styles/Visibility/CodeVisibility.swift:17:51: warning: 'Visibility' was deprecated in watchOS 8 [#DeprecatedDeclaration]
15 | public extension View {
16 |     /// Sets the visibility for code block markdown elements
17 |     func markdownCode(_ visibility: Backport<Any>.Visibility) -> some View {
   |                                                   `- warning: 'Visibility' was deprecated in watchOS 8 [#DeprecatedDeclaration]
18 |         environment(\.markdownCodeVisibility, visibility)
19 |     }
/Users/admin/builder/spi-builder-workspace/Sources/MarkdownText/Styles/Visibility/HeadingVisibility.swift:7:44: warning: 'Visibility' was deprecated in watchOS 8 [#DeprecatedDeclaration]
 5 |
 6 | struct HeadingMarkdownVisibility: EnvironmentKey {
 7 |     static let defaultValue: Backport<Any>.Visibility = .automatic
   |                                            `- warning: 'Visibility' was deprecated in watchOS 8 [#DeprecatedDeclaration]
 8 | }
 9 |
/Users/admin/builder/spi-builder-workspace/Sources/MarkdownText/Styles/Visibility/HeadingVisibility.swift:19:54: warning: 'Visibility' was deprecated in watchOS 8 [#DeprecatedDeclaration]
17 | public extension View {
18 |     /// Sets the visibility for heading markdown elements
19 |     func markdownHeading(_ visibility: Backport<Any>.Visibility) -> some View {
   |                                                      `- warning: 'Visibility' was deprecated in watchOS 8 [#DeprecatedDeclaration]
20 |         environment(\.markdownHeadingVisibility, visibility)
21 |     }
/Users/admin/builder/spi-builder-workspace/Sources/MarkdownText/Styles/Visibility/ImageVisibility.swift:5:44: warning: 'Visibility' was deprecated in watchOS 8 [#DeprecatedDeclaration]
 3 |
 4 | struct ImageMarkdownVisibility: EnvironmentKey {
 5 |     static let defaultValue: Backport<Any>.Visibility = .automatic
   |                                            `- warning: 'Visibility' was deprecated in watchOS 8 [#DeprecatedDeclaration]
 6 | }
 7 |
/Users/admin/builder/spi-builder-workspace/Sources/MarkdownText/Styles/Visibility/ImageVisibility.swift:17:52: warning: 'Visibility' was deprecated in watchOS 8 [#DeprecatedDeclaration]
15 | public extension View {
16 |     /// Sets the visibility for image markdown elements
17 |     func markdownImage(_ visibility: Backport<Any>.Visibility) -> some View {
   |                                                    `- warning: 'Visibility' was deprecated in watchOS 8 [#DeprecatedDeclaration]
18 |         environment(\.markdownImageVisibility, visibility)
19 |     }
/Users/admin/builder/spi-builder-workspace/Sources/MarkdownText/Styles/Visibility/ListItemVisibility.swift:5:44: warning: 'Visibility' was deprecated in watchOS 8 [#DeprecatedDeclaration]
 3 |
 4 | struct ListMarkdownVisibility: EnvironmentKey {
 5 |     static let defaultValue: Backport<Any>.Visibility = .automatic
   |                                            `- warning: 'Visibility' was deprecated in watchOS 8 [#DeprecatedDeclaration]
 6 | }
 7 |
/Users/admin/builder/spi-builder-workspace/Sources/MarkdownText/Styles/Visibility/ListItemVisibility.swift:17:51: warning: 'Visibility' was deprecated in watchOS 8 [#DeprecatedDeclaration]
15 | public extension View {
16 |     /// Sets the visibility for all list item markdown elements
17 |     func markdownList(_ visibility: Backport<Any>.Visibility) -> some View {
   |                                                   `- warning: 'Visibility' was deprecated in watchOS 8 [#DeprecatedDeclaration]
18 |         environment(\.markdownListVisibility, visibility)
19 |     }
SwiftCompile normal arm64_32 Compiling\ MarkdownInlineElement.swift,\ MarkdownListElement.swift,\ MarkdownText.swift,\ MarkdownTextBuilder.swift /Users/admin/builder/spi-builder-workspace/Sources/MarkdownText/MarkdownInlineElement.swift /Users/admin/builder/spi-builder-workspace/Sources/MarkdownText/MarkdownListElement.swift /Users/admin/builder/spi-builder-workspace/Sources/MarkdownText/MarkdownText.swift /Users/admin/builder/spi-builder-workspace/Sources/MarkdownText/MarkdownTextBuilder.swift (in target 'MarkdownText' from project 'MarkdownText')
SwiftCompile normal arm64_32 /Users/admin/builder/spi-builder-workspace/Sources/MarkdownText/MarkdownInlineElement.swift (in target 'MarkdownText' from project 'MarkdownText')
    cd /Users/admin/builder/spi-builder-workspace/.swiftpm/xcode
    builtin-SwiftPerFileCompile MarkdownInlineElement.swift
SwiftCompile normal arm64_32 /Users/admin/builder/spi-builder-workspace/Sources/MarkdownText/MarkdownListElement.swift (in target 'MarkdownText' from project 'MarkdownText')
    cd /Users/admin/builder/spi-builder-workspace/.swiftpm/xcode
    builtin-SwiftPerFileCompile MarkdownListElement.swift
SwiftCompile normal arm64_32 /Users/admin/builder/spi-builder-workspace/Sources/MarkdownText/MarkdownText.swift (in target 'MarkdownText' from project 'MarkdownText')
    cd /Users/admin/builder/spi-builder-workspace/.swiftpm/xcode
    builtin-SwiftPerFileCompile MarkdownText.swift
SwiftCompile normal arm64_32 /Users/admin/builder/spi-builder-workspace/Sources/MarkdownText/MarkdownTextBuilder.swift (in target 'MarkdownText' from project 'MarkdownText')
    cd /Users/admin/builder/spi-builder-workspace/.swiftpm/xcode
    builtin-SwiftPerFileCompile MarkdownTextBuilder.swift
SwiftCompile normal arm64_32 Compiling\ InlineLinkStyle.swift,\ StrikethroughStyle.swift,\ StrongStyle.swift,\ ChecklistBulletStyle.swift /Users/admin/builder/spi-builder-workspace/Sources/MarkdownText/Styles/Inline\ Elements/InlineLinkStyle.swift /Users/admin/builder/spi-builder-workspace/Sources/MarkdownText/Styles/Inline\ Elements/StrikethroughStyle.swift /Users/admin/builder/spi-builder-workspace/Sources/MarkdownText/Styles/Inline\ Elements/StrongStyle.swift /Users/admin/builder/spi-builder-workspace/Sources/MarkdownText/Styles/Lists/Bullets/ChecklistBulletStyle.swift (in target 'MarkdownText' from project 'MarkdownText')
SwiftCompile normal arm64_32 /Users/admin/builder/spi-builder-workspace/Sources/MarkdownText/Styles/Inline\ Elements/InlineLinkStyle.swift (in target 'MarkdownText' from project 'MarkdownText')
    cd /Users/admin/builder/spi-builder-workspace/.swiftpm/xcode
    builtin-SwiftPerFileCompile InlineLinkStyle.swift
SwiftCompile normal arm64_32 /Users/admin/builder/spi-builder-workspace/Sources/MarkdownText/Styles/Inline\ Elements/StrikethroughStyle.swift (in target 'MarkdownText' from project 'MarkdownText')
    cd /Users/admin/builder/spi-builder-workspace/.swiftpm/xcode
    builtin-SwiftPerFileCompile StrikethroughStyle.swift
SwiftCompile normal arm64_32 /Users/admin/builder/spi-builder-workspace/Sources/MarkdownText/Styles/Inline\ Elements/StrongStyle.swift (in target 'MarkdownText' from project 'MarkdownText')
    cd /Users/admin/builder/spi-builder-workspace/.swiftpm/xcode
    builtin-SwiftPerFileCompile StrongStyle.swift
SwiftCompile normal arm64_32 /Users/admin/builder/spi-builder-workspace/Sources/MarkdownText/Styles/Lists/Bullets/ChecklistBulletStyle.swift (in target 'MarkdownText' from project 'MarkdownText')
    cd /Users/admin/builder/spi-builder-workspace/.swiftpm/xcode
    builtin-SwiftPerFileCompile ChecklistBulletStyle.swift
SwiftCompile normal arm64_32 Compiling\ CodeStyle.swift,\ HeadingStyle.swift,\ DefaultImageStyle.swift,\ RemoteImageStyle.swift /Users/admin/builder/spi-builder-workspace/Sources/MarkdownText/Styles/Block\ Elements/CodeStyle.swift /Users/admin/builder/spi-builder-workspace/Sources/MarkdownText/Styles/Block\ Elements/HeadingStyle.swift /Users/admin/builder/spi-builder-workspace/Sources/MarkdownText/Styles/Block\ Elements/Image\ Styles/DefaultImageStyle.swift /Users/admin/builder/spi-builder-workspace/Sources/MarkdownText/Styles/Block\ Elements/Image\ Styles/RemoteImageStyle.swift (in target 'MarkdownText' from project 'MarkdownText')
SwiftCompile normal arm64_32 /Users/admin/builder/spi-builder-workspace/Sources/MarkdownText/Styles/Block\ Elements/CodeStyle.swift (in target 'MarkdownText' from project 'MarkdownText')
    cd /Users/admin/builder/spi-builder-workspace/.swiftpm/xcode
    builtin-SwiftPerFileCompile CodeStyle.swift
SwiftCompile normal arm64_32 /Users/admin/builder/spi-builder-workspace/Sources/MarkdownText/Styles/Block\ Elements/HeadingStyle.swift (in target 'MarkdownText' from project 'MarkdownText')
    cd /Users/admin/builder/spi-builder-workspace/.swiftpm/xcode
    builtin-SwiftPerFileCompile HeadingStyle.swift
SwiftCompile normal arm64_32 /Users/admin/builder/spi-builder-workspace/Sources/MarkdownText/Styles/Block\ Elements/Image\ Styles/DefaultImageStyle.swift (in target 'MarkdownText' from project 'MarkdownText')
    cd /Users/admin/builder/spi-builder-workspace/.swiftpm/xcode
    builtin-SwiftPerFileCompile DefaultImageStyle.swift
SwiftCompile normal arm64_32 /Users/admin/builder/spi-builder-workspace/Sources/MarkdownText/Styles/Block\ Elements/Image\ Styles/RemoteImageStyle.swift (in target 'MarkdownText' from project 'MarkdownText')
    cd /Users/admin/builder/spi-builder-workspace/.swiftpm/xcode
    builtin-SwiftPerFileCompile RemoteImageStyle.swift
SwiftCompile normal arm64_32 Compiling\ InlineStyle.swift,\ ListLabelStyle.swift,\ Platform.swift,\ MarkdownBlockElement.swift /Users/admin/builder/spi-builder-workspace/Sources/MarkdownText/Helpers/InlineStyle.swift /Users/admin/builder/spi-builder-workspace/Sources/MarkdownText/Helpers/ListLabelStyle.swift /Users/admin/builder/spi-builder-workspace/Sources/MarkdownText/Helpers/Platform.swift /Users/admin/builder/spi-builder-workspace/Sources/MarkdownText/MarkdownBlockElement.swift (in target 'MarkdownText' from project 'MarkdownText')
/Users/admin/builder/spi-builder-workspace/Sources/MarkdownText/Helpers/Platform.swift:10:40: warning: 'ScaledMetric' was deprecated in watchOS 7 [#DeprecatedDeclaration]
 8 | typealias ProgressView = SwiftUI.ProgressView
 9 | #else
10 | typealias ScaledMetric = Backport<Any>.ScaledMetric
   |                                        `- warning: 'ScaledMetric' was deprecated in watchOS 7 [#DeprecatedDeclaration]
11 | typealias LabelStyle = SwiftUIBackports.BackportLabelStyle
12 | typealias Label = Backport<Any>.Label
/Users/admin/builder/spi-builder-workspace/Sources/MarkdownText/Helpers/Platform.swift:11:41: warning: 'BackportLabelStyle' was deprecated in watchOS 7 [#DeprecatedDeclaration]
 9 | #else
10 | typealias ScaledMetric = Backport<Any>.ScaledMetric
11 | typealias LabelStyle = SwiftUIBackports.BackportLabelStyle
   |                                         `- warning: 'BackportLabelStyle' was deprecated in watchOS 7 [#DeprecatedDeclaration]
12 | typealias Label = Backport<Any>.Label
13 | typealias ProgressView = Backport<Any>.ProgressView
/Users/admin/builder/spi-builder-workspace/Sources/MarkdownText/Helpers/Platform.swift:12:33: warning: 'Label' was deprecated in watchOS 7 [#DeprecatedDeclaration]
10 | typealias ScaledMetric = Backport<Any>.ScaledMetric
11 | typealias LabelStyle = SwiftUIBackports.BackportLabelStyle
12 | typealias Label = Backport<Any>.Label
   |                                 `- warning: 'Label' was deprecated in watchOS 7 [#DeprecatedDeclaration]
13 | typealias ProgressView = Backport<Any>.ProgressView
14 |
/Users/admin/builder/spi-builder-workspace/Sources/MarkdownText/Helpers/Platform.swift:13:40: warning: 'ProgressView' was deprecated in watchOS 7.0 [#DeprecatedDeclaration]
11 | typealias LabelStyle = SwiftUIBackports.BackportLabelStyle
12 | typealias Label = Backport<Any>.Label
13 | typealias ProgressView = Backport<Any>.ProgressView
   |                                        `- warning: 'ProgressView' was deprecated in watchOS 7.0 [#DeprecatedDeclaration]
14 |
15 | extension View {
/Users/admin/builder/spi-builder-workspace/Sources/MarkdownText/Helpers/Platform.swift:16:24: warning: 'BackportLabelStyle' was deprecated in watchOS 7 [#DeprecatedDeclaration]
14 |
15 | extension View {
16 |     func labelStyle<S: BackportLabelStyle>(_ style: S) -> some View {
   |                        `- warning: 'BackportLabelStyle' was deprecated in watchOS 7 [#DeprecatedDeclaration]
17 |         backport.labelStyle(style)
18 |     }
/Users/admin/builder/spi-builder-workspace/Sources/MarkdownText/Helpers/Platform.swift:17:18: warning: 'labelStyle' was deprecated in watchOS 7.0 [#DeprecatedDeclaration]
15 | extension View {
16 |     func labelStyle<S: BackportLabelStyle>(_ style: S) -> some View {
17 |         backport.labelStyle(style)
   |                  `- warning: 'labelStyle' was deprecated in watchOS 7.0 [#DeprecatedDeclaration]
18 |     }
19 | }
[#DeprecatedDeclaration]: <https://docs.swift.org/compiler/documentation/diagnostics/deprecated-declaration>
SwiftCompile normal arm64_32 /Users/admin/builder/spi-builder-workspace/Sources/MarkdownText/Helpers/InlineStyle.swift (in target 'MarkdownText' from project 'MarkdownText')
    cd /Users/admin/builder/spi-builder-workspace/.swiftpm/xcode
    builtin-SwiftPerFileCompile InlineStyle.swift
SwiftCompile normal arm64_32 /Users/admin/builder/spi-builder-workspace/Sources/MarkdownText/Helpers/ListLabelStyle.swift (in target 'MarkdownText' from project 'MarkdownText')
    cd /Users/admin/builder/spi-builder-workspace/.swiftpm/xcode
    builtin-SwiftPerFileCompile ListLabelStyle.swift
SwiftCompile normal arm64_32 /Users/admin/builder/spi-builder-workspace/Sources/MarkdownText/Helpers/Platform.swift (in target 'MarkdownText' from project 'MarkdownText')
    cd /Users/admin/builder/spi-builder-workspace/.swiftpm/xcode
    builtin-SwiftPerFileCompile Platform.swift
SwiftCompile normal arm64_32 /Users/admin/builder/spi-builder-workspace/Sources/MarkdownText/MarkdownBlockElement.swift (in target 'MarkdownText' from project 'MarkdownText')
    cd /Users/admin/builder/spi-builder-workspace/.swiftpm/xcode
    builtin-SwiftPerFileCompile MarkdownBlockElement.swift
SwiftCompile normal arm64_32 Compiling\ QuoteStyle.swift,\ ThematicStyle.swift,\ EmphasisStyle.swift,\ InlineCodeStyle.swift /Users/admin/builder/spi-builder-workspace/Sources/MarkdownText/Styles/Block\ Elements/QuoteStyle.swift /Users/admin/builder/spi-builder-workspace/Sources/MarkdownText/Styles/Block\ Elements/ThematicStyle.swift /Users/admin/builder/spi-builder-workspace/Sources/MarkdownText/Styles/Inline\ Elements/EmphasisStyle.swift /Users/admin/builder/spi-builder-workspace/Sources/MarkdownText/Styles/Inline\ Elements/InlineCodeStyle.swift (in target 'MarkdownText' from project 'MarkdownText')
SwiftCompile normal arm64_32 /Users/admin/builder/spi-builder-workspace/Sources/MarkdownText/Styles/Block\ Elements/QuoteStyle.swift (in target 'MarkdownText' from project 'MarkdownText')
    cd /Users/admin/builder/spi-builder-workspace/.swiftpm/xcode
    builtin-SwiftPerFileCompile QuoteStyle.swift
SwiftCompile normal arm64_32 /Users/admin/builder/spi-builder-workspace/Sources/MarkdownText/Styles/Block\ Elements/ThematicStyle.swift (in target 'MarkdownText' from project 'MarkdownText')
    cd /Users/admin/builder/spi-builder-workspace/.swiftpm/xcode
    builtin-SwiftPerFileCompile ThematicStyle.swift
SwiftCompile normal arm64_32 /Users/admin/builder/spi-builder-workspace/Sources/MarkdownText/Styles/Inline\ Elements/EmphasisStyle.swift (in target 'MarkdownText' from project 'MarkdownText')
    cd /Users/admin/builder/spi-builder-workspace/.swiftpm/xcode
    builtin-SwiftPerFileCompile EmphasisStyle.swift
SwiftCompile normal arm64_32 /Users/admin/builder/spi-builder-workspace/Sources/MarkdownText/Styles/Inline\ Elements/InlineCodeStyle.swift (in target 'MarkdownText' from project 'MarkdownText')
    cd /Users/admin/builder/spi-builder-workspace/.swiftpm/xcode
    builtin-SwiftPerFileCompile InlineCodeStyle.swift
SwiftDriverJobDiscovery normal arm64 Compiling LabelConfiguration.swift, LabelStyle.swift, DefaultLabelStyle.swift, IconOnlyLabelStyle.swift, TitleAndIconLabelStyle.swift, TitleOnlyLabelStyle.swift, LabeledContent.swift, LabeledContentStyle.swift, LabeledContentStyleConfiguration.swift, AutomaticLabeledContentStyle.swift, Link.swift, NavigationDestination.swift (in target 'SwiftUIBackports' from project 'SwiftUIBackports')
SwiftCompile normal arm64_32 Compiling\ SymbolImageStyle.swift,\ ImageStyle.swift,\ ListStyle.swift,\ ParagraphStyle.swift /Users/admin/builder/spi-builder-workspace/Sources/MarkdownText/Styles/Block\ Elements/Image\ Styles/SymbolImageStyle.swift /Users/admin/builder/spi-builder-workspace/Sources/MarkdownText/Styles/Block\ Elements/ImageStyle.swift /Users/admin/builder/spi-builder-workspace/Sources/MarkdownText/Styles/Block\ Elements/ListStyle.swift /Users/admin/builder/spi-builder-workspace/Sources/MarkdownText/Styles/Block\ Elements/ParagraphStyle.swift (in target 'MarkdownText' from project 'MarkdownText')
/Users/admin/builder/spi-builder-workspace/Sources/MarkdownText/Styles/Block Elements/ImageStyle.swift:47:29: error: 'init()' is unavailable in watchOS
45 |                                 .scaledToFit()
46 |                         case .empty:
47 |                             ProgressView()
   |                             `- error: 'init()' is unavailable in watchOS
48 |                         default:
49 |                             EmptyView()
SwiftUIBackports.Backport.ProgressView.init:3:19: note: 'init()' has been explicitly marked unavailable here
1 | generic struct Backport {
2 |   generic struct ProgressView {
3 | @MainActor public init() where Label == EmptyView  }
  |                   `- note: 'init()' has been explicitly marked unavailable here
4 | }
5 |
/Users/admin/builder/spi-builder-workspace/Sources/MarkdownText/Styles/Block Elements/ImageStyle.swift:53:22: warning: 'animation' was deprecated in watchOS 8.0: Use withAnimation or animation(_:value:) instead. [#DeprecatedDeclaration]
51 |                     }
52 |                     .scaledToFit()
53 |                     .animation(.default)
   |                      `- warning: 'animation' was deprecated in watchOS 8.0: Use withAnimation or animation(_:value:) instead. [#DeprecatedDeclaration]
54 |                 }
55 |             }
[#DeprecatedDeclaration]: <https://docs.swift.org/compiler/documentation/diagnostics/deprecated-declaration>
Failed frontend command:
/Applications/Xcode-27.0.0-Release.Candidate.app/Contents/Developer/Toolchains/XcodeDefault.xctoolchain/usr/bin/swift-frontend -frontend -c /Users/admin/builder/spi-builder-workspace/Sources/MarkdownText/Helpers/InlineStyle.swift /Users/admin/builder/spi-builder-workspace/Sources/MarkdownText/Helpers/ListLabelStyle.swift /Users/admin/builder/spi-builder-workspace/Sources/MarkdownText/Helpers/Platform.swift /Users/admin/builder/spi-builder-workspace/Sources/MarkdownText/MarkdownBlockElement.swift /Users/admin/builder/spi-builder-workspace/Sources/MarkdownText/MarkdownInlineElement.swift /Users/admin/builder/spi-builder-workspace/Sources/MarkdownText/MarkdownListElement.swift /Users/admin/builder/spi-builder-workspace/Sources/MarkdownText/MarkdownText.swift /Users/admin/builder/spi-builder-workspace/Sources/MarkdownText/MarkdownTextBuilder.swift /Users/admin/builder/spi-builder-workspace/Sources/MarkdownText/Styles/Block\ Elements/CodeStyle.swift /Users/admin/builder/spi-builder-workspace/Sources/MarkdownText/Styles/Block\ Elements/HeadingStyle.swift /Users/admin/builder/spi-builder-workspace/Sources/MarkdownText/Styles/Block\ Elements/Image\ Styles/DefaultImageStyle.swift /Users/admin/builder/spi-builder-workspace/Sources/MarkdownText/Styles/Block\ Elements/Image\ Styles/RemoteImageStyle.swift -primary-file /Users/admin/builder/spi-builder-workspace/Sources/MarkdownText/Styles/Block\ Elements/Image\ Styles/SymbolImageStyle.swift -primary-file /Users/admin/builder/spi-builder-workspace/Sources/MarkdownText/Styles/Block\ Elements/ImageStyle.swift -primary-file /Users/admin/builder/spi-builder-workspace/Sources/MarkdownText/Styles/Block\ Elements/ListStyle.swift -primary-file /Users/admin/builder/spi-builder-workspace/Sources/MarkdownText/Styles/Block\ Elements/ParagraphStyle.swift /Users/admin/builder/spi-builder-workspace/Sources/MarkdownText/Styles/Block\ Elements/QuoteStyle.swift /Users/admin/builder/spi-builder-workspace/Sources/MarkdownText/Styles/Block\ Elements/ThematicStyle.swift /Users/admin/builder/spi-builder-workspace/Sources/MarkdownText/Styles/Inline\ Elements/EmphasisStyle.swift /Users/admin/builder/spi-builder-workspace/Sources/MarkdownText/Styles/Inline\ Elements/InlineCodeStyle.swift /Users/admin/builder/spi-builder-workspace/Sources/MarkdownText/Styles/Inline\ Elements/InlineLinkStyle.swift /Users/admin/builder/spi-builder-workspace/Sources/MarkdownText/Styles/Inline\ Elements/StrikethroughStyle.swift /Users/admin/builder/spi-builder-workspace/Sources/MarkdownText/Styles/Inline\ Elements/StrongStyle.swift /Users/admin/builder/spi-builder-workspace/Sources/MarkdownText/Styles/Lists/Bullets/ChecklistBulletStyle.swift /Users/admin/builder/spi-builder-workspace/Sources/MarkdownText/Styles/Lists/Bullets/OrderedBulletStyle.swift /Users/admin/builder/spi-builder-workspace/Sources/MarkdownText/Styles/Lists/Bullets/UnorderedBulletStyle.swift /Users/admin/builder/spi-builder-workspace/Sources/MarkdownText/Styles/Lists/Items/CheckedListItemStyle.swift /Users/admin/builder/spi-builder-workspace/Sources/MarkdownText/Styles/Lists/Items/OrderedListItemStyle.swift /Users/admin/builder/spi-builder-workspace/Sources/MarkdownText/Styles/Lists/Items/UnorderedListItemStyle.swift /Users/admin/builder/spi-builder-workspace/Sources/MarkdownText/Styles/Visibility/CheckListVisibility.swift /Users/admin/builder/spi-builder-workspace/Sources/MarkdownText/Styles/Visibility/CodeVisibility.swift /Users/admin/builder/spi-builder-workspace/Sources/MarkdownText/Styles/Visibility/HeadingVisibility.swift /Users/admin/builder/spi-builder-workspace/Sources/MarkdownText/Styles/Visibility/ImageVisibility.swift /Users/admin/builder/spi-builder-workspace/Sources/MarkdownText/Styles/Visibility/ListItemVisibility.swift /Users/admin/builder/spi-builder-workspace/Sources/MarkdownText/Styles/Visibility/OrderedListVisibility.swift /Users/admin/builder/spi-builder-workspace/Sources/MarkdownText/Styles/Visibility/QuoteVisibility.swift /Users/admin/builder/spi-builder-workspace/Sources/MarkdownText/Styles/Visibility/ThematicVisibility.swift /Users/admin/builder/spi-builder-workspace/Sources/MarkdownText/Styles/Visibility/UnorderedListVisibility.swift -supplementary-output-file-map /Users/admin/builder/spi-builder-workspace/.derivedData/Build/Intermediates.noindex/MarkdownText.build/Debug-watchos/MarkdownText-t.build/Objects-normal/arm64_32/supplementaryOutputs-50 -target arm64_32-apple-watchos9.0 -disable-cross-import-overlay-search -load-resolved-plugin /Applications/Xcode-27.0.0-Release.Candidate.app/Contents/Developer/Platforms/WatchOS.platform/Developer/usr/lib/swift/host/plugins/libFoundationMacros.dylib\#/Applications/Xcode-27.0.0-Release.Candidate.app/Contents/Developer/Platforms/WatchOS.platform/Developer/usr/bin/swift-plugin-server\#FoundationMacros -load-resolved-plugin /Applications/Xcode-27.0.0-Release.Candidate.app/Contents/Developer/Platforms/WatchOS.platform/Developer/usr/lib/swift/host/plugins/libObservationMacros.dylib\#/Applications/Xcode-27.0.0-Release.Candidate.app/Contents/Developer/Platforms/WatchOS.platform/Developer/usr/bin/swift-plugin-server\#ObservationMacros -load-resolved-plugin /Applications/Xcode-27.0.0-Release.Candidate.app/Contents/Developer/Platforms/WatchOS.platform/Developer/usr/lib/swift/host/plugins/libPreviewsMacros.dylib\#/Applications/Xcode-27.0.0-Release.Candidate.app/Contents/Developer/Platforms/WatchOS.platform/Developer/usr/bin/swift-plugin-server\#PreviewsMacros -load-resolved-plugin /Applications/Xcode-27.0.0-Release.Candidate.app/Contents/Developer/Platforms/WatchOS.platform/Developer/usr/lib/swift/host/plugins/libSwiftMacros.dylib\#/Applications/Xcode-27.0.0-Release.Candidate.app/Contents/Developer/Platforms/WatchOS.platform/Developer/usr/bin/swift-plugin-server\#SwiftMacros -load-resolved-plugin /Applications/Xcode-27.0.0-Release.Candidate.app/Contents/Developer/Platforms/WatchOS.platform/Developer/usr/lib/swift/host/plugins/libSwiftUIMacros.dylib\#/Applications/Xcode-27.0.0-Release.Candidate.app/Contents/Developer/Platforms/WatchOS.platform/Developer/usr/bin/swift-plugin-server\#SwiftUIMacros -disable-implicit-swift-modules -Xcc -fno-implicit-modules -Xcc -fno-implicit-module-maps -explicit-swift-module-map-file /Users/admin/builder/spi-builder-workspace/.derivedData/Build/Intermediates.noindex/MarkdownText.build/Debug-watchos/MarkdownText-t.build/Objects-normal/arm64_32/MarkdownText-dependencies-1.json -enable-objc-interop -sdk /Applications/Xcode-27.0.0-Release.Candidate.app/Contents/Developer/Platforms/WatchOS.platform/Developer/SDKs/WatchOS27.0.sdk -I /Users/admin/builder/spi-builder-workspace/.derivedData/Build/Products/Debug-watchos -Isystem /Applications/Xcode-27.0.0-Release.Candidate.app/Contents/Developer/Platforms/WatchOS.platform/Developer/usr/lib -F /Users/admin/builder/spi-builder-workspace/.derivedData/Build/Products/Debug-watchos/PackageFrameworks -F /Users/admin/builder/spi-builder-workspace/.derivedData/Build/Products/Debug-watchos -F /Applications/Xcode-27.0.0-Release.Candidate.app/Contents/Developer/Platforms/WatchOS.platform/Developer/Library/Frameworks -F /Applications/Xcode-27.0.0-Release.Candidate.app/Contents/Developer/Platforms/WatchOS.platform/Developer/SDKs/WatchOS27.0.sdk/Developer/Library/Frameworks -module-cache-path /Users/admin/builder/spi-builder-workspace/.derivedData/Build/Intermediates.noindex/SwiftExplicitPrecompiledModules -no-color-diagnostics -Xcc -fno-color-diagnostics -enable-testing -g -debug-info-format\=dwarf -dwarf-version\=4 -swift-version 5 -Onone -D SWIFT_PACKAGE -D DEBUG -D SWIFT_MODULE_RESOURCE_BUNDLE_UNAVAILABLE -D Xcode -serialize-debugging-options -enable-experimental-feature DebugDescriptionMacro -empty-abi-descriptor -validate-clang-modules-once -clang-build-session-file /Users/admin/builder/spi-builder-workspace/.derivedData/ModuleCache.noindex/Session.modulevalidation -Xcc -working-directory -Xcc /Users/admin/builder/spi-builder-workspace/.swiftpm/xcode -enable-anonymous-context-mangled-names -file-compilation-dir /Users/admin/builder/spi-builder-workspace/.swiftpm/xcode -Xcc -fmodule-map-file\=/Users/admin/builder/spi-builder-workspace/.dependencies/checkouts/swift-cmark/src/include/module.modulemap -Xcc -fmodule-map-file\=/Users/admin/builder/spi-builder-workspace/.derivedData/Build/Intermediates.noindex/GeneratedModuleMaps-watchos/cmark-gfm-extensions.modulemap -Xcc -fmodule-map-file\=/Users/admin/builder/spi-builder-workspace/.derivedData/Build/Intermediates.noindex/GeneratedModuleMaps-watchos/CAtomic.modulemap -Xcc -D_LIBCPP_HARDENING_MODE\=_LIBCPP_HARDENING_MODE_DEBUG -Xcc -ivfsstatcache -Xcc /Users/admin/builder/spi-builder-workspace/.derivedData/SDKStatCaches.noindex/watchos27.0-24R360-e829b21a6f8c9b70876ba0858053c04477534ef55a1706bf4c1112bbb242f0a2.sdkstatcache -Xcc -fmodules-prune-interval\=86400 -Xcc -fmodules-prune-after\=345600 -Xcc -I/Users/admin/builder/spi-builder-workspace/.dependencies/checkouts/swift-cmark/src/include -Xcc -I/Users/admin/builder/spi-builder-workspace/.dependencies/checkouts/swift-cmark/extensions/include -Xcc -I/Users/admin/builder/spi-builder-workspace/.dependencies/checkouts/swift-markdown/Sources/CAtomic/include -Xcc -I/Users/admin/builder/spi-builder-workspace/.derivedData/Build/Products/Debug-watchos/include -Xcc -I/Users/admin/builder/spi-builder-workspace/.derivedData/Build/Intermediates.noindex/MarkdownText.build/Debug-watchos/MarkdownText-t.build/DerivedSources-normal/arm64_32 -Xcc -I/Users/admin/builder/spi-builder-workspace/.derivedData/Build/Intermediates.noindex/MarkdownText.build/Debug-watchos/MarkdownText-t.build/DerivedSources/arm64_32 -Xcc -I/Users/admin/builder/spi-builder-workspace/.derivedData/Build/Intermediates.noindex/MarkdownText.build/Debug-watchos/MarkdownText-t.build/DerivedSources -Xcc -DSWIFT_PACKAGE -Xcc -DDEBUG\=1 -no-auto-bridging-header-chaining -module-name MarkdownText -const-gather-protocols-file /Users/admin/builder/spi-builder-workspace/.derivedData/Build/Intermediates.noindex/MarkdownText.build/Debug-watchos/MarkdownText-t.build/Objects-normal/arm64_32/MarkdownText_const_extract_protocols.json -disable-clang-spi -clang-target arm64_32-apple-watchos27.0 -target-sdk-version 27.0 -target-sdk-name watchos27.0 -in-process-plugin-server-path /Applications/Xcode-27.0.0-Release.Candidate.app/Contents/Developer/Toolchains/XcodeDefault.xctoolchain/usr/lib/swift/host/libSwiftInProcPluginServer.dylib -parse-as-library -o /Users/admin/builder/spi-builder-workspace/.derivedData/Build/Intermediates.noindex/MarkdownText.build/Debug-watchos/MarkdownText-t.build/Objects-normal/arm64_32/SymbolImageStyle.o -o /Users/admin/builder/spi-builder-workspace/.derivedData/Build/Intermediates.noindex/MarkdownText.build/Debug-watchos/MarkdownText-t.build/Objects-normal/arm64_32/ImageStyle.o -o /Users/admin/builder/spi-builder-workspace/.derivedData/Build/Intermediates.noindex/MarkdownText.build/Debug-watchos/MarkdownText-t.build/Objects-normal/arm64_32/ListStyle.o -o /Users/admin/builder/spi-builder-workspace/.derivedData/Build/Intermediates.noindex/MarkdownText.build/Debug-watchos/MarkdownText-t.build/Objects-normal/arm64_32/ParagraphStyle.o -debug-module-path /Users/admin/builder/spi-builder-workspace/.derivedData/Build/Intermediates.noindex/MarkdownText.build/Debug-watchos/MarkdownText-t.build/Objects-normal/arm64_32/MarkdownText.swiftmodule -index-unit-output-path /MarkdownText.build/Debug-watchos/MarkdownText-t.build/Objects-normal/arm64_32/SymbolImageStyle.o -index-unit-output-path /MarkdownText.build/Debug-watchos/MarkdownText-t.build/Objects-normal/arm64_32/ImageStyle.o -index-unit-output-path /MarkdownText.build/Debug-watchos/MarkdownText-t.build/Objects-normal/arm64_32/ListStyle.o -index-unit-output-path /MarkdownText.build/Debug-watchos/MarkdownText-t.build/Objects-normal/arm64_32/ParagraphStyle.o -index-store-path /Users/admin/builder/spi-builder-workspace/.derivedData/Index.noindex/DataStore -index-system-modules
SwiftCompile normal arm64_32 /Users/admin/builder/spi-builder-workspace/Sources/MarkdownText/Styles/Block\ Elements/Image\ Styles/SymbolImageStyle.swift (in target 'MarkdownText' from project 'MarkdownText')
    cd /Users/admin/builder/spi-builder-workspace/.swiftpm/xcode
    builtin-SwiftPerFileCompile SymbolImageStyle.swift
SwiftCompile normal arm64_32 /Users/admin/builder/spi-builder-workspace/Sources/MarkdownText/Styles/Block\ Elements/ImageStyle.swift (in target 'MarkdownText' from project 'MarkdownText')
    cd /Users/admin/builder/spi-builder-workspace/.swiftpm/xcode
    builtin-SwiftPerFileCompile ImageStyle.swift
SwiftCompile normal arm64_32 /Users/admin/builder/spi-builder-workspace/Sources/MarkdownText/Styles/Block\ Elements/ListStyle.swift (in target 'MarkdownText' from project 'MarkdownText')
    cd /Users/admin/builder/spi-builder-workspace/.swiftpm/xcode
    builtin-SwiftPerFileCompile ListStyle.swift
SwiftCompile normal arm64_32 /Users/admin/builder/spi-builder-workspace/Sources/MarkdownText/Styles/Block\ Elements/ParagraphStyle.swift (in target 'MarkdownText' from project 'MarkdownText')
    cd /Users/admin/builder/spi-builder-workspace/.swiftpm/xcode
    builtin-SwiftPerFileCompile ParagraphStyle.swift
SwiftDriverJobDiscovery normal arm64 Compiling ProgressViewStyle.swift, CircularProgressViewStyle.swift, DefaultProgressViewStyle.swift, LinearProgressViewStyle.swift, Quicklook+iOS.swift, Quicklook+macOS.swift, Quicklook.swift, Refreshable.swift, RequestReview.swift, Section.swift, DefaultShareLinkLabel.swift, Items+Label+Preview.swift (in target 'SwiftUIBackports' from project 'SwiftUIBackports')
SwiftCompile normal arm64_32 Compiling\ UnorderedListItemStyle.swift,\ CheckListVisibility.swift,\ CodeVisibility.swift,\ HeadingVisibility.swift /Users/admin/builder/spi-builder-workspace/Sources/MarkdownText/Styles/Lists/Items/UnorderedListItemStyle.swift /Users/admin/builder/spi-builder-workspace/Sources/MarkdownText/Styles/Visibility/CheckListVisibility.swift /Users/admin/builder/spi-builder-workspace/Sources/MarkdownText/Styles/Visibility/CodeVisibility.swift /Users/admin/builder/spi-builder-workspace/Sources/MarkdownText/Styles/Visibility/HeadingVisibility.swift (in target 'MarkdownText' from project 'MarkdownText')
/Users/admin/builder/spi-builder-workspace/Sources/MarkdownText/Styles/Visibility/HeadingVisibility.swift:4:10: warning: Refactor to allow for range based API as well (inspo: DynamicType API)
 2 | import SwiftUIBackports
 3 |
 4 | #warning("Refactor to allow for range based API as well (inspo: DynamicType API)")
   |          `- warning: Refactor to allow for range based API as well (inspo: DynamicType API)
 5 |
 6 | struct HeadingMarkdownVisibility: EnvironmentKey {
/Users/admin/builder/spi-builder-workspace/Sources/MarkdownText/Styles/Visibility/CheckListVisibility.swift:5:44: warning: 'Visibility' was deprecated in watchOS 8 [#DeprecatedDeclaration]
 3 |
 4 | struct CheckListItemMarkdownVisibility: EnvironmentKey {
 5 |     static let defaultValue: Backport<Any>.Visibility = .automatic
   |                                            `- warning: 'Visibility' was deprecated in watchOS 8 [#DeprecatedDeclaration]
 6 | }
 7 |
/Users/admin/builder/spi-builder-workspace/Sources/MarkdownText/Styles/Visibility/CheckListVisibility.swift:17:60: warning: 'Visibility' was deprecated in watchOS 8 [#DeprecatedDeclaration]
15 | public extension View {
16 |     /// Sets the visibility for checklist item markdown elements
17 |     func markdownCheckListItem(_ visibility: Backport<Any>.Visibility) -> some View {
   |                                                            `- warning: 'Visibility' was deprecated in watchOS 8 [#DeprecatedDeclaration]
18 |         environment(\.markdownCheckListItemVisibility, visibility)
19 |     }
/Users/admin/builder/spi-builder-workspace/Sources/MarkdownText/Styles/Visibility/CheckListVisibility.swift:23:44: warning: 'Visibility' was deprecated in watchOS 8 [#DeprecatedDeclaration]
21 |
22 | struct CheckListItemBulletMarkdownVisibility: EnvironmentKey {
23 |     static let defaultValue: Backport<Any>.Visibility = .automatic
   |                                            `- warning: 'Visibility' was deprecated in watchOS 8 [#DeprecatedDeclaration]
24 | }
25 |
/Users/admin/builder/spi-builder-workspace/Sources/MarkdownText/Styles/Visibility/CheckListVisibility.swift:35:66: warning: 'Visibility' was deprecated in watchOS 8 [#DeprecatedDeclaration]
33 | public extension View {
34 |     /// Sets the visibility for checklist bullet markdown elements
35 |     func markdownCheckListItemBullet(_ visibility: Backport<Any>.Visibility) -> some View {
   |                                                                  `- warning: 'Visibility' was deprecated in watchOS 8 [#DeprecatedDeclaration]
36 |         environment(\.markdownCheckListItemBulletVisibility, visibility)
37 |     }
/Users/admin/builder/spi-builder-workspace/Sources/MarkdownText/Styles/Visibility/CodeVisibility.swift:5:44: warning: 'Visibility' was deprecated in watchOS 8 [#DeprecatedDeclaration]
 3 |
 4 | struct CodeMarkdownVisibility: EnvironmentKey {
 5 |     static let defaultValue: Backport<Any>.Visibility = .automatic
   |                                            `- warning: 'Visibility' was deprecated in watchOS 8 [#DeprecatedDeclaration]
 6 | }
 7 |
/Users/admin/builder/spi-builder-workspace/Sources/MarkdownText/Styles/Visibility/CodeVisibility.swift:17:51: warning: 'Visibility' was deprecated in watchOS 8 [#DeprecatedDeclaration]
15 | public extension View {
16 |     /// Sets the visibility for code block markdown elements
17 |     func markdownCode(_ visibility: Backport<Any>.Visibility) -> some View {
   |                                                   `- warning: 'Visibility' was deprecated in watchOS 8 [#DeprecatedDeclaration]
18 |         environment(\.markdownCodeVisibility, visibility)
19 |     }
/Users/admin/builder/spi-builder-workspace/Sources/MarkdownText/Styles/Visibility/HeadingVisibility.swift:7:44: warning: 'Visibility' was deprecated in watchOS 8 [#DeprecatedDeclaration]
 5 |
 6 | struct HeadingMarkdownVisibility: EnvironmentKey {
 7 |     static let defaultValue: Backport<Any>.Visibility = .automatic
   |                                            `- warning: 'Visibility' was deprecated in watchOS 8 [#DeprecatedDeclaration]
 8 | }
 9 |
SwiftCompile normal arm64_32 /Users/admin/builder/spi-builder-workspace/Sources/MarkdownText/Styles/Lists/Items/UnorderedListItemStyle.swift (in target 'MarkdownText' from project 'MarkdownText')
    cd /Users/admin/builder/spi-builder-workspace/.swiftpm/xcode
    builtin-SwiftPerFileCompile UnorderedListItemStyle.swift
SwiftCompile normal arm64_32 /Users/admin/builder/spi-builder-workspace/Sources/MarkdownText/Styles/Visibility/CheckListVisibility.swift (in target 'MarkdownText' from project 'MarkdownText')
    cd /Users/admin/builder/spi-builder-workspace/.swiftpm/xcode
    builtin-SwiftPerFileCompile CheckListVisibility.swift
SwiftCompile normal arm64_32 /Users/admin/builder/spi-builder-workspace/Sources/MarkdownText/Styles/Visibility/CodeVisibility.swift (in target 'MarkdownText' from project 'MarkdownText')
    cd /Users/admin/builder/spi-builder-workspace/.swiftpm/xcode
    builtin-SwiftPerFileCompile CodeVisibility.swift
SwiftCompile normal arm64_32 /Users/admin/builder/spi-builder-workspace/Sources/MarkdownText/Styles/Visibility/HeadingVisibility.swift (in target 'MarkdownText' from project 'MarkdownText')
    cd /Users/admin/builder/spi-builder-workspace/.swiftpm/xcode
    builtin-SwiftPerFileCompile HeadingVisibility.swift
SwiftCompile normal arm64_32 Compiling\ QuoteVisibility.swift,\ ThematicVisibility.swift,\ UnorderedListVisibility.swift /Users/admin/builder/spi-builder-workspace/Sources/MarkdownText/Styles/Visibility/QuoteVisibility.swift /Users/admin/builder/spi-builder-workspace/Sources/MarkdownText/Styles/Visibility/ThematicVisibility.swift /Users/admin/builder/spi-builder-workspace/Sources/MarkdownText/Styles/Visibility/UnorderedListVisibility.swift (in target 'MarkdownText' from project 'MarkdownText')
/Users/admin/builder/spi-builder-workspace/Sources/MarkdownText/Styles/Visibility/QuoteVisibility.swift:5:44: warning: 'Visibility' was deprecated in watchOS 8 [#DeprecatedDeclaration]
 3 |
 4 | struct QuoteMarkdownVisibility: EnvironmentKey {
 5 |     static let defaultValue: Backport<Any>.Visibility = .automatic
   |                                            `- warning: 'Visibility' was deprecated in watchOS 8 [#DeprecatedDeclaration]
 6 | }
 7 |
/Users/admin/builder/spi-builder-workspace/Sources/MarkdownText/Styles/Visibility/QuoteVisibility.swift:17:52: warning: 'Visibility' was deprecated in watchOS 8 [#DeprecatedDeclaration]
15 | public extension View {
16 |     /// Sets the visibility for quote markdown elements
17 |     func markdownQuote(_ visibility: Backport<Any>.Visibility) -> some View {
   |                                                    `- warning: 'Visibility' was deprecated in watchOS 8 [#DeprecatedDeclaration]
18 |         environment(\.markdownQuoteListVisibility, visibility)
19 |     }
/Users/admin/builder/spi-builder-workspace/Sources/MarkdownText/Styles/Visibility/ThematicVisibility.swift:5:44: warning: 'Visibility' was deprecated in watchOS 8 [#DeprecatedDeclaration]
 3 |
 4 | struct ThematicBreakMarkdownVisibility: EnvironmentKey {
 5 |     static let defaultValue: Backport<Any>.Visibility = .automatic
   |                                            `- warning: 'Visibility' was deprecated in watchOS 8 [#DeprecatedDeclaration]
 6 | }
 7 |
/Users/admin/builder/spi-builder-workspace/Sources/MarkdownText/Styles/Visibility/ThematicVisibility.swift:17:60: warning: 'Visibility' was deprecated in watchOS 8 [#DeprecatedDeclaration]
15 | public extension View {
16 |     /// Sets the visibility for thematic break markdown elements
17 |     func markdownThematicBreak(_ visibility: Backport<Any>.Visibility) -> some View {
   |                                                            `- warning: 'Visibility' was deprecated in watchOS 8 [#DeprecatedDeclaration]
18 |         environment(\.markdownThematicBreakVisibility, visibility)
19 |     }
/Users/admin/builder/spi-builder-workspace/Sources/MarkdownText/Styles/Visibility/UnorderedListVisibility.swift:5:44: warning: 'Visibility' was deprecated in watchOS 8 [#DeprecatedDeclaration]
 3 |
 4 | struct UnorderedListItemMarkdownVisibility: EnvironmentKey {
 5 |     static let defaultValue: Backport<Any>.Visibility = .automatic
   |                                            `- warning: 'Visibility' was deprecated in watchOS 8 [#DeprecatedDeclaration]
 6 | }
 7 |
/Users/admin/builder/spi-builder-workspace/Sources/MarkdownText/Styles/Visibility/UnorderedListVisibility.swift:17:64: warning: 'Visibility' was deprecated in watchOS 8 [#DeprecatedDeclaration]
15 | public extension View {
16 |     /// Sets the visibility for unordered item markdown elements
17 |     func markdownUnorderedListItem(_ visibility: Backport<Any>.Visibility) -> some View {
   |                                                                `- warning: 'Visibility' was deprecated in watchOS 8 [#DeprecatedDeclaration]
18 |         environment(\.markdownUnorderedListItemVisibility, visibility)
19 |     }
/Users/admin/builder/spi-builder-workspace/Sources/MarkdownText/Styles/Visibility/UnorderedListVisibility.swift:23:44: warning: 'Visibility' was deprecated in watchOS 8 [#DeprecatedDeclaration]
21 |
22 | struct UnorderedListItemBulletMarkdownVisibility: EnvironmentKey {
23 |     static let defaultValue: Backport<Any>.Visibility = .automatic
   |                                            `- warning: 'Visibility' was deprecated in watchOS 8 [#DeprecatedDeclaration]
24 | }
25 |
/Users/admin/builder/spi-builder-workspace/Sources/MarkdownText/Styles/Visibility/UnorderedListVisibility.swift:35:70: warning: 'Visibility' was deprecated in watchOS 8 [#DeprecatedDeclaration]
33 | public extension View {
34 |     /// Sets the visibility for unordered bullet markdown elements
35 |     func markdownUnorderedListItemBullet(_ visibility: Backport<Any>.Visibility) -> some View {
   |                                                                      `- warning: 'Visibility' was deprecated in watchOS 8 [#DeprecatedDeclaration]
36 |         environment(\.markdownUnorderedListItemBulletVisibility, visibility)
37 |     }
[#DeprecatedDeclaration]: <https://docs.swift.org/compiler/documentation/diagnostics/deprecated-declaration>
SwiftCompile normal arm64_32 /Users/admin/builder/spi-builder-workspace/Sources/MarkdownText/Styles/Visibility/QuoteVisibility.swift (in target 'MarkdownText' from project 'MarkdownText')
    cd /Users/admin/builder/spi-builder-workspace/.swiftpm/xcode
    builtin-SwiftPerFileCompile QuoteVisibility.swift
SwiftCompile normal arm64_32 /Users/admin/builder/spi-builder-workspace/Sources/MarkdownText/Styles/Visibility/ThematicVisibility.swift (in target 'MarkdownText' from project 'MarkdownText')
    cd /Users/admin/builder/spi-builder-workspace/.swiftpm/xcode
    builtin-SwiftPerFileCompile ThematicVisibility.swift
SwiftCompile normal arm64_32 /Users/admin/builder/spi-builder-workspace/Sources/MarkdownText/Styles/Visibility/UnorderedListVisibility.swift (in target 'MarkdownText' from project 'MarkdownText')
    cd /Users/admin/builder/spi-builder-workspace/.swiftpm/xcode
    builtin-SwiftPerFileCompile UnorderedListVisibility.swift
SwiftEmitModule normal arm64 Emitting\ module\ for\ MarkdownText (in target 'MarkdownText' from project 'MarkdownText')
/Users/admin/builder/spi-builder-workspace/Sources/MarkdownText/Styles/Visibility/HeadingVisibility.swift:4:10: warning: Refactor to allow for range based API as well (inspo: DynamicType API)
 2 | import SwiftUIBackports
 3 |
 4 | #warning("Refactor to allow for range based API as well (inspo: DynamicType API)")
   |          `- warning: Refactor to allow for range based API as well (inspo: DynamicType API)
 5 |
 6 | struct HeadingMarkdownVisibility: EnvironmentKey {
/Users/admin/builder/spi-builder-workspace/Sources/MarkdownText/Helpers/Platform.swift:10:40: warning: 'ScaledMetric' was deprecated in watchOS 7 [#DeprecatedDeclaration]
 8 | typealias ProgressView = SwiftUI.ProgressView
 9 | #else
10 | typealias ScaledMetric = Backport<Any>.ScaledMetric
   |                                        `- warning: 'ScaledMetric' was deprecated in watchOS 7 [#DeprecatedDeclaration]
11 | typealias LabelStyle = SwiftUIBackports.BackportLabelStyle
12 | typealias Label = Backport<Any>.Label
/Users/admin/builder/spi-builder-workspace/Sources/MarkdownText/Helpers/Platform.swift:11:41: warning: 'BackportLabelStyle' was deprecated in watchOS 7 [#DeprecatedDeclaration]
 9 | #else
10 | typealias ScaledMetric = Backport<Any>.ScaledMetric
11 | typealias LabelStyle = SwiftUIBackports.BackportLabelStyle
   |                                         `- warning: 'BackportLabelStyle' was deprecated in watchOS 7 [#DeprecatedDeclaration]
12 | typealias Label = Backport<Any>.Label
13 | typealias ProgressView = Backport<Any>.ProgressView
/Users/admin/builder/spi-builder-workspace/Sources/MarkdownText/Helpers/Platform.swift:12:33: warning: 'Label' was deprecated in watchOS 7 [#DeprecatedDeclaration]
10 | typealias ScaledMetric = Backport<Any>.ScaledMetric
11 | typealias LabelStyle = SwiftUIBackports.BackportLabelStyle
12 | typealias Label = Backport<Any>.Label
   |                                 `- warning: 'Label' was deprecated in watchOS 7 [#DeprecatedDeclaration]
13 | typealias ProgressView = Backport<Any>.ProgressView
14 |
/Users/admin/builder/spi-builder-workspace/Sources/MarkdownText/Helpers/Platform.swift:13:40: warning: 'ProgressView' was deprecated in watchOS 7.0 [#DeprecatedDeclaration]
11 | typealias LabelStyle = SwiftUIBackports.BackportLabelStyle
12 | typealias Label = Backport<Any>.Label
13 | typealias ProgressView = Backport<Any>.ProgressView
   |                                        `- warning: 'ProgressView' was deprecated in watchOS 7.0 [#DeprecatedDeclaration]
14 |
15 | extension View {
SwiftCompile normal arm64 (in target 'MarkdownText' from project 'MarkdownText')
    cd /Users/admin/builder/spi-builder-workspace/.swiftpm/xcode

SwiftDriverJobDiscovery normal arm64 Compiling resource_bundle_accessor.swift, Backport.swift, FittingGeometryReader.swift, FittingScrollView.swift, Presenatation+Deprecations.swift, Environment+String.swift, Environment.swift, Inspect.swift, NSItemProvider+Async.swift, OwningController.swift, Platforms.swift, SafeArea.swift, String+LocalizationKey.swift (in target 'SwiftUIBackports' from project 'SwiftUIBackports')
SwiftDriverJobDiscovery normal arm64_32 Compiling QuoteVisibility.swift, ThematicVisibility.swift, UnorderedListVisibility.swift (in target 'MarkdownText' from project 'MarkdownText')
SwiftDriver\ Compilation SwiftUIBackports normal arm64 com.apple.xcode.tools.swift.compiler (in target 'SwiftUIBackports' from project 'SwiftUIBackports')
    cd /Users/admin/builder/spi-builder-workspace/.swiftpm/xcode
    builtin-Swift-Compilation -- /Applications/Xcode-27.0.0-Release.Candidate.app/Contents/Developer/Toolchains/XcodeDefault.xctoolchain/usr/bin/swiftc -parse-as-library -module-name SwiftUIBackports -Onone @/Users/admin/builder/spi-builder-workspace/.derivedData/Build/Intermediates.noindex/SwiftUIBackports.build/Debug-watchos/SwiftUIBackports-t.build/Objects-normal/arm64/SwiftUIBackports.SwiftFileList -DSWIFT_PACKAGE -DDEBUG -DSWIFT_MODULE_RESOURCE_BUNDLE_AVAILABLE -DXcode -plugin-path /Applications/Xcode-27.0.0-Release.Candidate.app/Contents/Developer/Toolchains/XcodeDefault.xctoolchain/usr/lib/swift/host/plugins/testing -enable-experimental-feature DebugDescriptionMacro -sdk /Applications/Xcode-27.0.0-Release.Candidate.app/Contents/Developer/Platforms/WatchOS.platform/Developer/SDKs/WatchOS27.0.sdk -target arm64-apple-watchos9.0 -g -module-cache-path /Users/admin/builder/spi-builder-workspace/.derivedData/ModuleCache.noindex -Xfrontend -serialize-debugging-options -enable-testing -suppress-warnings -index-store-path /Users/admin/builder/spi-builder-workspace/.derivedData/Index.noindex/DataStore -Xcc -D_LIBCPP_HARDENING_MODE\=_LIBCPP_HARDENING_MODE_DEBUG -swift-version 5 -I /Users/admin/builder/spi-builder-workspace/.derivedData/Build/Products/Debug-watchos -Isystem /Applications/Xcode-27.0.0-Release.Candidate.app/Contents/Developer/Platforms/WatchOS.platform/Developer/usr/lib -F /Users/admin/builder/spi-builder-workspace/.derivedData/Build/Products/Debug-watchos/PackageFrameworks -F /Users/admin/builder/spi-builder-workspace/.derivedData/Build/Products/Debug-watchos -F /Applications/Xcode-27.0.0-Release.Candidate.app/Contents/Developer/Platforms/WatchOS.platform/Developer/Library/Frameworks -F /Applications/Xcode-27.0.0-Release.Candidate.app/Contents/Developer/Platforms/WatchOS.platform/Developer/SDKs/WatchOS27.0.sdk/Developer/Library/Frameworks -c -j10 -enable-batch-mode -incremental -Xcc -ivfsstatcache -Xcc /Users/admin/builder/spi-builder-workspace/.derivedData/SDKStatCaches.noindex/watchos27.0-24R360-e829b21a6f8c9b70876ba0858053c04477534ef55a1706bf4c1112bbb242f0a2.sdkstatcache -output-file-map /Users/admin/builder/spi-builder-workspace/.derivedData/Build/Intermediates.noindex/SwiftUIBackports.build/Debug-watchos/SwiftUIBackports-t.build/Objects-normal/arm64/SwiftUIBackports-OutputFileMap.json -save-temps -no-color-diagnostics -explicit-module-build -module-cache-path /Users/admin/builder/spi-builder-workspace/.derivedData/Build/Intermediates.noindex/SwiftExplicitPrecompiledModules -clang-scanner-module-cache-path /Users/admin/builder/spi-builder-workspace/.derivedData/ModuleCache.noindex -sdk-module-cache-path /Users/admin/builder/spi-builder-workspace/.derivedData/SDKExplicitPrecompiledModules -emit-dependencies -emit-module -emit-module-path /Users/admin/builder/spi-builder-workspace/.derivedData/Build/Intermediates.noindex/SwiftUIBackports.build/Debug-watchos/SwiftUIBackports-t.build/Objects-normal/arm64/SwiftUIBackports.swiftmodule -serialize-diagnostics -dependency-scan-serialize-diagnostics-path /Users/admin/builder/spi-builder-workspace/.derivedData/Build/Intermediates.noindex/SwiftUIBackports.build/Debug-watchos/SwiftUIBackports-t.build/Objects-normal/arm64/SwiftUIBackports-dependency-scan.dia -validate-clang-modules-once -clang-build-session-file /Users/admin/builder/spi-builder-workspace/.derivedData/ModuleCache.noindex/Session.modulevalidation -Xcc -fmodules-prune-interval\=86400 -Xcc -fmodules-prune-after\=345600 -emit-const-values -const-gather-protocols-list /Users/admin/builder/spi-builder-workspace/.derivedData/Build/Intermediates.noindex/SwiftUIBackports.build/Debug-watchos/SwiftUIBackports-t.build/Objects-normal/arm64/SwiftUIBackports_const_extract_protocols.json -Xcc -I/Users/admin/builder/spi-builder-workspace/.derivedData/Build/Products/Debug-watchos/include -Xcc -I/Users/admin/builder/spi-builder-workspace/.derivedData/Build/Intermediates.noindex/SwiftUIBackports.build/Debug-watchos/SwiftUIBackports-t.build/DerivedSources-normal/arm64 -Xcc -I/Users/admin/builder/spi-builder-workspace/.derivedData/Build/Intermediates.noindex/SwiftUIBackports.build/Debug-watchos/SwiftUIBackports-t.build/DerivedSources/arm64 -Xcc -I/Users/admin/builder/spi-builder-workspace/.derivedData/Build/Intermediates.noindex/SwiftUIBackports.build/Debug-watchos/SwiftUIBackports-t.build/DerivedSources -Xcc -DSWIFT_PACKAGE -Xcc -DDEBUG\=1 -emit-objc-header -emit-objc-header-path /Users/admin/builder/spi-builder-workspace/.derivedData/Build/Intermediates.noindex/SwiftUIBackports.build/Debug-watchos/SwiftUIBackports-t.build/Objects-normal/arm64/SwiftUIBackports-Swift.h -working-directory /Users/admin/builder/spi-builder-workspace/.swiftpm/xcode -experimental-emit-module-separately -disable-cmo
SwiftCompile normal arm64 Compiling\ UnorderedListItemStyle.swift,\ CheckListVisibility.swift,\ CodeVisibility.swift,\ HeadingVisibility.swift /Users/admin/builder/spi-builder-workspace/Sources/MarkdownText/Styles/Lists/Items/UnorderedListItemStyle.swift /Users/admin/builder/spi-builder-workspace/Sources/MarkdownText/Styles/Visibility/CheckListVisibility.swift /Users/admin/builder/spi-builder-workspace/Sources/MarkdownText/Styles/Visibility/CodeVisibility.swift /Users/admin/builder/spi-builder-workspace/Sources/MarkdownText/Styles/Visibility/HeadingVisibility.swift (in target 'MarkdownText' from project 'MarkdownText')
SwiftCompile normal arm64 /Users/admin/builder/spi-builder-workspace/Sources/MarkdownText/Styles/Lists/Items/UnorderedListItemStyle.swift (in target 'MarkdownText' from project 'MarkdownText')
    cd /Users/admin/builder/spi-builder-workspace/.swiftpm/xcode
    builtin-SwiftPerFileCompile UnorderedListItemStyle.swift
SwiftCompile normal arm64 /Users/admin/builder/spi-builder-workspace/Sources/MarkdownText/Styles/Visibility/CheckListVisibility.swift (in target 'MarkdownText' from project 'MarkdownText')
    cd /Users/admin/builder/spi-builder-workspace/.swiftpm/xcode
    builtin-SwiftPerFileCompile CheckListVisibility.swift
SwiftCompile normal arm64 /Users/admin/builder/spi-builder-workspace/Sources/MarkdownText/Styles/Visibility/CodeVisibility.swift (in target 'MarkdownText' from project 'MarkdownText')
    cd /Users/admin/builder/spi-builder-workspace/.swiftpm/xcode
    builtin-SwiftPerFileCompile CodeVisibility.swift
SwiftCompile normal arm64 /Users/admin/builder/spi-builder-workspace/Sources/MarkdownText/Styles/Visibility/HeadingVisibility.swift (in target 'MarkdownText' from project 'MarkdownText')
    cd /Users/admin/builder/spi-builder-workspace/.swiftpm/xcode
    builtin-SwiftPerFileCompile HeadingVisibility.swift
Ld /Users/admin/builder/spi-builder-workspace/.derivedData/Build/Intermediates.noindex/SwiftUIBackports.build/Debug-watchos/SwiftUIBackports-t.build/Objects-normal/arm64/Binary/SwiftUIBackports.o normal arm64 (in target 'SwiftUIBackports' from project 'SwiftUIBackports')
    cd /Users/admin/builder/spi-builder-workspace/.dependencies/checkouts/SwiftUIBackports
    /Applications/Xcode-27.0.0-Release.Candidate.app/Contents/Developer/Toolchains/XcodeDefault.xctoolchain/usr/bin/clang -Xlinker -reproducible -target arm64-apple-watchos9.0 -r -isysroot /Applications/Xcode-27.0.0-Release.Candidate.app/Contents/Developer/Platforms/WatchOS.platform/Developer/SDKs/WatchOS27.0.sdk -O0 -w -Xlinker -no_warn_duplicate_libraries -F/Users/admin/builder/spi-builder-workspace/.derivedData/Build/Intermediates.noindex/EagerLinkingTBDs/Debug-watchos -F/Users/admin/builder/spi-builder-workspace/.derivedData/Build/Products/Debug-watchos/PackageFrameworks -F/Users/admin/builder/spi-builder-workspace/.derivedData/Build/Products/Debug-watchos -iframework /Applications/Xcode-27.0.0-Release.Candidate.app/Contents/Developer/Platforms/WatchOS.platform/Developer/Library/Frameworks -iframework /Applications/Xcode-27.0.0-Release.Candidate.app/Contents/Developer/Platforms/WatchOS.platform/Developer/SDKs/WatchOS27.0.sdk/Developer/Library/Frameworks -filelist /Users/admin/builder/spi-builder-workspace/.derivedData/Build/Intermediates.noindex/SwiftUIBackports.build/Debug-watchos/SwiftUIBackports-t.build/Objects-normal/arm64/SwiftUIBackports.LinkFileList -nostdlib -Xlinker -object_path_lto -Xlinker /Users/admin/builder/spi-builder-workspace/.derivedData/Build/Intermediates.noindex/SwiftUIBackports.build/Debug-watchos/SwiftUIBackports-t.build/Objects-normal/arm64/SwiftUIBackports_lto.o -Xlinker -no_deduplicate -Xlinker -dependency_info -Xlinker /Users/admin/builder/spi-builder-workspace/.derivedData/Build/Intermediates.noindex/SwiftUIBackports.build/Debug-watchos/SwiftUIBackports-t.build/Objects-normal/arm64/SwiftUIBackports_dependency_info.dat -fobjc-link-runtime -L/Applications/Xcode-27.0.0-Release.Candidate.app/Contents/Developer/Toolchains/XcodeDefault.xctoolchain/usr/lib/swift/watchos -L/usr/lib/swift -Xlinker -add_ast_path -Xlinker /Users/admin/builder/spi-builder-workspace/.derivedData/Build/Intermediates.noindex/SwiftUIBackports.build/Debug-watchos/SwiftUIBackports-t.build/Objects-normal/arm64/SwiftUIBackports.swiftmodule -o /Users/admin/builder/spi-builder-workspace/.derivedData/Build/Intermediates.noindex/SwiftUIBackports.build/Debug-watchos/SwiftUIBackports-t.build/Objects-normal/arm64/Binary/SwiftUIBackports.o
SwiftDriverJobDiscovery normal arm64_32 Compiling InlineLinkStyle.swift, StrikethroughStyle.swift, StrongStyle.swift, ChecklistBulletStyle.swift (in target 'MarkdownText' from project 'MarkdownText')
SwiftCompile normal arm64 Compiling\ QuoteVisibility.swift,\ ThematicVisibility.swift,\ UnorderedListVisibility.swift /Users/admin/builder/spi-builder-workspace/Sources/MarkdownText/Styles/Visibility/QuoteVisibility.swift /Users/admin/builder/spi-builder-workspace/Sources/MarkdownText/Styles/Visibility/ThematicVisibility.swift /Users/admin/builder/spi-builder-workspace/Sources/MarkdownText/Styles/Visibility/UnorderedListVisibility.swift (in target 'MarkdownText' from project 'MarkdownText')
SwiftCompile normal arm64 /Users/admin/builder/spi-builder-workspace/Sources/MarkdownText/Styles/Visibility/QuoteVisibility.swift (in target 'MarkdownText' from project 'MarkdownText')
    cd /Users/admin/builder/spi-builder-workspace/.swiftpm/xcode
    builtin-SwiftPerFileCompile QuoteVisibility.swift
SwiftCompile normal arm64 /Users/admin/builder/spi-builder-workspace/Sources/MarkdownText/Styles/Visibility/ThematicVisibility.swift (in target 'MarkdownText' from project 'MarkdownText')
    cd /Users/admin/builder/spi-builder-workspace/.swiftpm/xcode
    builtin-SwiftPerFileCompile ThematicVisibility.swift
SwiftCompile normal arm64 /Users/admin/builder/spi-builder-workspace/Sources/MarkdownText/Styles/Visibility/UnorderedListVisibility.swift (in target 'MarkdownText' from project 'MarkdownText')
    cd /Users/admin/builder/spi-builder-workspace/.swiftpm/xcode
    builtin-SwiftPerFileCompile UnorderedListVisibility.swift
PruneExplicitPrecompiledModules /Users/admin/builder/spi-builder-workspace/.derivedData/SDKExplicitPrecompiledModules
PruneExplicitPrecompiledModules /Users/admin/builder/spi-builder-workspace/.derivedData/Build/Intermediates.noindex/ExplicitPrecompiledModules
PruneExplicitPrecompiledModules /Users/admin/builder/spi-builder-workspace/.derivedData/Build/Intermediates.noindex/SwiftExplicitPrecompiledModules
2026-09-19 00:59:17.977 xcodebuild[800:4911] [MT] IDERunDestination: Supported platforms for the buildables in the current scheme is empty.
** BUILD FAILED **
The following build commands failed:
	SwiftCompile normal arm64_32 Compiling\ SymbolImageStyle.swift,\ ImageStyle.swift,\ ListStyle.swift,\ ParagraphStyle.swift /Users/admin/builder/spi-builder-workspace/Sources/MarkdownText/Styles/Block\ Elements/Image\ Styles/SymbolImageStyle.swift /Users/admin/builder/spi-builder-workspace/Sources/MarkdownText/Styles/Block\ Elements/ImageStyle.swift /Users/admin/builder/spi-builder-workspace/Sources/MarkdownText/Styles/Block\ Elements/ListStyle.swift /Users/admin/builder/spi-builder-workspace/Sources/MarkdownText/Styles/Block\ Elements/ParagraphStyle.swift (in target 'MarkdownText' from project 'MarkdownText')
	SwiftCompile normal arm64_32 /Users/admin/builder/spi-builder-workspace/Sources/MarkdownText/Styles/Block\ Elements/ImageStyle.swift (in target 'MarkdownText' from project 'MarkdownText')
	Building workspace MarkdownText with scheme MarkdownText
(3 failures)
Command line invocation:
    /Applications/Xcode-27.0.0-Release.Candidate.app/Contents/Developer/usr/bin/xcodebuild -IDEClonedSourcePackagesDirPathOverride=/Users/admin/builder/spi-builder-workspace/.dependencies -resolvePackageDependencies
Resolve Package Graph
Resolved source packages:
  SwiftBackports: https://github.com/shaps80/SwiftBackports @ 1.0.3
  MarkdownText: /Users/admin/builder/spi-builder-workspace
  SwiftUIBackports: https://github.com/shaps80/SwiftUIBackports @ 2.8.1
  swift-markdown: https://github.com/shaps80/swift-markdown @ 0.3.0
  cmark-gfm: https://github.com/shaps80/swift-cmark.git @ 0.2.0
resolved source packages: SwiftBackports, MarkdownText, SwiftUIBackports, swift-markdown, cmark-gfm
2026-09-19 00:59:33.152 xcodebuild[1205:7091] [MT] IDERunDestination: Supported platforms for the buildables in the current scheme is empty.
{
  "dependencies" : [
    {
      "identity" : "swift-markdown",
      "requirement" : {
        "range" : [
          {
            "lower_bound" : "0.3.0",
            "upper_bound" : "0.4.0"
          }
        ]
      },
      "type" : "sourceControl",
      "url" : "https://github.com/shaps80/swift-markdown"
    },
    {
      "identity" : "swiftuibackports",
      "requirement" : {
        "range" : [
          {
            "lower_bound" : "2.0.0",
            "upper_bound" : "3.0.0"
          }
        ]
      },
      "type" : "sourceControl",
      "url" : "https://github.com/shaps80/SwiftUIBackports"
    }
  ],
  "manifest_display_name" : "MarkdownText",
  "name" : "MarkdownText",
  "path" : "/Users/admin/builder/spi-builder-workspace",
  "platforms" : [
    {
      "name" : "ios",
      "version" : "13.0"
    },
    {
      "name" : "macos",
      "version" : "11.0"
    }
  ],
  "products" : [
    {
      "name" : "MarkdownText",
      "targets" : [
        "MarkdownText"
      ],
      "type" : {
        "library" : [
          "automatic"
        ]
      }
    }
  ],
  "targets" : [
    {
      "c99name" : "MarkdownText",
      "module_type" : "SwiftTarget",
      "name" : "MarkdownText",
      "path" : "Sources/MarkdownText",
      "product_dependencies" : [
        "Markdown",
        "SwiftUIBackports"
      ],
      "product_memberships" : [
        "MarkdownText"
      ],
      "sources" : [
        "Helpers/InlineStyle.swift",
        "Helpers/ListLabelStyle.swift",
        "Helpers/Platform.swift",
        "MarkdownBlockElement.swift",
        "MarkdownInlineElement.swift",
        "MarkdownListElement.swift",
        "MarkdownText.swift",
        "MarkdownTextBuilder.swift",
        "Styles/Block Elements/CodeStyle.swift",
        "Styles/Block Elements/HeadingStyle.swift",
        "Styles/Block Elements/Image Styles/DefaultImageStyle.swift",
        "Styles/Block Elements/Image Styles/RemoteImageStyle.swift",
        "Styles/Block Elements/Image Styles/SymbolImageStyle.swift",
        "Styles/Block Elements/ImageStyle.swift",
        "Styles/Block Elements/ListStyle.swift",
        "Styles/Block Elements/ParagraphStyle.swift",
        "Styles/Block Elements/QuoteStyle.swift",
        "Styles/Block Elements/ThematicStyle.swift",
        "Styles/Inline Elements/EmphasisStyle.swift",
        "Styles/Inline Elements/InlineCodeStyle.swift",
        "Styles/Inline Elements/InlineLinkStyle.swift",
        "Styles/Inline Elements/StrikethroughStyle.swift",
        "Styles/Inline Elements/StrongStyle.swift",
        "Styles/Lists/Bullets/ChecklistBulletStyle.swift",
        "Styles/Lists/Bullets/OrderedBulletStyle.swift",
        "Styles/Lists/Bullets/UnorderedBulletStyle.swift",
        "Styles/Lists/Items/CheckedListItemStyle.swift",
        "Styles/Lists/Items/OrderedListItemStyle.swift",
        "Styles/Lists/Items/UnorderedListItemStyle.swift",
        "Styles/Visibility/CheckListVisibility.swift",
        "Styles/Visibility/CodeVisibility.swift",
        "Styles/Visibility/HeadingVisibility.swift",
        "Styles/Visibility/ImageVisibility.swift",
        "Styles/Visibility/ListItemVisibility.swift",
        "Styles/Visibility/OrderedListVisibility.swift",
        "Styles/Visibility/QuoteVisibility.swift",
        "Styles/Visibility/ThematicVisibility.swift",
        "Styles/Visibility/UnorderedListVisibility.swift"
      ],
      "type" : "library"
    }
  ],
  "tools_version" : "5.6"
}
{
  "workspace" : {
    "name" : "MarkdownText",
    "schemes" : [
      "Backports",
      "MarkdownText",
      "SwiftUIBackports"
    ]
  }
}
2026-09-19 00:59:37.672 xcodebuild[1213:7173] [MT] IDERunDestination: Supported platforms for the buildables in the current scheme is empty.
{
  "workspace" : {
    "name" : "MarkdownText",
    "schemes" : [
      "Backports",
      "MarkdownText",
      "SwiftUIBackports"
    ]
  }
}
2026-09-19 00:59:41.823 xcodebuild[1215:7205] [MT] IDERunDestination: Supported platforms for the buildables in the current scheme is empty.
Running build ...
env DEVELOPER_DIR=/Applications/Xcode-27.0.0-Release.Candidate.app xcrun xcodebuild -IDEClonedSourcePackagesDirPathOverride=$PWD/.dependencies -skipMacroValidation -skipPackagePluginValidation -derivedDataPath $PWD/.derivedData build -scheme MarkdownText -destination generic/platform=watchOS
Command line invocation:
    /Applications/Xcode-27.0.0-Release.Candidate.app/Contents/Developer/usr/bin/xcodebuild -IDEClonedSourcePackagesDirPathOverride=/Users/admin/builder/spi-builder-workspace/.dependencies -skipMacroValidation -skipPackagePluginValidation -derivedDataPath /Users/admin/builder/spi-builder-workspace/.derivedData build -scheme MarkdownText -destination generic/platform=watchOS
Resolve Package Graph
Resolved source packages:
  SwiftBackports: https://github.com/shaps80/SwiftBackports @ 1.0.3
  cmark-gfm: https://github.com/shaps80/swift-cmark.git @ 0.2.0
  SwiftUIBackports: https://github.com/shaps80/SwiftUIBackports @ 2.8.1
  MarkdownText: /Users/admin/builder/spi-builder-workspace
  swift-markdown: https://github.com/shaps80/swift-markdown @ 0.3.0
ComputePackagePrebuildTargetDependencyGraph
Prepare packages
CreateBuildRequest
SendProjectDescription
CreateBuildOperation
ComputeTargetDependencyGraph
note: Building targets in dependency order
note: Target dependency graph (14 targets)
    Target 'MarkdownText-product' in project 'MarkdownText'
        ➜ Explicit dependency on target 'MarkdownText' in project 'MarkdownText'
        ➜ Explicit dependency on target 'Markdown-product' in project 'swift-markdown'
        ➜ Explicit dependency on target 'SwiftUIBackports-product' in project 'SwiftUIBackports'
    Target 'MarkdownText' in project 'MarkdownText'
        ➜ Explicit dependency on target 'Markdown-product' in project 'swift-markdown'
        ➜ Explicit dependency on target 'SwiftUIBackports-product' in project 'SwiftUIBackports'
    Target 'SwiftUIBackports-product' in project 'SwiftUIBackports'
        ➜ Explicit dependency on target 'SwiftUIBackports' in project 'SwiftUIBackports'
        ➜ Explicit dependency on target 'SwiftUIBackports_SwiftUIBackports' in project 'SwiftUIBackports'
        ➜ Explicit dependency on target 'SwiftBackports-product' in project 'SwiftBackports'
    Target 'SwiftUIBackports' in project 'SwiftUIBackports'
        ➜ Explicit dependency on target 'SwiftUIBackports_SwiftUIBackports' in project 'SwiftUIBackports'
        ➜ Explicit dependency on target 'SwiftBackports-product' in project 'SwiftBackports'
    Target 'SwiftBackports-product' in project 'SwiftBackports'
        ➜ Explicit dependency on target 'SwiftBackports' in project 'SwiftBackports'
    Target 'SwiftBackports' in project 'SwiftBackports' (no dependencies)
    Target 'SwiftUIBackports_SwiftUIBackports' in project 'SwiftUIBackports' (no dependencies)
    Target 'Markdown-product' in project 'swift-markdown'
        ➜ Explicit dependency on target 'Markdown' in project 'swift-markdown'
        ➜ Explicit dependency on target 'CAtomic' in project 'swift-markdown'
        ➜ Explicit dependency on target 'cmark-gfm-product' in project 'cmark-gfm'
        ➜ Explicit dependency on target 'cmark-gfm-extensions-product' in project 'cmark-gfm'
    Target 'Markdown' in project 'swift-markdown'
        ➜ Explicit dependency on target 'CAtomic' in project 'swift-markdown'
        ➜ Explicit dependency on target 'cmark-gfm-product' in project 'cmark-gfm'
        ➜ Explicit dependency on target 'cmark-gfm-extensions-product' in project 'cmark-gfm'
    Target 'cmark-gfm-extensions-product' in project 'cmark-gfm'
        ➜ Explicit dependency on target 'cmark-gfm-extensions' in project 'cmark-gfm'
        ➜ Explicit dependency on target 'cmark-gfm' in project 'cmark-gfm'
    Target 'cmark-gfm-extensions' in project 'cmark-gfm'
        ➜ Explicit dependency on target 'cmark-gfm' in project 'cmark-gfm'
    Target 'cmark-gfm-product' in project 'cmark-gfm'
        ➜ Explicit dependency on target 'cmark-gfm' in project 'cmark-gfm'
    Target 'cmark-gfm' in project 'cmark-gfm' (no dependencies)
    Target 'CAtomic' in project 'swift-markdown' (no dependencies)
GatherProvisioningInputs
CreateBuildDescription
ClangStatCache /Applications/Xcode-27.0.0-Release.Candidate.app/Contents/Developer/Toolchains/XcodeDefault.xctoolchain/usr/bin/clang-stat-cache /Applications/Xcode-27.0.0-Release.Candidate.app/Contents/Developer/Platforms/WatchOS.platform/Developer/SDKs/WatchOS27.0.sdk /Users/admin/builder/spi-builder-workspace/.derivedData/SDKStatCaches.noindex/watchos27.0-24R360-e829b21a6f8c9b70876ba0858053c04477534ef55a1706bf4c1112bbb242f0a2.sdkstatcache
    cd /Users/admin/builder/spi-builder-workspace/.swiftpm/xcode
    /Applications/Xcode-27.0.0-Release.Candidate.app/Contents/Developer/Toolchains/XcodeDefault.xctoolchain/usr/bin/clang-stat-cache /Applications/Xcode-27.0.0-Release.Candidate.app/Contents/Developer/Platforms/WatchOS.platform/Developer/SDKs/WatchOS27.0.sdk -o /Users/admin/builder/spi-builder-workspace/.derivedData/SDKStatCaches.noindex/watchos27.0-24R360-e829b21a6f8c9b70876ba0858053c04477534ef55a1706bf4c1112bbb242f0a2.sdkstatcache
SwiftDriver MarkdownText normal arm64 com.apple.xcode.tools.swift.compiler (in target 'MarkdownText' from project 'MarkdownText')
    cd /Users/admin/builder/spi-builder-workspace/.swiftpm/xcode
    builtin-SwiftDriver -- /Applications/Xcode-27.0.0-Release.Candidate.app/Contents/Developer/Toolchains/XcodeDefault.xctoolchain/usr/bin/swiftc -parse-as-library -module-name MarkdownText -Onone @/Users/admin/builder/spi-builder-workspace/.derivedData/Build/Intermediates.noindex/MarkdownText.build/Debug-watchos/MarkdownText-t.build/Objects-normal/arm64/MarkdownText.SwiftFileList -DSWIFT_PACKAGE -DDEBUG -DSWIFT_MODULE_RESOURCE_BUNDLE_UNAVAILABLE -Xcc -fmodule-map-file\=/Users/admin/builder/spi-builder-workspace/.dependencies/checkouts/swift-cmark/src/include/module.modulemap -Xcc -fmodule-map-file\=/Users/admin/builder/spi-builder-workspace/.derivedData/Build/Intermediates.noindex/GeneratedModuleMaps-watchos/cmark-gfm-extensions.modulemap -Xcc -fmodule-map-file\=/Users/admin/builder/spi-builder-workspace/.derivedData/Build/Intermediates.noindex/GeneratedModuleMaps-watchos/CAtomic.modulemap -DXcode -plugin-path /Applications/Xcode-27.0.0-Release.Candidate.app/Contents/Developer/Toolchains/XcodeDefault.xctoolchain/usr/lib/swift/host/plugins/testing -enable-experimental-feature DebugDescriptionMacro -sdk /Applications/Xcode-27.0.0-Release.Candidate.app/Contents/Developer/Platforms/WatchOS.platform/Developer/SDKs/WatchOS27.0.sdk -target arm64-apple-watchos9.0 -g -module-cache-path /Users/admin/builder/spi-builder-workspace/.derivedData/ModuleCache.noindex -Xfrontend -serialize-debugging-options -enable-testing -index-store-path /Users/admin/builder/spi-builder-workspace/.derivedData/Index.noindex/DataStore -Xcc -D_LIBCPP_HARDENING_MODE\=_LIBCPP_HARDENING_MODE_DEBUG -swift-version 5 -I /Users/admin/builder/spi-builder-workspace/.derivedData/Build/Products/Debug-watchos -Isystem /Applications/Xcode-27.0.0-Release.Candidate.app/Contents/Developer/Platforms/WatchOS.platform/Developer/usr/lib -F /Users/admin/builder/spi-builder-workspace/.derivedData/Build/Products/Debug-watchos/PackageFrameworks -F /Users/admin/builder/spi-builder-workspace/.derivedData/Build/Products/Debug-watchos -F /Applications/Xcode-27.0.0-Release.Candidate.app/Contents/Developer/Platforms/WatchOS.platform/Developer/Library/Frameworks -F /Applications/Xcode-27.0.0-Release.Candidate.app/Contents/Developer/Platforms/WatchOS.platform/Developer/SDKs/WatchOS27.0.sdk/Developer/Library/Frameworks -c -j10 -enable-batch-mode -incremental -Xcc -ivfsstatcache -Xcc /Users/admin/builder/spi-builder-workspace/.derivedData/SDKStatCaches.noindex/watchos27.0-24R360-e829b21a6f8c9b70876ba0858053c04477534ef55a1706bf4c1112bbb242f0a2.sdkstatcache -output-file-map /Users/admin/builder/spi-builder-workspace/.derivedData/Build/Intermediates.noindex/MarkdownText.build/Debug-watchos/MarkdownText-t.build/Objects-normal/arm64/MarkdownText-OutputFileMap.json -save-temps -no-color-diagnostics -explicit-module-build -module-cache-path /Users/admin/builder/spi-builder-workspace/.derivedData/Build/Intermediates.noindex/SwiftExplicitPrecompiledModules -clang-scanner-module-cache-path /Users/admin/builder/spi-builder-workspace/.derivedData/ModuleCache.noindex -sdk-module-cache-path /Users/admin/builder/spi-builder-workspace/.derivedData/SDKExplicitPrecompiledModules -emit-dependencies -emit-module -emit-module-path /Users/admin/builder/spi-builder-workspace/.derivedData/Build/Intermediates.noindex/MarkdownText.build/Debug-watchos/MarkdownText-t.build/Objects-normal/arm64/MarkdownText.swiftmodule -serialize-diagnostics -dependency-scan-serialize-diagnostics-path /Users/admin/builder/spi-builder-workspace/.derivedData/Build/Intermediates.noindex/MarkdownText.build/Debug-watchos/MarkdownText-t.build/Objects-normal/arm64/MarkdownText-dependency-scan.dia -validate-clang-modules-once -clang-build-session-file /Users/admin/builder/spi-builder-workspace/.derivedData/ModuleCache.noindex/Session.modulevalidation -Xcc -fmodules-prune-interval\=86400 -Xcc -fmodules-prune-after\=345600 -emit-const-values -const-gather-protocols-list /Users/admin/builder/spi-builder-workspace/.derivedData/Build/Intermediates.noindex/MarkdownText.build/Debug-watchos/MarkdownText-t.build/Objects-normal/arm64/MarkdownText_const_extract_protocols.json -Xcc -I/Users/admin/builder/spi-builder-workspace/.dependencies/checkouts/swift-cmark/src/include -Xcc -I/Users/admin/builder/spi-builder-workspace/.dependencies/checkouts/swift-cmark/extensions/include -Xcc -I/Users/admin/builder/spi-builder-workspace/.dependencies/checkouts/swift-markdown/Sources/CAtomic/include -Xcc -I/Users/admin/builder/spi-builder-workspace/.derivedData/Build/Products/Debug-watchos/include -Xcc -I/Users/admin/builder/spi-builder-workspace/.derivedData/Build/Intermediates.noindex/MarkdownText.build/Debug-watchos/MarkdownText-t.build/DerivedSources-normal/arm64 -Xcc -I/Users/admin/builder/spi-builder-workspace/.derivedData/Build/Intermediates.noindex/MarkdownText.build/Debug-watchos/MarkdownText-t.build/DerivedSources/arm64 -Xcc -I/Users/admin/builder/spi-builder-workspace/.derivedData/Build/Intermediates.noindex/MarkdownText.build/Debug-watchos/MarkdownText-t.build/DerivedSources -Xcc -DSWIFT_PACKAGE -Xcc -DDEBUG\=1 -emit-objc-header -emit-objc-header-path /Users/admin/builder/spi-builder-workspace/.derivedData/Build/Intermediates.noindex/MarkdownText.build/Debug-watchos/MarkdownText-t.build/Objects-normal/arm64/MarkdownText-Swift.h -working-directory /Users/admin/builder/spi-builder-workspace/.swiftpm/xcode -experimental-emit-module-separately -disable-cmo
/Users/admin/builder/spi-builder-workspace/Sources/MarkdownText/Styles/Visibility/HeadingVisibility.swift:4:10: warning: Refactor to allow for range based API as well (inspo: DynamicType API) (in target 'MarkdownText' from project 'MarkdownText')
SwiftDriver MarkdownText normal arm64_32 com.apple.xcode.tools.swift.compiler (in target 'MarkdownText' from project 'MarkdownText')
    cd /Users/admin/builder/spi-builder-workspace/.swiftpm/xcode
    builtin-SwiftDriver -- /Applications/Xcode-27.0.0-Release.Candidate.app/Contents/Developer/Toolchains/XcodeDefault.xctoolchain/usr/bin/swiftc -parse-as-library -module-name MarkdownText -Onone @/Users/admin/builder/spi-builder-workspace/.derivedData/Build/Intermediates.noindex/MarkdownText.build/Debug-watchos/MarkdownText-t.build/Objects-normal/arm64_32/MarkdownText.SwiftFileList -DSWIFT_PACKAGE -DDEBUG -DSWIFT_MODULE_RESOURCE_BUNDLE_UNAVAILABLE -Xcc -fmodule-map-file\=/Users/admin/builder/spi-builder-workspace/.dependencies/checkouts/swift-cmark/src/include/module.modulemap -Xcc -fmodule-map-file\=/Users/admin/builder/spi-builder-workspace/.derivedData/Build/Intermediates.noindex/GeneratedModuleMaps-watchos/cmark-gfm-extensions.modulemap -Xcc -fmodule-map-file\=/Users/admin/builder/spi-builder-workspace/.derivedData/Build/Intermediates.noindex/GeneratedModuleMaps-watchos/CAtomic.modulemap -DXcode -plugin-path /Applications/Xcode-27.0.0-Release.Candidate.app/Contents/Developer/Toolchains/XcodeDefault.xctoolchain/usr/lib/swift/host/plugins/testing -enable-experimental-feature DebugDescriptionMacro -sdk /Applications/Xcode-27.0.0-Release.Candidate.app/Contents/Developer/Platforms/WatchOS.platform/Developer/SDKs/WatchOS27.0.sdk -target arm64_32-apple-watchos9.0 -g -module-cache-path /Users/admin/builder/spi-builder-workspace/.derivedData/ModuleCache.noindex -Xfrontend -serialize-debugging-options -enable-testing -index-store-path /Users/admin/builder/spi-builder-workspace/.derivedData/Index.noindex/DataStore -Xcc -D_LIBCPP_HARDENING_MODE\=_LIBCPP_HARDENING_MODE_DEBUG -swift-version 5 -I /Users/admin/builder/spi-builder-workspace/.derivedData/Build/Products/Debug-watchos -Isystem /Applications/Xcode-27.0.0-Release.Candidate.app/Contents/Developer/Platforms/WatchOS.platform/Developer/usr/lib -F /Users/admin/builder/spi-builder-workspace/.derivedData/Build/Products/Debug-watchos/PackageFrameworks -F /Users/admin/builder/spi-builder-workspace/.derivedData/Build/Products/Debug-watchos -F /Applications/Xcode-27.0.0-Release.Candidate.app/Contents/Developer/Platforms/WatchOS.platform/Developer/Library/Frameworks -F /Applications/Xcode-27.0.0-Release.Candidate.app/Contents/Developer/Platforms/WatchOS.platform/Developer/SDKs/WatchOS27.0.sdk/Developer/Library/Frameworks -c -j10 -enable-batch-mode -incremental -Xcc -ivfsstatcache -Xcc /Users/admin/builder/spi-builder-workspace/.derivedData/SDKStatCaches.noindex/watchos27.0-24R360-e829b21a6f8c9b70876ba0858053c04477534ef55a1706bf4c1112bbb242f0a2.sdkstatcache -output-file-map /Users/admin/builder/spi-builder-workspace/.derivedData/Build/Intermediates.noindex/MarkdownText.build/Debug-watchos/MarkdownText-t.build/Objects-normal/arm64_32/MarkdownText-OutputFileMap.json -save-temps -no-color-diagnostics -explicit-module-build -module-cache-path /Users/admin/builder/spi-builder-workspace/.derivedData/Build/Intermediates.noindex/SwiftExplicitPrecompiledModules -clang-scanner-module-cache-path /Users/admin/builder/spi-builder-workspace/.derivedData/ModuleCache.noindex -sdk-module-cache-path /Users/admin/builder/spi-builder-workspace/.derivedData/SDKExplicitPrecompiledModules -emit-dependencies -emit-module -emit-module-path /Users/admin/builder/spi-builder-workspace/.derivedData/Build/Intermediates.noindex/MarkdownText.build/Debug-watchos/MarkdownText-t.build/Objects-normal/arm64_32/MarkdownText.swiftmodule -serialize-diagnostics -dependency-scan-serialize-diagnostics-path /Users/admin/builder/spi-builder-workspace/.derivedData/Build/Intermediates.noindex/MarkdownText.build/Debug-watchos/MarkdownText-t.build/Objects-normal/arm64_32/MarkdownText-dependency-scan.dia -validate-clang-modules-once -clang-build-session-file /Users/admin/builder/spi-builder-workspace/.derivedData/ModuleCache.noindex/Session.modulevalidation -Xcc -fmodules-prune-interval\=86400 -Xcc -fmodules-prune-after\=345600 -emit-const-values -const-gather-protocols-list /Users/admin/builder/spi-builder-workspace/.derivedData/Build/Intermediates.noindex/MarkdownText.build/Debug-watchos/MarkdownText-t.build/Objects-normal/arm64_32/MarkdownText_const_extract_protocols.json -Xcc -I/Users/admin/builder/spi-builder-workspace/.dependencies/checkouts/swift-cmark/src/include -Xcc -I/Users/admin/builder/spi-builder-workspace/.dependencies/checkouts/swift-cmark/extensions/include -Xcc -I/Users/admin/builder/spi-builder-workspace/.dependencies/checkouts/swift-markdown/Sources/CAtomic/include -Xcc -I/Users/admin/builder/spi-builder-workspace/.derivedData/Build/Products/Debug-watchos/include -Xcc -I/Users/admin/builder/spi-builder-workspace/.derivedData/Build/Intermediates.noindex/MarkdownText.build/Debug-watchos/MarkdownText-t.build/DerivedSources-normal/arm64_32 -Xcc -I/Users/admin/builder/spi-builder-workspace/.derivedData/Build/Intermediates.noindex/MarkdownText.build/Debug-watchos/MarkdownText-t.build/DerivedSources/arm64_32 -Xcc -I/Users/admin/builder/spi-builder-workspace/.derivedData/Build/Intermediates.noindex/MarkdownText.build/Debug-watchos/MarkdownText-t.build/DerivedSources -Xcc -DSWIFT_PACKAGE -Xcc -DDEBUG\=1 -emit-objc-header -emit-objc-header-path /Users/admin/builder/spi-builder-workspace/.derivedData/Build/Intermediates.noindex/MarkdownText.build/Debug-watchos/MarkdownText-t.build/Objects-normal/arm64_32/MarkdownText-Swift.h -working-directory /Users/admin/builder/spi-builder-workspace/.swiftpm/xcode -experimental-emit-module-separately -disable-cmo
/Users/admin/builder/spi-builder-workspace/Sources/MarkdownText/Styles/Visibility/HeadingVisibility.swift:4:10: warning: Refactor to allow for range based API as well (inspo: DynamicType API) (in target 'MarkdownText' from project 'MarkdownText')
Ld /Users/admin/builder/spi-builder-workspace/.derivedData/Build/Intermediates.noindex/SwiftUIBackports.build/Debug-watchos/SwiftUIBackports-t.build/Objects-normal/arm64/Binary/SwiftUIBackports.o normal arm64 (in target 'SwiftUIBackports' from project 'SwiftUIBackports')
    cd /Users/admin/builder/spi-builder-workspace/.dependencies/checkouts/SwiftUIBackports
    /Applications/Xcode-27.0.0-Release.Candidate.app/Contents/Developer/Toolchains/XcodeDefault.xctoolchain/usr/bin/clang -Xlinker -reproducible -target arm64-apple-watchos9.0 -r -isysroot /Applications/Xcode-27.0.0-Release.Candidate.app/Contents/Developer/Platforms/WatchOS.platform/Developer/SDKs/WatchOS27.0.sdk -O0 -w -Xlinker -no_warn_duplicate_libraries -F/Users/admin/builder/spi-builder-workspace/.derivedData/Build/Intermediates.noindex/EagerLinkingTBDs/Debug-watchos -F/Users/admin/builder/spi-builder-workspace/.derivedData/Build/Products/Debug-watchos/PackageFrameworks -F/Users/admin/builder/spi-builder-workspace/.derivedData/Build/Products/Debug-watchos -iframework /Applications/Xcode-27.0.0-Release.Candidate.app/Contents/Developer/Platforms/WatchOS.platform/Developer/Library/Frameworks -iframework /Applications/Xcode-27.0.0-Release.Candidate.app/Contents/Developer/Platforms/WatchOS.platform/Developer/SDKs/WatchOS27.0.sdk/Developer/Library/Frameworks -filelist /Users/admin/builder/spi-builder-workspace/.derivedData/Build/Intermediates.noindex/SwiftUIBackports.build/Debug-watchos/SwiftUIBackports-t.build/Objects-normal/arm64/SwiftUIBackports.LinkFileList -nostdlib -Xlinker -object_path_lto -Xlinker /Users/admin/builder/spi-builder-workspace/.derivedData/Build/Intermediates.noindex/SwiftUIBackports.build/Debug-watchos/SwiftUIBackports-t.build/Objects-normal/arm64/SwiftUIBackports_lto.o -Xlinker -no_deduplicate -Xlinker -dependency_info -Xlinker /Users/admin/builder/spi-builder-workspace/.derivedData/Build/Intermediates.noindex/SwiftUIBackports.build/Debug-watchos/SwiftUIBackports-t.build/Objects-normal/arm64/SwiftUIBackports_dependency_info.dat -fobjc-link-runtime -L/Applications/Xcode-27.0.0-Release.Candidate.app/Contents/Developer/Toolchains/XcodeDefault.xctoolchain/usr/lib/swift/watchos -L/usr/lib/swift -Xlinker -add_ast_path -Xlinker /Users/admin/builder/spi-builder-workspace/.derivedData/Build/Intermediates.noindex/SwiftUIBackports.build/Debug-watchos/SwiftUIBackports-t.build/Objects-normal/arm64/SwiftUIBackports.swiftmodule -o /Users/admin/builder/spi-builder-workspace/.derivedData/Build/Intermediates.noindex/SwiftUIBackports.build/Debug-watchos/SwiftUIBackports-t.build/Objects-normal/arm64/Binary/SwiftUIBackports.o
CreateUniversalBinary /Users/admin/builder/spi-builder-workspace/.derivedData/Build/Products/Debug-watchos/SwiftUIBackports.o normal arm64\ arm64_32 (in target 'SwiftUIBackports' from project 'SwiftUIBackports')
    cd /Users/admin/builder/spi-builder-workspace/.dependencies/checkouts/SwiftUIBackports
    /Applications/Xcode-27.0.0-Release.Candidate.app/Contents/Developer/Toolchains/XcodeDefault.xctoolchain/usr/bin/lipo -create /Users/admin/builder/spi-builder-workspace/.derivedData/Build/Intermediates.noindex/SwiftUIBackports.build/Debug-watchos/SwiftUIBackports-t.build/Objects-normal/arm64/Binary/SwiftUIBackports.o /Users/admin/builder/spi-builder-workspace/.derivedData/Build/Intermediates.noindex/SwiftUIBackports.build/Debug-watchos/SwiftUIBackports-t.build/Objects-normal/arm64_32/Binary/SwiftUIBackports.o -output /Users/admin/builder/spi-builder-workspace/.derivedData/Build/Products/Debug-watchos/SwiftUIBackports.o
ExtractAppIntentsMetadata (in target 'SwiftUIBackports' from project 'SwiftUIBackports')
    cd /Users/admin/builder/spi-builder-workspace/.dependencies/checkouts/SwiftUIBackports
    /Applications/Xcode-27.0.0-Release.Candidate.app/Contents/Developer/Toolchains/XcodeDefault.xctoolchain/usr/bin/appintentsmetadataprocessor --toolchain-dir /var/run/com.apple.security.cryptexd/mnt/com.apple.MobileAsset.MetalToolchain-v27.1.266.1.W6X7UV/Metal.xctoolchain --module-name SwiftUIBackports --sdk-root /Applications/Xcode-27.0.0-Release.Candidate.app/Contents/Developer/Platforms/WatchOS.platform/Developer/SDKs/WatchOS27.0.sdk --xcode-version 27A266a --platform-family watchOS --deployment-target 9.0 --bundle-identifier swiftuibackports.SwiftUIBackports --output /Users/admin/builder/spi-builder-workspace/.derivedData/Build/Products/Debug-watchos/SwiftUIBackports.appintents --target-triple arm64-apple-watchos9.0 --target-triple arm64_32-apple-watchos9.0 --binary-file /Users/admin/builder/spi-builder-workspace/.derivedData/Build/Products/Debug-watchos/SwiftUIBackports.o --dependency-file /Users/admin/builder/spi-builder-workspace/.derivedData/Build/Intermediates.noindex/SwiftUIBackports.build/Debug-watchos/SwiftUIBackports-t.build/Objects-normal/arm64/SwiftUIBackports_dependency_info.dat --dependency-file /Users/admin/builder/spi-builder-workspace/.derivedData/Build/Intermediates.noindex/SwiftUIBackports.build/Debug-watchos/SwiftUIBackports-t.build/Objects-normal/arm64_32/SwiftUIBackports_dependency_info.dat --stringsdata-file /Users/admin/builder/spi-builder-workspace/.derivedData/Build/Intermediates.noindex/SwiftUIBackports.build/Debug-watchos/SwiftUIBackports-t.build/Objects-normal/arm64/ExtractedAppShortcutsMetadata.stringsdata --stringsdata-file /Users/admin/builder/spi-builder-workspace/.derivedData/Build/Intermediates.noindex/SwiftUIBackports.build/Debug-watchos/SwiftUIBackports-t.build/Objects-normal/arm64_32/ExtractedAppShortcutsMetadata.stringsdata --source-file-list /Users/admin/builder/spi-builder-workspace/.derivedData/Build/Intermediates.noindex/SwiftUIBackports.build/Debug-watchos/SwiftUIBackports-t.build/Objects-normal/arm64/SwiftUIBackports.SwiftFileList --source-file-list /Users/admin/builder/spi-builder-workspace/.derivedData/Build/Intermediates.noindex/SwiftUIBackports.build/Debug-watchos/SwiftUIBackports-t.build/Objects-normal/arm64_32/SwiftUIBackports.SwiftFileList --metadata-file-list /Users/admin/builder/spi-builder-workspace/.derivedData/Build/Intermediates.noindex/SwiftUIBackports.build/Debug-watchos/SwiftUIBackports-t.build/SwiftUIBackports.DependencyMetadataFileList --static-metadata-file-list /Users/admin/builder/spi-builder-workspace/.derivedData/Build/Intermediates.noindex/SwiftUIBackports.build/Debug-watchos/SwiftUIBackports-t.build/SwiftUIBackports.DependencyStaticMetadataFileList --swift-const-vals-list /Users/admin/builder/spi-builder-workspace/.derivedData/Build/Intermediates.noindex/SwiftUIBackports.build/Debug-watchos/SwiftUIBackports-t.build/Objects-normal/arm64/SwiftUIBackports.SwiftConstValuesFileList --swift-const-vals-list /Users/admin/builder/spi-builder-workspace/.derivedData/Build/Intermediates.noindex/SwiftUIBackports.build/Debug-watchos/SwiftUIBackports-t.build/Objects-normal/arm64_32/SwiftUIBackports.SwiftConstValuesFileList --force --compile-time-extraction --deployment-aware-processing --no-app-shortcuts-localization
2026-09-19 00:59:47.498 appintentsmetadataprocessor[1222:7301] Starting appintentsmetadataprocessor export
2026-09-19 00:59:47.572 appintentsmetadataprocessor[1222:7301] Extracted no relevant App Intents symbols, skipping writing output
SwiftCompile normal arm64 Compiling\ InlineStyle.swift,\ ListLabelStyle.swift,\ Platform.swift,\ MarkdownBlockElement.swift /Users/admin/builder/spi-builder-workspace/Sources/MarkdownText/Helpers/InlineStyle.swift /Users/admin/builder/spi-builder-workspace/Sources/MarkdownText/Helpers/ListLabelStyle.swift /Users/admin/builder/spi-builder-workspace/Sources/MarkdownText/Helpers/Platform.swift /Users/admin/builder/spi-builder-workspace/Sources/MarkdownText/MarkdownBlockElement.swift (in target 'MarkdownText' from project 'MarkdownText')
SwiftCompile normal arm64 /Users/admin/builder/spi-builder-workspace/Sources/MarkdownText/Helpers/InlineStyle.swift (in target 'MarkdownText' from project 'MarkdownText')
    cd /Users/admin/builder/spi-builder-workspace/.swiftpm/xcode
    builtin-SwiftPerFileCompile InlineStyle.swift
SwiftCompile normal arm64 /Users/admin/builder/spi-builder-workspace/Sources/MarkdownText/Helpers/ListLabelStyle.swift (in target 'MarkdownText' from project 'MarkdownText')
    cd /Users/admin/builder/spi-builder-workspace/.swiftpm/xcode
    builtin-SwiftPerFileCompile ListLabelStyle.swift
SwiftCompile normal arm64 /Users/admin/builder/spi-builder-workspace/Sources/MarkdownText/Helpers/Platform.swift (in target 'MarkdownText' from project 'MarkdownText')
    cd /Users/admin/builder/spi-builder-workspace/.swiftpm/xcode
    builtin-SwiftPerFileCompile Platform.swift
SwiftCompile normal arm64 /Users/admin/builder/spi-builder-workspace/Sources/MarkdownText/MarkdownBlockElement.swift (in target 'MarkdownText' from project 'MarkdownText')
    cd /Users/admin/builder/spi-builder-workspace/.swiftpm/xcode
    builtin-SwiftPerFileCompile MarkdownBlockElement.swift
/Users/admin/builder/spi-builder-workspace/Sources/MarkdownText/Helpers/Platform.swift:10:40: warning: 'ScaledMetric' was deprecated in watchOS 7 [#DeprecatedDeclaration]
 8 | typealias ProgressView = SwiftUI.ProgressView
 9 | #else
10 | typealias ScaledMetric = Backport<Any>.ScaledMetric
   |                                        `- warning: 'ScaledMetric' was deprecated in watchOS 7 [#DeprecatedDeclaration]
11 | typealias LabelStyle = SwiftUIBackports.BackportLabelStyle
12 | typealias Label = Backport<Any>.Label
/Users/admin/builder/spi-builder-workspace/Sources/MarkdownText/Helpers/Platform.swift:11:41: warning: 'BackportLabelStyle' was deprecated in watchOS 7 [#DeprecatedDeclaration]
 9 | #else
10 | typealias ScaledMetric = Backport<Any>.ScaledMetric
11 | typealias LabelStyle = SwiftUIBackports.BackportLabelStyle
   |                                         `- warning: 'BackportLabelStyle' was deprecated in watchOS 7 [#DeprecatedDeclaration]
12 | typealias Label = Backport<Any>.Label
13 | typealias ProgressView = Backport<Any>.ProgressView
/Users/admin/builder/spi-builder-workspace/Sources/MarkdownText/Helpers/Platform.swift:12:33: warning: 'Label' was deprecated in watchOS 7 [#DeprecatedDeclaration]
10 | typealias ScaledMetric = Backport<Any>.ScaledMetric
11 | typealias LabelStyle = SwiftUIBackports.BackportLabelStyle
12 | typealias Label = Backport<Any>.Label
   |                                 `- warning: 'Label' was deprecated in watchOS 7 [#DeprecatedDeclaration]
13 | typealias ProgressView = Backport<Any>.ProgressView
14 |
/Users/admin/builder/spi-builder-workspace/Sources/MarkdownText/Helpers/Platform.swift:13:40: warning: 'ProgressView' was deprecated in watchOS 7.0 [#DeprecatedDeclaration]
11 | typealias LabelStyle = SwiftUIBackports.BackportLabelStyle
12 | typealias Label = Backport<Any>.Label
13 | typealias ProgressView = Backport<Any>.ProgressView
   |                                        `- warning: 'ProgressView' was deprecated in watchOS 7.0 [#DeprecatedDeclaration]
14 |
15 | extension View {
/Users/admin/builder/spi-builder-workspace/Sources/MarkdownText/Helpers/Platform.swift:16:24: warning: 'BackportLabelStyle' was deprecated in watchOS 7 [#DeprecatedDeclaration]
14 |
15 | extension View {
16 |     func labelStyle<S: BackportLabelStyle>(_ style: S) -> some View {
   |                        `- warning: 'BackportLabelStyle' was deprecated in watchOS 7 [#DeprecatedDeclaration]
17 |         backport.labelStyle(style)
18 |     }
SwiftCompile normal arm64 Compiling\ SymbolImageStyle.swift,\ ImageStyle.swift,\ ListStyle.swift,\ ParagraphStyle.swift /Users/admin/builder/spi-builder-workspace/Sources/MarkdownText/Styles/Block\ Elements/Image\ Styles/SymbolImageStyle.swift /Users/admin/builder/spi-builder-workspace/Sources/MarkdownText/Styles/Block\ Elements/ImageStyle.swift /Users/admin/builder/spi-builder-workspace/Sources/MarkdownText/Styles/Block\ Elements/ListStyle.swift /Users/admin/builder/spi-builder-workspace/Sources/MarkdownText/Styles/Block\ Elements/ParagraphStyle.swift (in target 'MarkdownText' from project 'MarkdownText')
/Users/admin/builder/spi-builder-workspace/Sources/MarkdownText/Styles/Block Elements/ImageStyle.swift:47:29: error: 'init()' is unavailable in watchOS
45 |                                 .scaledToFit()
46 |                         case .empty:
47 |                             ProgressView()
   |                             `- error: 'init()' is unavailable in watchOS
48 |                         default:
49 |                             EmptyView()
SwiftUIBackports.Backport.ProgressView.init:3:19: note: 'init()' has been explicitly marked unavailable here
1 | generic struct Backport {
2 |   generic struct ProgressView {
3 | @MainActor public init() where Label == EmptyView  }
  |                   `- note: 'init()' has been explicitly marked unavailable here
4 | }
5 |
/Users/admin/builder/spi-builder-workspace/Sources/MarkdownText/Styles/Block Elements/ImageStyle.swift:53:22: warning: 'animation' was deprecated in watchOS 8.0: Use withAnimation or animation(_:value:) instead. [#DeprecatedDeclaration]
51 |                     }
52 |                     .scaledToFit()
53 |                     .animation(.default)
   |                      `- warning: 'animation' was deprecated in watchOS 8.0: Use withAnimation or animation(_:value:) instead. [#DeprecatedDeclaration]
54 |                 }
55 |             }
[#DeprecatedDeclaration]: <https://docs.swift.org/compiler/documentation/diagnostics/deprecated-declaration>
Failed frontend command:
/Applications/Xcode-27.0.0-Release.Candidate.app/Contents/Developer/Toolchains/XcodeDefault.xctoolchain/usr/bin/swift-frontend -frontend -c /Users/admin/builder/spi-builder-workspace/Sources/MarkdownText/Helpers/InlineStyle.swift /Users/admin/builder/spi-builder-workspace/Sources/MarkdownText/Helpers/ListLabelStyle.swift /Users/admin/builder/spi-builder-workspace/Sources/MarkdownText/Helpers/Platform.swift /Users/admin/builder/spi-builder-workspace/Sources/MarkdownText/MarkdownBlockElement.swift /Users/admin/builder/spi-builder-workspace/Sources/MarkdownText/MarkdownInlineElement.swift /Users/admin/builder/spi-builder-workspace/Sources/MarkdownText/MarkdownListElement.swift /Users/admin/builder/spi-builder-workspace/Sources/MarkdownText/MarkdownText.swift /Users/admin/builder/spi-builder-workspace/Sources/MarkdownText/MarkdownTextBuilder.swift /Users/admin/builder/spi-builder-workspace/Sources/MarkdownText/Styles/Block\ Elements/CodeStyle.swift /Users/admin/builder/spi-builder-workspace/Sources/MarkdownText/Styles/Block\ Elements/HeadingStyle.swift /Users/admin/builder/spi-builder-workspace/Sources/MarkdownText/Styles/Block\ Elements/Image\ Styles/DefaultImageStyle.swift /Users/admin/builder/spi-builder-workspace/Sources/MarkdownText/Styles/Block\ Elements/Image\ Styles/RemoteImageStyle.swift -primary-file /Users/admin/builder/spi-builder-workspace/Sources/MarkdownText/Styles/Block\ Elements/Image\ Styles/SymbolImageStyle.swift -primary-file /Users/admin/builder/spi-builder-workspace/Sources/MarkdownText/Styles/Block\ Elements/ImageStyle.swift -primary-file /Users/admin/builder/spi-builder-workspace/Sources/MarkdownText/Styles/Block\ Elements/ListStyle.swift -primary-file /Users/admin/builder/spi-builder-workspace/Sources/MarkdownText/Styles/Block\ Elements/ParagraphStyle.swift /Users/admin/builder/spi-builder-workspace/Sources/MarkdownText/Styles/Block\ Elements/QuoteStyle.swift /Users/admin/builder/spi-builder-workspace/Sources/MarkdownText/Styles/Block\ Elements/ThematicStyle.swift /Users/admin/builder/spi-builder-workspace/Sources/MarkdownText/Styles/Inline\ Elements/EmphasisStyle.swift /Users/admin/builder/spi-builder-workspace/Sources/MarkdownText/Styles/Inline\ Elements/InlineCodeStyle.swift /Users/admin/builder/spi-builder-workspace/Sources/MarkdownText/Styles/Inline\ Elements/InlineLinkStyle.swift /Users/admin/builder/spi-builder-workspace/Sources/MarkdownText/Styles/Inline\ Elements/StrikethroughStyle.swift /Users/admin/builder/spi-builder-workspace/Sources/MarkdownText/Styles/Inline\ Elements/StrongStyle.swift /Users/admin/builder/spi-builder-workspace/Sources/MarkdownText/Styles/Lists/Bullets/ChecklistBulletStyle.swift /Users/admin/builder/spi-builder-workspace/Sources/MarkdownText/Styles/Lists/Bullets/OrderedBulletStyle.swift /Users/admin/builder/spi-builder-workspace/Sources/MarkdownText/Styles/Lists/Bullets/UnorderedBulletStyle.swift /Users/admin/builder/spi-builder-workspace/Sources/MarkdownText/Styles/Lists/Items/CheckedListItemStyle.swift /Users/admin/builder/spi-builder-workspace/Sources/MarkdownText/Styles/Lists/Items/OrderedListItemStyle.swift /Users/admin/builder/spi-builder-workspace/Sources/MarkdownText/Styles/Lists/Items/UnorderedListItemStyle.swift /Users/admin/builder/spi-builder-workspace/Sources/MarkdownText/Styles/Visibility/CheckListVisibility.swift /Users/admin/builder/spi-builder-workspace/Sources/MarkdownText/Styles/Visibility/CodeVisibility.swift /Users/admin/builder/spi-builder-workspace/Sources/MarkdownText/Styles/Visibility/HeadingVisibility.swift /Users/admin/builder/spi-builder-workspace/Sources/MarkdownText/Styles/Visibility/ImageVisibility.swift /Users/admin/builder/spi-builder-workspace/Sources/MarkdownText/Styles/Visibility/ListItemVisibility.swift /Users/admin/builder/spi-builder-workspace/Sources/MarkdownText/Styles/Visibility/OrderedListVisibility.swift /Users/admin/builder/spi-builder-workspace/Sources/MarkdownText/Styles/Visibility/QuoteVisibility.swift /Users/admin/builder/spi-builder-workspace/Sources/MarkdownText/Styles/Visibility/ThematicVisibility.swift /Users/admin/builder/spi-builder-workspace/Sources/MarkdownText/Styles/Visibility/UnorderedListVisibility.swift -supplementary-output-file-map /Users/admin/builder/spi-builder-workspace/.derivedData/Build/Intermediates.noindex/MarkdownText.build/Debug-watchos/MarkdownText-t.build/Objects-normal/arm64/supplementaryOutputs-6 -target arm64-apple-watchos9.0 -disable-cross-import-overlay-search -load-resolved-plugin /Applications/Xcode-27.0.0-Release.Candidate.app/Contents/Developer/Platforms/WatchOS.platform/Developer/usr/lib/swift/host/plugins/libFoundationMacros.dylib\#/Applications/Xcode-27.0.0-Release.Candidate.app/Contents/Developer/Platforms/WatchOS.platform/Developer/usr/bin/swift-plugin-server\#FoundationMacros -load-resolved-plugin /Applications/Xcode-27.0.0-Release.Candidate.app/Contents/Developer/Platforms/WatchOS.platform/Developer/usr/lib/swift/host/plugins/libObservationMacros.dylib\#/Applications/Xcode-27.0.0-Release.Candidate.app/Contents/Developer/Platforms/WatchOS.platform/Developer/usr/bin/swift-plugin-server\#ObservationMacros -load-resolved-plugin /Applications/Xcode-27.0.0-Release.Candidate.app/Contents/Developer/Platforms/WatchOS.platform/Developer/usr/lib/swift/host/plugins/libPreviewsMacros.dylib\#/Applications/Xcode-27.0.0-Release.Candidate.app/Contents/Developer/Platforms/WatchOS.platform/Developer/usr/bin/swift-plugin-server\#PreviewsMacros -load-resolved-plugin /Applications/Xcode-27.0.0-Release.Candidate.app/Contents/Developer/Platforms/WatchOS.platform/Developer/usr/lib/swift/host/plugins/libSwiftMacros.dylib\#/Applications/Xcode-27.0.0-Release.Candidate.app/Contents/Developer/Platforms/WatchOS.platform/Developer/usr/bin/swift-plugin-server\#SwiftMacros -load-resolved-plugin /Applications/Xcode-27.0.0-Release.Candidate.app/Contents/Developer/Platforms/WatchOS.platform/Developer/usr/lib/swift/host/plugins/libSwiftUIMacros.dylib\#/Applications/Xcode-27.0.0-Release.Candidate.app/Contents/Developer/Platforms/WatchOS.platform/Developer/usr/bin/swift-plugin-server\#SwiftUIMacros -disable-implicit-swift-modules -Xcc -fno-implicit-modules -Xcc -fno-implicit-module-maps -explicit-swift-module-map-file /Users/admin/builder/spi-builder-workspace/.derivedData/Build/Intermediates.noindex/MarkdownText.build/Debug-watchos/MarkdownText-t.build/Objects-normal/arm64/MarkdownText-dependencies-2.json -Xllvm -aarch64-use-tbi -enable-objc-interop -stack-check -sdk /Applications/Xcode-27.0.0-Release.Candidate.app/Contents/Developer/Platforms/WatchOS.platform/Developer/SDKs/WatchOS27.0.sdk -I /Users/admin/builder/spi-builder-workspace/.derivedData/Build/Products/Debug-watchos -Isystem /Applications/Xcode-27.0.0-Release.Candidate.app/Contents/Developer/Platforms/WatchOS.platform/Developer/usr/lib -F /Users/admin/builder/spi-builder-workspace/.derivedData/Build/Products/Debug-watchos/PackageFrameworks -F /Users/admin/builder/spi-builder-workspace/.derivedData/Build/Products/Debug-watchos -F /Applications/Xcode-27.0.0-Release.Candidate.app/Contents/Developer/Platforms/WatchOS.platform/Developer/Library/Frameworks -F /Applications/Xcode-27.0.0-Release.Candidate.app/Contents/Developer/Platforms/WatchOS.platform/Developer/SDKs/WatchOS27.0.sdk/Developer/Library/Frameworks -module-cache-path /Users/admin/builder/spi-builder-workspace/.derivedData/Build/Intermediates.noindex/SwiftExplicitPrecompiledModules -no-color-diagnostics -Xcc -fno-color-diagnostics -enable-testing -g -debug-info-format\=dwarf -dwarf-version\=4 -swift-version 5 -Onone -D SWIFT_PACKAGE -D DEBUG -D SWIFT_MODULE_RESOURCE_BUNDLE_UNAVAILABLE -D Xcode -serialize-debugging-options -enable-experimental-feature DebugDescriptionMacro -empty-abi-descriptor -validate-clang-modules-once -clang-build-session-file /Users/admin/builder/spi-builder-workspace/.derivedData/ModuleCache.noindex/Session.modulevalidation -Xcc -working-directory -Xcc /Users/admin/builder/spi-builder-workspace/.swiftpm/xcode -enable-anonymous-context-mangled-names -file-compilation-dir /Users/admin/builder/spi-builder-workspace/.swiftpm/xcode -Xcc -fmodule-map-file\=/Users/admin/builder/spi-builder-workspace/.dependencies/checkouts/swift-cmark/src/include/module.modulemap -Xcc -fmodule-map-file\=/Users/admin/builder/spi-builder-workspace/.derivedData/Build/Intermediates.noindex/GeneratedModuleMaps-watchos/cmark-gfm-extensions.modulemap -Xcc -fmodule-map-file\=/Users/admin/builder/spi-builder-workspace/.derivedData/Build/Intermediates.noindex/GeneratedModuleMaps-watchos/CAtomic.modulemap -Xcc -D_LIBCPP_HARDENING_MODE\=_LIBCPP_HARDENING_MODE_DEBUG -Xcc -ivfsstatcache -Xcc /Users/admin/builder/spi-builder-workspace/.derivedData/SDKStatCaches.noindex/watchos27.0-24R360-e829b21a6f8c9b70876ba0858053c04477534ef55a1706bf4c1112bbb242f0a2.sdkstatcache -Xcc -fmodules-prune-interval\=86400 -Xcc -fmodules-prune-after\=345600 -Xcc -I/Users/admin/builder/spi-builder-workspace/.dependencies/checkouts/swift-cmark/src/include -Xcc -I/Users/admin/builder/spi-builder-workspace/.dependencies/checkouts/swift-cmark/extensions/include -Xcc -I/Users/admin/builder/spi-builder-workspace/.dependencies/checkouts/swift-markdown/Sources/CAtomic/include -Xcc -I/Users/admin/builder/spi-builder-workspace/.derivedData/Build/Products/Debug-watchos/include -Xcc -I/Users/admin/builder/spi-builder-workspace/.derivedData/Build/Intermediates.noindex/MarkdownText.build/Debug-watchos/MarkdownText-t.build/DerivedSources-normal/arm64 -Xcc -I/Users/admin/builder/spi-builder-workspace/.derivedData/Build/Intermediates.noindex/MarkdownText.build/Debug-watchos/MarkdownText-t.build/DerivedSources/arm64 -Xcc -I/Users/admin/builder/spi-builder-workspace/.derivedData/Build/Intermediates.noindex/MarkdownText.build/Debug-watchos/MarkdownText-t.build/DerivedSources -Xcc -DSWIFT_PACKAGE -Xcc -DDEBUG\=1 -no-auto-bridging-header-chaining -module-name MarkdownText -const-gather-protocols-file /Users/admin/builder/spi-builder-workspace/.derivedData/Build/Intermediates.noindex/MarkdownText.build/Debug-watchos/MarkdownText-t.build/Objects-normal/arm64/MarkdownText_const_extract_protocols.json -disable-clang-spi -clang-target arm64-apple-watchos27.0 -target-sdk-version 27.0 -target-sdk-name watchos27.0 -in-process-plugin-server-path /Applications/Xcode-27.0.0-Release.Candidate.app/Contents/Developer/Toolchains/XcodeDefault.xctoolchain/usr/lib/swift/host/libSwiftInProcPluginServer.dylib -parse-as-library -o /Users/admin/builder/spi-builder-workspace/.derivedData/Build/Intermediates.noindex/MarkdownText.build/Debug-watchos/MarkdownText-t.build/Objects-normal/arm64/SymbolImageStyle.o -o /Users/admin/builder/spi-builder-workspace/.derivedData/Build/Intermediates.noindex/MarkdownText.build/Debug-watchos/MarkdownText-t.build/Objects-normal/arm64/ImageStyle.o -o /Users/admin/builder/spi-builder-workspace/.derivedData/Build/Intermediates.noindex/MarkdownText.build/Debug-watchos/MarkdownText-t.build/Objects-normal/arm64/ListStyle.o -o /Users/admin/builder/spi-builder-workspace/.derivedData/Build/Intermediates.noindex/MarkdownText.build/Debug-watchos/MarkdownText-t.build/Objects-normal/arm64/ParagraphStyle.o -debug-module-path /Users/admin/builder/spi-builder-workspace/.derivedData/Build/Intermediates.noindex/MarkdownText.build/Debug-watchos/MarkdownText-t.build/Objects-normal/arm64/MarkdownText.swiftmodule -index-unit-output-path /MarkdownText.build/Debug-watchos/MarkdownText-t.build/Objects-normal/arm64/SymbolImageStyle.o -index-unit-output-path /MarkdownText.build/Debug-watchos/MarkdownText-t.build/Objects-normal/arm64/ImageStyle.o -index-unit-output-path /MarkdownText.build/Debug-watchos/MarkdownText-t.build/Objects-normal/arm64/ListStyle.o -index-unit-output-path /MarkdownText.build/Debug-watchos/MarkdownText-t.build/Objects-normal/arm64/ParagraphStyle.o -index-store-path /Users/admin/builder/spi-builder-workspace/.derivedData/Index.noindex/DataStore -index-system-modules
SwiftCompile normal arm64 /Users/admin/builder/spi-builder-workspace/Sources/MarkdownText/Styles/Block\ Elements/Image\ Styles/SymbolImageStyle.swift (in target 'MarkdownText' from project 'MarkdownText')
    cd /Users/admin/builder/spi-builder-workspace/.swiftpm/xcode
    builtin-SwiftPerFileCompile SymbolImageStyle.swift
SwiftCompile normal arm64 /Users/admin/builder/spi-builder-workspace/Sources/MarkdownText/Styles/Block\ Elements/ImageStyle.swift (in target 'MarkdownText' from project 'MarkdownText')
    cd /Users/admin/builder/spi-builder-workspace/.swiftpm/xcode
    builtin-SwiftPerFileCompile ImageStyle.swift
SwiftCompile normal arm64 /Users/admin/builder/spi-builder-workspace/Sources/MarkdownText/Styles/Block\ Elements/ListStyle.swift (in target 'MarkdownText' from project 'MarkdownText')
    cd /Users/admin/builder/spi-builder-workspace/.swiftpm/xcode
    builtin-SwiftPerFileCompile ListStyle.swift
SwiftCompile normal arm64 /Users/admin/builder/spi-builder-workspace/Sources/MarkdownText/Styles/Block\ Elements/ParagraphStyle.swift (in target 'MarkdownText' from project 'MarkdownText')
    cd /Users/admin/builder/spi-builder-workspace/.swiftpm/xcode
    builtin-SwiftPerFileCompile ParagraphStyle.swift
SwiftCompile normal arm64 Compiling\ OrderedBulletStyle.swift,\ UnorderedBulletStyle.swift,\ CheckedListItemStyle.swift,\ OrderedListItemStyle.swift /Users/admin/builder/spi-builder-workspace/Sources/MarkdownText/Styles/Lists/Bullets/OrderedBulletStyle.swift /Users/admin/builder/spi-builder-workspace/Sources/MarkdownText/Styles/Lists/Bullets/UnorderedBulletStyle.swift /Users/admin/builder/spi-builder-workspace/Sources/MarkdownText/Styles/Lists/Items/CheckedListItemStyle.swift /Users/admin/builder/spi-builder-workspace/Sources/MarkdownText/Styles/Lists/Items/OrderedListItemStyle.swift (in target 'MarkdownText' from project 'MarkdownText')
SwiftCompile normal arm64 /Users/admin/builder/spi-builder-workspace/Sources/MarkdownText/Styles/Lists/Bullets/OrderedBulletStyle.swift (in target 'MarkdownText' from project 'MarkdownText')
    cd /Users/admin/builder/spi-builder-workspace/.swiftpm/xcode
    builtin-SwiftPerFileCompile OrderedBulletStyle.swift
SwiftCompile normal arm64 /Users/admin/builder/spi-builder-workspace/Sources/MarkdownText/Styles/Lists/Bullets/UnorderedBulletStyle.swift (in target 'MarkdownText' from project 'MarkdownText')
    cd /Users/admin/builder/spi-builder-workspace/.swiftpm/xcode
    builtin-SwiftPerFileCompile UnorderedBulletStyle.swift
SwiftCompile normal arm64 /Users/admin/builder/spi-builder-workspace/Sources/MarkdownText/Styles/Lists/Items/CheckedListItemStyle.swift (in target 'MarkdownText' from project 'MarkdownText')
    cd /Users/admin/builder/spi-builder-workspace/.swiftpm/xcode
    builtin-SwiftPerFileCompile CheckedListItemStyle.swift
SwiftCompile normal arm64 /Users/admin/builder/spi-builder-workspace/Sources/MarkdownText/Styles/Lists/Items/OrderedListItemStyle.swift (in target 'MarkdownText' from project 'MarkdownText')
    cd /Users/admin/builder/spi-builder-workspace/.swiftpm/xcode
    builtin-SwiftPerFileCompile OrderedListItemStyle.swift
SwiftCompile normal arm64 Compiling\ ImageVisibility.swift,\ ListItemVisibility.swift,\ OrderedListVisibility.swift /Users/admin/builder/spi-builder-workspace/Sources/MarkdownText/Styles/Visibility/ImageVisibility.swift /Users/admin/builder/spi-builder-workspace/Sources/MarkdownText/Styles/Visibility/ListItemVisibility.swift /Users/admin/builder/spi-builder-workspace/Sources/MarkdownText/Styles/Visibility/OrderedListVisibility.swift (in target 'MarkdownText' from project 'MarkdownText')
/Users/admin/builder/spi-builder-workspace/Sources/MarkdownText/Styles/Visibility/ImageVisibility.swift:5:44: warning: 'Visibility' was deprecated in watchOS 8 [#DeprecatedDeclaration]
 3 |
 4 | struct ImageMarkdownVisibility: EnvironmentKey {
 5 |     static let defaultValue: Backport<Any>.Visibility = .automatic
   |                                            `- warning: 'Visibility' was deprecated in watchOS 8 [#DeprecatedDeclaration]
 6 | }
 7 |
/Users/admin/builder/spi-builder-workspace/Sources/MarkdownText/Styles/Visibility/ImageVisibility.swift:17:52: warning: 'Visibility' was deprecated in watchOS 8 [#DeprecatedDeclaration]
15 | public extension View {
16 |     /// Sets the visibility for image markdown elements
17 |     func markdownImage(_ visibility: Backport<Any>.Visibility) -> some View {
   |                                                    `- warning: 'Visibility' was deprecated in watchOS 8 [#DeprecatedDeclaration]
18 |         environment(\.markdownImageVisibility, visibility)
19 |     }
/Users/admin/builder/spi-builder-workspace/Sources/MarkdownText/Styles/Visibility/ListItemVisibility.swift:5:44: warning: 'Visibility' was deprecated in watchOS 8 [#DeprecatedDeclaration]
 3 |
 4 | struct ListMarkdownVisibility: EnvironmentKey {
 5 |     static let defaultValue: Backport<Any>.Visibility = .automatic
   |                                            `- warning: 'Visibility' was deprecated in watchOS 8 [#DeprecatedDeclaration]
 6 | }
 7 |
/Users/admin/builder/spi-builder-workspace/Sources/MarkdownText/Styles/Visibility/ListItemVisibility.swift:17:51: warning: 'Visibility' was deprecated in watchOS 8 [#DeprecatedDeclaration]
15 | public extension View {
16 |     /// Sets the visibility for all list item markdown elements
17 |     func markdownList(_ visibility: Backport<Any>.Visibility) -> some View {
   |                                                   `- warning: 'Visibility' was deprecated in watchOS 8 [#DeprecatedDeclaration]
18 |         environment(\.markdownListVisibility, visibility)
19 |     }
/Users/admin/builder/spi-builder-workspace/Sources/MarkdownText/Styles/Visibility/OrderedListVisibility.swift:5:44: warning: 'Visibility' was deprecated in watchOS 8 [#DeprecatedDeclaration]
 3 |
 4 | struct OrderedListItemMarkdownVisibility: EnvironmentKey {
 5 |     static let defaultValue: Backport<Any>.Visibility = .automatic
   |                                            `- warning: 'Visibility' was deprecated in watchOS 8 [#DeprecatedDeclaration]
 6 | }
 7 |
/Users/admin/builder/spi-builder-workspace/Sources/MarkdownText/Styles/Visibility/OrderedListVisibility.swift:17:62: warning: 'Visibility' was deprecated in watchOS 8 [#DeprecatedDeclaration]
15 | public extension View {
16 |     /// Sets the visibility for ordered list markdown elements
17 |     func markdownOrderedListItem(_ visibility: Backport<Any>.Visibility) -> some View {
   |                                                              `- warning: 'Visibility' was deprecated in watchOS 8 [#DeprecatedDeclaration]
18 |         environment(\.markdownOrderedListItemVisibility, visibility)
19 |     }
/Users/admin/builder/spi-builder-workspace/Sources/MarkdownText/Styles/Visibility/OrderedListVisibility.swift:23:44: warning: 'Visibility' was deprecated in watchOS 8 [#DeprecatedDeclaration]
21 |
22 | struct OrderedListItemBulletMarkdownVisibility: EnvironmentKey {
23 |     static let defaultValue: Backport<Any>.Visibility = .automatic
   |                                            `- warning: 'Visibility' was deprecated in watchOS 8 [#DeprecatedDeclaration]
24 | }
25 |
/Users/admin/builder/spi-builder-workspace/Sources/MarkdownText/Styles/Visibility/OrderedListVisibility.swift:35:68: warning: 'Visibility' was deprecated in watchOS 8 [#DeprecatedDeclaration]
33 | public extension View {
34 |     /// Sets the visibility for ordered bullet markdown elements
35 |     func markdownOrderedListItemBullet(_ visibility: Backport<Any>.Visibility) -> some View {
   |                                                                    `- warning: 'Visibility' was deprecated in watchOS 8 [#DeprecatedDeclaration]
36 |         environment(\.markdownOrderedListItemBulletVisibility, visibility)
37 |     }
[#DeprecatedDeclaration]: <https://docs.swift.org/compiler/documentation/diagnostics/deprecated-declaration>
SwiftCompile normal arm64 /Users/admin/builder/spi-builder-workspace/Sources/MarkdownText/Styles/Visibility/ImageVisibility.swift (in target 'MarkdownText' from project 'MarkdownText')
    cd /Users/admin/builder/spi-builder-workspace/.swiftpm/xcode
    builtin-SwiftPerFileCompile ImageVisibility.swift
SwiftCompile normal arm64 /Users/admin/builder/spi-builder-workspace/Sources/MarkdownText/Styles/Visibility/ListItemVisibility.swift (in target 'MarkdownText' from project 'MarkdownText')
    cd /Users/admin/builder/spi-builder-workspace/.swiftpm/xcode
    builtin-SwiftPerFileCompile ListItemVisibility.swift
SwiftCompile normal arm64 /Users/admin/builder/spi-builder-workspace/Sources/MarkdownText/Styles/Visibility/OrderedListVisibility.swift (in target 'MarkdownText' from project 'MarkdownText')
    cd /Users/admin/builder/spi-builder-workspace/.swiftpm/xcode
    builtin-SwiftPerFileCompile OrderedListVisibility.swift
SwiftCompile normal arm64 Compiling\ QuoteVisibility.swift,\ ThematicVisibility.swift,\ UnorderedListVisibility.swift /Users/admin/builder/spi-builder-workspace/Sources/MarkdownText/Styles/Visibility/QuoteVisibility.swift /Users/admin/builder/spi-builder-workspace/Sources/MarkdownText/Styles/Visibility/ThematicVisibility.swift /Users/admin/builder/spi-builder-workspace/Sources/MarkdownText/Styles/Visibility/UnorderedListVisibility.swift (in target 'MarkdownText' from project 'MarkdownText')
/Users/admin/builder/spi-builder-workspace/Sources/MarkdownText/Styles/Visibility/QuoteVisibility.swift:5:44: warning: 'Visibility' was deprecated in watchOS 8 [#DeprecatedDeclaration]
 3 |
 4 | struct QuoteMarkdownVisibility: EnvironmentKey {
 5 |     static let defaultValue: Backport<Any>.Visibility = .automatic
   |                                            `- warning: 'Visibility' was deprecated in watchOS 8 [#DeprecatedDeclaration]
 6 | }
 7 |
/Users/admin/builder/spi-builder-workspace/Sources/MarkdownText/Styles/Visibility/QuoteVisibility.swift:17:52: warning: 'Visibility' was deprecated in watchOS 8 [#DeprecatedDeclaration]
15 | public extension View {
16 |     /// Sets the visibility for quote markdown elements
17 |     func markdownQuote(_ visibility: Backport<Any>.Visibility) -> some View {
   |                                                    `- warning: 'Visibility' was deprecated in watchOS 8 [#DeprecatedDeclaration]
18 |         environment(\.markdownQuoteListVisibility, visibility)
19 |     }
/Users/admin/builder/spi-builder-workspace/Sources/MarkdownText/Styles/Visibility/ThematicVisibility.swift:5:44: warning: 'Visibility' was deprecated in watchOS 8 [#DeprecatedDeclaration]
 3 |
 4 | struct ThematicBreakMarkdownVisibility: EnvironmentKey {
 5 |     static let defaultValue: Backport<Any>.Visibility = .automatic
   |                                            `- warning: 'Visibility' was deprecated in watchOS 8 [#DeprecatedDeclaration]
 6 | }
 7 |
/Users/admin/builder/spi-builder-workspace/Sources/MarkdownText/Styles/Visibility/ThematicVisibility.swift:17:60: warning: 'Visibility' was deprecated in watchOS 8 [#DeprecatedDeclaration]
15 | public extension View {
16 |     /// Sets the visibility for thematic break markdown elements
17 |     func markdownThematicBreak(_ visibility: Backport<Any>.Visibility) -> some View {
   |                                                            `- warning: 'Visibility' was deprecated in watchOS 8 [#DeprecatedDeclaration]
18 |         environment(\.markdownThematicBreakVisibility, visibility)
19 |     }
/Users/admin/builder/spi-builder-workspace/Sources/MarkdownText/Styles/Visibility/UnorderedListVisibility.swift:5:44: warning: 'Visibility' was deprecated in watchOS 8 [#DeprecatedDeclaration]
 3 |
 4 | struct UnorderedListItemMarkdownVisibility: EnvironmentKey {
 5 |     static let defaultValue: Backport<Any>.Visibility = .automatic
   |                                            `- warning: 'Visibility' was deprecated in watchOS 8 [#DeprecatedDeclaration]
 6 | }
 7 |
/Users/admin/builder/spi-builder-workspace/Sources/MarkdownText/Styles/Visibility/UnorderedListVisibility.swift:17:64: warning: 'Visibility' was deprecated in watchOS 8 [#DeprecatedDeclaration]
15 | public extension View {
16 |     /// Sets the visibility for unordered item markdown elements
17 |     func markdownUnorderedListItem(_ visibility: Backport<Any>.Visibility) -> some View {
   |                                                                `- warning: 'Visibility' was deprecated in watchOS 8 [#DeprecatedDeclaration]
18 |         environment(\.markdownUnorderedListItemVisibility, visibility)
19 |     }
/Users/admin/builder/spi-builder-workspace/Sources/MarkdownText/Styles/Visibility/UnorderedListVisibility.swift:23:44: warning: 'Visibility' was deprecated in watchOS 8 [#DeprecatedDeclaration]
21 |
22 | struct UnorderedListItemBulletMarkdownVisibility: EnvironmentKey {
23 |     static let defaultValue: Backport<Any>.Visibility = .automatic
   |                                            `- warning: 'Visibility' was deprecated in watchOS 8 [#DeprecatedDeclaration]
24 | }
25 |
/Users/admin/builder/spi-builder-workspace/Sources/MarkdownText/Styles/Visibility/UnorderedListVisibility.swift:35:70: warning: 'Visibility' was deprecated in watchOS 8 [#DeprecatedDeclaration]
33 | public extension View {
34 |     /// Sets the visibility for unordered bullet markdown elements
35 |     func markdownUnorderedListItemBullet(_ visibility: Backport<Any>.Visibility) -> some View {
   |                                                                      `- warning: 'Visibility' was deprecated in watchOS 8 [#DeprecatedDeclaration]
36 |         environment(\.markdownUnorderedListItemBulletVisibility, visibility)
37 |     }
[#DeprecatedDeclaration]: <https://docs.swift.org/compiler/documentation/diagnostics/deprecated-declaration>
SwiftCompile normal arm64 /Users/admin/builder/spi-builder-workspace/Sources/MarkdownText/Styles/Visibility/QuoteVisibility.swift (in target 'MarkdownText' from project 'MarkdownText')
    cd /Users/admin/builder/spi-builder-workspace/.swiftpm/xcode
    builtin-SwiftPerFileCompile QuoteVisibility.swift
SwiftCompile normal arm64 /Users/admin/builder/spi-builder-workspace/Sources/MarkdownText/Styles/Visibility/ThematicVisibility.swift (in target 'MarkdownText' from project 'MarkdownText')
    cd /Users/admin/builder/spi-builder-workspace/.swiftpm/xcode
    builtin-SwiftPerFileCompile ThematicVisibility.swift
SwiftCompile normal arm64 /Users/admin/builder/spi-builder-workspace/Sources/MarkdownText/Styles/Visibility/UnorderedListVisibility.swift (in target 'MarkdownText' from project 'MarkdownText')
    cd /Users/admin/builder/spi-builder-workspace/.swiftpm/xcode
    builtin-SwiftPerFileCompile UnorderedListVisibility.swift
SwiftCompile normal arm64 Compiling\ CodeStyle.swift,\ HeadingStyle.swift,\ DefaultImageStyle.swift,\ RemoteImageStyle.swift /Users/admin/builder/spi-builder-workspace/Sources/MarkdownText/Styles/Block\ Elements/CodeStyle.swift /Users/admin/builder/spi-builder-workspace/Sources/MarkdownText/Styles/Block\ Elements/HeadingStyle.swift /Users/admin/builder/spi-builder-workspace/Sources/MarkdownText/Styles/Block\ Elements/Image\ Styles/DefaultImageStyle.swift /Users/admin/builder/spi-builder-workspace/Sources/MarkdownText/Styles/Block\ Elements/Image\ Styles/RemoteImageStyle.swift (in target 'MarkdownText' from project 'MarkdownText')
SwiftCompile normal arm64 /Users/admin/builder/spi-builder-workspace/Sources/MarkdownText/Styles/Block\ Elements/CodeStyle.swift (in target 'MarkdownText' from project 'MarkdownText')
    cd /Users/admin/builder/spi-builder-workspace/.swiftpm/xcode
    builtin-SwiftPerFileCompile CodeStyle.swift
SwiftCompile normal arm64 /Users/admin/builder/spi-builder-workspace/Sources/MarkdownText/Styles/Block\ Elements/HeadingStyle.swift (in target 'MarkdownText' from project 'MarkdownText')
    cd /Users/admin/builder/spi-builder-workspace/.swiftpm/xcode
    builtin-SwiftPerFileCompile HeadingStyle.swift
SwiftCompile normal arm64 /Users/admin/builder/spi-builder-workspace/Sources/MarkdownText/Styles/Block\ Elements/Image\ Styles/DefaultImageStyle.swift (in target 'MarkdownText' from project 'MarkdownText')
    cd /Users/admin/builder/spi-builder-workspace/.swiftpm/xcode
    builtin-SwiftPerFileCompile DefaultImageStyle.swift
SwiftCompile normal arm64 /Users/admin/builder/spi-builder-workspace/Sources/MarkdownText/Styles/Block\ Elements/Image\ Styles/RemoteImageStyle.swift (in target 'MarkdownText' from project 'MarkdownText')
    cd /Users/admin/builder/spi-builder-workspace/.swiftpm/xcode
    builtin-SwiftPerFileCompile RemoteImageStyle.swift
SwiftCompile normal arm64 Compiling\ QuoteStyle.swift,\ ThematicStyle.swift,\ EmphasisStyle.swift,\ InlineCodeStyle.swift /Users/admin/builder/spi-builder-workspace/Sources/MarkdownText/Styles/Block\ Elements/QuoteStyle.swift /Users/admin/builder/spi-builder-workspace/Sources/MarkdownText/Styles/Block\ Elements/ThematicStyle.swift /Users/admin/builder/spi-builder-workspace/Sources/MarkdownText/Styles/Inline\ Elements/EmphasisStyle.swift /Users/admin/builder/spi-builder-workspace/Sources/MarkdownText/Styles/Inline\ Elements/InlineCodeStyle.swift (in target 'MarkdownText' from project 'MarkdownText')
SwiftCompile normal arm64 /Users/admin/builder/spi-builder-workspace/Sources/MarkdownText/Styles/Block\ Elements/QuoteStyle.swift (in target 'MarkdownText' from project 'MarkdownText')
    cd /Users/admin/builder/spi-builder-workspace/.swiftpm/xcode
    builtin-SwiftPerFileCompile QuoteStyle.swift
SwiftCompile normal arm64 /Users/admin/builder/spi-builder-workspace/Sources/MarkdownText/Styles/Block\ Elements/ThematicStyle.swift (in target 'MarkdownText' from project 'MarkdownText')
    cd /Users/admin/builder/spi-builder-workspace/.swiftpm/xcode
    builtin-SwiftPerFileCompile ThematicStyle.swift
SwiftCompile normal arm64 /Users/admin/builder/spi-builder-workspace/Sources/MarkdownText/Styles/Inline\ Elements/EmphasisStyle.swift (in target 'MarkdownText' from project 'MarkdownText')
    cd /Users/admin/builder/spi-builder-workspace/.swiftpm/xcode
    builtin-SwiftPerFileCompile EmphasisStyle.swift
SwiftCompile normal arm64 /Users/admin/builder/spi-builder-workspace/Sources/MarkdownText/Styles/Inline\ Elements/InlineCodeStyle.swift (in target 'MarkdownText' from project 'MarkdownText')
    cd /Users/admin/builder/spi-builder-workspace/.swiftpm/xcode
    builtin-SwiftPerFileCompile InlineCodeStyle.swift
SwiftEmitModule normal arm64 Emitting\ module\ for\ MarkdownText (in target 'MarkdownText' from project 'MarkdownText')
/Users/admin/builder/spi-builder-workspace/Sources/MarkdownText/Styles/Visibility/HeadingVisibility.swift:4:10: warning: Refactor to allow for range based API as well (inspo: DynamicType API)
 2 | import SwiftUIBackports
 3 |
 4 | #warning("Refactor to allow for range based API as well (inspo: DynamicType API)")
   |          `- warning: Refactor to allow for range based API as well (inspo: DynamicType API)
 5 |
 6 | struct HeadingMarkdownVisibility: EnvironmentKey {
/Users/admin/builder/spi-builder-workspace/Sources/MarkdownText/Helpers/Platform.swift:10:40: warning: 'ScaledMetric' was deprecated in watchOS 7 [#DeprecatedDeclaration]
 8 | typealias ProgressView = SwiftUI.ProgressView
 9 | #else
10 | typealias ScaledMetric = Backport<Any>.ScaledMetric
   |                                        `- warning: 'ScaledMetric' was deprecated in watchOS 7 [#DeprecatedDeclaration]
11 | typealias LabelStyle = SwiftUIBackports.BackportLabelStyle
12 | typealias Label = Backport<Any>.Label
/Users/admin/builder/spi-builder-workspace/Sources/MarkdownText/Helpers/Platform.swift:11:41: warning: 'BackportLabelStyle' was deprecated in watchOS 7 [#DeprecatedDeclaration]
 9 | #else
10 | typealias ScaledMetric = Backport<Any>.ScaledMetric
11 | typealias LabelStyle = SwiftUIBackports.BackportLabelStyle
   |                                         `- warning: 'BackportLabelStyle' was deprecated in watchOS 7 [#DeprecatedDeclaration]
12 | typealias Label = Backport<Any>.Label
13 | typealias ProgressView = Backport<Any>.ProgressView
/Users/admin/builder/spi-builder-workspace/Sources/MarkdownText/Helpers/Platform.swift:12:33: warning: 'Label' was deprecated in watchOS 7 [#DeprecatedDeclaration]
10 | typealias ScaledMetric = Backport<Any>.ScaledMetric
11 | typealias LabelStyle = SwiftUIBackports.BackportLabelStyle
12 | typealias Label = Backport<Any>.Label
   |                                 `- warning: 'Label' was deprecated in watchOS 7 [#DeprecatedDeclaration]
13 | typealias ProgressView = Backport<Any>.ProgressView
14 |
/Users/admin/builder/spi-builder-workspace/Sources/MarkdownText/Helpers/Platform.swift:13:40: warning: 'ProgressView' was deprecated in watchOS 7.0 [#DeprecatedDeclaration]
11 | typealias LabelStyle = SwiftUIBackports.BackportLabelStyle
12 | typealias Label = Backport<Any>.Label
13 | typealias ProgressView = Backport<Any>.ProgressView
   |                                        `- warning: 'ProgressView' was deprecated in watchOS 7.0 [#DeprecatedDeclaration]
14 |
15 | extension View {
SwiftCompile normal arm64 (in target 'MarkdownText' from project 'MarkdownText')
    cd /Users/admin/builder/spi-builder-workspace/.swiftpm/xcode

SwiftCompile normal arm64 Compiling\ InlineLinkStyle.swift,\ StrikethroughStyle.swift,\ StrongStyle.swift,\ ChecklistBulletStyle.swift /Users/admin/builder/spi-builder-workspace/Sources/MarkdownText/Styles/Inline\ Elements/InlineLinkStyle.swift /Users/admin/builder/spi-builder-workspace/Sources/MarkdownText/Styles/Inline\ Elements/StrikethroughStyle.swift /Users/admin/builder/spi-builder-workspace/Sources/MarkdownText/Styles/Inline\ Elements/StrongStyle.swift /Users/admin/builder/spi-builder-workspace/Sources/MarkdownText/Styles/Lists/Bullets/ChecklistBulletStyle.swift (in target 'MarkdownText' from project 'MarkdownText')
SwiftCompile normal arm64 /Users/admin/builder/spi-builder-workspace/Sources/MarkdownText/Styles/Inline\ Elements/InlineLinkStyle.swift (in target 'MarkdownText' from project 'MarkdownText')
    cd /Users/admin/builder/spi-builder-workspace/.swiftpm/xcode
    builtin-SwiftPerFileCompile InlineLinkStyle.swift
SwiftCompile normal arm64 /Users/admin/builder/spi-builder-workspace/Sources/MarkdownText/Styles/Inline\ Elements/StrikethroughStyle.swift (in target 'MarkdownText' from project 'MarkdownText')
    cd /Users/admin/builder/spi-builder-workspace/.swiftpm/xcode
    builtin-SwiftPerFileCompile StrikethroughStyle.swift
SwiftCompile normal arm64 /Users/admin/builder/spi-builder-workspace/Sources/MarkdownText/Styles/Inline\ Elements/StrongStyle.swift (in target 'MarkdownText' from project 'MarkdownText')
    cd /Users/admin/builder/spi-builder-workspace/.swiftpm/xcode
    builtin-SwiftPerFileCompile StrongStyle.swift
SwiftCompile normal arm64 /Users/admin/builder/spi-builder-workspace/Sources/MarkdownText/Styles/Lists/Bullets/ChecklistBulletStyle.swift (in target 'MarkdownText' from project 'MarkdownText')
    cd /Users/admin/builder/spi-builder-workspace/.swiftpm/xcode
    builtin-SwiftPerFileCompile ChecklistBulletStyle.swift
SwiftCompile normal arm64 Compiling\ MarkdownInlineElement.swift,\ MarkdownListElement.swift,\ MarkdownText.swift,\ MarkdownTextBuilder.swift /Users/admin/builder/spi-builder-workspace/Sources/MarkdownText/MarkdownInlineElement.swift /Users/admin/builder/spi-builder-workspace/Sources/MarkdownText/MarkdownListElement.swift /Users/admin/builder/spi-builder-workspace/Sources/MarkdownText/MarkdownText.swift /Users/admin/builder/spi-builder-workspace/Sources/MarkdownText/MarkdownTextBuilder.swift (in target 'MarkdownText' from project 'MarkdownText')
SwiftCompile normal arm64 /Users/admin/builder/spi-builder-workspace/Sources/MarkdownText/MarkdownInlineElement.swift (in target 'MarkdownText' from project 'MarkdownText')
    cd /Users/admin/builder/spi-builder-workspace/.swiftpm/xcode
    builtin-SwiftPerFileCompile MarkdownInlineElement.swift
SwiftCompile normal arm64 /Users/admin/builder/spi-builder-workspace/Sources/MarkdownText/MarkdownListElement.swift (in target 'MarkdownText' from project 'MarkdownText')
    cd /Users/admin/builder/spi-builder-workspace/.swiftpm/xcode
    builtin-SwiftPerFileCompile MarkdownListElement.swift
SwiftCompile normal arm64 /Users/admin/builder/spi-builder-workspace/Sources/MarkdownText/MarkdownText.swift (in target 'MarkdownText' from project 'MarkdownText')
    cd /Users/admin/builder/spi-builder-workspace/.swiftpm/xcode
    builtin-SwiftPerFileCompile MarkdownText.swift
SwiftCompile normal arm64 /Users/admin/builder/spi-builder-workspace/Sources/MarkdownText/MarkdownTextBuilder.swift (in target 'MarkdownText' from project 'MarkdownText')
    cd /Users/admin/builder/spi-builder-workspace/.swiftpm/xcode
    builtin-SwiftPerFileCompile MarkdownTextBuilder.swift
SwiftEmitModule normal arm64_32 Emitting\ module\ for\ MarkdownText (in target 'MarkdownText' from project 'MarkdownText')
SwiftCompile normal arm64_32 (in target 'MarkdownText' from project 'MarkdownText')
    cd /Users/admin/builder/spi-builder-workspace/.swiftpm/xcode

SwiftDriverJobDiscovery normal arm64 Compiling ImageVisibility.swift, ListItemVisibility.swift, OrderedListVisibility.swift (in target 'MarkdownText' from project 'MarkdownText')
SwiftCompile normal arm64_32 Compiling\ MarkdownInlineElement.swift,\ MarkdownListElement.swift,\ MarkdownText.swift /Users/admin/builder/spi-builder-workspace/Sources/MarkdownText/MarkdownInlineElement.swift /Users/admin/builder/spi-builder-workspace/Sources/MarkdownText/MarkdownListElement.swift /Users/admin/builder/spi-builder-workspace/Sources/MarkdownText/MarkdownText.swift (in target 'MarkdownText' from project 'MarkdownText')
SwiftCompile normal arm64_32 /Users/admin/builder/spi-builder-workspace/Sources/MarkdownText/MarkdownInlineElement.swift (in target 'MarkdownText' from project 'MarkdownText')
    cd /Users/admin/builder/spi-builder-workspace/.swiftpm/xcode
    builtin-SwiftPerFileCompile MarkdownInlineElement.swift
SwiftCompile normal arm64_32 /Users/admin/builder/spi-builder-workspace/Sources/MarkdownText/MarkdownListElement.swift (in target 'MarkdownText' from project 'MarkdownText')
    cd /Users/admin/builder/spi-builder-workspace/.swiftpm/xcode
    builtin-SwiftPerFileCompile MarkdownListElement.swift
SwiftCompile normal arm64_32 /Users/admin/builder/spi-builder-workspace/Sources/MarkdownText/MarkdownText.swift (in target 'MarkdownText' from project 'MarkdownText')
    cd /Users/admin/builder/spi-builder-workspace/.swiftpm/xcode
    builtin-SwiftPerFileCompile MarkdownText.swift
SwiftDriverJobDiscovery normal arm64 Compiling QuoteVisibility.swift, ThematicVisibility.swift, UnorderedListVisibility.swift (in target 'MarkdownText' from project 'MarkdownText')
PruneExplicitPrecompiledModules /Users/admin/builder/spi-builder-workspace/.derivedData/SDKExplicitPrecompiledModules
PruneExplicitPrecompiledModules /Users/admin/builder/spi-builder-workspace/.derivedData/Build/Intermediates.noindex/ExplicitPrecompiledModules
PruneExplicitPrecompiledModules /Users/admin/builder/spi-builder-workspace/.derivedData/Build/Intermediates.noindex/SwiftExplicitPrecompiledModules
2026-09-19 00:59:45.811 xcodebuild[1216:7235] [MT] IDERunDestination: Supported platforms for the buildables in the current scheme is empty.
** BUILD FAILED **
The following build commands failed:
	SwiftCompile normal arm64 Compiling\ SymbolImageStyle.swift,\ ImageStyle.swift,\ ListStyle.swift,\ ParagraphStyle.swift /Users/admin/builder/spi-builder-workspace/Sources/MarkdownText/Styles/Block\ Elements/Image\ Styles/SymbolImageStyle.swift /Users/admin/builder/spi-builder-workspace/Sources/MarkdownText/Styles/Block\ Elements/ImageStyle.swift /Users/admin/builder/spi-builder-workspace/Sources/MarkdownText/Styles/Block\ Elements/ListStyle.swift /Users/admin/builder/spi-builder-workspace/Sources/MarkdownText/Styles/Block\ Elements/ParagraphStyle.swift (in target 'MarkdownText' from project 'MarkdownText')
	SwiftCompile normal arm64 /Users/admin/builder/spi-builder-workspace/Sources/MarkdownText/Styles/Block\ Elements/ImageStyle.swift (in target 'MarkdownText' from project 'MarkdownText')
	Building workspace MarkdownText with scheme MarkdownText
(3 failures)
BUILD FAILURE 6.4 watchOS