The Swift Package Index logo.Swift Package Index

Build Information

Failed to build ApricotNavigation, reference 1.0.1 (dd26af), with Swift 6.4 for macOS (SPM) on 23 Sep 2026 21:30:17 UTC.

Build Command

env DEVELOPER_DIR=/Applications/Xcode-27.0.0-Release.Candidate.app xcrun swift build --arch arm64

Build Log

========================================
RunAll
========================================
Builder version: 5.1.0
Interrupt handler set up.
========================================
Checkout
========================================
Clone URL: https://github.com/Livsy90/ApricotNavigation.git
Reference: 1.0.1
Initialized empty Git repository in /Users/admin/builder/spi-builder-workspace/.git/
From https://github.com/Livsy90/ApricotNavigation
 * tag               1.0.1      -> FETCH_HEAD
HEAD is now at dd26af2 Update Router.swift
Cloned https://github.com/Livsy90/ApricotNavigation.git
Revision (git rev-parse @):
dd26af20696c7ba0a3e070365c4c44ef7526ac84
SUCCESS checkout https://github.com/Livsy90/ApricotNavigation.git at 1.0.1
========================================
Build
========================================
Selected platform:         macosSpm
Swift version:             6.4
Building package at path:  $PWD
https://github.com/Livsy90/ApricotNavigation.git
Running build ...
env DEVELOPER_DIR=/Applications/Xcode-27.0.0-Release.Candidate.app xcrun swift build --arch arm64
Building for debugging...
[Planning deferred tasks]
[19 / 28]
[20 / 29] ApricotNavigation
[30 / 98]
[33 / 98]
[41 / 98]
[43 / 98]
[44 / 98]
[49 / 98]
[51 / 98]
[53 / 98]
[56 / 98]
[61 / 98]
[64 / 98]
[66 / 98]
[67 / 98]
[77 / 98]
[79 / 98]
[80 / 98]
[83 / 98]
[85 / 98]
[89 / 98] ApricotNavigation
error: SwiftCompile normal arm64 failed with a nonzero exit code. Command line:     cd /Users/admin/builder

/Users/admin/builder/spi-builder-workspace/Sources/ApricotNavigation/Router/Router.swift:4:2: error: 'Observable()' is only available in macOS 14.0 or newer
 2 | import Observation
 3 |
 4 | @Observable
   |  `- error: 'Observable()' is only available in macOS 14.0 or newer
 5 | public final class Router {
 6 |
macro expansion @Observable:1:2: error: 'ObservationTracked()' is only available in macOS 14.0 or newer
`- /Users/admin/builder/spi-builder-workspace/Sources/ApricotNavigation/Router/Router.swift:7:5: note: expanded code originates here
 2 | import Observation
 3 |
 4 | @Observable
   | `- note: in expansion of macro 'Observable' on property 'navigationPath' here
 5 | public final class Router {
   |                    `- note: add '@available' attribute to enclosing class
 6 |
 7 |     public var navigationPath = NavigationPath()
   +--- macro expansion @Observable ------------------------------------
   |1 | @ObservationTracked
   |  |  `- error: 'ObservationTracked()' is only available in macOS 14.0 or newer
   +--------------------------------------------------------------------
 8 |     public var sheetItem: Binding<AnyIdentifiable?> {
 9 |         Binding(
macro expansion @Observable:1:2: error: 'ObservationTracked()' is only available in macOS 14.0 or newer
`- /Users/admin/builder/spi-builder-workspace/Sources/ApricotNavigation/Router/Router.swift:14:5: note: expanded code originates here
 2 | import Observation
 3 |
 4 | @Observable
   | `- note: in expansion of macro 'Observable' on property 'presentedSheetItem' here
 5 | public final class Router {
   |                    `- note: add '@available' attribute to enclosing class
 6 |
 7 |     public var navigationPath = NavigationPath()
   :
12 |         )
13 |     }
14 |     private var presentedSheetItem: AnyIdentifiable?
   +--- macro expansion @Observable ------------------------------------
   |1 | @ObservationTracked
   |  |  `- error: 'ObservationTracked()' is only available in macOS 14.0 or newer
   +--------------------------------------------------------------------
15 |
16 |     public init() {}
macro expansion @Observable:1:2: error: 'ObservationIgnored()' is only available in macOS 14.0 or newer
`- /Users/admin/builder/spi-builder-workspace/Sources/ApricotNavigation/Router/Router.swift:39:1: note: expanded code originates here
 2 | import Observation
 3 |
 4 | @Observable
   | `- note: in expansion of macro 'Observable' on class 'Router' here
 5 | public final class Router {
   |                    `- note: add '@available' attribute to enclosing class
 6 |
 7 |     public var navigationPath = NavigationPath()
   :
37 |     }
38 |
39 | }
   +--- macro expansion @Observable ------------------------------------
   | 1 | @ObservationIgnored private let _$observationRegistrar = Observation.ObservationRegistrar()
   |   |  `- error: 'ObservationIgnored()' is only available in macOS 14.0 or newer
   | 2 |
   | 3 | internal nonisolated func access<$s17ApricotNavigation6Router10ObservablefMm_6MemberfMu_>(
   +--------------------------------------------------------------------
40 |
macro expansion @ObservationTracked:1:2: error: 'ObservationIgnored()' is only available in macOS 14.0 or newer
`- /Users/admin/builder/spi-builder-workspace/Sources/ApricotNavigation/Router/Router.swift:7:49: note: expanded code originates here
 3 |
 4 | @Observable
 5 | public final class Router {
   |                    `- note: add '@available' attribute to enclosing class
 6 |
 7 |     public var navigationPath = NavigationPath()
   +--- macro expansion @ObservationTracked ----------------------------
   |1 | @ObservationIgnored
   |  |  `- error: 'ObservationIgnored()' is only available in macOS 14.0 or newer
   |2 | private  var _navigationPath  = NavigationPath()
   +--------------------------------------------------------------------
 8 |     public var sheetItem: Binding<AnyIdentifiable?> {
 9 |         Binding(
macro expansion @ObservationTracked:1:2: error: 'ObservationIgnored()' is only available in macOS 14.0 or newer
`- /Users/admin/builder/spi-builder-workspace/Sources/ApricotNavigation/Router/Router.swift:14:53: note: expanded code originates here
 3 |
 4 | @Observable
 5 | public final class Router {
   |                    `- note: add '@available' attribute to enclosing class
 6 |
 7 |     public var navigationPath = NavigationPath()
   :
12 |         )
13 |     }
14 |     private var presentedSheetItem: AnyIdentifiable?
   +--- macro expansion @ObservationTracked ----------------------------
   |1 | @ObservationIgnored
   |  |  `- error: 'ObservationIgnored()' is only available in macOS 14.0 or newer
   |2 | private  var _presentedSheetItem: AnyIdentifiable?
   +--------------------------------------------------------------------
15 |
16 |     public init() {}
/Users/admin/builder/spi-builder-workspace/Sources/ApricotNavigation/Router/Router.swift:7:33: error: 'NavigationPath' is only available in macOS 13.0 or newer
 3 |
 4 | @Observable
 5 | public final class Router {
   |                    `- note: add '@available' attribute to enclosing class
 6 |
 7 |     public var navigationPath = NavigationPath()
   |                |                `- error: 'NavigationPath' is only available in macOS 13.0 or newer
   |                `- note: add '@available' attribute to enclosing property
 8 |     public var sheetItem: Binding<AnyIdentifiable?> {
 9 |         Binding(
macro expansion @ObservationTracked:2:33: error: 'NavigationPath' is only available in macOS 13.0 or newer
`- /Users/admin/builder/spi-builder-workspace/Sources/ApricotNavigation/Router/Router.swift:7:49: note: expanded code originates here
 3 |
 4 | @Observable
 5 | public final class Router {
   |                    `- note: add '@available' attribute to enclosing class
 6 |
 7 |     public var navigationPath = NavigationPath()
   +--- macro expansion @ObservationTracked ----------------------------
   |1 | @ObservationIgnored
   |2 | private  var _navigationPath  = NavigationPath()
   |  |                                 `- error: 'NavigationPath' is only available in macOS 13.0 or newer
   +--------------------------------------------------------------------
 8 |     public var sheetItem: Binding<AnyIdentifiable?> {
 9 |         Binding(
macro expansion @Observable:1:70: error: 'ObservationRegistrar' is only available in macOS 14.0 or newer
`- /Users/admin/builder/spi-builder-workspace/Sources/ApricotNavigation/Router/Router.swift:39:1: note: expanded code originates here
 2 | import Observation
 3 |
 4 | @Observable
   | `- note: in expansion of macro 'Observable' on class 'Router' here
 5 | public final class Router {
   |                    `- note: add '@available' attribute to enclosing class
 6 |
 7 |     public var navigationPath = NavigationPath()
   :
37 |     }
38 |
39 | }
   +--- macro expansion @Observable ------------------------------------
   | 1 | @ObservationIgnored private let _$observationRegistrar = Observation.ObservationRegistrar()
   |   |                                                                      `- error: 'ObservationRegistrar' is only available in macOS 14.0 or newer
   | 2 |
   | 3 | internal nonisolated func access<$s17ApricotNavigation6Router10ObservablefMm_6MemberfMu_>(
   +--------------------------------------------------------------------
40 |
/Users/admin/builder/spi-builder-workspace/Sources/ApricotNavigation/Router/Router.swift:4:2: error: 'Observable()' is only available in macOS 14.0 or newer
 2 | import Observation
 3 |
 4 | @Observable
   |  `- error: 'Observable()' is only available in macOS 14.0 or newer
 5 | public final class Router {
   |                    `- note: add '@available' attribute to enclosing class
 6 |
 7 |     public var navigationPath = NavigationPath()
Failed frontend command:
/Applications/Xcode-27.0.0-Release.Candidate.app/Contents/Developer/Toolchains/XcodeDefault.xctoolchain/usr/bin/swift-frontend -frontend -emit-module -experimental-skip-non-inlinable-function-bodies-without-types /Users/admin/builder/spi-builder-workspace/Sources/ApricotNavigation/Model/AnyIdentifiable.swift /Users/admin/builder/spi-builder-workspace/Sources/ApricotNavigation/Router/Router.swift -target arm64-apple-macos12.0 -disable-cross-import-overlay-search -load-resolved-plugin /Applications/Xcode-27.0.0-Release.Candidate.app/Contents/Developer/Platforms/MacOSX.platform/Developer/usr/lib/swift/host/plugins/libFoundationMacros.dylib\#/Applications/Xcode-27.0.0-Release.Candidate.app/Contents/Developer/Platforms/MacOSX.platform/Developer/usr/bin/swift-plugin-server\#FoundationMacros -load-resolved-plugin /Applications/Xcode-27.0.0-Release.Candidate.app/Contents/Developer/Platforms/MacOSX.platform/Developer/usr/lib/swift/host/plugins/libObservationMacros.dylib\#/Applications/Xcode-27.0.0-Release.Candidate.app/Contents/Developer/Platforms/MacOSX.platform/Developer/usr/bin/swift-plugin-server\#ObservationMacros -load-resolved-plugin /Applications/Xcode-27.0.0-Release.Candidate.app/Contents/Developer/Platforms/MacOSX.platform/Developer/usr/lib/swift/host/plugins/libPreviewsMacros.dylib\#/Applications/Xcode-27.0.0-Release.Candidate.app/Contents/Developer/Platforms/MacOSX.platform/Developer/usr/bin/swift-plugin-server\#PreviewsMacros -load-resolved-plugin /Applications/Xcode-27.0.0-Release.Candidate.app/Contents/Developer/Platforms/MacOSX.platform/Developer/usr/lib/swift/host/plugins/libSwiftMacros.dylib\#/Applications/Xcode-27.0.0-Release.Candidate.app/Contents/Developer/Platforms/MacOSX.platform/Developer/usr/bin/swift-plugin-server\#SwiftMacros -load-resolved-plugin /Applications/Xcode-27.0.0-Release.Candidate.app/Contents/Developer/Platforms/MacOSX.platform/Developer/usr/lib/swift/host/plugins/libSwiftUIMacros.dylib\#/Applications/Xcode-27.0.0-Release.Candidate.app/Contents/Developer/Platforms/MacOSX.platform/Developer/usr/bin/swift-plugin-server\#SwiftUIMacros -disable-implicit-swift-modules -Xcc -fno-implicit-modules -Xcc -fno-implicit-module-maps -explicit-swift-module-map-file /Users/admin/builder/spi-builder-workspace/.build/out/Intermediates.noindex/ApricotNavigation.build/Debug/ApricotNavigation-t.build/Objects-normal/arm64/ApricotNavigation-dependencies-1.json -Xllvm -aarch64-use-tbi -enable-objc-interop -stack-check -sdk /Applications/Xcode-27.0.0-Release.Candidate.app/Contents/Developer/Platforms/MacOSX.platform/Developer/SDKs/MacOSX27.0.sdk -I /Users/admin/builder/spi-builder-workspace/.build/out/Products/Debug -Isystem /Applications/Xcode-27.0.0-Release.Candidate.app/Contents/Developer/Platforms/MacOSX.platform/Developer/usr/lib -F /Users/admin/builder/spi-builder-workspace/.build/out/Products/Debug -F /Applications/Xcode-27.0.0-Release.Candidate.app/Contents/Developer/Platforms/MacOSX.platform/Developer/Library/Frameworks -module-cache-path /Users/admin/builder/spi-builder-workspace/.build/out/Intermediates.noindex/SwiftExplicitPrecompiledModules -color-diagnostics -Xcc -fcolor-diagnostics -enable-testing -g -debug-info-format\=dwarf -dwarf-version\=4 -swift-version 5 -Onone -D SWIFT_PACKAGE -D DEBUG -D SWIFT_MODULE_RESOURCE_BUNDLE_UNAVAILABLE -D Xcode -serialize-debugging-options -enable-experimental-feature DebugDescriptionMacro -empty-abi-descriptor -validate-clang-modules-once -clang-build-session-file /Users/admin/builder/spi-builder-workspace/.build/out/ModuleCache.noindex/Session.modulevalidation -Xcc -working-directory -Xcc /Users/admin/builder -enable-anonymous-context-mangled-names -file-compilation-dir /Users/admin/builder -Xcc -D_LIBCPP_HARDENING_MODE\=_LIBCPP_HARDENING_MODE_DEBUG -Xcc -ivfsstatcache -Xcc /Users/admin/builder/spi-builder-workspace/.build/out/SDKStatCaches.noindex/macosx27.0-26A425-80c5bbf1d171475443272936d42f90a36a22442a12e9d48fe1a705f55a1adfc4.sdkstatcache -Xcc -fmodules-prune-interval\=86400 -Xcc -fmodules-prune-after\=345600 -Xcc -I/Users/admin/builder/spi-builder-workspace/.build/out/Products/Debug/include -Xcc -I/Users/admin/builder/spi-builder-workspace/.build/out/Intermediates.noindex/ApricotNavigation.build/Debug/ApricotNavigation-t.build/DerivedSources-normal/arm64 -Xcc -I/Users/admin/builder/spi-builder-workspace/.build/out/Intermediates.noindex/ApricotNavigation.build/Debug/ApricotNavigation-t.build/DerivedSources/arm64 -Xcc -I/Users/admin/builder/spi-builder-workspace/.build/out/Intermediates.noindex/ApricotNavigation.build/Debug/ApricotNavigation-t.build/DerivedSources -Xcc -DSWIFT_PACKAGE -Xcc -DDEBUG\=1 -no-auto-bridging-header-chaining -module-name ApricotNavigation -package-name spi_builder_workspace -const-gather-protocols-file /Users/admin/builder/spi-builder-workspace/.build/out/Intermediates.noindex/ApricotNavigation.build/Debug/ApricotNavigation-t.build/Objects-normal/arm64/ApricotNavigation_const_extract_protocols.json -disable-clang-spi -clang-target arm64-apple-macos27.0 -target-sdk-version 27.0 -target-sdk-name macosx27.0 -in-process-plugin-server-path /Applications/Xcode-27.0.0-Release.Candidate.app/Contents/Developer/Toolchains/XcodeDefault.xctoolchain/usr/lib/swift/host/libSwiftInProcPluginServer.dylib -emit-module-doc-path /Users/admin/builder/spi-builder-workspace/.build/out/Intermediates.noindex/ApricotNavigation.build/Debug/ApricotNavigation-t.build/Objects-normal/arm64/ApricotNavigation.swiftdoc -emit-module-source-info-path /Users/admin/builder/spi-builder-workspace/.build/out/Intermediates.noindex/ApricotNavigation.build/Debug/ApricotNavigation-t.build/Objects-normal/arm64/ApricotNavigation.swiftsourceinfo -emit-objc-header-path /Users/admin/builder/spi-builder-workspace/.build/out/Intermediates.noindex/ApricotNavigation.build/Debug/ApricotNavigation-t.build/Objects-normal/arm64/ApricotNavigation-Swift.h -serialize-diagnostics-path /Users/admin/builder/spi-builder-workspace/.build/out/Intermediates.noindex/ApricotNavigation.build/Debug/ApricotNavigation-t.build/Objects-normal/arm64/ApricotNavigation-primary-emit-module.dia -emit-dependencies-path /Users/admin/builder/spi-builder-workspace/.build/out/Intermediates.noindex/ApricotNavigation.build/Debug/ApricotNavigation-t.build/Objects-normal/arm64/ApricotNavigation-primary-emit-module.d -parse-as-library -o /Users/admin/builder/spi-builder-workspace/.build/out/Intermediates.noindex/ApricotNavigation.build/Debug/ApricotNavigation-t.build/Objects-normal/arm64/ApricotNavigation.swiftmodule -emit-abi-descriptor-path /Users/admin/builder/spi-builder-workspace/.build/out/Intermediates.noindex/ApricotNavigation.build/Debug/ApricotNavigation-t.build/Objects-normal/arm64/ApricotNavigation.abi.json
error: Build failed
BUILD FAILURE 6.4 macosSpm