Build Information
Failed to build swift-ddd-kit, reference 1.3.0 (30c806), with Swift 6.1 for macOS (SPM) on 27 Aug 2026 14:01:08 UTC.
Build Command
env DEVELOPER_DIR=/Applications/Xcode-16.3.0.app xcrun swift build --arch arm64Build Log
},
{
"c99name" : "EventSourcing",
"module_type" : "SwiftTarget",
"name" : "EventSourcing",
"path" : "Sources/EventSourcing",
"product_dependencies" : [
"Logging"
],
"product_memberships" : [
"DDDKit",
"MigrationUtility",
"ReadModelPersistence",
"ReadModelPersistencePostgres",
"PostgresSupport",
"KurrentSupportInMemory"
],
"sources" : [
"EventMetadata.swift",
"EventMetadataContext.swift",
"EventSourcing.swift",
"EventSourcingRepository.swift",
"EventStorageCoordinator/EventStorageCoordinator.swift",
"EventStorageCoordinator/InMemoryStorageCoordinator.swift",
"Projector/CQRSProjectorInput.swift",
"Projector/CQRSProjectorOutput.swift",
"Projector/EventSourcingProjector.swift",
"Projector/EventTypeFilter.swift",
"Projector/ReadModel.swift",
"Projector/TransactionProvider.swift"
],
"target_dependencies" : [
"DDDCore"
],
"type" : "library"
},
{
"c99name" : "EventBus",
"module_type" : "SwiftTarget",
"name" : "EventBus",
"path" : "Sources/EventBus",
"product_memberships" : [
"DDDKit"
],
"sources" : [
"EventBus.swift"
],
"target_dependencies" : [
"DDDCore"
],
"type" : "library"
},
{
"c99name" : "DomainEventGeneratorTests",
"module_type" : "SwiftTarget",
"name" : "DomainEventGeneratorTests",
"path" : "Tests/DomainEventGeneratorTests",
"product_dependencies" : [
"Yams"
],
"sources" : [
"EventFilterGeneratorTests.swift",
"KurrentDBProjectionGeneratorTests.swift",
"KurrentDBProjectionParsingTests.swift"
],
"target_dependencies" : [
"DomainEventGenerator"
],
"type" : "test"
},
{
"c99name" : "DomainEventGeneratorPlugin",
"module_type" : "PluginTarget",
"name" : "DomainEventGeneratorPlugin",
"path" : "Plugins/DomainEventGeneratorPlugin",
"plugin_capability" : {
"type" : "buildTool"
},
"product_memberships" : [
"DomainEventGeneratorPlugin"
],
"sources" : [
"Plugin.swift"
],
"target_dependencies" : [
"generate"
],
"type" : "plugin"
},
{
"c99name" : "DomainEventGenerator",
"module_type" : "SwiftTarget",
"name" : "DomainEventGenerator",
"path" : "Sources/DomainEventGenerator",
"product_dependencies" : [
"Yams"
],
"product_memberships" : [
"DomainEventGenerator",
"DomainEventGeneratorPlugin",
"ModelGeneratorPlugin",
"GenerateKurrentDBProjectionsPlugin",
"generate"
],
"sources" : [
"AccessLevel.swift",
"DomainEventGeneratorError.swift",
"EventDefinition.swift",
"Generator/Common/ArgumentGenerator.swift",
"Generator/Common/HeaderGenerator.swift",
"Generator/Common/PropertyGenerator.swift",
"Generator/Event/EventAggregateRootIdExtensionGenerator.swift",
"Generator/Event/EventGenerator.swift",
"Generator/Event/EventMigrationExtensionGenerator.swift",
"Generator/Event/EventStructureGenerator.swift",
"Generator/EventFilter/EventFilterGenerator.swift",
"Generator/EventMapper/EventMapperGenerator.swift",
"Generator/Model/AggregateRootGenerator.swift",
"Generator/Model/EventProjectionDefinition.swift",
"Generator/Model/KurrentDBProjectionGenerator.swift",
"Generator/Model/ModelGenerator.swift",
"Generator/Model/ProjectorGenerator.swift",
"KurrentDBProjectionError.swift",
"KurrentDBProjectionEventItem.swift",
"MigrationDefinition.swift",
"PropertyDefinition.swift"
],
"type" : "library"
},
{
"c99name" : "DDDKitUnitTests",
"module_type" : "SwiftTarget",
"name" : "DDDKitUnitTests",
"path" : "Tests/DDDKitUnitTests",
"sources" : [
"AggregateRootTests.swift",
"EventBusTests.swift",
"EventSourcingRepositoryTests.swift"
],
"target_dependencies" : [
"DDDCore",
"EventSourcing",
"EventBus"
],
"type" : "test"
},
{
"c99name" : "DDDKit",
"module_type" : "SwiftTarget",
"name" : "DDDKit",
"path" : "Sources/DDDKit",
"product_dependencies" : [
"Logging",
"AsyncAlgorithms"
],
"product_memberships" : [
"DDDKit"
],
"sources" : [
"DDDKit.swift"
],
"target_dependencies" : [
"DDDCore",
"EventSourcing",
"KurrentSupport",
"EventBus",
"ReadModelPersistence"
],
"type" : "library"
},
{
"c99name" : "DDDCoreTests",
"module_type" : "SwiftTarget",
"name" : "DDDCoreTests",
"path" : "Tests/DDDCoreTests",
"sources" : [
"DDDCoreTests.swift"
],
"target_dependencies" : [
"DDDKit",
"TestUtility"
],
"type" : "test"
},
{
"c99name" : "DDDCore",
"module_type" : "SwiftTarget",
"name" : "DDDCore",
"path" : "Sources/DDDCore",
"product_memberships" : [
"DDDKit",
"TestUtility",
"MigrationUtility",
"ReadModelPersistence",
"ReadModelPersistencePostgres",
"PostgresSupport",
"KurrentSupportInMemory"
],
"sources" : [
"Adapter/DDDError.swift",
"DDDCore.swift",
"DeletedEvent.swift",
"DomainEvent.swift",
"Entity/AggregateRoot.swift",
"Entity/AggregateRootMetadata.swift",
"Entity/Entity.swift",
"Entity/EventStreamNaming.swift",
"UseCase/EventBus/DomainEventBus.swift",
"UseCase/EventBus/DomainEventListener.swift",
"UseCase/EventBus/EventSubscriber.swift",
"UseCase/Port/Out/Repository.swift",
"UseCase/UseCaseInput.swift",
"UseCase/UseCaseOutput.swift",
"UseCase/Usecase.swift"
],
"type" : "library"
},
{
"c99name" : "ContextReceiverWebSocketTests",
"module_type" : "SwiftTarget",
"name" : "ContextReceiverWebSocketTests",
"path" : "Tests/ContextReceiverWebSocketTests",
"product_dependencies" : [
"Logging",
"HTTPTypes"
],
"sources" : [
"WebSocketMessageSourceAuthTests.swift",
"WebSocketMessageSourceReadinessTests.swift"
],
"target_dependencies" : [
"ContextReceiver",
"ContextReceiverWebSocket"
],
"type" : "test"
},
{
"c99name" : "ContextReceiverWebSocket",
"module_type" : "SwiftTarget",
"name" : "ContextReceiverWebSocket",
"path" : "Sources/ContextReceiverWebSocket",
"product_dependencies" : [
"Logging",
"WSClient",
"HTTPTypes"
],
"product_memberships" : [
"ContextReceiverWebSocket"
],
"sources" : [
"WebSocketMessageSource.swift"
],
"target_dependencies" : [
"ContextReceiver"
],
"type" : "library"
},
{
"c99name" : "ContextReceiverTests",
"module_type" : "SwiftTarget",
"name" : "ContextReceiverTests",
"path" : "Tests/ContextReceiverTests",
"product_dependencies" : [
"Logging"
],
"sources" : [
"ConsumerCommandTests.swift",
"ConsumerEndpointTests.swift",
"ConsumerFrameTests.swift",
"ContextReceiverTests.swift",
"DeadLetterMonitorTests.swift",
"FakeMessageSource.swift"
],
"target_dependencies" : [
"ContextReceiver",
"PublishedLanguage"
],
"type" : "test"
},
{
"c99name" : "ContextReceiverIntegrationTests",
"module_type" : "SwiftTarget",
"name" : "ContextReceiverIntegrationTests",
"path" : "Tests/ContextReceiverIntegrationTests",
"product_dependencies" : [
"AsyncHTTPClient",
"Logging",
"NIOCore"
],
"sources" : [
"LivePulsarTests.swift"
],
"target_dependencies" : [
"ContextReceiver",
"ContextForwarder",
"PublishedLanguage",
"ContextReceiverWebSocket"
],
"type" : "test"
},
{
"c99name" : "ContextReceiver",
"module_type" : "SwiftTarget",
"name" : "ContextReceiver",
"path" : "Sources/ContextReceiver",
"product_dependencies" : [
"AsyncHTTPClient",
"Logging",
"NIOCore"
],
"product_memberships" : [
"ContextReceiver",
"ContextReceiverWebSocket"
],
"sources" : [
"ConsumerCommand.swift",
"ConsumerEndpoint.swift",
"ConsumerFrame.swift",
"ContextReceiver.swift",
"DeadLetterMonitor.swift",
"PublishedLanguageHandler.swift",
"PulsarMessageSource.swift",
"ReceiveDisposition.swift",
"ReceivedRecord.swift"
],
"target_dependencies" : [
"PublishedLanguage"
],
"type" : "library"
},
{
"c99name" : "ContextForwarderTests",
"module_type" : "SwiftTarget",
"name" : "ContextForwarderTests",
"path" : "Tests/ContextForwarderTests",
"product_dependencies" : [
"Logging"
],
"sources" : [
"ForwardedRecordTests.swift",
"ForwarderGroupTests.swift",
"ForwardingErrorTests.swift",
"ForwardingRuleTests.swift",
"MultiRuleDispositionTests.swift",
"PublishedLanguageEventTests.swift",
"PulsarAuthTests.swift",
"PulsarPublishErrorDispositionTests.swift",
"PulsarRESTPublisherBodyTests.swift"
],
"target_dependencies" : [
"ContextForwarder",
"PublishedLanguage"
],
"type" : "test"
},
{
"c99name" : "ContextForwarderIntegrationTests",
"module_type" : "SwiftTarget",
"name" : "ContextForwarderIntegrationTests",
"path" : "Tests/ContextForwarderIntegrationTests",
"product_dependencies" : [
"KurrentDB",
"AsyncHTTPClient"
],
"sources" : [
"ForwarderLoopTests.swift",
"IntegrationEnvironment.swift",
"ParkedMonitorTests.swift",
"PulsarPublisherTests.swift"
],
"target_dependencies" : [
"ContextForwarder",
"PublishedLanguage"
],
"type" : "test"
},
{
"c99name" : "ContextForwarder",
"module_type" : "SwiftTarget",
"name" : "ContextForwarder",
"path" : "Sources/ContextForwarder",
"product_dependencies" : [
"KurrentDB",
"AsyncHTTPClient",
"Logging",
"NIOCore"
],
"product_memberships" : [
"ContextForwarder"
],
"sources" : [
"ContextForwarder.swift",
"ForwardedRecord.swift",
"ForwarderGroup.swift",
"ForwardingError.swift",
"ForwardingRule.swift",
"PublishedLanguagePublisher.swift",
"PulsarRESTPublisher.swift"
],
"target_dependencies" : [
"PublishedLanguage"
],
"type" : "library"
}
],
"tools_version" : "6.0"
}
Running build ...
env DEVELOPER_DIR=/Applications/Xcode-16.3.0.app xcrun swift build --arch arm64 -Xswiftc -Xfrontend -Xswiftc -stats-output-dir -Xswiftc -Xfrontend -Xswiftc .stats
[1/1] Compiling plugin PresenterCommandPlugin
[2/2] Compiling plugin GenerateKurrentDBProjectionsPlugin
[3/3] Compiling plugin ModelGeneratorPlugin
[4/4] Compiling plugin DomainEventGeneratorPlugin
[5/5] Compiling plugin GenerateManual
[6/6] Compiling plugin GenerateDoccReference
[7/7] Compiling plugin SwiftProtobufPlugin
[8/8] Compiling plugin generate-grpc-code-from-protos
[9/9] Compiling plugin GRPCProtobufGenerator
Building for debugging...
[9/912] Write sources
[16/912] Copying PrivacyInfo.xcprivacy
[16/912] Write generate-tool-entitlement.plist
[18/912] Write generate-entitlement.plist
[18/912] Copying PrivacyInfo.xcprivacy
[20/912] Write sources
[20/912] Copying PrivacyInfo.xcprivacy
[25/912] Write sources
[25/912] Copying PrivacyInfo.xcprivacy
[27/912] Write sources
[37/912] Copying PrivacyInfo.xcprivacy
[37/912] Write sources
[93/912] Compiling _NumericsShims _NumericsShims.c
[94/912] Write swift-version-2F0A5646E1D333AE.txt
[95/912] Compiling _AtomicsShims.c
[96/916] Compiling writer.c
[98/916] Compiling api.c
[99/916] Compiling emitter.c
[100/916] Compiling reader.c
[101/916] Compiling scanner.c
[103/920] Compiling parser.c
[104/920] Compiling reader.c
[106/1072] Compiling RealModule RealFunctions.swift
[107/1072] Compiling RealModule ElementaryFunctions.swift
[108/1073] Compiling RealModule Real.swift
[109/1073] Compiling ServiceContextModule ServiceContextKey.swift
[110/1073] Compiling ServiceContextModule ServiceContext.swift
[111/1073] Emitting module ServiceContextModule
[112/1073] Compiling _NIOBase64 Base64.swift
[113/1073] Emitting module _NIOBase64
[114/1073] Compiling _CertificateInternals _TinyArray.swift
[115/1073] Emitting module _CertificateInternals
[116/1073] Compiling RealModule RelaxedArithmetic.swift
[117/1098] Compiling RealModule Float80+Real.swift
[118/1098] Compiling RealModule Float+Real.swift
[119/1098] Emitting module RealModule
[120/1098] Compiling RealModule AugmentedArithmetic.swift
[121/1098] Compiling RealModule Float16+Real.swift
[122/1098] Compiling InternalCollectionsUtilities Debugging.swift
[123/1098] Compiling InternalCollectionsUtilities Descriptions.swift
[124/1098] Compiling RealModule Double+Real.swift
[125/1113] Compiling InternalCollectionsUtilities UnsafeRawBufferPointer+Extras.swift
[126/1113] Compiling InternalCollectionsUtilities _SortedCollection.swift
[127/1114] Compiling InternalCollectionsUtilities _UniqueCollection.swift
[128/1114] Compiling Instrumentation NoOpInstrument.swift
[129/1114] Compiling Instrumentation MultiplexInstrument.swift
[130/1201] Compiling Crypto ASN1.swift
[131/1201] Compiling Crypto ASN1Any.swift
[132/1201] Compiling Logging LoggingSystem.swift
[133/1201] Compiling Logging Logger+With.swift
unable to find node: pound
unable to find node: pound
[134/1201] Compiling Logging Logger.swift
[135/1201] Compiling Logging Logger+Attributes.swift
[136/1201] Compiling Logging LogHandler.swift
[137/1202] Compiling Crypto ECDSASignature.swift
[138/1202] Compiling Crypto PEMDocument.swift
[139/1202] Compiling Crypto ASN1Strings.swift
[140/1202] Compiling Crypto ArraySliceBigint.swift
[141/1202] Compiling Crypto Cipher.swift
[142/1202] Compiling Crypto Nonces.swift
[143/1202] Compiling Crypto ASN1Null.swift
[144/1202] Compiling Crypto ASN1OctetString.swift
[145/1202] Compiling Crypto GeneralizedTime.swift
[146/1202] Compiling Crypto ObjectIdentifier.swift
[147/1202] Compiling Crypto ASN1Identifier.swift
[148/1202] Compiling Crypto ASN1Integer.swift
[149/1202] Compiling Crypto AES-GCM.swift
[150/1202] Compiling Crypto AES-GCM_boring.swift
[151/1202] Emitting module InternalCollectionsUtilities
[152/1202] Compiling Logging MetadataProvider.swift
[153/1202] Compiling Instrumentation InstrumentationSystem.swift
[154/1202] Compiling Instrumentation Instrument.swift
[155/1202] Emitting module Instrumentation
[156/1202] Compiling Instrumentation Locks.swift
[157/1202] Compiling _NIODataStructures _TinyArray.swift
[158/1202] Compiling _NIODataStructures PriorityQueue.swift
[159/1202] Emitting module _NIODataStructures
[160/1202] Compiling _NIODataStructures Heap.swift
[161/1202] Compiling Logging Locks.swift
[162/1202] Compiling Logging LogEvent.swift
[163/1202] Compiling Logging SwiftLogNoOpLogHandler.swift
[166/1202] Emitting module Logging
unable to find node: pound
unable to find node: pound
[167/1310] Compiling OrderedCollections _HashTable+Testing.swift
[168/1310] Compiling OrderedCollections _HashTable+UnsafeHandle.swift
[169/1310] Compiling OrderedCollections _HashTable.swift
[170/1310] Compiling OrderedCollections _Hashtable+Header.swift
[171/1310] Compiling OrderedCollections _HashTable+Bucket.swift
[172/1310] Compiling OrderedCollections _HashTable+BucketIterator.swift
[173/1310] Compiling OrderedCollections _HashTable+Constants.swift
[174/1310] Compiling OrderedCollections _HashTable+CustomStringConvertible.swift
[175/1313] Emitting module ContainersPreview
[176/1313] Compiling OrderedCollections OrderedDictionary+Codable.swift
[177/1313] Compiling OrderedCollections OrderedDictionary+CustomReflectable.swift
[178/1313] Compiling OrderedCollections OrderedDictionary+Deprecations.swift
[179/1313] Compiling OrderedCollections OrderedDictionary+Descriptions.swift
[180/1313] Compiling OrderedCollections OrderedDictionary+Elements.SubSequence.swift
[181/1313] Compiling OrderedCollections OrderedDictionary+Elements.swift
[182/1313] Compiling OrderedCollections OrderedDictionary+Equatable.swift
[183/1313] Compiling OrderedCollections OrderedDictionary+ExpressibleByDictionaryLiteral.swift
[184/1313] Compiling OrderedCollections OrderedDictionary+Sendable.swift
[185/1313] Compiling OrderedCollections OrderedDictionary+Sequence.swift
[186/1313] Compiling OrderedCollections OrderedDictionary+Values.swift
[187/1313] Compiling OrderedCollections OrderedDictionary.swift
[188/1313] Compiling OrderedCollections OrderedSet+Codable.swift
[189/1313] Compiling OrderedCollections OrderedSet+Initializers.swift
[190/1313] Compiling OrderedCollections OrderedSet+Insertions.swift
[191/1313] Compiling OrderedCollections OrderedSet+Invariants.swift
[192/1313] Compiling OrderedCollections OrderedSet+Equatable.swift
[193/1313] Compiling OrderedCollections OrderedSet+ExpressibleByArrayLiteral.swift
[194/1313] Compiling OrderedCollections OrderedSet+Hashable.swift
[195/1313] Compiling OrderedCollections OrderedDictionary+Partial RangeReplaceableCollection.swift
[196/1313] Compiling OrderedCollections OrderedDictionary+Partial MutableCollection.swift
[197/1313] Compiling OrderedCollections OrderedSet+CustomReflectable.swift
[198/1313] Compiling OrderedCollections OrderedSet+Descriptions.swift
[199/1313] Compiling OrderedCollections OrderedSet+Diffing.swift
[200/1313] Compiling OrderedCollections OrderedDictionary+Hashable.swift
[201/1313] Compiling OrderedCollections OrderedDictionary+Initializers.swift
[202/1313] Compiling OrderedCollections OrderedDictionary+Invariants.swift
[203/1313] Compiling OrderedCollections OrderedDictionary+Move.swift
[204/1313] Compiling ContainersPreview Shared.swift
[205/1313] Compiling ContainersPreview SpanIterator.swift
[206/1313] Compiling ContainersPreview UniqueBox.swift
[207/1313] Compiling Tracing TracingTime.swift
[208/1313] Emitting module Tracing
[209/1316] Compiling Tracing TracerProtocol.swift
[210/1316] Compiling OrderedCollections OrderedSet+Partial SetAlgebra isStrictSubset.swift
[211/1316] Compiling OrderedCollections OrderedSet+Partial SetAlgebra isStrictSuperset.swift
[212/1316] Compiling OrderedCollections OrderedSet+Partial SetAlgebra isSubset.swift
[213/1316] Compiling OrderedCollections OrderedSet+Partial SetAlgebra isSuperset.swift
[214/1316] Compiling OrderedCollections OrderedSet+Partial SetAlgebra subtract.swift
[215/1316] Compiling OrderedCollections OrderedSet+Partial SetAlgebra subtracting.swift
[216/1316] Compiling OrderedCollections OrderedSet+Partial SetAlgebra formIntersection.swift
[217/1316] Compiling OrderedCollections OrderedSet+Partial SetAlgebra formSymmetricDifference.swift
[218/1316] Compiling OrderedCollections OrderedSet+Partial SetAlgebra formUnion.swift
[219/1316] Compiling OrderedCollections OrderedSet+Partial SetAlgebra intersection.swift
[220/1316] Compiling OrderedCollections OrderedSet+Partial SetAlgebra isDisjoint.swift
[221/1316] Compiling OrderedCollections OrderedSet+Partial SetAlgebra isEqualSet.swift
[222/1316] Compiling OrderedCollections OrderedSet+Partial SetAlgebra symmetricDifference.swift
[223/1316] Compiling OrderedCollections OrderedSet+Partial SetAlgebra union.swift
[224/1316] Compiling OrderedCollections OrderedSet+Partial SetAlgebra+Basics.swift
[225/1316] Compiling OrderedCollections OrderedSet+RandomAccessCollection.swift
[226/1316] Compiling OrderedCollections OrderedSet+ReserveCapacity.swift
[227/1316] Compiling OrderedCollections OrderedSet+Sendable.swift
[228/1322] Compiling Tracing TracerProtocol+Legacy.swift
[229/1322] Compiling Tracing Tracer.swift
[230/1322] Compiling Tracing InstrumentationSystem+Tracing.swift
[231/1322] Compiling Tracing NoOpTracer.swift
[232/1322] Compiling Tracing SpanProtocol.swift
[233/1322] Emitting module CoreMetrics
[234/1322] Compiling CoreMetrics MappingMetricsFactory.swift
[235/1322] Compiling CoreMetrics Locks.swift
[236/1322] Compiling CoreMetrics WithMetricsFactory.swift
[237/1322] Compiling CoreMetrics Metrics.swift
[244/1364] Compiling parser.c
[246/1364] Compiling DequeModule UniqueDeque+Removals.swift
[247/1364] Compiling DequeModule UniqueDeque+Replacements.swift
[248/1364] Compiling DequeModule RigidDeque+Hashable.swift
[249/1364] Compiling DequeModule RigidDeque+Initializers.swift
[250/1364] Compiling DequeModule RigidDeque+Insertions.swift
[251/1364] Compiling DequeModule RigidDeque+Prepend.swift
[252/1364] Compiling DequeModule RigidDeque+Removals.swift
[253/1366] Emitting module Crypto
[254/1375] Compiling DequeModule Deque+Codable.swift
[255/1375] Compiling DequeModule Deque+Collection.swift
[256/1375] Compiling DequeModule Deque+CustomReflectable.swift
[257/1375] Compiling DequeModule Deque+Descriptions.swift
[258/1375] Compiling DequeModule Deque+Equatable.swift
[259/1375] Compiling DequeModule UniqueDeque+Insertions.swift
[260/1375] Compiling DequeModule UniqueDeque+Prepend.swift
[261/1375] Compiling DequeModule Deque._Storage.swift
[262/1375] Compiling DequeModule UniqueDeque+Equatable.swift
[263/1375] Compiling DequeModule UniqueDeque+Experimental.swift
[264/1375] Compiling DequeModule UniqueDeque+Hashable.swift
[265/1375] Compiling DequeModule UniqueDeque+Initializers.swift
[266/1375] Compiling DequeModule UniqueDeque+Consumption.swift
[267/1375] Compiling DequeModule RigidDeque+Equatable.swift
[268/1375] Compiling DequeModule RigidDeque+Experimental.swift
[269/1375] Compiling DequeModule Deque+ExpressibleByArrayLiteral.swift
[270/1375] Compiling DequeModule Deque+Extras.swift
[271/1375] Compiling DequeModule Deque+Hashable.swift
[272/1375] Compiling DequeModule Deque+Testing.swift
[273/1375] Compiling DequeModule UniqueDeque+Container.swift
[274/1375] Compiling DequeModule UniqueDeque+Deprecated.swift
[275/1375] Compiling DequeModule UniqueDeque+Descriptions.swift
[276/1375] Compiling DequeModule Deque._UnsafeHandle.swift
[277/1375] Compiling DequeModule Deque.swift
[278/1375] Compiling DequeModule _DequeBuffer.swift
[287/1380] Compiling DequeModule RigidDeque+Replacements.swift
[288/1380] Compiling DequeModule RigidDeque+Testing.swift
[289/1380] Compiling SwiftASN1 DER.swift
[290/1380] Compiling OrderedCollections OrderedSet+SubSequence.swift
[291/1380] Compiling OrderedCollections OrderedSet+Testing.swift
[292/1380] Compiling OrderedCollections OrderedSet+UnorderedView.swift
[293/1380] Compiling OrderedCollections OrderedSet+UnstableInternals.swift
[294/1380] Compiling OrderedCollections OrderedSet.swift
[295/1380] Compiling OrderedCollections _UnsafeBitset.swift
[305/1380] Compiling DequeModule RigidDeque+Consumption.swift
[306/1380] Compiling DequeModule RigidDeque+Container.swift
[307/1380] Compiling DequeModule RigidDeque+Descriptions.swift
[318/1380] Compiling DequeModule _DequeBufferHeader.swift
[319/1380] Compiling DequeModule RigidDeque+Append.swift
[322/1380] Compiling DequeModule RigidDeque.swift
[323/1380] Compiling DequeModule UniqueDeque+Append.swift
[335/1380] Compiling SwiftASN1 Errors.swift
[336/1380] Compiling ConcurrencyHelpers LockedValueBox.swift
[337/1380] Emitting module ConcurrencyHelpers
[338/1380] Compiling ConcurrencyHelpers Lock.swift
[340/1380] Compiling emitter.c
[344/1385] Emitting module OrderedCollections
[344/1385] Compiling api.c
[345/1385] Compiling CNIOWindows shim.c
[347/1385] Emitting module Yams
[348/1405] Emitting module UnixSignals
[349/1405] Compiling UnixSignals UnixSignalsSequence.swift
[350/1405] Compiling UnixSignals UnixSignal.swift
[350/1405] Compiling CNIOWindows WSAStartup.c
[351/1405] Compiling CNIOWASI CNIOWASI.c
[353/1405] Emitting module SwiftASN1
[354/1405] Emitting module DequeModule
[354/1405] Compiling CNIOPosix event_loop_id.c
[355/1405] Compiling CNIOOpenBSD shim.c
[356/1405] Compiling CNIOLinux shim.c
[357/1405] Compiling CNIOLinux liburing_shims.c
[359/1405] Emitting module Metrics
[360/1405] Compiling Metrics Metrics.swift
[361/1405] Compiling Yams YamlAnchorProviding.swift
[362/1405] Compiling Yams Node.swift
[363/1405] Compiling Yams Emitter.swift
[364/1405] Compiling Yams Tag.swift
[365/1405] Compiling Yams Parser.swift
[366/1405] Compiling Yams Encoder.swift
[366/1405] Compiling CNIOLLHTTP c_nio_http.c
[367/1405] Compiling CNIOFreeBSD shim.c
[368/1405] Compiling CNIOLLHTTP c_nio_api.c
[370/1405] Compiling Crypto ANSIx963.swift
[371/1405] Compiling Crypto HKDF.swift
[372/1405] Compiling Crypto AESWrap.swift
[373/1405] Compiling Crypto AESWrap_boring.swift
[374/1405] Compiling Crypto Ed25519_boring.swift
[375/1405] Compiling Crypto NISTCurvesKeys_boring.swift
[376/1405] Compiling Crypto X25519Keys_boring.swift
[377/1405] Compiling Crypto Curve25519.swift
[378/1405] Compiling Crypto Ed25519Keys.swift
[381/1405] Compiling DequeModule UniqueDeque.swift
[382/1405] Compiling DequeModule _DequeSlot.swift
[383/1405] Compiling DequeModule _UnsafeDequeHandle.swift
[384/1405] Compiling DequeModule _UnsafeDequeSegments.swift
[389/1405] Emitting module PublishedLanguage
[390/1405] Compiling PublishedLanguage PublishedLanguageEvent.swift
[400/1405] Compiling Crypto HPKE-NIST-EC-KEMs.swift
[401/1405] Compiling Crypto HPKE-KEM.swift
[402/1405] Compiling Crypto HPKE-Errors.swift
[403/1405] Compiling Crypto HPKE.swift
[404/1405] Compiling Crypto HPKE-Context.swift
[405/1405] Compiling Crypto HPKE-KeySchedule.swift
[406/1405] Compiling Crypto HPKE-Modes.swift
[407/1405] Compiling Crypto Insecure.swift
[408/1405] Compiling Crypto Insecure_HashFunctions.swift
[409/1405] Compiling Crypto MLKEM_boring.swift
[415/1405] Compiling Crypto MLDSA.swift
[416/1405] Compiling Crypto Signature.swift
[417/1405] Compiling Crypto CryptoKitErrors_boring.swift
[418/1405] Compiling Crypto Optional+withUnsafeBytes_boring.swift
[419/1405] Compiling Yams AliasDereferencingStrategy.swift
[420/1405] Compiling Yams Anchor.swift
[421/1405] Compiling Yams Constructor.swift
[422/1405] Compiling Yams Node.Alias.swift
[423/1405] Compiling Yams Node.Mapping.swift
[424/1405] Compiling Yams RedundancyAliasingStrategy.swift
[425/1405] Compiling Yams Representer.swift
[426/1405] Compiling Yams Decoder.swift
[443/1405] Compiling Yams Mark.swift
[444/1405] Compiling Yams Resolver.swift
[445/1405] Compiling Yams String+Yams.swift
[446/1405] Compiling Yams Node.Scalar.swift
[447/1405] Compiling Yams Node.Sequence.swift
[448/1405] Compiling Yams YamlError.swift
[449/1405] Compiling Yams YamlTagProviding.swift
[458/1405] Compiling Crypto RNG_boring.swift
[459/1405] Compiling Crypto SafeCompare_boring.swift
[460/1405] Compiling Crypto Zeroization_boring.swift
[461/1405] Compiling Crypto _CryptoModuleAnchor.swift
[462/1405] Compiling Crypto PrettyBytes.swift
[463/1405] Compiling Crypto SafeCompare.swift
[464/1405] Compiling Crypto SecureBytes.swift
[465/1405] Compiling Crypto Zeroization.swift
[466/1405] Compiling Crypto resource_bundle_accessor.swift
[467/1405] Compiling DDDCore UseCaseOutput.swift
[472/1406] Compiling DDDCore Repository.swift
[473/1406] Compiling DDDCore EventSubscriber.swift
[478/1406] Emitting module DDDCore
[479/1406] Compiling DDDCore UseCaseInput.swift
[485/1406] Compiling CNIOLLHTTP c_nio_llhttp.c
[507/1415] Compiling CNIOExtrasZlib inftrees.c
[508/1415] Compiling CNIOExtrasZlib inflate.c
[509/1415] Compiling CNIOExtrasZlib trees.c
[510/1415] Compiling CNIOExtrasZlib inffast.c
[512/1415] Compiling DDDCore Usecase.swift
[512/1471] Compiling CNIOExtrasZlib adler32.c
[513/1471] Compiling CNIOExtrasZlib crc32.c
[514/1471] Compiling CNIOExtrasZlib deflate.c
[515/1471] Compiling fiat_p256_adx_sqr.S
[517/1471] Emitting module SwiftProtobuf
[517/1471] Compiling fiat_p256_adx_mul.S
[518/1471] Compiling fiat_curve25519_adx_square.S
[519/1471] Compiling fiat_curve25519_adx_mul.S
[521/1471] Compiling GRPCCore ConditionalInterceptor.swift
[522/1471] Compiling GRPCCore ServerCancellationManager.swift
[523/1471] Compiling GRPCCore ServerRPCExecutor.swift
[524/1471] Compiling GRPCCore RPCRouter.swift
[525/1471] Compiling GRPCCore RegistrableRPCService.swift
[526/1471] Compiling GRPCCore ServerContext+RPCCancellationHandle.swift
[527/1471] Compiling GRPCCore CallOptions.swift
[528/1471] Compiling GRPCCore ClientContext.swift
[529/1471] Compiling GRPCCore ClientInterceptor.swift
[530/1471] Compiling GRPCCore ClientRequest.swift
[531/1485] Emitting module Yams
[531/1487] Compiling CNIOExtrasZlib zutil.c
[533/1487] Compiling EventSourcing ReadModel.swift
[534/1488] Compiling GRPCCore ClientResponse.swift
[535/1488] Compiling GRPCCore ClientRPCExecutor+HedgingExecutor.swift
[536/1488] Compiling GRPCCore ClientRPCExecutor+OneShotExecutor.swift
[537/1488] Compiling GRPCCore GRPCContiguousBytes.swift
[538/1488] Compiling GRPCCore MethodConfig.swift
[539/1488] Compiling GRPCCore ServiceConfig.swift
[540/1488] Compiling GRPCCore GRPCClient.swift
[541/1488] Compiling GRPCCore GRPCServer.swift
[542/1488] Compiling GRPCCore Base64.swift
[543/1488] Compiling Yams YamlError.swift
[544/1488] Compiling Yams YamlTagProviding.swift
[545/1488] Compiling GRPCCore RPCAsyncSequence.swift
[546/1488] Compiling GRPCCore RPCWriter+Closable.swift
[547/1488] Compiling GRPCCore RPCWriter.swift
[548/1488] Compiling GRPCCore RPCWriterProtocol.swift
[549/1488] Compiling GRPCCore Metadata.swift
[550/1488] Compiling GRPCCore MethodDescriptor.swift
[551/1488] Compiling GRPCCore RPCError.swift
[552/1488] Compiling GRPCCore RuntimeError.swift
[553/1488] Compiling GRPCCore ServiceDescriptor.swift
[554/1488] Compiling GRPCCore Status.swift
[556/1488] Compiling GRPCCore AsyncSequenceOfOne.swift
[557/1488] Compiling GRPCCore BroadcastAsyncSequence+RPCWriter.swift
[559/1488] Compiling GRPCCore BroadcastAsyncSequence.swift
[561/1488] Compiling GRPCCore GRPCAsyncThrowingStream.swift
[563/1488] Compiling GRPCCore RPCWriter+Map.swift
[565/1488] Compiling GRPCCore RPCWriter+MessageToRPCResponsePart.swift
[567/1488] Compiling GRPCCore ServerContext.swift
[568/1488] Compiling EventSourcing EventSourcingRepository.swift
[572/1488] Compiling GRPCCore ServerInterceptor.swift
[573/1488] Compiling GRPCCore ServerRequest.swift
[578/1488] Emitting module EventBus
[579/1488] Compiling EventBus EventBus.swift
[580/1488] Compiling EventSourcing EventTypeFilter.swift
[581/1488] Compiling EventSourcing CQRSProjectorOutput.swift
[582/1488] Compiling EventSourcing CQRSProjectorInput.swift
[583/1488] Compiling EventSourcing EventSourcingProjector.swift
[583/1488] Compiling CNIODarwin shim.c
[585/1488] Compiling EventSourcing TransactionProvider.swift
[586/1488] Compiling EventSourcing EventStorageCoordinator.swift
[587/1488] Compiling EventSourcing EventMetadata.swift
[588/1488] Compiling EventSourcing EventMetadataContext.swift
[589/1488] Compiling EventSourcing InMemoryStorageCoordinator.swift
[590/1488] Emitting module EventSourcing
[591/1488] Compiling EventSourcing EventSourcing.swift
[598/1488] Compiling GRPCCore UnsafeTransfer.swift
[599/1488] Compiling GRPCCore Metadata+GRPC.swift
[600/1488] Compiling GRPCCore MethodConfigs.swift
[601/1488] Compiling GRPCCore Result+Catching.swift
[602/1488] Compiling GRPCCore String+Extensions.swift
[603/1488] Compiling GRPCCore TaskGroup+CancellableTask.swift
[620/1494] Compiling CNIOBoringSSLShims shims.c
[624/1521] Compiling GRPCCore RetryThrottle.swift
[625/1521] Compiling GRPCCore ServerTransport.swift
[633/1521] Compiling GRPCCore Timeout.swift
[634/1521] Compiling GRPCCore ClientTransport.swift
[635/1521] Compiling GRPCCore RPCParts.swift
[636/1521] Compiling GRPCCore RPCStream.swift
[639/1521] Emitting module DomainEventGenerator
[640/1523] Compiling ReadModelPersistence TransactionalReadModelStore.swift
[641/1523] Compiling ReadModelPersistence ReadModelPersistence.swift
[642/1523] Compiling ReadModelPersistence StatefulEventSourcingProjector.swift
[643/1523] Compiling ReadModelPersistence InMemoryReadModelStore.swift
[644/1523] Compiling ReadModelPersistence ReadModelStoreError.swift
[645/1523] Compiling ReadModelPersistence ReadModelStore.swift
[646/1523] Emitting module ReadModelPersistence
[647/1523] Compiling GRPCCore ClientRPCExecutor+RetryExecutor.swift
[648/1523] Compiling GRPCCore ClientRPCExecutor.swift
[649/1523] Compiling GRPCCore ClientRequest+Convenience.swift
[650/1523] Compiling GRPCCore ClientResponse+Convenience.swift
[651/1523] Compiling GRPCCore ClientStreamExecutor.swift
[652/1523] Compiling GRPCCore RetryDelaySequence.swift
[652/1523] Compiling tls_record.cc
[654/1523] Compiling DomainEventGenerator ModelGenerator.swift
[655/1523] Compiling DomainEventGenerator ProjectorGenerator.swift
[656/1543] Compiling DomainEventGenerator PropertyGenerator.swift
[657/1543] Compiling DomainEventGenerator EventAggregateRootIdExtensionGenerator.swift
[658/1543] Compiling DomainEventGenerator KurrentDBProjectionError.swift
[659/1543] Compiling DomainEventGenerator KurrentDBProjectionEventItem.swift
[660/1543] Compiling DomainEventGenerator EventStructureGenerator.swift
[661/1543] Compiling DomainEventGenerator EventFilterGenerator.swift
[662/1543] Compiling DomainEventGenerator ModelGenerator.swift
[663/1543] Compiling DomainEventGenerator ProjectorGenerator.swift
[663/1543] Compiling tls_method.cc
[665/1543] Compiling DomainEventGenerator EventMigrationExtensionGenerator.swift
[666/1543] Compiling DomainEventGenerator AccessLevel.swift
[667/1543] Compiling DomainEventGenerator DomainEventGeneratorError.swift
[668/1543] Compiling DomainEventGenerator EventDefinition.swift
[676/1543] Compiling DomainEventGenerator EventMapperGenerator.swift
[677/1543] Compiling DomainEventGenerator AggregateRootGenerator.swift
[678/1543] Compiling DomainEventGenerator ArgumentGenerator.swift
[679/1543] Compiling DomainEventGenerator HeaderGenerator.swift
[680/1543] Compiling DomainEventGenerator EventGenerator.swift
[681/1543] Compiling tls13_server.cc
[682/1543] Compiling tls13_enc.cc
[688/1545] Compiling DomainEventGenerator MigrationDefinition.swift
[689/1545] Compiling DomainEventGenerator PropertyDefinition.swift
[693/1545] Compiling tls13_client.cc
[698/1545] Compiling GRPCCore ServerResponse.swift
[699/1545] Compiling GRPCCore Coding.swift
[700/1545] Compiling GRPCCore CompressionAlgorithm.swift
[719/1545] Emitting module GRPCCore
[719/1545] Compiling tls13_both.cc
[723/1545] Compiling SwiftProtobuf duration.pb.swift
[724/1545] Compiling SwiftProtobuf empty.pb.swift
[725/1545] Compiling SwiftProtobuf field_mask.pb.swift
[726/1545] Compiling SwiftProtobuf source_context.pb.swift
[727/1545] Compiling SwiftProtobuf struct.pb.swift
[728/1545] Compiling SwiftProtobuf timestamp.pb.swift
[729/1545] Compiling SwiftProtobuf type.pb.swift
[730/1545] Compiling SwiftProtobuf wrappers.pb.swift
[731/1545] Compiling SwiftProtobuf resource_bundle_accessor.swift
[733/1545] Compiling t1_enc.cc
[737/1545] Compiling DomainEventGenerator EventProjectionDefinition.swift
[738/1545] Compiling DomainEventGenerator KurrentDBProjectionGenerator.swift
[740/1545] Compiling ssl_x509.cc
[741/1545] Compiling ssl_versions.cc
[742/1545] Compiling ssl_transcript.cc
[743/1545] Compiling ssl_stat.cc
[749/1545] Compiling ssl_session.cc
[755/1545] Emitting module DomainEventGenerator
[760/1545] Compiling ssl_privkey.cc
[761/1545] Compiling ssl_key_share.cc
[762/1545] Compiling ssl_file.cc
[763/1545] Compiling ssl_credential.cc
[764/1545] Compiling ssl_lib.cc
[765/1545] Compiling ssl_cipher.cc
[766/1545] Compiling ssl_cert.cc
[767/1545] Compiling ssl_buffer.cc
[786/1545] Compiling ssl_asn1.cc
[787/1545] Compiling ssl_aead_ctx.cc
[788/1554] Compiling s3_pkt.cc
[789/1556] Compiling s3_lib.cc
[790/1556] Compiling handshake_client.cc
[791/1556] Compiling s3_both.cc
[792/1556] Compiling handshake_server.cc
[793/1556] Compiling handshake.cc
[795/1556] Compiling GRPCProtobuf status.pb.swift
[796/1556] Compiling GRPCProtobuf GoogleRPCStatus.swift
[796/1557] Compiling handoff.cc
[798/1557] Compiling GRPCProtobuf RPCError+GoogleRPCStatus.swift
[798/1557] Compiling extensions.cc
[799/1557] Compiling md5-x86_64-linux.S
[800/1557] Compiling encrypted_client_hello.cc
[801/1557] Compiling md5-x86_64-apple.S
[802/1557] Compiling md5-586-linux.S
[803/1557] Compiling md5-586-apple.S
[804/1557] Compiling dtls_method.cc
[805/1557] Compiling d1_srtp.cc
[807/1557] Compiling GRPCProtobuf code.pb.swift
[808/1557] Compiling GRPCProtobuf ErrorDetails.swift
[809/1557] Compiling GRPCProtobuf ErrorDetails+Types.swift
[810/1557] Compiling GRPCProtobuf ErrorDetails+CustomStringConvertible.swift
[811/1557] Compiling GRPCProtobuf ErrorDetails+AnyPacking.swift
[812/1557] Compiling GRPCProtobuf Coding.swift
[813/1557] Compiling GRPCProtobuf ContiguousBytesAdapter.swift
[814/1557] Emitting module GRPCProtobuf
[815/1557] Compiling GRPCProtobuf error_details.pb.swift
[815/1557] Compiling chacha20_poly1305_x86_64-linux.S
[816/1557] Compiling d1_pkt.cc
[817/1557] Compiling chacha20_poly1305_x86_64-apple.S
[818/1557] Compiling dtls_record.cc
[819/1557] Compiling chacha20_poly1305_armv8-win.S
[820/1557] Compiling chacha20_poly1305_armv8-linux.S
[821/1557] Compiling chacha-x86_64-linux.S
[822/1557] Compiling chacha-x86_64-apple.S
[823/1557] Compiling d1_lib.cc
[824/1557] Compiling chacha-x86-linux.S
[825/1557] Compiling chacha20_poly1305_armv8-apple.S
[826/1557] Compiling chacha-x86-apple.S
[827/1557] Compiling chacha-armv8-win.S
[828/1557] Compiling chacha-armv8-linux.S
[829/1557] Compiling bio_ssl.cc
[830/1557] Compiling chacha-armv4-linux.S
[831/1557] Compiling aes128gcmsiv-x86_64-linux.S
[832/1557] Compiling chacha-armv8-apple.S
[833/1557] Compiling aes128gcmsiv-x86_64-apple.S
[834/1557] Compiling x86_64-mont5-linux.S
[835/1557] Compiling x86_64-mont5-apple.S
[836/1557] Compiling x86_64-mont-linux.S
[837/1557] Compiling x86_64-mont-apple.S
[838/1557] Compiling x86-mont-linux.S
[839/1567] Compiling vpaes-x86_64-linux.S
[840/1575] Compiling x86-mont-apple.S
[841/1587] Compiling vpaes-x86-linux.S
[842/1592] Compiling vpaes-x86_64-apple.S
[843/1602] Compiling vpaes-x86-apple.S
[844/1602] Compiling vpaes-armv8-win.S
[845/1602] Compiling vpaes-armv8-linux.S
[846/1602] Compiling err_data.cc
[847/1602] Compiling vpaes-armv8-apple.S
[848/1602] Compiling sha512-x86_64-linux.S
[849/1602] Compiling sha512-x86_64-apple.S
[850/1602] Compiling sha512-armv8-win.S
[851/1602] Compiling sha512-armv8-linux.S
[852/1602] Compiling vpaes-armv7-linux.S
[853/1602] Compiling sha512-armv4-linux.S
[854/1602] Compiling sha512-armv8-apple.S
[855/1602] Compiling sha512-586-linux.S
[856/1602] Compiling sha512-586-apple.S
[857/1602] Compiling sha256-x86_64-linux.S
[858/1602] Compiling sha256-x86_64-apple.S
[859/1602] Compiling sha256-armv8-win.S
[860/1602] Compiling sha256-armv8-linux.S
[861/1602] Compiling sha256-armv4-linux.S
[862/1602] Compiling sha256-586-linux.S
[863/1602] Compiling sha256-armv8-apple.S
[864/1602] Compiling sha256-586-apple.S
[865/1602] Compiling sha1-x86_64-linux.S
[866/1602] Compiling sha1-x86_64-apple.S
[867/1602] Compiling sha1-armv8-win.S
[868/1602] Compiling sha1-armv8-linux.S
[869/1602] Compiling sha1-armv4-large-linux.S
[870/1602] Compiling sha1-586-linux.S
[871/1602] Compiling sha1-armv8-apple.S
[872/1602] Compiling sha1-586-apple.S
[873/1602] Compiling rsaz-avx2-apple.S
[874/1602] Compiling rdrand-x86_64-linux.S
[875/1602] Compiling rdrand-x86_64-apple.S
[875/1602] Compiling rsaz-avx2-linux.S
[877/1602] Compiling p256_beeu-x86_64-asm-linux.S
[878/1602] Compiling p256_beeu-x86_64-asm-apple.S
[879/1602] Compiling p256_beeu-armv8-asm-win.S
[880/1602] Compiling d1_both.cc
[881/1602] Compiling p256_beeu-armv8-asm-linux.S
[882/1602] Compiling p256_beeu-armv8-asm-apple.S
[883/1602] Compiling p256-x86_64-asm-apple.S
[884/1602] Compiling p256-armv8-asm-win.S
[885/1602] Compiling p256-x86_64-asm-linux.S
[886/1602] Compiling p256-armv8-asm-linux.S
[887/1602] Compiling ghashv8-armv8-linux.S
[887/1602] Compiling ghashv8-armv8-win.S
[889/1602] Compiling p256-armv8-asm-apple.S
[890/1602] Compiling ghashv8-armv8-apple.S
[891/1602] Compiling ghashv8-armv7-linux.S
[892/1602] Compiling ghash-x86_64-linux.S
[893/1602] Compiling ghash-x86-linux.S
[894/1602] Compiling ghash-x86_64-apple.S
[895/1602] Compiling ghash-x86-apple.S
[896/1602] Compiling ghash-ssse3-x86_64-apple.S
[896/1602] Compiling ghash-ssse3-x86_64-linux.S
[898/1602] Compiling ghash-ssse3-x86-apple.S
[899/1602] Compiling ghash-ssse3-x86-linux.S
[900/1602] Compiling ghash-neon-armv8-win.S
[901/1602] Compiling ghash-neon-armv8-linux.S
[902/1602] Compiling ghash-neon-armv8-apple.S
[903/1602] Compiling ghash-armv4-linux.S
[904/1602] Compiling co-586-linux.S
[905/1602] Compiling bsaes-armv7-linux.S
[906/1602] Compiling co-586-apple.S
[907/1602] Compiling bn-armv8-win.S
[908/1602] Compiling bn-armv8-apple.S
[909/1602] Compiling bn-armv8-linux.S
[910/1602] Compiling bn-586-linux.S
[911/1602] Compiling bn-586-apple.S
[912/1602] Compiling armv8-mont-win.S
[913/1602] Compiling armv8-mont-linux.S
[914/1602] Compiling armv8-mont-apple.S
[915/1602] Compiling armv4-mont-linux.S
[916/1602] Compiling aesv8-gcm-armv8-win.S
[917/1602] Compiling aesv8-gcm-armv8-linux.S
[918/1602] Compiling aesv8-armv8-win.S
[919/1602] Compiling aesv8-armv8-linux.S
[920/1602] Compiling aesv8-gcm-armv8-apple.S
[921/1602] Compiling aesv8-armv8-apple.S
[922/1602] Compiling aesv8-armv7-linux.S
[923/1602] Compiling aesni-x86_64-linux.S
[924/1602] Compiling aesni-x86_64-apple.S
[925/1602] Compiling aesni-x86-linux.S
[926/1602] Compiling aesni-x86-apple.S
[927/1602] Compiling aesni-gcm-x86_64-apple.S
[927/1602] Compiling aes-gcm-avx2-x86_64-linux.S
[929/1602] Compiling aesni-gcm-x86_64-linux.S
[930/1602] Compiling aes-gcm-avx2-x86_64-apple.S
[931/1602] Compiling aes-gcm-avx10-x86_64-linux.S
[932/1602] Compiling aes-gcm-avx10-x86_64-apple.S
[933/1602] Compiling x_sig.cc
[934/1602] Compiling x_exten.cc
[935/1602] Compiling x_x509a.cc
[936/1602] Compiling x_pubkey.cc
[937/1602] Compiling x_req.cc
[938/1602] Compiling x_spki.cc
[939/1602] Compiling x_val.cc
[940/1602] Compiling x_name.cc
[941/1602] Compiling x_x509.cc
[942/1602] Compiling x_attrib.cc
[943/1602] Compiling x509spki.cc
[944/1602] Compiling x_algor.cc
[945/1602] Compiling x509cset.cc
[946/1602] Compiling x509rset.cc
[947/1602] Compiling x_crl.cc
[948/1602] Compiling x509_vpm.cc
[949/1602] Compiling x509name.cc
[950/1602] Compiling x_all.cc
[952/1602] Compiling _GRPCProtobufGenerated kurrentdb_v1_monitoring.grpc.swift
[953/1602] Compiling _GRPCProtobufGenerated kurrentdb_v1_monitoring.pb.swift
[954/1602] Compiling _GRPCProtobufGenerated kurrentdb_v1_operations.grpc.swift
[955/1602] Compiling _GRPCProtobufGenerated kurrentdb_v1_operations.pb.swift
[956/1602] Compiling _GRPCProtobufGenerated kurrentdb_v1_persistent.grpc.swift
[957/1602] Compiling _GRPCProtobufGenerated kurrentdb_v2_registry_errors.grpc.swift
[958/1602] Compiling _GRPCProtobufGenerated kurrentdb_v2_registry_errors.pb.swift
[959/1602] Compiling _GRPCProtobufGenerated kurrentdb_v2_registry_events.grpc.swift
[960/1602] Compiling _GRPCProtobufGenerated kurrentdb_v2_registry_events.pb.swift
[961/1602] Compiling _GRPCProtobufGenerated kurrentdb_v2_registry_groups.grpc.swift
[961/1606] Compiling x509_txt.cc
[962/1606] Compiling x509_obj.cc
[963/1606] Compiling x509_ext.cc
[964/1606] Compiling x509_trs.cc
[965/1606] Compiling x509_set.cc
[966/1606] Compiling x509_lu.cc
[967/1606] Compiling x509_v3.cc
[968/1606] Compiling x509_vfy.cc
[969/1606] Compiling x509_req.cc
[970/1606] Compiling x509_d2.cc
[971/1606] Compiling x509_def.cc
[972/1606] Compiling x509.cc
[973/1606] Compiling x509_cmp.cc
[974/1606] Compiling v3_prn.cc
[975/1606] Compiling v3_skey.cc
[976/1606] Compiling x509_att.cc
[977/1606] Compiling v3_purp.cc
[978/1606] Compiling v3_utl.cc
[979/1606] Compiling v3_ocsp.cc
[980/1606] Compiling v3_pcons.cc
[982/1606] Compiling _GRPCProtobufGenerated kurrentdb_v2_streams_errors.grpc.swift
[983/1606] Compiling _GRPCProtobufGenerated kurrentdb_v2_streams_errors.pb.swift
[984/1606] Compiling _GRPCProtobufGenerated kurrentdb_v2_streams_streams.grpc.swift
[985/1606] Compiling _GRPCProtobufGenerated kurrentdb_v2_streams_streams.pb.swift
[985/1606] Compiling v3_pmaps.cc
[986/1606] Compiling v3_int.cc
[987/1606] Compiling v3_ia5.cc
[988/1606] Compiling v3_info.cc
[989/1606] Compiling v3_lib.cc
[990/1606] Compiling v3_ncons.cc
[991/1606] Compiling v3_genn.cc
[993/1606] Compiling _GRPCProtobufGenerated google_rpc_code.grpc.swift
[994/1606] Compiling _GRPCProtobufGenerated google_rpc_code.pb.swift
[995/1606] Compiling _GRPCProtobufGenerated kurrent_rpc_errors.grpc.swift
[996/1606] Compiling _GRPCProtobufGenerated kurrent_rpc_errors.pb.swift
[997/1606] Compiling _GRPCProtobufGenerated kurrent_rpc_rpc.grpc.swift
[998/1606] Emitting module _GRPCProtobufGenerated
[998/1606] Compiling v3_extku.cc
[999/1606] Compiling v3_enum.cc
[1000/1606] Compiling v3_cpols.cc
[1001/1606] Compiling v3_bitst.cc
[1002/1606] Compiling v3_crld.cc
[1003/1606] Compiling v3_conf.cc
[1004/1606] Compiling v3_bcons.cc
[1005/1606] Compiling v3_alt.cc
[1006/1606] Compiling v3_akeya.cc
[1008/1606] Compiling _GRPCProtobufGenerated kurrentdb_v1_serverfeatures.grpc.swift
[1009/1606] Compiling _GRPCProtobufGenerated kurrentdb_v1_serverfeatures.pb.swift
[1010/1606] Compiling _GRPCProtobufGenerated kurrentdb_v1_shared.grpc.swift
[1011/1606] Compiling _GRPCProtobufGenerated kurrentdb_v1_shared.pb.swift
[1012/1606] Compiling _GRPCProtobufGenerated kurrentdb_v1_status.grpc.swift
[1013/1606] Compiling _GRPCProtobufGenerated kurrentdb_v2_registry_groups.pb.swift
[1014/1606] Compiling _GRPCProtobufGenerated kurrentdb_v2_registry_schemas.grpc.swift
[1015/1606] Compiling _GRPCProtobufGenerated kurrentdb_v2_registry_schemas.pb.swift
[1016/1606] Compiling _GRPCProtobufGenerated kurrentdb_v2_registry_service.grpc.swift
[1017/1606] Compiling _GRPCProtobufGenerated kurrentdb_v2_registry_service.pb.swift
[1017/1606] Compiling v3_akey.cc
[1018/1606] Compiling t_x509a.cc
[1019/1606] Compiling name_print.cc
[1020/1606] Compiling t_x509.cc
[1021/1606] Compiling rsa_pss.cc
[1022/1606] Compiling t_crl.cc
[1023/1606] Compiling i2d_pr.cc
[1024/1606] Compiling t_req.cc
[1025/1606] Compiling policy.cc
[1026/1606] Compiling voprf.cc
[1027/1606] Compiling by_dir.cc
[1028/1606] Compiling by_file.cc
[1029/1606] Compiling trust_token.cc
[1030/1606] Compiling a_digest.cc
[1031/1606] Compiling a_verify.cc
[1032/1606] Compiling algorithm.cc
[1033/1606] Compiling a_sign.cc
[1034/1606] Compiling asn1_gen.cc
[1035/1606] Compiling thread_win.cc
[1036/1606] Compiling thread_pthread.cc
[1037/1606] Compiling thread.cc
[1038/1606] Compiling thread_none.cc
[1039/1606] Compiling stack.cc
[1040/1606] Compiling siphash.cc
[1041/1606] Compiling slhdsa.cc
[1042/1606] Compiling pmbtoken.cc
[1043/1606] Compiling spake2plus.cc
[1044/1606] Compiling sha256.cc
[1044/1606] Compiling sha512.cc
[1046/1606] Compiling sha1.cc
[1047/1606] Compiling rsa_print.cc
[1048/1606] Compiling rsa_extra.cc
[1049/1606] Compiling rsa_crypt.cc
[1050/1606] Compiling refcount.cc
[1051/1606] Compiling rc4.cc
[1052/1606] Compiling rsa_asn1.cc
[1053/1606] Compiling trusty.cc
[1054/1606] Compiling urandom.cc
[1055/1606] Compiling windows.cc
[1056/1606] Compiling rand.cc
[1057/1606] Compiling passive.cc
[1058/1606] Compiling poly1305_arm_asm.S
[1059/1606] Compiling ios.cc
[1060/1606] Compiling getentropy.cc
[1061/1606] Compiling forkunsafe.cc
[1062/1606] Compiling fork_detect.cc
[1063/1606] Compiling deterministic.cc
[1064/1606] Compiling poly1305_vec.cc
[1065/1606] Compiling poly1305_arm.cc
[1066/1606] Compiling poly1305.cc
[1068/1606] Compiling _GRPCProtobufGenerated kurrentdb_v2_registry_shared.grpc.swift
[1069/1606] Compiling _GRPCProtobufGenerated kurrentdb_v2_registry_shared.pb.swift
[1070/1606] Compiling _GRPCProtobufGenerated kurrentdb_v2_registry_validation.grpc.swift
[1071/1606] Compiling _GRPCProtobufGenerated kurrentdb_v2_registry_validation.pb.swift
[1071/1606] Compiling pool.cc
[1072/1606] Compiling pkcs8_x509.cc
[1073/1606] Compiling pkcs8.cc
[1074/1606] Compiling pkcs7.cc
[1075/1606] Compiling p5_pbev2.cc
[1076/1606] Compiling pkcs7_x509.cc
[1077/1606] Compiling pem_xaux.cc
[1078/1606] Compiling pem_x509.cc
[1079/1606] Compiling pem_pkey.cc
[1080/1606] Compiling pem_pk8.cc
[1081/1606] Compiling pem_oth.cc
[1082/1606] Compiling mlkem.cc
[1084/1606] Compiling _GRPCProtobufGenerated kurrentdb_v1_status.pb.swift
[1085/1606] Compiling _GRPCProtobufGenerated kurrentdb_v1_streams.grpc.swift
[1086/1606] Compiling _GRPCProtobufGenerated kurrentdb_v1_streams.pb.swift
[1087/1606] Compiling _GRPCProtobufGenerated kurrentdb_v1_users.grpc.swift
[1088/1606] Compiling _GRPCProtobufGenerated kurrentdb_v1_users.pb.swift
[1089/1606] Compiling _GRPCProtobufGenerated kurrent_rpc_rpc.pb.swift
[1090/1606] Compiling _GRPCProtobufGenerated kurrentdb_v1_cluster.grpc.swift
[1091/1606] Compiling _GRPCProtobufGenerated kurrentdb_v1_cluster.pb.swift
[1092/1606] Compiling _GRPCProtobufGenerated kurrentdb_v1_gossip.grpc.swift
[1093/1606] Compiling _GRPCProtobufGenerated kurrentdb_v1_gossip.pb.swift
[1094/1606] Compiling _GRPCProtobufGenerated kurrentdb_v1_persistent.pb.swift
[1095/1606] Compiling _GRPCProtobufGenerated kurrentdb_v1_projections.grpc.swift
[1096/1606] Compiling _GRPCProtobufGenerated kurrentdb_v1_projections.pb.swift
[1097/1606] Compiling _GRPCProtobufGenerated kurrentdb_v1_redaction.grpc.swift
[1098/1606] Compiling _GRPCProtobufGenerated kurrentdb_v1_redaction.pb.swift
[1098/1606] Compiling mldsa.cc
[1099/1606] Compiling obj_xref.cc
[1100/1606] Compiling pem_info.cc
[1101/1606] Compiling pem_lib.cc
[1102/1606] Compiling mem.cc
[1102/1606] Compiling poly_rq_mul.S
[1104/1606] Compiling pem_all.cc
[1105/1606] Compiling fips_shared_support.cc
[1106/1606] Compiling obj.cc
[1107/1606] Compiling md5.cc
[1108/1606] Compiling md4.cc
[1109/1606] Compiling lhash.cc
[1110/1606] Compiling ex_data.cc
[1111/1606] Compiling kyber.cc
[1112/1606] Compiling sign.cc
[1113/1606] Compiling scrypt.cc
[1114/1606] Compiling hrss.cc
[1115/1606] Compiling hpke.cc
[1116/1606] Compiling pbkdf.cc
[1117/1606] Compiling print.cc
[1118/1606] Compiling p_x25519.cc
[1119/1606] Compiling p_x25519_asn1.cc
[1120/1606] Compiling p_ed25519.cc
[1121/1606] Compiling p_rsa_asn1.cc
[1122/1606] Compiling p_hkdf.cc
[1123/1606] Compiling p_rsa.cc
[1124/1606] Compiling p_ec.cc
[1125/1606] Compiling p_ed25519_asn1.cc
[1126/1606] Compiling p_ec_asn1.cc
[1127/1606] Compiling p_dh_asn1.cc
[1128/1606] Compiling p_dh.cc
[1129/1606] Compiling p_dsa_asn1.cc
[1130/1606] Compiling evp_ctx.cc
[1131/1606] Compiling evp.cc
[1132/1606] Compiling engine.cc
[1133/1606] Compiling err.cc
[1134/1606] Compiling evp_asn1.cc
[1135/1606] Compiling ecdh.cc
[1136/1606] Compiling ecdsa_asn1.cc
[1137/1606] Compiling ec_derive.cc
[1138/1606] Compiling hash_to_curve.cc
[1139/1606] Compiling dsa.cc
[1140/1606] Compiling ec_asn1.cc
[1141/1606] Compiling params.cc
[1142/1606] Compiling dsa_asn1.cc
[1143/1606] Compiling bcm.cc
[1144/1606] Compiling x25519-asm-arm.S
[1145/1606] Compiling digest_extra.cc
[1146/1606] Compiling des.cc
[1147/1606] Compiling dh_asn1.cc
[1148/1606] Compiling curve25519_64_adx.cc
[1149/1606] Compiling spake25519.cc
[1150/1606] Compiling cpu_intel.cc
[1151/1606] Compiling crypto.cc
[1152/1606] Compiling cpu_arm_freebsd.cc
[1152/1606] Compiling cpu_arm_linux.cc
[1154/1606] Compiling curve25519.cc
[1155/1606] Compiling cpu_aarch64_win.cc
[1156/1606] Compiling cpu_aarch64_openbsd.cc
[1157/1606] Compiling cpu_aarch64_sysreg.cc
[1158/1606] Compiling cpu_aarch64_linux.cc
[1159/1606] Compiling cpu_aarch64_fuchsia.cc
[1160/1606] Compiling cpu_aarch64_apple.cc
[1161/1606] Compiling get_cipher.cc
[1162/1606] Compiling tls_cbc.cc
[1163/1606] Compiling conf.cc
[1164/1606] Compiling e_rc4.cc
[1165/1606] Compiling e_tls.cc
[1166/1606] Compiling e_null.cc
[1167/1606] Compiling e_rc2.cc
[1168/1606] Compiling e_des.cc
[1169/1606] Compiling e_chacha20poly1305.cc
[1170/1606] Compiling e_aesgcmsiv.cc
[1171/1606] Compiling derive_key.cc
[1172/1606] Compiling e_aesctrhmac.cc
[1173/1606] Compiling chacha.cc
[1174/1606] Compiling unicode.cc
[1175/1606] Compiling cbs.cc
[1176/1606] Compiling ber.cc
[1177/1606] Compiling cbb.cc
[1178/1606] Compiling asn1_compat.cc
[1179/1606] Compiling buf.cc
[1180/1606] Compiling blake2.cc
[1181/1606] Compiling socket_helper.cc
[1182/1606] Compiling bn_asn1.cc
[1183/1606] Compiling convert.cc
[1184/1606] Compiling socket.cc
[1185/1606] Compiling printf.cc
[1186/1606] Compiling pair.cc
[1187/1606] Compiling hexdump.cc
[1188/1606] Compiling fd.cc
[1189/1606] Compiling file.cc
[1190/1606] Compiling errno.cc
[1191/1606] Compiling connect.cc
[1192/1606] Compiling bio_mem.cc
[1193/1606] Compiling base64.cc
[1194/1606] Compiling bio.cc
[1195/1606] Compiling tasn_typ.cc
[1196/1606] Compiling tasn_fre.cc
[1197/1606] Compiling tasn_enc.cc
[1198/1606] Compiling tasn_utl.cc
[1199/1606] Compiling tasn_new.cc
[1200/1606] Compiling posix_time.cc
[1201/1606] Compiling f_string.cc
[1202/1606] Compiling f_int.cc
[1203/1606] Compiling tasn_dec.cc
[1204/1606] Compiling asn_pack.cc
[1205/1606] Compiling asn1_par.cc
[1206/1606] Compiling asn1_lib.cc
[1207/1606] Compiling a_utctm.cc
[1208/1606] Compiling a_type.cc
[1209/1606] Compiling a_time.cc
[1210/1606] Compiling a_octet.cc
[1211/1606] Compiling a_strnid.cc
[1212/1606] Compiling a_strex.cc
[1213/1606] Compiling a_mbstr.cc
[1214/1606] Compiling a_object.cc
[1215/1606] Compiling CGRPCNIOTransportZlib empty.c
[1216/1606] Compiling a_int.cc
[1217/1606] Compiling fiat_p256_adx_sqr.S
[1218/1606] Compiling a_i2d_fp.cc
[1219/1606] Compiling a_dup.cc
[1220/1606] Compiling fiat_p256_adx_mul.S
[1221/1606] Compiling fiat_curve25519_adx_square.S
[1222/1606] Compiling a_d2i_fp.cc
[1223/1606] Compiling fiat_curve25519_adx_mul.S
[1224/1606] Compiling md5-x86_64-linux.S
[1225/1606] Compiling md5-x86_64-apple.S
[1226/1606] Compiling md5-586-linux.S
[1227/1606] Compiling md5-586-apple.S
[1228/1606] Compiling a_gentm.cc
[1229/1606] Compiling chacha20_poly1305_x86_64-linux.S
[1230/1606] Compiling a_bitstr.cc
[1231/1606] Compiling chacha20_poly1305_x86_64-apple.S
[1232/1606] Compiling chacha20_poly1305_armv8-win.S
[1233/1606] Compiling chacha20_poly1305_armv8-linux.S
[1234/1606] Compiling a_bool.cc
[1235/1606] Compiling chacha-x86_64-linux.S
[1236/1606] Compiling chacha-x86_64-apple.S
[1237/1606] Compiling chacha-x86-linux.S
[1238/1606] Compiling chacha-x86-apple.S
[1239/1606] Compiling chacha20_poly1305_armv8-apple.S
[1240/1606] Compiling chacha-armv8-win.S
[1241/1606] Compiling chacha-armv8-linux.S
[1242/1606] Compiling chacha-armv4-linux.S
[1243/1606] Compiling aes128gcmsiv-x86_64-linux.S
[1244/1606] Compiling aes128gcmsiv-x86_64-apple.S
[1245/1606] Compiling chacha-armv8-apple.S
[1246/1606] Compiling x86_64-mont5-linux.S
[1247/1606] Compiling x86_64-mont5-apple.S
[1248/1606] Compiling x86_64-mont-linux.S
[1249/1606] Compiling x86_64-mont-apple.S
[1250/1606] Compiling x86-mont-linux.S
[1251/1606] Compiling x86-mont-apple.S
[1252/1606] Compiling vpaes-x86_64-linux.S
[1253/1606] Compiling vpaes-x86_64-apple.S
[1254/1606] Compiling vpaes-x86-linux.S
[1255/1606] Compiling vpaes-armv8-win.S
[1256/1606] Compiling vpaes-x86-apple.S
[1257/1606] Compiling vpaes-armv8-linux.S
[1258/1606] Compiling vpaes-armv7-linux.S
[1259/1606] Compiling vpaes-armv8-apple.S
[1260/1606] Compiling sha512-x86_64-linux.S
[1261/1606] Compiling sha512-x86_64-apple.S
[1262/1606] Compiling sha512-armv8-win.S
[1263/1606] Compiling sha512-armv8-linux.S
[1264/1606] Compiling sha512-armv4-linux.S
[1265/1606] Compiling sha512-armv8-apple.S
[1266/1606] Compiling sha512-586-linux.S
[1267/1606] Compiling sha512-586-apple.S
[1268/1606] Compiling sha256-x86_64-linux.S
[1269/1606] Compiling sha256-x86_64-apple.S
[1270/1606] Compiling sha256-armv8-win.S
[1271/1606] Compiling err_data.cc
[1272/1606] Compiling sha256-armv8-linux.S
[1273/1606] Compiling sha256-armv4-linux.S
[1274/1606] Compiling sha256-586-linux.S
[1275/1606] Compiling sha256-586-apple.S
[1276/1606] Compiling sha256-armv8-apple.S
[1277/1606] Compiling sha1-x86_64-linux.S
[1278/1606] Compiling sha1-x86_64-apple.S
[1279/1606] Compiling sha1-armv8-win.S
[1280/1606] Compiling sha1-armv8-linux.S
[1281/1606] Compiling sha1-armv4-large-linux.S
[1282/1606] Compiling sha1-586-linux.S
[1283/1606] Compiling CCryptoBoringSSLShims shims.c
[1284/1606] Compiling sha1-armv8-apple.S
[1285/1606] Compiling sha1-586-apple.S
[1286/1606] Compiling rsaz-avx2-linux.S
[1287/1606] Compiling rsaz-avx2-apple.S
[1288/1606] Compiling rdrand-x86_64-linux.S
[1289/1606] Compiling rdrand-x86_64-apple.S
[1290/1606] Compiling p256_beeu-x86_64-asm-linux.S
[1291/1606] Compiling p256_beeu-x86_64-asm-apple.S
[1292/1606] Compiling p256_beeu-armv8-asm-win.S
[1293/1606] Compiling p256_beeu-armv8-asm-linux.S
[1294/1606] Compiling p256_beeu-armv8-asm-apple.S
[1295/1606] Compiling p256-x86_64-asm-linux.S
[1296/1606] Compiling p256-x86_64-asm-apple.S
[1297/1606] Compiling p256-armv8-asm-win.S
[1298/1606] Compiling p256-armv8-asm-linux.S
[1299/1606] Compiling ghashv8-armv8-win.S
[1300/1606] Compiling ghashv8-armv8-linux.S
[1301/1606] Compiling p256-armv8-asm-apple.S
[1302/1606] Compiling ghashv8-armv8-apple.S
[1303/1606] Compiling ghashv8-armv7-linux.S
[1304/1606] Compiling ghash-x86_64-linux.S
[1305/1606] Compiling ghash-x86_64-apple.S
[1306/1606] Compiling ghash-x86-linux.S
[1307/1606] Compiling ghash-x86-apple.S
[1308/1606] Compiling ghash-ssse3-x86_64-linux.S
[1309/1606] Compiling ghash-ssse3-x86_64-apple.S
[1310/1606] Compiling ghash-ssse3-x86-linux.S
[1311/1606] Compiling ghash-ssse3-x86-apple.S
[1312/1606] Compiling ghash-neon-armv8-win.S
[1313/1606] Compiling ghash-neon-armv8-linux.S
[1314/1606] Compiling ghash-neon-armv8-apple.S
[1315/1606] Compiling ghash-armv4-linux.S
[1316/1606] Compiling co-586-linux.S
[1317/1606] Compiling co-586-apple.S
[1318/1606] Compiling bsaes-armv7-linux.S
[1319/1606] Compiling bn-armv8-win.S
[1320/1606] Compiling bn-armv8-linux.S
[1321/1606] Compiling bn-armv8-apple.S
[1322/1606] Compiling bn-586-linux.S
[1323/1606] Compiling bn-586-apple.S
[1324/1606] Compiling armv8-mont-win.S
[1324/1606] Compiling armv8-mont-linux.S
[1326/1606] Compiling armv4-mont-linux.S
[1327/1606] Compiling armv8-mont-apple.S
[1328/1606] Compiling aesv8-gcm-armv8-win.S
[1329/1606] Compiling aesv8-gcm-armv8-linux.S
[1330/1606] Compiling aesv8-armv8-win.S
[1331/1606] Compiling aesv8-armv8-linux.S
[1332/1606] Compiling aesv8-armv8-apple.S
[1333/1606] Compiling aesv8-armv7-linux.S
[1333/1606] Compiling aesv8-gcm-armv8-apple.S
[1335/1606] Compiling aesni-x86_64-linux.S
[1336/1606] Compiling aesni-x86_64-apple.S
[1336/1606] Compiling aesni-x86-linux.S
[1338/1606] Compiling aesni-x86-apple.S
[1339/1606] Compiling aesni-gcm-x86_64-linux.S
[1340/1606] Compiling aesni-gcm-x86_64-apple.S
[1341/1606] Compiling aes-gcm-avx512-x86_64-linux.S
[1342/1606] Compiling aes-gcm-avx512-x86_64-apple.S
[1343/1606] Compiling aes-gcm-avx2-x86_64-linux.S
[1344/1606] Compiling aes-gcm-avx2-x86_64-apple.S
[1345/1606] Compiling xwing.cc
[1346/1606] Compiling x_spki.cc
[1347/1606] Compiling x_sig.cc
[1348/1606] Compiling x_req.cc
[1349/1606] Compiling x_x509a.cc
[1350/1606] Compiling x_name.cc
[1351/1606] Compiling x_x509.cc
[1352/1606] Compiling c-nioatomics.c
[1353/1606] Compiling x_pubkey.cc
[1354/1606] Compiling x_exten.cc
[1355/1606] Compiling x509spki.cc
[1356/1606] Compiling x_attrib.cc
[1357/1606] Compiling x_crl.cc
[1358/1606] Compiling x_all.cc
[1359/1606] Compiling x_algor.cc
[1360/1606] Compiling x509rset.cc
[1361/1606] Compiling x509name.cc
[1362/1606] Compiling x509cset.cc
[1363/1606] Compiling c-atomics.c
[1364/1606] Compiling x509_vpm.cc
[1365/1606] Compiling x509_txt.cc
[1366/1606] Compiling x509_v3.cc
[1367/1606] Compiling x509_vfy.cc
[1368/1606] Compiling x509_trs.cc
[1369/1606] Compiling x509_set.cc
[1370/1610] Compiling x509_obj.cc
[1371/1613] Compiling x509_ext.cc
[1372/1613] Compiling x509_req.cc
[1373/1613] Compiling x509_lu.cc
[1375/1613] Compiling NIOConcurrencyHelpers NIOThreadPoolWorkAvailable.swift
[1376/1613] Compiling NIOConcurrencyHelpers lock.swift
[1376/1613] Compiling x509_def.cc
[1377/1613] Compiling x509_d2.cc
[1379/1613] Compiling NIOConcurrencyHelpers NIOLockedValueBox.swift
[1380/1613] Compiling NIOConcurrencyHelpers NIOLock.swift
[1381/1613] Compiling NIOConcurrencyHelpers NIOAtomic.swift
[1382/1613] Emitting module NIOConcurrencyHelpers
[1383/1613] Compiling NIOConcurrencyHelpers atomics.swift
[1383/1613] Compiling x509_att.cc
[1384/1613] Compiling x509.cc
[1385/1613] Compiling x509_cmp.cc
[1386/1613] Compiling v3_prn.cc
[1387/1613] Compiling v3_skey.cc
[1388/1613] Compiling v3_purp.cc
[1389/1613] Compiling v3_utl.cc
[1390/1613] Compiling v3_pmaps.cc
[1391/1613] Compiling v3_pcons.cc
[1392/1613] Compiling v3_ocsp.cc
[1393/1613] Compiling v3_lib.cc
[1394/1613] Compiling v3_int.cc
[1395/1613] Compiling v3_ncons.cc
[1396/1613] Compiling v3_info.cc
[1397/1613] Compiling v3_ia5.cc
[1398/1613] Compiling v3_genn.cc
[1399/1613] Compiling v3_extku.cc
[1400/1613] Compiling v3_enum.cc
[1401/1613] Compiling v3_crld.cc
[1402/1613] Compiling v3_bcons.cc
[1403/1613] Compiling v3_bitst.cc
[1404/1613] Compiling v3_cpols.cc
[1405/1613] Compiling v3_conf.cc
[1406/1613] Compiling v3_akeya.cc
[1407/1613] Compiling v3_alt.cc
[1408/1613] Compiling v3_akey.cc
[1409/1613] Compiling t_x509a.cc
[1410/1613] Compiling i2d_pr.cc
[1411/1613] Compiling t_x509.cc
[1412/1613] Compiling t_req.cc
[1413/1613] Compiling t_crl.cc
[1414/1613] Compiling name_print.cc
[1415/1613] Compiling rsa_pss.cc
[1416/1613] Compiling policy.cc
[1417/1613] Compiling by_file.cc
[1418/1613] Compiling asn1_gen.cc
[1419/1613] Compiling by_dir.cc
[1420/1613] Compiling thread_win.cc
[1421/1613] Compiling algorithm.cc
[1422/1613] Compiling thread_pthread.cc
[1423/1613] Compiling thread_none.cc
[1424/1613] Compiling a_verify.cc
[1425/1613] Compiling trust_token.cc
[1426/1613] Compiling voprf.cc
[1427/1613] Compiling a_digest.cc
[1428/1613] Compiling a_sign.cc
[1429/1613] Compiling pmbtoken.cc
[1430/1613] Compiling thread.cc
[1431/1613] Compiling stack.cc
[1432/1613] Compiling siphash.cc
[1433/1613] Compiling sha256.cc
[1434/1613] Compiling sha512.cc
[1435/1613] Compiling sha1.cc
[1436/1613] Compiling slhdsa.cc
[1437/1613] Compiling rsa_extra.cc
[1438/1613] Compiling rsa_print.cc
[1439/1613] Compiling spake2plus.cc
[1440/1613] Compiling rsa_crypt.cc
[1441/1613] Compiling rc4.cc
[1442/1613] Compiling refcount.cc
[1443/1613] Compiling urandom.cc
[1444/1613] Compiling windows.cc
[1445/1613] Compiling trusty.cc
[1446/1613] Compiling rand.cc
[1447/1613] Compiling passive.cc
[1448/1613] Compiling poly1305_arm_asm.S
[1449/1613] Compiling ios.cc
[1450/1613] Compiling rsa_asn1.cc
[1451/1613] Compiling getentropy.cc
[1452/1613] Compiling deterministic.cc
[1453/1613] Compiling fork_detect.cc
[1454/1613] Compiling forkunsafe.cc
[1455/1613] Compiling poly1305_vec.cc
[1456/1613] Compiling poly1305_arm.cc
[1457/1613] Compiling poly1305.cc
[1458/1613] Compiling pool.cc
[1459/1613] Compiling pkcs8_x509.cc
[1460/1613] Compiling pkcs8.cc
[1461/1613] Compiling p5_pbev2.cc
[1462/1613] Compiling pkcs7.cc
[1463/1613] Compiling pem_xaux.cc
[1464/1613] Compiling pem_x509.cc
[1465/1613] Compiling pem_pkey.cc
[1466/1613] Compiling pkcs7_x509.cc
[1467/1613] Compiling pem_pk8.cc
[1468/1613] Compiling pem_oth.cc
[1469/1613] Compiling mlkem.cc
[1470/1613] Compiling obj_xref.cc
[1471/1613] Compiling pem_lib.cc
[1472/1613] Compiling mldsa.cc
[1473/1613] Compiling mem.cc
[1474/1613] Compiling pem_info.cc
[1475/1613] Compiling poly_rq_mul.S
[1476/1613] Compiling fips_shared_support.cc
[1477/1613] Compiling pem_all.cc
[1478/1613] Compiling md5.cc
[1479/1613] Compiling obj.cc
[1480/1613] Compiling md4.cc
[1481/1613] Compiling lhash.cc
[1482/1613] Compiling fuzzer_mode.cc
[1483/1613] Compiling ex_data.cc
[1484/1613] Compiling kyber.cc
[1485/1613] Compiling scrypt.cc
[1486/1613] Compiling hpke.cc
[1487/1613] Compiling hrss.cc
[1488/1613] Compiling print.cc
[1489/1613] Compiling sign.cc
[1490/1613] Compiling pbkdf.cc
[1491/1613] Compiling p_x25519_asn1.cc
[1492/1613] Compiling p_x25519.cc
[1493/1613] Compiling p_rsa_asn1.cc
[1494/1613] Compiling p_hkdf.cc
[1495/1613] Compiling p_ed25519_asn1.cc
[1496/1613] Compiling p_rsa.cc
[1497/1613] Compiling p_ed25519.cc
[1498/1613] Compiling p_ec_asn1.cc
[1499/1613] Compiling p_ec.cc
[1500/1613] Compiling p_dsa_asn1.cc
[1501/1613] Compiling p_dh_asn1.cc
[1502/1613] Compiling err.cc
[1503/1613] Compiling p_dh.cc
[1504/1613] Compiling engine.cc
[1505/1613] Compiling evp_ctx.cc
[1506/1613] Compiling ecdsa_p1363.cc
[1507/1613] Compiling evp.cc
[1508/1613] Compiling evp_asn1.cc
[1509/1613] Compiling ecdh.cc
[1510/1613] Compiling ec_derive.cc
[1511/1613] Compiling ecdsa_asn1.cc
[1512/1613] Compiling hash_to_curve.cc
[1513/1613] Compiling dsa.cc
[1514/1613] Compiling dsa_asn1.cc
[1515/1613] Compiling digest_extra.cc
[1516/1613] Compiling ec_asn1.cc
[1517/1613] Compiling params.cc
[1518/1613] Compiling x25519-asm-arm.S
[1519/1613] Compiling des.cc
[1520/1613] Compiling dh_asn1.cc
[1521/1613] Compiling curve25519_64_adx.cc
[1522/1613] Compiling spake25519.cc
[1523/1613] Compiling cpu_intel.cc
[1524/1613] Compiling cpu_arm_linux.cc
[1525/1613] Compiling cpu_arm_freebsd.cc
[1526/1613] Compiling crypto.cc
[1527/1613] Compiling curve25519.cc
[1528/1613] Compiling cpu_aarch64_sysreg.cc
[1529/1613] Compiling cpu_aarch64_win.cc
[1530/1613] Compiling cpu_aarch64_openbsd.cc
[1531/1613] Compiling cpu_aarch64_linux.cc
[1532/1613] Compiling cpu_aarch64_fuchsia.cc
[1533/1613] Compiling cpu_aarch64_apple.cc
[1534/1613] Compiling tls_cbc.cc
[1535/1613] Compiling conf.cc
[1536/1613] Compiling e_rc4.cc
[1537/1613] Compiling get_cipher.cc
[1538/1613] Compiling e_tls.cc
[1539/1613] Compiling cms.cc
[1540/1613] Compiling e_rc2.cc
[1541/1613] Compiling e_null.cc
[1542/1613] Compiling e_des.cc
[1543/1613] Compiling e_chacha20poly1305.cc
[1544/1613] Compiling e_aesgcmsiv.cc
[1545/1613] Compiling derive_key.cc
[1546/1613] Compiling e_aesctrhmac.cc
[1547/1613] Compiling e_aeseax.cc
[1548/1613] Compiling chacha.cc
[1549/1613] Compiling unicode.cc
[1550/1613] Compiling cbs.cc
[1551/1613] Compiling cbb.cc
[1552/1613] Compiling ber.cc
[1553/1613] Compiling asn1_compat.cc
[1554/1613] Compiling buf.cc
[1555/1613] Compiling sqrt.cc
[1556/1613] Compiling div.cc
[1557/1613] Compiling exponentiation.cc
[1558/1613] Compiling blake2.cc
[1559/1613] Compiling printf.cc
[1560/1613] Compiling bn_asn1.cc
[1561/1613] Compiling convert.cc
[1562/1613] Compiling pair.cc
[1563/1613] Compiling hexdump.cc
[1564/1613] Compiling file.cc
[1565/1613] Compiling errno.cc
[1566/1613] Compiling fd.cc
[1567/1613] Compiling bio_mem.cc
[1568/1613] Compiling base64.cc
[1569/1613] Compiling bio.cc
[1570/1613] Compiling tasn_typ.cc
[1571/1613] Compiling tasn_fre.cc
[1572/1613] Compiling tasn_enc.cc
[1573/1613] Compiling tasn_utl.cc
[1574/1613] Compiling tasn_new.cc
[1575/1613] Compiling tasn_dec.cc
[1576/1613] Compiling posix_time.cc
[1577/1613] Compiling f_string.cc
[1578/1613] Compiling f_int.cc
[1579/1613] Compiling asn_pack.cc
[1580/1613] Compiling asn1_par.cc
[1581/1613] Compiling bcm.cc
[1582/1613] Compiling asn1_lib.cc
[1583/1613] Compiling a_utctm.cc
[1584/1613] Compiling a_type.cc
[1585/1613] Compiling a_time.cc
[1586/1613] Compiling a_octet.cc
[1587/1613] Compiling a_strnid.cc
[1587/1613] Compiling a_strex.cc
[1589/1613] Compiling a_mbstr.cc
[1590/1613] Compiling a_object.cc
[1590/1613] Write sources
[1594/1613] Compiling a_i2d_fp.cc
[1595/1613] Compiling CAsyncHTTPClient CAsyncHTTPClient.c
[1596/1613] Compiling a_int.cc
[1596/1613] Write sources
[1600/1613] Compiling a_dup.cc
[1600/1613] Write sources
[1602/1613] Compiling a_d2i_fp.cc
[1603/1613] Compiling a_gentm.cc
[1604/1634] Compiling aes.cc
[1605/1648] Compiling a_bool.cc
[1606/1691] Compiling a_bitstr.cc
[1608/1726] Compiling Algorithms MinMax.swift
[1609/1726] Compiling Algorithms Partition.swift
[1610/1726] Compiling Algorithms Joined.swift
[1611/1726] Compiling Algorithms Keyed.swift
[1612/1726] Compiling Algorithms Indexed.swift
[1613/1726] Compiling Algorithms Intersperse.swift
[1614/1726] Compiling Algorithms Permutations.swift
[1615/1726] Compiling Algorithms Product.swift
[1616/1727] Compiling Algorithms Suffix.swift
[1617/1727] Compiling Algorithms Trim.swift
[1618/1729] Compiling Atomics Unmanaged extensions.swift
[1619/1729] Compiling Algorithms EitherSequence.swift
[1620/1729] Compiling Algorithms FirstNonNil.swift
[1621/1729] Compiling Algorithms FlattenCollection.swift
[1622/1729] Compiling Algorithms Grouped.swift
[1623/1729] Compiling Algorithms Unique.swift
[1624/1729] Compiling Algorithms Windows.swift
[1625/1729] Compiling CryptoBoringWrapper resource_bundle_accessor.swift
[1626/1729] Compiling CryptoBoringWrapper RandomBytes.swift
[1630/1729] Compiling Algorithms Split.swift
[1631/1729] Compiling Algorithms Stride.swift
[1632/1729] Compiling Algorithms RandomSample.swift
[1633/1729] Compiling Algorithms Reductions.swift
[1634/1729] Compiling Algorithms Rotate.swift
[1635/1729] Compiling Algorithms Combinations.swift
[1636/1729] Compiling Algorithms Compacted.swift
[1637/1729] Compiling Algorithms Cycle.swift
[1638/1729] Emitting module ArgumentParserToolInfo
[1639/1729] Compiling ArgumentParserToolInfo ToolInfo.swift
[1643/1729] Emitting module ArgumentParserToolInfo
[1644/1729] Compiling ArgumentParserToolInfo ToolInfo.swift
[1645/1777] Compiling ArgumentParser ArgumentHelp.swift
[1646/1777] Compiling ArgumentParser ArgumentVisibility.swift
[1647/1777] Compiling ArgumentParser CompletionKind.swift
[1648/1777] Compiling ArgumentParser Errors.swift
[1649/1777] Compiling ArgumentParser Flag.swift
[1650/1777] Compiling ArgumentParser NameSpecification.swift
[1651/1777] Compiling ArgumentParser Option.swift
[1652/1777] Compiling ArgumentParser OptionGroup.swift
[1653/1777] Compiling ArgumentParser ParentCommand.swift
[1654/1777] Compiling ArgumentParser AsyncParsableCommand.swift
[1655/1777] Compiling ArgumentParser CommandConfiguration.swift
[1656/1777] Compiling ArgumentParser UsageGenerator.swift
[1657/1830] Compiling ArgumentParser SplitArguments.swift
[1658/1830] Compiling ArgumentParser DumpHelpGenerator.swift
[1659/1830] Compiling ArgumentParser HelpCommand.swift
[1660/1830] Compiling ArgumentParser HelpGenerator.swift
[1661/1830] Compiling ArgumentParser MessageInfo.swift
[1662/1830] Compiling ArgumentParser Option.swift
[1663/1830] Compiling ArgumentParser OptionGroup.swift
[1664/1830] Compiling ArgumentParser ParentCommand.swift
[1665/1830] Compiling ArgumentParser AsyncParsableCommand.swift
[1666/1830] Compiling ArgumentParser CommandConfiguration.swift
[1667/1830] Compiling ArgumentParser CommandGroup.swift
[1668/1830] Compiling ArgumentParser EnumerableFlag.swift
[1669/1830] Compiling ArgumentParser Argument.swift
[1670/1830] Compiling ArgumentParser ArgumentDiscussion.swift
[1677/1830] Compiling ArgumentParser Platform.swift
[1678/1830] Compiling ArgumentParser InputOrigin.swift
[1679/1830] Compiling ArgumentParser Name.swift
[1680/1830] Compiling ArgumentParser Parsed.swift
[1681/1830] Compiling ArgumentParser ParsedValues.swift
[1682/1830] Compiling ArgumentParser ParserError.swift
[1683/1830] Compiling ArgumentParser BashCompletionsGenerator.swift
[1684/1830] Compiling ArgumentParser CompletionsGenerator.swift
[1685/1830] Compiling ArgumentParser FishCompletionsGenerator.swift
[1686/1830] Compiling CryptoBoringWrapper FiniteFieldArithmeticContext.swift
[1687/1830] Compiling CryptoBoringWrapper ArbitraryPrecisionInteger.swift
[1688/1830] Compiling CryptoBoringWrapper EllipticCurvePoint.swift
[1689/1830] Compiling CryptoBoringWrapper EllipticCurve.swift
[1690/1830] Compiling CryptoBoringWrapper CryptoKitErrors_boring.swift
[1691/1830] Emitting module CryptoBoringWrapper
[1692/1830] Compiling CryptoBoringWrapper BoringSSLAEAD.swift
[1693/1830] Emitting module AsyncAlgorithms
[1695/1830] Compiling ArgumentParser ZshCompletionsGenerator.swift
[1698/1830] Emitting module Atomics
[1699/1974] Emitting module ArgumentParser
[1700/1979] Compiling NIOCore ConvenienceOptionSupport.swift
[1701/1979] Compiling NIOCore DeadChannel.swift
[1702/1979] Compiling NIOCore DispatchQueue+WithFuture.swift
[1703/1979] Compiling NIOCore EventLoop+Deprecated.swift
[1704/1979] Compiling NIOCore EventLoop+SerialExecutor.swift
[1705/1979] Compiling NIOCore EventLoop.swift
[1706/1984] Compiling NIOCore ChannelInvoker.swift
[1707/1984] Compiling NIOCore ChannelOption.swift
[1708/1984] Compiling NIOCore ChannelPipeline.swift
[1709/1984] Compiling NIOCore CircularBuffer.swift
[1710/1984] Compiling NIOCore Codec.swift
[1711/1984] Compiling NIOCore EventLoopFuture+Deprecated.swift
[1712/1984] Compiling NIOCore ByteBuffer-multi-int.swift
[1713/1984] Compiling NIOCore ByteBuffer-quicBinaryEncodingStrategy.swift
[1714/1984] Compiling NIOCore ByteBuffer-views.swift
[1715/1984] Compiling NIOCore Channel.swift
[1716/1984] Compiling NIOCore ChannelHandler.swift
[1717/1984] Compiling NIOCore ChannelHandlers.swift
[1718/1984] Compiling NIOCore EventLoopFuture.swift
[1719/1984] Compiling NIOCore FileDescriptor.swift
[1720/1984] Compiling NIOCore FileHandle.swift
[1721/1984] Compiling NIOCore FileRegion.swift
[1722/1984] Compiling NIOCore GlobalSingletons.swift
[1723/1984] Compiling NIOCore NIOPooledRecvBufferAllocator.swift
[1724/1984] Compiling NIOCore NIOScheduledCallback.swift
[1725/1984] Compiling NIOCore NIOSendable.swift
[1726/1984] Compiling NIOCore NIOSplitLinesMessageDecoder.swift
[1727/1984] Compiling NIOCore NIOTransportAccessibleChannelCore.swift
[1728/1984] Compiling NIOCore NIODecodedAsyncSequence.swift
[1729/1984] Compiling NIOCore NIOLoopBound.swift
[1730/1984] Compiling NIOCore AddressedEnvelope.swift
[1731/1984] Compiling NIOCore AsyncAwaitSupport.swift
[1732/1984] Compiling NIOCore AsyncChannel.swift
[1737/1984] Compiling NIOCore EventLoopFuture+WithEventLoop.swift
[1743/1984] Compiling ArgumentParser CodingKeyValidator.swift
[1744/1984] Compiling ArgumentParser NonsenseFlagsValidator.swift
[1745/1984] Compiling ArgumentParser ParsableArgumentsValidation.swift
[1746/1984] Compiling ArgumentParser PositionalArgumentsValidator.swift
[1747/1984] Compiling ArgumentParser UniqueNamesValidator.swift
[1748/1984] Compiling NIOCore NIOCloseOnErrorHandler.swift
[1749/1984] Compiling NIOCore NIOCoreSendableMetatype.swift
[1750/1984] Emitting module Algorithms
[1761/1994] Emitting module CryptoExtras
[1762/2001] Compiling NIOCore ByteBuffer-binaryEncodedLengthPrefix.swift
[1763/2001] Compiling NIOCore ByteBuffer-conversions.swift
[1764/2001] Compiling NIOCore ByteBuffer-core.swift
[1765/2001] Compiling NIOCore IO.swift
[1766/2001] Compiling NIOCore IOData.swift
[1767/2001] Compiling NIOCore ByteBuffer-int.swift
[1768/2001] Compiling NIOCore ByteBuffer-lengthPrefix.swift
[1772/2001] Compiling NIOCore EventLoopFuture+AssumeIsolated.swift
[1773/2001] Compiling NIOCore NIOAsyncWriter.swift
[1774/2001] Compiling NIOCore NIOThrowingAsyncSequenceProducer.swift
[1775/2001] Compiling NIOCore BSDSocketAPI.swift
[1776/2001] Compiling NIOCore ByteBuffer-aux.swift
[1777/2001] Compiling NIOCore IPProtocol.swift
[1778/2001] Compiling NIOCore IntegerBitPacking.swift
[1779/2001] Compiling NIOCore IntegerTypes.swift
[1780/2001] Compiling NIOCore Interfaces.swift
[1781/2001] Compiling NIOCore Linux.swift
[1782/2001] Compiling NIOCore ByteBuffer-hex.swift
[1816/2001] Emitting module ArgumentParser
[1820/2001] Compiling NIOCore AsyncChannelHandler.swift
[1821/2001] Compiling NIOCore AsyncChannelInboundStream.swift
[1822/2001] Compiling NIOCore AsyncChannelOutboundWriter.swift
[1823/2001] Compiling NIOCore NIOAsyncSequenceProducer.swift
[1873/2001] Compiling CryptoExtras ThreadSpecific.swift
[1908/2022] Compiling NIOCore SocketAddresses.swift
[1909/2022] Compiling NIOCore SocketOptionProvider.swift
[1910/2022] Compiling NIOCore SystemCallHelpers.swift
[1911/2022] Compiling NIOCore TimeAmount+Duration.swift
[1912/2022] Compiling NIOCore TypeAssistedChannelHandler.swift
[1913/2022] Compiling NIOCore UniversalBootstrapSupport.swift
[1914/2022] Compiling ServiceLifecycle ServiceRunnerError.swift
[1915/2022] Compiling ServiceLifecycle ServiceGroupConfiguration.swift
[1916/2022] Compiling ServiceLifecycle Service.swift
[1917/2022] Compiling ServiceLifecycle GracefulShutdown.swift
[1918/2022] Compiling ServiceLifecycle CancellationWaiter.swift
[1919/2022] Compiling ServiceLifecycle AsyncGracefulShutdownSequence.swift
[1920/2022] Compiling ServiceLifecycle AsyncCancelOnGracefulShutdownSequence.swift
[1921/2022] Compiling ServiceLifecycle ClosureService.swift
[1922/2022] Emitting module ServiceLifecycle
[1923/2022] Compiling ServiceLifecycle ServiceGroup.swift
[1924/2022] Compiling _ConnectionPoolModule PoolStateMachine+ConnectionGroup.swift
[1925/2022] Compiling _ConnectionPoolModule PoolStateMachine+RequestQueue.swift
[1933/2023] Compiling generate ProjectionModel.swift
/Users/admin/builder/spi-builder-workspace/Sources/generate/ProjectionModel.swift:49:13: warning: initialization of immutable value 'aggregateRootGenerator' was never used; consider replacing with assignment to '_' or removing it
47 | let aggregateRootName = configuration.aggregateRootName ?? defaultAggregateRootName
48 |
49 | let aggregateRootGenerator = try AggregateRootGenerator(aggregateRootName: aggregateRootName, aggregateEventsYamlFileURL: .init(filePath: eventDefinitionPath))
| `- warning: initialization of immutable value 'aggregateRootGenerator' was never used; consider replacing with assignment to '_' or removing it
50 |
51 | let generator = try ModelGenerator(projectionModelYamlFileURL: .init(filePath: projectionModelDefinitionPath), aggregateRootName: aggregateRootName, aggregateEventsYamlFileURL: .init(filePath: eventDefinitionPath))
[1934/2023] Compiling generate KurrentDBProjection.swift
[1935/2023] Compiling generate GenerateCommand.swift
[1936/2023] Compiling generate Event.swift
[1937/2023] Compiling generate EventFilter.swift
[1938/2023] Emitting module generate
[1939/2023] Compiling generate EventMapper.swift
[1939/2023] Write Objects.LinkFileList
[1955/2023] Compiling generate GenerateCommand.swift
[1956/2023] Compiling generate ProjectionModel.swift
/Users/admin/builder/spi-builder-workspace/Sources/generate/ProjectionModel.swift:49:13: warning: initialization of immutable value 'aggregateRootGenerator' was never used; consider replacing with assignment to '_' or removing it
47 | let aggregateRootName = configuration.aggregateRootName ?? defaultAggregateRootName
48 |
49 | let aggregateRootGenerator = try AggregateRootGenerator(aggregateRootName: aggregateRootName, aggregateEventsYamlFileURL: .init(filePath: eventDefinitionPath))
| `- warning: initialization of immutable value 'aggregateRootGenerator' was never used; consider replacing with assignment to '_' or removing it
50 |
51 | let generator = try ModelGenerator(projectionModelYamlFileURL: .init(filePath: projectionModelDefinitionPath), aggregateRootName: aggregateRootName, aggregateEventsYamlFileURL: .init(filePath: eventDefinitionPath))
[1957/2023] Compiling generate KurrentDBProjection.swift
[1958/2023] Emitting module generate
[1959/2023] Compiling generate EventFilter.swift
[1960/2023] Compiling generate EventMapper.swift
[1961/2023] Compiling generate Event.swift
[1962/2023] Compiling _ConnectionPoolModule PoolStateMachine+ConnectionState.swift
[1969/2023] Emitting module _ConnectionPoolModule
[1974/2023] Compiling _ConnectionPoolModule PoolStateMachine.swift
[1975/2023] Compiling _ConnectionPoolModule TinyFastSequence.swift
[1975/2023] Write Objects.LinkFileList
[1984/2025] Compiling _CryptoExtras Exports.swift
[1985/2025] Emitting module _CryptoExtras
[1992/2025] Compiling NIOCore Utilities.swift
[1992/2076] Linking generate
[1993/2100] Linking generate-tool
[1994/2123] Applying generate
[1995/2123] Applying generate-tool
[1997/2123] Compiling X509 CustomPrivateKey.swift
[1998/2123] Compiling X509 Digests.swift
[1999/2123] Compiling X509 DistinguishedName.swift
[2000/2123] Compiling X509 CommonName.swift
[2001/2123] Compiling X509 CountryName.swift
[2002/2123] Compiling X509 DNBuilder.swift
[2003/2123] Compiling X509 DomainComponent.swift
[2004/2123] Compiling X509 EmailAddress.swift
[2005/2123] Compiling X509 LocalityName.swift
[2006/2123] Compiling X509 OrganizationName.swift
[2007/2123] Compiling X509 OrganizationalUnitName.swift
[2008/2133] Compiling X509 CMSSignerIdentifier.swift
[2009/2133] Compiling X509 CMSSignerInfo.swift
[2010/2133] Compiling X509 CMSVersion.swift
[2011/2133] Compiling X509 Curve25519+DER.swift
[2012/2133] Compiling X509 NameConstraintsPolicy.swift
[2013/2133] Compiling X509 RFC5280Policy.swift
[2014/2133] Compiling X509 URIConstraints.swift
[2015/2133] Compiling X509 OCSPTBSRequest.swift
[2016/2133] Compiling X509 OCSPVersion.swift
[2017/2133] Compiling X509 PKCS8PrivateKey.swift
[2018/2133] Compiling X509 PromiseAndFuture.swift
[2019/2133] Compiling X509 RDNAttribute.swift
[2020/2133] Compiling X509 RandomNumberGenerator+bytes.swift
[2021/2133] Compiling X509 RelativeDistinguishedName.swift
[2022/2133] Compiling X509 CMSAttribute.swift
[2023/2133] Compiling X509 CMSContentInfo.swift
[2024/2133] Compiling X509 CMSEncapsulatedContentInfo.swift
[2025/2133] Compiling X509 CMSIssuerAndSerialNumber.swift
[2026/2133] Compiling X509 CMSOperations.swift
[2027/2133] Compiling X509 CMSSignature.swift
[2028/2133] Compiling X509 CMSSignedData.swift
[2033/2133] Compiling X509 AllOfPolicies.swift
[2034/2133] Compiling X509 AnyPolicy.swift
[2035/2133] Compiling X509 CertificateStore.swift
[2036/2133] Compiling X509 CustomCertificateStore.swift
[2037/2133] Compiling X509 OneOfPolicies.swift
[2038/2133] Compiling X509 PolicyBuilder.swift
[2039/2133] Compiling X509 BasicConstraintsPolicy.swift
[2040/2133] Compiling X509 DNSNames.swift
[2041/2133] Compiling X509 ExpiryPolicy.swift
[2042/2133] Compiling X509 IPConstraints.swift
[2043/2133] Compiling X509 OCSPExtensionID.swift
[2044/2133] Compiling X509 OCSPNonce.swift
[2045/2133] Compiling X509 OCSPPolicy.swift
[2046/2133] Compiling X509 OCSPRequest.swift
[2047/2133] Compiling X509 OCSPResponse.swift
[2048/2133] Compiling X509 OCSPResponseBytes.swift
[2049/2133] Compiling X509 OCSPResponseData.swift
[2050/2133] Compiling X509 OCSPResponseStatus.swift
[2051/2133] Compiling X509 OCSPSignature.swift
[2052/2133] Compiling X509 OCSPSingleRequest.swift
[2053/2133] Compiling X509 OCSPSingleResponse.swift
[2054/2133] Compiling X509 VerifierPolicy.swift
[2055/2133] Compiling X509 AlgorithmIdentifier.swift
[2056/2133] Compiling X509 ECDSASignature.swift
[2057/2133] Compiling X509 RSAPKCS1PublicKey.swift
[2058/2133] Compiling X509 SubjectPublicKeyInfo.swift
[2059/2133] Compiling X509 TBSCertificate.swift
[2060/2133] Compiling X509 Time.swift
[2061/2133] Compiling X509 TimeCalculations.swift
[2062/2133] Compiling X509 Validity.swift
[2063/2133] Compiling X509 X509SendableMetatype.swift
[2064/2133] Compiling X509 CSRAttribute.swift
[2065/2133] Compiling X509 CSRAttributes.swift
[2066/2133] Compiling X509 CSRVersion.swift
[2067/2133] Compiling X509 CertificateSigningRequest.swift
[2068/2133] Compiling X509 CertificationRequestInfo.swift
[2069/2133] Compiling X509 ExtensionRequest.swift
[2070/2133] Compiling X509 Certificate.swift
[2071/2133] Compiling X509 CertificatePrivateKey.swift
[2072/2133] Compiling X509 CertificatePublicKey.swift
[2073/2133] Compiling X509 CertificateSerialNumber.swift
[2074/2133] Compiling X509 CertificateVersion.swift
[2082/2133] Compiling X509 SEC1PrivateKey.swift
[2083/2133] Compiling X509 SecKeyWrapper.swift
[2084/2133] Compiling X509 Signature.swift
[2085/2133] Compiling X509 SignatureAlgorithm.swift
[2086/2133] Compiling X509 SubjectKeyIdentifier.swift
[2087/2133] Compiling X509 Extension.swift
[2088/2133] Compiling X509 Extensions.swift
[2089/2133] Compiling X509 ExtensionsBuilder.swift
[2090/2133] Compiling X509 GeneralName.swift
[2091/2133] Compiling X509 Lock.swift
[2092/2133] Compiling X509 LockedValueBox.swift
[2093/2133] Compiling X509 BasicOCSPResponse.swift
[2094/2133] Compiling X509 DirectoryString.swift
[2095/2133] Compiling X509 OCSPCertID.swift
[2096/2133] Compiling X509 OCSPCertStatus.swift
[2097/2133] Compiling X509 StateOrProvinceName.swift
[2098/2133] Compiling X509 StreetAddress.swift
[2099/2133] Compiling X509 Error.swift
[2100/2133] Compiling X509 AuthorityInformationAccess.swift
[2101/2133] Compiling X509 AuthorityKeyIdentifier.swift
[2102/2133] Compiling X509 BasicConstraints.swift
[2103/2133] Compiling X509 ExtendedKeyUsage.swift
[2104/2133] Compiling X509 ExtensionIdentifiers.swift
[2105/2133] Compiling X509 KeyUsage.swift
[2106/2133] Compiling X509 NameConstraints.swift
[2107/2133] Compiling X509 SubjectAlternativeName.swift
[2108/2133] Compiling X509 VersionPolicy.swift
[2109/2133] Compiling X509 ServerIdentityPolicy.swift
[2110/2133] Compiling X509 TrustRootLoading.swift
[2111/2133] Compiling X509 UnverifiedChain.swift
[2112/2133] Compiling X509 ValidatedCertificateChain.swift
[2113/2133] Compiling X509 VerificationDiagnostic.swift
[2114/2133] Compiling X509 Verifier.swift
[2115/2133] Emitting module NIOCore
[2123/2191] Compiling NIOPosix BSDSocketAPICommon.swift
[2124/2191] Compiling NIOPosix BSDSocketAPIPosix.swift
[2125/2191] Compiling NIOPosix BSDSocketAPIWindows.swift
[2126/2191] Compiling NIOPosix BaseSocket.swift
[2127/2191] Compiling NIOPosix BaseSocketChannel+AccessibleTransport.swift
[2128/2191] Compiling NIOPosix BaseSocketChannel+SocketOptionProvider.swift
[2129/2191] Compiling NIOPosix Linux.swift
[2130/2191] Compiling NIOPosix LinuxCPUSet.swift
[2131/2191] Compiling NIOPosix LinuxUring.swift
[2132/2191] Compiling NIOPosix MultiThreadedEventLoopGroup.swift
[2133/2193] Compiling NIOFoundationEssentialsCompat Codable+ByteBuffer.swift
[2134/2193] Emitting module NIOEmbedded
[2135/2193] Emitting module NIOFoundationEssentialsCompat
[2136/2193] Compiling NIOFoundationEssentialsCompat ByteBuffer-foundation.swift
[2137/2193] Emitting module X509
[2138/2193] Compiling NIOEmbedded AsyncTestingEventLoop.swift
[2139/2193] Compiling NIOEmbedded Embedded.swift
[2140/2193] Compiling NIOEmbedded AsyncTestingChannel.swift
[2147/2198] Compiling NIOPosix StructuredConcurrencyHelpers.swift
[2148/2198] Compiling NIOPosix System.swift
[2149/2198] Compiling NIOPosix Thread.swift
[2150/2198] Compiling NIOPosix ThreadPosix.swift
[2151/2198] Compiling NIOPosix ThreadWindows.swift
[2152/2198] Compiling NIOPosix SelectorWSAPoll.swift
[2153/2198] Compiling NIOPosix ServerSocket.swift
[2154/2198] Compiling NIOPosix Socket.swift
[2155/2198] Compiling NIOPosix SocketChannel.swift
[2156/2198] Compiling NIOPosix SocketProtocols.swift
[2157/2198] Compiling NIOPosix Utilities.swift
[2158/2198] Compiling NIOPosix VsockAddress.swift
[2159/2198] Compiling NIOPosix VsockChannelEvents.swift
[2160/2198] Compiling NIOPosix Windows.swift
[2161/2198] Compiling NIOPosix resource_bundle_accessor.swift
[2162/2198] Compiling NIOPosix SelectableChannel.swift
[2163/2198] Compiling NIOPosix SelectableEventLoop.swift
[2164/2198] Compiling NIOPosix SelectorEpoll.swift
[2165/2198] Compiling NIOPosix SelectorGeneric.swift
[2166/2198] Compiling NIOPosix SelectorKqueue.swift
[2167/2198] Compiling NIOPosix SelectorUring.swift
[2168/2198] Compiling NIOPosix Pool.swift
[2169/2198] Compiling NIOPosix PosixSingletons+ConcurrencyTakeOver.swift
[2170/2198] Compiling NIOPosix PosixSingletons.swift
[2171/2198] Compiling NIOPosix RawSocketBootstrap.swift
[2172/2198] Compiling NIOPosix Resolver.swift
[2173/2198] Compiling NIOPosix Selectable.swift
[2174/2198] Compiling NIOPosix FileDescriptor.swift
[2175/2198] Compiling NIOPosix GetaddrinfoResolver.swift
[2176/2198] Compiling NIOPosix HappyEyeballs.swift
[2177/2198] Compiling NIOPosix IO.swift
[2178/2198] Compiling NIOPosix IntegerBitPacking.swift
[2179/2198] Compiling NIOPosix IntegerTypes.swift
[2184/2198] Compiling NIOPosix NIOPosixSendableMetatype.swift
[2185/2198] Compiling NIOPosix NIORandomizedDNSResolver.swift
[2186/2198] Compiling NIOPosix NIOThreadPool.swift
[2187/2198] Compiling NIOPosix NonBlockingFileIO.swift
[2188/2198] Compiling NIOPosix PendingDatagramWritesManager.swift
[2189/2198] Compiling NIOPosix PendingWritesManager.swift
[2190/2198] Compiling NIOPosix PipeChannel.swift
[2191/2198] Compiling NIOPosix PipePair.swift
[2192/2198] Compiling NIOPosix BaseSocketChannel.swift
[2193/2198] Compiling NIOPosix BaseStreamSocketChannel.swift
[2194/2198] Compiling NIOPosix Bootstrap.swift
[2195/2198] Compiling NIOPosix ControlMessage.swift
[2196/2198] Compiling NIOPosix DatagramVectorReadManager.swift
[2197/2198] Compiling NIOPosix Errors+Any.swift
[2198/2198] Emitting module NIOPosix
[2199/2200] Compiling NIO Exports.swift
[2200/2200] Emitting module NIO
[2201/2240] Compiling NIOTLS TLSEvents.swift
[2202/2240] Compiling NIOSOCKS Errors.swift
[2203/2241] Compiling NIOSOCKS Helpers.swift
[2204/2241] Compiling NIOSOCKS AuthenticationMethod.swift
[2205/2241] Compiling NIOSOCKS ClientGreeting.swift
[2206/2241] Compiling NIOSOCKS SOCKSResponse.swift
[2207/2241] Compiling NIOFoundationCompat Exports.swift
[2208/2241] Compiling NIOFoundationCompat JSONSerialization+ByteBuffer.swift
[2209/2241] Compiling NIOFoundationCompat WaitSpinningRunLoop.swift
[2210/2241] Emitting module NIOFoundationCompat
[2211/2241] Compiling NIOSOCKS SelectedAuthenticationMethod.swift
[2212/2241] Compiling NIOSOCKS ClientStateMachine.swift
[2213/2241] Emitting module NIOSOCKS
[2214/2241] Compiling NIOSOCKS SOCKSClientHandler.swift
[2215/2241] Compiling NIOSOCKS SOCKSServerHandshakeHandler.swift
[2216/2241] Compiling NIOSOCKS Messages.swift
[2217/2241] Compiling NIOSOCKS SOCKSRequest.swift
[2218/2241] Compiling NIOTLS ApplicationProtocolNegotiationHandler.swift
[2219/2241] Compiling NIOTLS NIOTypedApplicationProtocolNegotiationHandler.swift
[2220/2241] Compiling NIOTLS ProtocolNegotiationHandlerStateMachine.swift
[2221/2241] Emitting module NIOTLS
[2222/2241] Compiling NIOTLS SNIHandler.swift
[2223/2241] Compiling NIOHTTP1 NIOTypedHTTPServerUpgradeHandler.swift
[2224/2242] Compiling NIOSOCKS ServerStateMachine.swift
[2225/2242] Compiling NIOHTTP1 NIOTypedHTTPClientUpgradeHandler.swift
[2226/2242] Compiling NIOHTTP1 NIOTypedHTTPClientUpgraderStateMachine.swift
[2227/2296] Compiling NIOSSL SSLCertificate.swift
[2228/2296] Compiling NIOSSL SSLCertificateExtensions.swift
[2229/2296] Compiling NIOHTTP1 NIOTypedHTTPServerUpgraderStateMachine.swift
[2230/2296] Emitting module NIOHTTP1
[2231/2296] Compiling NIOSSL LinuxCABundle.swift
[2232/2296] Compiling NIOSSL NIOSSLClientHandler.swift
[2233/2296] Compiling NIOSSL TLSConfiguration.swift
[2234/2296] Compiling NIOSSL IdentityVerification.swift
[2235/2296] Compiling NIOSSL ObjectIdentifier.swift
[2236/2296] Compiling NIOSSL PosixPort.swift
[2237/2296] Compiling NIOSSL SafeCompare.swift
[2238/2296] Compiling NIOSSL Zeroization.swift
[2239/2296] Compiling NIOSSL NIOSSLHandler.swift
[2240/2296] Compiling NIOSSL NIOSSLServerHandler.swift
[2241/2296] Compiling NIOSSL NIOSSLHandler+Configuration.swift
[2242/2296] Compiling NIOSSL SSLCallbacks.swift
[2243/2332] Emitting module NIOTransportServices
[2244/2334] Compiling NIOSSL NIOSSLSecureBytes.swift
[2245/2334] Compiling NIOSSL RNG.swift
[2246/2334] Compiling NIOExtras LengthFieldBasedFrameDecoder.swift
[2247/2334] Compiling NIOExtras LengthFieldPrepender.swift
[2248/2334] Compiling NIOExtras DebugInboundEventsHandler.swift
[2249/2334] Compiling NIOExtras NIORequestIdentifiable.swift
[2250/2334] Compiling NIOExtras PCAPRingBuffer.swift
[2251/2334] Compiling NIOSSL SubjectAlternativeName.swift
[2252/2334] Compiling NIOExtras FixedLengthFrameDecoder.swift
[2253/2334] Compiling NIOExtras HTTP1ProxyConnectHandler.swift
[2254/2334] Compiling NIOExtras NIOExtrasError.swift
[2255/2334] Compiling NIOExtras NIOLengthFieldBitLength.swift
[2256/2334] Compiling NIOExtras JSONRPCFraming+ContentLengthHeader.swift
[2257/2334] Compiling NIOExtras JSONRPCFraming.swift
[2258/2334] Compiling NIOExtras RequestResponseHandlers+State.swift
[2259/2334] Compiling NIOExtras RequestResponseWithIDHandler.swift
[2260/2334] Compiling NIOExtras MarkedCircularBuffer+PopFirstCheckMarked.swift
[2261/2334] Compiling NIOExtras QuiescingHelper.swift
[2262/2334] Compiling NIOExtras RequestResponseHandler.swift
[2263/2334] Compiling NIOHPACK IntegerCoding.swift
[2264/2335] Compiling NIOHTTPCompression HTTPRequestCompressor.swift
[2265/2335] Compiling NIOHPACK IndexedHeaderTable.swift
[2266/2335] Compiling NIOHPACK HuffmanTables.swift
[2267/2335] Compiling NIOTransportServices TCPOptions+SocketChannelOption.swift
[2268/2335] Compiling NIOTransportServices UDPOptions+SocketChannelOption.swift
[2269/2335] Compiling NIOHPACK HuffmanCoding.swift
[2270/2335] Compiling NIOHTTPCompression HTTPDecompressor.swift
[2271/2335] Compiling NIOHTTPCompression HTTPDecompression.swift
[2272/2335] Compiling NIOHTTPCompression HTTPCompression.swift
[2273/2335] Emitting module NIOHTTPCompression
[2274/2335] Compiling NIOHTTPCompression HTTPResponseCompressor.swift
[2281/2336] Compiling NIOHPACK StaticHeaderTable.swift
[2282/2336] Compiling NIOExtras LineBasedFrameDecoder.swift
[2289/2336] Compiling NIOExtras DebugOutboundEventsHandler.swift
[2292/2336] Emitting module NIOExtras
[2297/2336] Compiling NIOHPACK HeaderTables.swift
[2298/2336] Compiling NIOHPACK HPACKErrors.swift
[2299/2336] Compiling NIOHPACK HPACKEncoder.swift
[2302/2336] Emitting module NIOHPACK
[2303/2336] Compiling NIOHPACK HPACKHeader.swift
[2304/2336] Compiling NIOSSL SSLPublicKey.swift
[2305/2336] Compiling NIOSSL SecurityFrameworkCertificateVerification.swift
[2306/2336] Compiling NIOSSL String+unsafeUninitializedCapacity.swift
[2307/2339] Compiling NIOSSL AndroidCABundle.swift
[2308/2339] Compiling NIOSSL ByteBufferBIO.swift
[2309/2339] Compiling NIOSSL CustomPrivateKey.swift
[2310/2339] Compiling NIOSSL FreeBSDCABundle.swift
[2313/2339] Compiling NIOSSL SSLPrivateKey.swift
[2314/2361] Compiling NIOHTTP2 StateMachineResult.swift
[2315/2361] Compiling NIOHTTP2 ContentLengthVerifier.swift
[2316/2361] Compiling NIOHTTP2 DOSHeuristics.swift
[2317/2364] Emitting module NIOSSL
[2318/2403] Compiling NIOHTTP2 ReceivingDataState.swift
[2319/2403] Compiling NIOHTTP2 ReceivingGoAwayState.swift
[2320/2403] Compiling NIOHTTP2 ReceivingHeadersState.swift
[2321/2403] Compiling NIOHTTP2 QuiescingState.swift
[2322/2403] Compiling NIOHTTP2 RemotelyQuiescingState.swift
[2323/2403] Compiling NIOHTTP2 SendAndReceiveGoawayState.swift
[2324/2403] Compiling NIOExtras WritePCAPHandler.swift
[2325/2403] Compiling NIOHTTP2 HTTP2ChannelHandler+InboundStreamMultiplexer.swift
[2326/2403] Compiling NIOHTTP2 HTTP2ChannelHandler+InlineStreamMultiplexer.swift
[2327/2403] Compiling NIOHTTP2 HTTP2ChannelHandler.swift
[2328/2403] Compiling NIOHTTP2 HTTP2CommonInboundStreamMultiplexer.swift
[2329/2403] Compiling NIOHTTP2 HTTP2UserEvents.swift
[2330/2403] Compiling NIOHTTP2 InboundEventBuffer.swift
[2331/2403] Compiling NIOHTTP2 InboundWindowManager.swift
[2332/2403] Compiling NIOHTTP2 MultiplexerAbstractChannel.swift
[2333/2403] Compiling NIOHTTP2 NIOHTTP2FrameDelegate.swift
[2334/2403] Compiling NIOHTTP2 NIOHTTP2ServerConnectionManagementHandler+StateMachine.swift
[2335/2403] Compiling NIOHTTP2 NIOHTTP2ServerConnectionManagementHandler.swift
[2336/2403] Compiling NIOHTTP2 LocallyQuiescingState.swift
[2337/2403] Compiling NIOHTTP2 HTTP2ConnectionStateChange.swift
[2338/2403] Compiling NIOHTTP2 HTTP2Error.swift
[2339/2403] Compiling NIOHTTP2 HTTP2ErrorCode.swift
[2340/2403] Compiling NIOHTTP2 ReceivingRstStreamState.swift
[2341/2403] Compiling NIOHTTP2 ReceivingWindowUpdateState.swift
[2342/2403] Compiling NIOHTTP2 MaySendFrames.swift
[2343/2403] Compiling NIOHTTP2 SendingDataState.swift
[2344/2403] Compiling NIOHTTP2 SendingGoawayState.swift
[2345/2403] Compiling NIOHTTP2 SendingHeadersState.swift
[2346/2403] Compiling NIOHTTP2 SendingPushPromiseState.swift
[2347/2523] Emitting module NIOHTTP2
[2348/2523] Compiling PostgresNIO PostgresMessage+Error.swift
[2349/2523] Compiling PostgresNIO PostgresMessage+Identifier.swift
[2350/2523] Compiling PostgresNIO PostgresMessage+NotificationResponse.swift
[2351/2523] Compiling PostgresNIO PostgresMessage+RowDescription.swift
[2352/2523] Compiling PostgresNIO PostgresMessageType.swift
[2353/2523] Compiling PostgresNIO AuthenticationStateMachine.swift
[2354/2523] Compiling PostgresNIO CloseStateMachine.swift
[2355/2523] Compiling PostgresNIO Bytes+PostgresCodable.swift
[2356/2523] Compiling PostgresNIO Date+PostgresCodable.swift
[2357/2523] Compiling PostgresNIO Decimal+PostgresCodable.swift
[2358/2523] Compiling PostgresNIO Float+PostgresCodable.swift
[2359/2523] Compiling PostgresNIO Int+PostgresCodable.swift
[2360/2523] Compiling PostgresNIO JSON+PostgresCodable.swift
[2361/2523] Compiling PostgresNIO Range+PostgresCodable.swift
[2362/2523] Compiling NIOCertificateReloading CertificateReloader.swift
[2363/2523] Emitting module NIOCertificateReloading
[2364/2523] Compiling NIOCertificateReloading TimedCertificateReloader.swift
[2365/2523] Compiling PostgresNIO PostgresMessage+Sync.swift
[2366/2523] Compiling PostgresNIO PostgresMessage+Terminate.swift
[2367/2523] Compiling PostgresNIO PostgresMessageDecoder.swift
[2368/2523] Compiling PostgresNIO PostgresMessageEncoder.swift
[2369/2523] Compiling PostgresNIO PostgresMessage+0.swift
[2370/2523] Compiling PostgresNIO PostgresMessage+BackendKeyData.swift
[2371/2523] Compiling PostgresNIO PostgresMessage+DataRow.swift
[2372/2523] Compiling PostgresNIO PostgresData.swift
[2373/2523] Compiling PostgresNIO PostgresDataConvertible.swift
[2374/2523] Compiling PostgresNIO PostgresDataType.swift
[2375/2523] Compiling PostgresNIO PostgresRow.swift
[2376/2523] Compiling PostgresNIO PostgresConnection+Configuration+Deprecated.swift
[2377/2523] Compiling PostgresNIO PostgresData+UInt.swift
[2378/2523] Compiling PostgresNIO PostgresMessage+Authentication.swift
[2379/2523] Compiling PostgresNIO PostgresMessage+Bind.swift
[2380/2523] Compiling PostgresNIO PostgresMessage+Close.swift
[2381/2523] Compiling PostgresNIO PostgresMessage+CommandComplete.swift
[2382/2523] Compiling PostgresNIO PostgresMessage+Describe.swift
[2383/2523] Compiling PostgresNIO PostgresMessage+Execute.swift
[2384/2523] Compiling PostgresNIO PostgresMessage+ParameterDescription.swift
[2385/2523] Compiling PostgresNIO PostgresMessage+ParameterStatus.swift
[2386/2523] Compiling PostgresNIO PostgresData+JSONB.swift
[2387/2523] Compiling PostgresNIO PostgresData+Numeric.swift
[2388/2523] Compiling PostgresNIO PostgresData+Optional.swift
[2389/2523] Compiling PostgresNIO PostgresData+RawRepresentable.swift
[2390/2523] Compiling PostgresNIO PostgresData+Set.swift
[2391/2523] Compiling PostgresNIO PostgresData+String.swift
[2392/2523] Compiling PostgresNIO PostgresData+UUID.swift
[2393/2523] Compiling PostgresNIO PostgresMessage+Parse.swift
[2394/2523] Compiling PostgresNIO PostgresMessage+Password.swift
[2395/2523] Compiling PostgresNIO PostgresMessage+ReadyForQuery.swift
[2396/2523] Compiling PostgresNIO PostgresMessage+SASLResponse.swift
[2397/2523] Compiling PostgresNIO PostgresMessage+SSLRequest.swift
[2398/2523] Compiling PostgresNIO PostgresMessage+SimpleQuery.swift
[2399/2523] Compiling PostgresNIO PostgresMessage+Startup.swift
[2400/2523] Compiling PostgresNIO PostgresData+Bytes.swift
[2401/2523] Compiling PostgresNIO PostgresData+Date.swift
[2402/2523] Compiling PostgresNIO PostgresData+Decimal.swift
[2403/2523] Compiling PostgresNIO PostgresData+Double.swift
[2404/2523] Compiling PostgresNIO PostgresData+Float.swift
[2405/2523] Compiling PostgresNIO PostgresData+Int.swift
[2406/2523] Compiling PostgresNIO PostgresData+JSON.swift
[2407/2523] Compiling PostgresNIO ConnectCancelHandler.swift
[2408/2523] Compiling PostgresNIO PostgresConnection+Configuration.swift
[2409/2523] Compiling PostgresNIO PostgresConnection+CopyFrom.swift
[2410/2523] Compiling PostgresNIO PostgresConnection.swift
[2411/2523] Compiling PostgresNIO PostgresDatabase+PreparedQuery.swift
[2412/2523] Compiling PostgresNIO PostgresData+Array.swift
[2413/2523] Compiling PostgresNIO PostgresData+Bool.swift
[2414/2649] Compiling AsyncHTTPClient HTTPClientRequest.swift
[2415/2649] Compiling AsyncHTTPClient HTTPClientResponse.swift
[2416/2649] Compiling GRPCNIOTransportCore Result+Catching.swift
[2417/2649] Compiling GRPCNIOTransportCore Timer.swift
[2418/2649] Compiling GRPCNIOTransportCore ListeningServerTransport.swift
[2419/2649] Compiling GRPCNIOTransportCore OneOrManyQueue.swift
[2420/2655] Compiling GRPCNIOTransportCore ConstantAsyncSequence.swift
[2421/2655] Compiling GRPCNIOTransportCore ContentType.swift
[2422/2655] Compiling GRPCNIOTransportCore DebugOnly.swift
[2423/2655] Compiling GRPCNIOTransportCore DiscardingTaskGroup+CancellableHandle.swift
[2424/2655] Compiling GRPCNIOTransportCore EventLoopFuture+ChannelInitializer.swift
[2425/2655] Compiling GRPCNIOTransportCore FlushCoalescingHandler.swift
[2426/2655] Compiling GRPCNIOTransportCore GRPCStatusMessageMarshaller.swift
[2427/2655] Compiling GRPCNIOTransportCore IPv6ScopeID.swift
[2428/2655] Compiling GRPCNIOTransportCore MethodConfigs.swift
[2429/2655] Compiling GRPCNIOTransportCore MethodDescriptor+IsKnown.swift
[2430/2655] Compiling GRPCNIOTransportCore NIOChannel+WaitForActive.swift
[2431/2655] Compiling GRPCNIOTransportCore NIOChannelPipeline+GRPC.swift
[2432/2655] Compiling GRPCNIOTransportCore NIOSocketAddress+GRPCSocketAddress.swift
[2433/2655] Compiling GRPCNIOTransportCore DNSResolver.swift
[2434/2655] Compiling GRPCNIOTransportCore NameResolver+DNS.swift
[2435/2655] Compiling GRPCNIOTransportCore NameResolver+IPv4.swift
[2436/2655] Compiling GRPCNIOTransportCore NameResolver+IPv6.swift
[2437/2655] Compiling GRPCNIOTransportCore NameResolver+UDS.swift
[2438/2655] Compiling GRPCNIOTransportCore NameResolver+VSOCK.swift
[2439/2655] Compiling GRPCNIOTransportCore NameResolver.swift
[2440/2655] Emitting module GRPCNIOTransportCore
[2441/2655] Emitting module AsyncHTTPClient
[2442/2662] Compiling GRPCNIOTransportCore CompressionAlgorithm.swift
[2443/2662] Compiling GRPCNIOTransportCore Zlib.swift
[2444/2662] Compiling GRPCNIOTransportCore GRPCServerFlushNotificationHandler.swift
[2445/2662] Compiling GRPCNIOTransportCore ServerConnection.swift
[2446/2662] Compiling GRPCNIOTransportCore ServerConnectionManagementHandler+StateMachine.swift
[2447/2662] Compiling GRPCNIOTransportCore ServerConnectionManagementHandler.swift
[2448/2662] Compiling GRPCNIOTransportCore ConnectionConfigurator.swift
[2449/2662] Compiling GRPCNIOTransportCore CustomTransport.swift
[2450/2662] Compiling GRPCNIOTransportCore Backoff.swift
[2451/2662] Compiling GRPCNIOTransportCore ClientConnectionHandler.swift
[2452/2662] Compiling GRPCNIOTransportCore Connection.swift
[2453/2662] Compiling GRPCNIOTransportCore ConnectionFactory.swift
[2461/2674] Compiling GRPCNIOTransportCore HTTP2ServerTransport.swift
[2462/2674] Compiling GRPCNIOTransportCore ListenerConfigurator.swift
[2463/2674] Compiling GRPCNIOTransportCore ListenerFactory.swift
[2464/2674] Compiling AsyncHTTPClient SSLContextCache.swift
[2465/2674] Compiling AsyncHTTPClient Scheme.swift
[2466/2674] Compiling AsyncHTTPClient Singleton.swift
[2467/2674] Compiling AsyncHTTPClient StringConvertibleInstances.swift
[2468/2674] Compiling AsyncHTTPClient StructuredConcurrencyHelpers.swift
[2469/2674] Compiling AsyncHTTPClient TracingSupport.swift
[2470/2674] Compiling AsyncHTTPClient Utils.swift
[2471/2674] Compiling PostgresNIO String+PostgresCodable.swift
[2472/2674] Compiling PostgresNIO UUID+PostgresCodable.swift
[2473/2674] Compiling GRPCNIOTransportCore GRPCServerStreamHandler.swift
[2479/2674] Compiling GRPCNIOTransportCore NameResolverRegistry.swift
[2480/2674] Compiling GRPCNIOTransportCore SocketAddress.swift
[2481/2674] Compiling GRPCNIOTransportCore WrappedChannel+Config.swift
[2482/2674] Compiling GRPCNIOTransportCore WrappedChannel+State.swift
[2483/2674] Compiling GRPCNIOTransportCore WrappedChannel.swift
[2487/2674] Compiling GRPCNIOTransportCore ConnectivityState.swift
[2488/2674] Compiling GRPCNIOTransportCore GRPCChannel.swift
[2489/2674] Compiling GRPCNIOTransportCore LoadBalancer.swift
[2514/2674] Compiling AsyncHTTPClient HTTPConnectionPool+StateMachine.swift
[2515/2674] Compiling AsyncHTTPClient ConnectionTarget.swift
[2516/2674] Compiling AsyncHTTPClient DeconstructedURL.swift
[2517/2674] Compiling AsyncHTTPClient FileDownloadDelegate.swift
[2518/2674] Compiling AsyncHTTPClient FoundationExtensions.swift
[2519/2674] Compiling AsyncHTTPClient HTTPClient+HTTPCookie.swift
[2520/2674] Compiling AsyncHTTPClient HTTPClient+Proxy.swift
[2521/2674] Emitting module PostgresNIO
[2522/2674] Compiling GRPCNIOTransportCore GRPCMessageDecoder.swift
[2523/2674] Compiling GRPCNIOTransportCore GRPCMessageFramer.swift
[2524/2674] Compiling GRPCNIOTransportCore GRPCNIOTransportBytes.swift
[2525/2674] Compiling GRPCNIOTransportCore GRPCStreamStateMachine.swift
[2526/2674] Compiling GRPCNIOTransportCore Base64.swift
[2527/2674] Compiling GRPCNIOTransportCore CallOptions+MethodConfig.swift
[2528/2674] Compiling GRPCNIOTransportCore Channel+AddressInfo.swift
[2603/2674] Compiling PostgresNIO PostgresColumns.swift
[2604/2674] Compiling PostgresNIO PostgresFrontendMessageEncoder.swift
[2605/2674] Compiling PostgresNIO PostgresNotificationSequence.swift
[2606/2674] Compiling PostgresNIO PostgresQuery.swift
[2607/2674] Compiling PostgresNIO PostgresRowSequence.swift
[2608/2674] Compiling PostgresNIO PostgresTransactionError.swift
[2609/2674] Compiling PostgresNIO PreparedStatement.swift
[2610/2674] Compiling PostgresNIO VariadicGenerics.swift
[2611/2674] Compiling PostgresNIO ConnectionFactory.swift
[2612/2674] Compiling PostgresNIO PostgresClient.swift
[2613/2674] Compiling PostgresNIO PostgresClientMetrics.swift
[2614/2674] Compiling PostgresNIO Postgres+PSQLCompat.swift
[2639/2698] Compiling GRPCNIOTransportHTTP2Posix SwallowFcntlFailedErrorHandler.swift
[2640/2698] Compiling GRPCNIOTransportHTTP2Posix ValidatedCertificateChain.swift
[2641/2698] Compiling PostgresNIO PostgresDatabase+Query.swift
[2642/2698] Compiling PostgresNIO PostgresDatabase+SimpleQuery.swift
[2643/2698] Compiling PostgresNIO PostgresDatabase.swift
[2644/2698] Compiling PostgresNIO PostgresRequest.swift
[2645/2698] Compiling PostgresNIO Exports.swift
[2646/2698] Compiling PostgresNIO NIOUtils.swift
[2647/2698] Compiling PostgresNIO PostgresError+Code.swift
[2648/2698] Compiling PostgresNIO PostgresError.swift
[2649/2698] Compiling PostgresNIO PostgresJSONDecoder.swift
[2650/2698] Compiling PostgresNIO PostgresJSONEncoder.swift
[2651/2698] Compiling PostgresNIO SASLAuthentication+SCRAM-SHA256.swift
[2652/2698] Compiling PostgresNIO SASLAuthenticationManager.swift
[2653/2698] Compiling GRPCNIOTransportHTTP2TransportServices HTTP2ServerTransport+TransportServices.swift
[2654/2698] Compiling GRPCNIOTransportHTTP2Posix NIOClientBootstrap+SocketAddress.swift
[2655/2698] Compiling GRPCNIOTransportHTTP2Posix NIOSSL+GRPC.swift
[2656/2698] Compiling GRPCNIOTransportHTTP2TransportServices Exports.swift
error: emit-module command failed with exit code 1 (use -v to see invocation)
[2657/2698] Compiling GRPCNIOTransportHTTP2TransportServices HTTP2ClientTransport+TransportServices.swift
[2658/2698] Emitting module GRPCNIOTransportHTTP2TransportServices
/Users/admin/builder/spi-builder-workspace/.build/checkouts/grpc-swift-nio-transport/Sources/GRPCNIOTransportHTTP2TransportServices/Config+TLS.swift:101:16: error: stored property 'additionalCertificates' of 'Sendable'-conforming struct 'TLS' has non-sendable type '[SecCertificate]'
99 | /// when the peer requires the full chain for verification.
100 | @available(gRPCSwiftNIOTransport 2.5, *)
101 | public var additionalCertificates: [SecCertificate]
| `- error: stored property 'additionalCertificates' of 'Sendable'-conforming struct 'TLS' has non-sendable type '[SecCertificate]'
102 |
103 | /// Create a new HTTP2 NIO Transport Services transport TLS config.
Security.SecCertificate:1:14: note: class 'SecCertificate' does not conform to the 'Sendable' protocol
1 | public class SecCertificate : _CFObject {
| `- note: class 'SecCertificate' does not conform to the 'Sendable' protocol
2 | }
/Users/admin/builder/spi-builder-workspace/.build/checkouts/grpc-swift-nio-transport/Sources/GRPCNIOTransportHTTP2TransportServices/Config+TLS.swift:257:16: error: stored property 'additionalCertificates' of 'Sendable'-conforming struct 'TLS' has non-sendable type '[SecCertificate]'
255 | /// when the peer requires the full chain for verification.
256 | @available(gRPCSwiftNIOTransport 2.5, *)
257 | public var additionalCertificates: [SecCertificate]
| `- error: stored property 'additionalCertificates' of 'Sendable'-conforming struct 'TLS' has non-sendable type '[SecCertificate]'
258 |
259 | /// Create a new HTTP2 NIO Transport Services transport TLS config.
Security.SecCertificate:1:14: note: class 'SecCertificate' does not conform to the 'Sendable' protocol
1 | public class SecCertificate : _CFObject {
| `- note: class 'SecCertificate' does not conform to the 'Sendable' protocol
2 | }
[2659/2698] Compiling GRPCNIOTransportHTTP2TransportServices Config+TLS.swift
/Users/admin/builder/spi-builder-workspace/.build/checkouts/grpc-swift-nio-transport/Sources/GRPCNIOTransportHTTP2TransportServices/Config+TLS.swift:101:16: error: stored property 'additionalCertificates' of 'Sendable'-conforming struct 'TLS' has non-sendable type '[SecCertificate]'
99 | /// when the peer requires the full chain for verification.
100 | @available(gRPCSwiftNIOTransport 2.5, *)
101 | public var additionalCertificates: [SecCertificate]
| `- error: stored property 'additionalCertificates' of 'Sendable'-conforming struct 'TLS' has non-sendable type '[SecCertificate]'
102 |
103 | /// Create a new HTTP2 NIO Transport Services transport TLS config.
Security.SecCertificate:1:14: note: class 'SecCertificate' does not conform to the 'Sendable' protocol
1 | public class SecCertificate : _CFObject {
| `- note: class 'SecCertificate' does not conform to the 'Sendable' protocol
2 | }
/Users/admin/builder/spi-builder-workspace/.build/checkouts/grpc-swift-nio-transport/Sources/GRPCNIOTransportHTTP2TransportServices/Config+TLS.swift:257:16: error: stored property 'additionalCertificates' of 'Sendable'-conforming struct 'TLS' has non-sendable type '[SecCertificate]'
255 | /// when the peer requires the full chain for verification.
256 | @available(gRPCSwiftNIOTransport 2.5, *)
257 | public var additionalCertificates: [SecCertificate]
| `- error: stored property 'additionalCertificates' of 'Sendable'-conforming struct 'TLS' has non-sendable type '[SecCertificate]'
258 |
259 | /// Create a new HTTP2 NIO Transport Services transport TLS config.
Security.SecCertificate:1:14: note: class 'SecCertificate' does not conform to the 'Sendable' protocol
1 | public class SecCertificate : _CFObject {
| `- note: class 'SecCertificate' does not conform to the 'Sendable' protocol
2 | }
[2660/2698] Emitting module GRPCNIOTransportHTTP2Posix
[2661/2698] Compiling PostgresNIO RowDescription.swift
[2662/2698] Compiling PostgresNIO NotificationListener.swift
[2663/2698] Compiling PostgresNIO PSQLError.swift
[2664/2698] Compiling PostgresNIO PSQLEventsHandler.swift
[2665/2698] Compiling PostgresNIO PSQLPreparedStatement.swift
[2666/2698] Compiling PostgresNIO PSQLRowStream.swift
[2667/2698] Compiling PostgresNIO PSQLTask.swift
[2668/2698] Compiling PostgresNIO PostgresBackendMessage.swift
[2669/2698] Compiling PostgresNIO PostgresBackendMessageDecoder.swift
[2670/2698] Compiling PostgresNIO PostgresCell.swift
[2671/2698] Compiling PostgresNIO PostgresChannelHandler.swift
[2672/2698] Compiling PostgresNIO PostgresCodable.swift
[2673/2698] Compiling PostgresNIO AnyErrorContinuation.swift
[2674/2698] Compiling PostgresNIO ByteBuffer+PSQL.swift
[2675/2698] Compiling PostgresNIO Logging+PSQL.swift
[2676/2698] Compiling PostgresNIO Authentication.swift
[2677/2698] Compiling PostgresNIO BackendKeyData.swift
[2678/2698] Compiling PostgresNIO CopyInMessage.swift
[2679/2698] Compiling PostgresNIO DataRow.swift
[2680/2698] Compiling PostgresNIO ErrorResponse.swift
[2681/2698] Compiling PostgresNIO NotificationResponse.swift
[2682/2698] Compiling PostgresNIO ParameterDescription.swift
[2683/2698] Compiling PostgresNIO ParameterStatus.swift
[2684/2698] Compiling PostgresNIO ReadyForQuery.swift
[2685/2698] Compiling GRPCNIOTransportHTTP2Posix HTTP2ClientTransport+Posix.swift
[2686/2698] Compiling GRPCNIOTransportHTTP2Posix Exports.swift
[2687/2698] Compiling GRPCNIOTransportHTTP2Posix Config+TLS.swift
[2688/2698] Compiling GRPCNIOTransportHTTP2Posix HTTP2ServerTransport+Posix.swift
Fetching https://github.com/vapor/postgres-nio.git
Fetching https://github.com/apple/swift-async-algorithms.git
Fetching https://github.com/hummingbird-project/swift-websocket.git
Fetching https://github.com/jpsim/Yams.git from cache
Fetching https://github.com/apple/swift-http-types.git from cache
Fetching https://github.com/apple/swift-log.git from cache
Fetching https://github.com/apple/swift-argument-parser from cache
[1/6680] Fetching swift-async-algorithms
[736/21434] Fetching swift-async-algorithms, postgres-nio
[1873/22506] Fetching swift-async-algorithms, postgres-nio, swift-websocket
Fetched https://github.com/apple/swift-async-algorithms.git from cache (1.38s)
[2015/15826] Fetching postgres-nio, swift-websocket
Fetching https://github.com/apple/swift-nio.git from cache
Fetched https://github.com/hummingbird-project/swift-websocket.git from cache (1.62s)
Fetching https://github.com/swift-server/async-http-client.git from cache
[10328/14754] Fetching postgres-nio
Fetched https://github.com/vapor/postgres-nio.git from cache (1.80s)
Fetching https://github.com/gradyzhuo/swift-kurrentdb.git
Fetched https://github.com/apple/swift-http-types.git from cache (1.87s)
Fetched https://github.com/jpsim/Yams.git from cache (1.88s)
Fetched https://github.com/apple/swift-log.git from cache (1.92s)
Fetched https://github.com/apple/swift-argument-parser from cache (1.93s)
[1/11679] Fetching swift-kurrentdb
Fetched https://github.com/swift-server/async-http-client.git from cache (1.58s)
Fetched https://github.com/apple/swift-nio.git from cache (3.03s)
Fetched https://github.com/gradyzhuo/swift-kurrentdb.git from cache (10.17s)
Computing version for https://github.com/hummingbird-project/swift-websocket.git
Computed https://github.com/hummingbird-project/swift-websocket.git at 1.5.0 (12.48s)
Fetching https://github.com/swift-server/swift-service-lifecycle
Fetching https://github.com/adam-fowler/compress-nio.git
Fetching https://github.com/apple/swift-nio-ssl.git from cache
Fetching https://github.com/apple/swift-nio-extras.git from cache
Fetching https://github.com/apple/swift-nio-transport-services.git from cache
[1/643] Fetching compress-nio
[130/3465] Fetching compress-nio, swift-service-lifecycle
Fetched https://github.com/swift-server/swift-service-lifecycle from cache (1.18s)
Fetched https://github.com/adam-fowler/compress-nio.git from cache (1.21s)
Fetched https://github.com/apple/swift-nio-transport-services.git from cache (1.23s)
Fetched https://github.com/apple/swift-nio-extras.git from cache (1.24s)
Fetched https://github.com/apple/swift-nio-ssl.git from cache (1.24s)
Computing version for https://github.com/gradyzhuo/swift-kurrentdb.git
Computed https://github.com/gradyzhuo/swift-kurrentdb.git at 2.3.0 (2.08s)
Fetching https://github.com/grpc/grpc-swift-protobuf.git
Fetching https://github.com/grpc/grpc-swift-nio-transport.git
Fetching https://github.com/grpc/grpc-swift-2.git
Fetching https://github.com/apple/swift-protobuf.git from cache
[1/2625] Fetching grpc-swift-protobuf
[2/8915] Fetching grpc-swift-protobuf, grpc-swift-nio-transport
[81/39962] Fetching grpc-swift-protobuf, grpc-swift-nio-transport, grpc-swift-2
Fetched https://github.com/grpc/grpc-swift-protobuf.git from cache (1.22s)
[3700/37337] Fetching grpc-swift-nio-transport, grpc-swift-2
Fetched https://github.com/grpc/grpc-swift-nio-transport.git from cache (5.31s)
Fetched https://github.com/grpc/grpc-swift-2.git from cache (5.31s)
Fetched https://github.com/apple/swift-protobuf.git from cache (5.41s)
Computing version for https://github.com/adam-fowler/compress-nio.git
Computed https://github.com/adam-fowler/compress-nio.git at 1.4.2 (5.89s)
Computing version for https://github.com/jpsim/Yams.git
Computed https://github.com/jpsim/Yams.git at 5.4.0 (3.12s)
Computing version for https://github.com/apple/swift-async-algorithms.git
Computed https://github.com/apple/swift-async-algorithms.git at 1.1.5 (0.48s)
Fetching https://github.com/apple/swift-collections.git from cache
Fetched https://github.com/apple/swift-collections.git from cache (2.27s)
Computing version for https://github.com/apple/swift-nio-extras.git
Computed https://github.com/apple/swift-nio-extras.git at 1.34.3 (4.69s)
Fetching https://github.com/apple/swift-certificates.git
Fetching https://github.com/apple/swift-asn1.git from cache
Fetching https://github.com/apple/swift-algorithms.git from cache
Fetching https://github.com/apple/swift-atomics.git from cache
Fetching https://github.com/apple/swift-http-structured-headers.git from cache
Fetching https://github.com/apple/swift-nio-http2.git from cache
[1/7501] Fetching swift-certificates
Fetched https://github.com/apple/swift-nio-http2.git from cache (1.17s)
Fetched https://github.com/apple/swift-certificates.git from cache (1.53s)
Fetched https://github.com/apple/swift-atomics.git from cache (1.55s)
Fetched https://github.com/apple/swift-http-structured-headers.git from cache (1.55s)
Fetched https://github.com/apple/swift-algorithms.git from cache (1.55s)
Fetched https://github.com/apple/swift-asn1.git from cache (1.55s)
Computing version for https://github.com/apple/swift-algorithms.git
Computed https://github.com/apple/swift-algorithms.git at 1.2.1 (2.11s)
Fetching https://github.com/apple/swift-numerics.git from cache
Fetched https://github.com/apple/swift-numerics.git from cache (1.19s)
Computing version for https://github.com/apple/swift-atomics.git
Computed https://github.com/apple/swift-atomics.git at 1.3.1 (1.64s)
Computing version for https://github.com/apple/swift-http-types.git
Computed https://github.com/apple/swift-http-types.git at 1.6.0 (0.46s)
Computing version for https://github.com/apple/swift-numerics.git
Computed https://github.com/apple/swift-numerics.git at 1.1.1 (0.43s)
Computing version for https://github.com/swift-server/swift-service-lifecycle
Computed https://github.com/swift-server/swift-service-lifecycle at 2.12.0 (0.44s)
Computing version for https://github.com/apple/swift-log.git
Computed https://github.com/apple/swift-log.git at 1.15.0 (0.44s)
Computing version for https://github.com/apple/swift-nio-ssl.git
Computed https://github.com/apple/swift-nio-ssl.git at 2.37.2 (0.45s)
Computing version for https://github.com/apple/swift-nio.git
Computed https://github.com/apple/swift-nio.git at 2.101.3 (0.63s)
Fetching https://github.com/apple/swift-system.git from cache
Fetched https://github.com/apple/swift-system.git from cache (1.38s)
Computing version for https://github.com/grpc/grpc-swift-2.git
Computed https://github.com/grpc/grpc-swift-2.git at 2.4.2 (1.87s)
Computing version for https://github.com/apple/swift-asn1.git
Computed https://github.com/apple/swift-asn1.git at 1.7.1 (0.53s)
Computing version for https://github.com/apple/swift-http-structured-headers.git
Computed https://github.com/apple/swift-http-structured-headers.git at 1.7.0 (0.43s)
Computing version for https://github.com/grpc/grpc-swift-protobuf.git
Computed https://github.com/grpc/grpc-swift-protobuf.git at 2.4.1 (0.46s)
Computing version for https://github.com/apple/swift-protobuf.git
Computed https://github.com/apple/swift-protobuf.git at 1.38.1 (0.47s)
Computing version for https://github.com/apple/swift-collections.git
Computed https://github.com/apple/swift-collections.git at 1.6.0 (0.57s)
Computing version for https://github.com/apple/swift-certificates.git
Computed https://github.com/apple/swift-certificates.git at 1.19.4 (0.57s)
Fetching https://github.com/apple/swift-crypto.git from cache
Fetched https://github.com/apple/swift-crypto.git from cache (1.78s)
Computing version for https://github.com/apple/swift-nio-transport-services.git
Computed https://github.com/apple/swift-nio-transport-services.git at 1.28.0 (2.25s)
Computing version for https://github.com/apple/swift-argument-parser
Computed https://github.com/apple/swift-argument-parser at 1.8.2 (0.44s)
Computing version for https://github.com/apple/swift-crypto.git
Computed https://github.com/apple/swift-crypto.git at 4.5.1 (1.02s)
Computing version for https://github.com/apple/swift-system.git
Computed https://github.com/apple/swift-system.git at 1.8.1 (0.46s)
Computing version for https://github.com/grpc/grpc-swift-nio-transport.git
Computed https://github.com/grpc/grpc-swift-nio-transport.git at 2.9.2 (0.47s)
Computing version for https://github.com/apple/swift-nio-http2.git
Computed https://github.com/apple/swift-nio-http2.git at 1.45.0 (0.44s)
Computing version for https://github.com/vapor/postgres-nio.git
Computed https://github.com/vapor/postgres-nio.git at 1.33.1 (0.45s)
Fetching https://github.com/apple/swift-metrics.git from cache
Fetched https://github.com/apple/swift-metrics.git from cache (1.20s)
Computing version for https://github.com/apple/swift-metrics.git
Computed https://github.com/apple/swift-metrics.git at 2.11.0 (1.65s)
Computing version for https://github.com/swift-server/async-http-client.git
Computed https://github.com/swift-server/async-http-client.git at 1.36.0 (0.45s)
Fetching https://github.com/apple/swift-distributed-tracing.git
[1/5998] Fetching swift-distributed-tracing
Fetched https://github.com/apple/swift-distributed-tracing.git from cache (1.42s)
Computing version for https://github.com/apple/swift-distributed-tracing.git
Computed https://github.com/apple/swift-distributed-tracing.git at 1.4.1 (1.87s)
Fetching https://github.com/apple/swift-service-context.git
[1/1323] Fetching swift-service-context
Fetched https://github.com/apple/swift-service-context.git from cache (1.42s)
Computing version for https://github.com/apple/swift-service-context.git
Computed https://github.com/apple/swift-service-context.git at 1.3.0 (1.89s)
Creating working copy for https://github.com/gradyzhuo/swift-kurrentdb.git
Working copy of https://github.com/gradyzhuo/swift-kurrentdb.git resolved at 2.3.0
Creating working copy for https://github.com/apple/swift-distributed-tracing.git
Working copy of https://github.com/apple/swift-distributed-tracing.git resolved at 1.4.1
Creating working copy for https://github.com/vapor/postgres-nio.git
Working copy of https://github.com/vapor/postgres-nio.git resolved at 1.33.1
Creating working copy for https://github.com/apple/swift-log.git
Working copy of https://github.com/apple/swift-log.git resolved at 1.15.0
Creating working copy for https://github.com/apple/swift-numerics.git
Working copy of https://github.com/apple/swift-numerics.git resolved at 1.1.1
Creating working copy for https://github.com/apple/swift-nio.git
Working copy of https://github.com/apple/swift-nio.git resolved at 2.101.3
Creating working copy for https://github.com/apple/swift-protobuf.git
Working copy of https://github.com/apple/swift-protobuf.git resolved at 1.38.1
Creating working copy for https://github.com/apple/swift-algorithms.git
Working copy of https://github.com/apple/swift-algorithms.git resolved at 1.2.1
Creating working copy for https://github.com/grpc/grpc-swift-protobuf.git
Working copy of https://github.com/grpc/grpc-swift-protobuf.git resolved at 2.4.1
Creating working copy for https://github.com/apple/swift-certificates.git
Working copy of https://github.com/apple/swift-certificates.git resolved at 1.19.4
Creating working copy for https://github.com/apple/swift-crypto.git
Working copy of https://github.com/apple/swift-crypto.git resolved at 4.5.1
Creating working copy for https://github.com/swift-server/async-http-client.git
Working copy of https://github.com/swift-server/async-http-client.git resolved at 1.36.0
Creating working copy for https://github.com/grpc/grpc-swift-2.git
Working copy of https://github.com/grpc/grpc-swift-2.git resolved at 2.4.2
Creating working copy for https://github.com/apple/swift-atomics.git
Working copy of https://github.com/apple/swift-atomics.git resolved at 1.3.1
Creating working copy for https://github.com/grpc/grpc-swift-nio-transport.git
Working copy of https://github.com/grpc/grpc-swift-nio-transport.git resolved at 2.9.2
Creating working copy for https://github.com/apple/swift-nio-extras.git
Working copy of https://github.com/apple/swift-nio-extras.git resolved at 1.34.3
Creating working copy for https://github.com/apple/swift-nio-ssl.git
Working copy of https://github.com/apple/swift-nio-ssl.git resolved at 2.37.2
Creating working copy for https://github.com/apple/swift-service-context.git
Working copy of https://github.com/apple/swift-service-context.git resolved at 1.3.0
Creating working copy for https://github.com/apple/swift-http-types.git
Working copy of https://github.com/apple/swift-http-types.git resolved at 1.6.0
Creating working copy for https://github.com/apple/swift-collections.git
Working copy of https://github.com/apple/swift-collections.git resolved at 1.6.0
Creating working copy for https://github.com/apple/swift-metrics.git
Working copy of https://github.com/apple/swift-metrics.git resolved at 2.11.0
Creating working copy for https://github.com/apple/swift-nio-transport-services.git
Working copy of https://github.com/apple/swift-nio-transport-services.git resolved at 1.28.0
Creating working copy for https://github.com/apple/swift-http-structured-headers.git
Working copy of https://github.com/apple/swift-http-structured-headers.git resolved at 1.7.0
Creating working copy for https://github.com/swift-server/swift-service-lifecycle
Working copy of https://github.com/swift-server/swift-service-lifecycle resolved at 2.12.0
Creating working copy for https://github.com/apple/swift-nio-http2.git
Working copy of https://github.com/apple/swift-nio-http2.git resolved at 1.45.0
Creating working copy for https://github.com/hummingbird-project/swift-websocket.git
Working copy of https://github.com/hummingbird-project/swift-websocket.git resolved at 1.5.0
Creating working copy for https://github.com/apple/swift-async-algorithms.git
Working copy of https://github.com/apple/swift-async-algorithms.git resolved at 1.1.5
Creating working copy for https://github.com/apple/swift-system.git
Working copy of https://github.com/apple/swift-system.git resolved at 1.8.1
Creating working copy for https://github.com/jpsim/Yams.git
Working copy of https://github.com/jpsim/Yams.git resolved at 5.4.0
Creating working copy for https://github.com/adam-fowler/compress-nio.git
Working copy of https://github.com/adam-fowler/compress-nio.git resolved at 1.4.2
Creating working copy for https://github.com/apple/swift-asn1.git
Working copy of https://github.com/apple/swift-asn1.git resolved at 1.7.1
Creating working copy for https://github.com/apple/swift-argument-parser
Working copy of https://github.com/apple/swift-argument-parser resolved at 1.8.2
Running build ...
env DEVELOPER_DIR=/Applications/Xcode-16.3.0.app xcrun swift build --arch arm64
[0/1] Planning build
[1/1] Compiling plugin PresenterCommandPlugin
[2/2] Compiling plugin GenerateKurrentDBProjectionsPlugin
[3/3] Compiling plugin ModelGeneratorPlugin
[4/4] Compiling plugin DomainEventGeneratorPlugin
[5/5] Compiling plugin GenerateManual
[6/6] Compiling plugin GenerateDoccReference
[7/7] Compiling plugin SwiftProtobufPlugin
[8/8] Compiling plugin generate-grpc-code-from-protos
[9/9] Compiling plugin GRPCProtobufGenerator
Building for debugging...
[9/16] Write swift-version-2F0A5646E1D333AE.txt
[11/93] Compiling ServiceContextModule ServiceContextKey.swift
[12/93] Emitting module ServiceContextModule
[13/93] Compiling ServiceContextModule ServiceContext.swift
[14/180] Compiling RealModule RealFunctions.swift
[15/181] Compiling SwiftProtobuf any.pb.swift
[16/181] Compiling SwiftProtobuf api.pb.swift
[17/182] Compiling SwiftProtobuf NameMap.swift
[18/182] Compiling SwiftProtobuf PathDecoder.swift
[19/182] Compiling SwiftProtobuf UnsafeRawPointer+Shims.swift
[20/182] Compiling SwiftProtobuf Varint.swift
[21/182] Compiling SwiftProtobuf WireFormat.swift
[22/182] Compiling SwiftProtobuf ZigZag.swift
[23/182] Compiling RealModule Float80+Real.swift
[24/182] Compiling RealModule Real.swift
[25/182] Compiling RealModule RelaxedArithmetic.swift
[26/182] Emitting module _CertificateInternals
[27/182] Compiling _CertificateInternals _TinyArray.swift
[28/182] Compiling InternalCollectionsUtilities _UniqueCollection.swift
[29/182] Compiling RealModule AugmentedArithmetic.swift
[30/182] Compiling RealModule Double+Real.swift
[31/182] Compiling NIOConcurrencyHelpers NIOLockedValueBox.swift
[32/182] Compiling NIOConcurrencyHelpers NIOLock.swift
[33/182] Compiling RealModule ElementaryFunctions.swift
[34/182] Compiling RealModule Float16+Real.swift
[35/182] Compiling RealModule Float+Real.swift
[36/182] Emitting module _NIOBase64
[37/182] Compiling _NIOBase64 Base64.swift
[38/202] Compiling _NIODataStructures Heap.swift
[39/202] Compiling Yams Parser.swift
[40/202] Compiling Yams Node.Scalar.swift
[41/202] Compiling _NIODataStructures PriorityQueue.swift
[42/202] Compiling _NIODataStructures _TinyArray.swift
[43/202] Compiling Yams Resolver.swift
[44/202] Compiling Yams String+Yams.swift
[45/202] Compiling Yams Decoder.swift
[46/202] Compiling Yams Emitter.swift
[47/202] Compiling NIOConcurrencyHelpers NIOAtomic.swift
[48/202] Compiling CryptoBoringWrapper resource_bundle_accessor.swift
[49/202] Emitting module RealModule
[50/202] Compiling CryptoBoringWrapper CryptoKitErrors_boring.swift
[51/202] Emitting module _NIODataStructures
[52/204] Compiling CryptoBoringWrapper RandomBytes.swift
[53/204] Compiling NIOConcurrencyHelpers lock.swift
[54/204] Compiling CryptoBoringWrapper EllipticCurve.swift
[55/222] Compiling Yams Node.Alias.swift
[56/222] Compiling Yams Node.Mapping.swift
[57/224] Compiling NIOConcurrencyHelpers NIOThreadPoolWorkAvailable.swift
[58/224] Compiling NIOConcurrencyHelpers atomics.swift
[59/224] Emitting module NIOConcurrencyHelpers
[60/224] Compiling CryptoBoringWrapper FiniteFieldArithmeticContext.swift
[61/224] Emitting module CryptoBoringWrapper
[62/224] Compiling CryptoBoringWrapper BoringSSLAEAD.swift
[63/235] Compiling SwiftASN1 TimeUtilities.swift
[64/235] Compiling SwiftASN1 UTCTime.swift
[65/241] Compiling SwiftASN1 ArraySliceBigint.swift
[66/241] Compiling SwiftASN1 GeneralizedTime.swift
[67/241] Compiling SwiftASN1 ASN1Integer.swift
[68/241] Compiling SwiftASN1 ASN1Null.swift
[69/241] Emitting module InternalCollectionsUtilities
[70/241] Compiling SwiftASN1 ASN1BitString.swift
[71/241] Compiling Yams Node.Sequence.swift
[72/241] Compiling SwiftASN1 PEMDocument.swift
[74/256] Compiling Instrumentation MultiplexInstrument.swift
[75/256] Compiling Instrumentation NoOpInstrument.swift
[76/256] Compiling DDDCore DomainEvent.swift
[77/256] Compiling DDDCore Entity.swift
[78/256] Emitting module Instrumentation
[79/256] Compiling Instrumentation Instrument.swift
[80/256] Compiling Instrumentation Locks.swift
[81/256] Compiling Instrumentation InstrumentationSystem.swift
[82/256] Emitting module PublishedLanguage
[83/256] Compiling PublishedLanguage PublishedLanguageEvent.swift
[84/256] Compiling CryptoBoringWrapper EllipticCurvePoint.swift
[85/256] Compiling CryptoBoringWrapper ArbitraryPrecisionInteger.swift
[87/256] Compiling SwiftASN1 ASN1Any.swift
[88/343] Compiling Crypto ASN1Any.swift
[89/343] Compiling Crypto ASN1BitString.swift
[90/343] Compiling Crypto Nonces.swift
[91/343] Compiling Crypto ASN1.swift
[92/345] Compiling DDDCore Repository.swift
[93/345] Compiling DDDCore UseCaseInput.swift
[94/345] Compiling DDDCore EventSubscriber.swift
[95/345] Compiling DDDCore UseCaseOutput.swift
[96/346] Compiling Logging SwiftLogNoOpLogHandler.swift
[97/346] Compiling Logging Logger+With.swift
unable to find node: pound
unable to find node: pound
[98/346] Compiling Logging Logger.swift
[99/346] Compiling Logging LoggingSystem.swift
[100/346] Compiling Logging Locks.swift
[101/360] Compiling Crypto HashFunctions_SHA2.swift
[102/360] Compiling Crypto AES-GCM.swift
[103/360] Compiling Crypto AES-GCM_boring.swift
[104/360] Compiling Crypto ChaChaPoly_boring.swift
[105/360] Compiling Crypto Digest.swift
[106/360] Compiling Crypto Digests.swift
[107/360] Compiling Crypto SubjectPublicKeyInfo.swift
[108/360] Compiling Crypto CryptoError_boring.swift
[109/360] Compiling Crypto HashFunctions.swift
[111/360] Emitting module Yams
[112/360] Compiling Yams YamlError.swift
[113/360] Compiling Yams YamlTagProviding.swift
[118/360] Compiling Crypto CryptoKitErrors.swift
[119/360] Compiling Crypto Digest_boring.swift
[120/360] Emitting module DDDCore
[123/360] Compiling Crypto PKCS8PrivateKey.swift
[124/360] Compiling Crypto SEC1PrivateKey.swift
[125/418] Compiling Logging LogHandler.swift
[126/418] Compiling Logging Logger+Attributes.swift
[127/418] Compiling Logging LogEvent.swift
[128/418] Compiling OrderedCollections OrderedDictionary+Equatable.swift
[129/418] Compiling OrderedCollections OrderedDictionary+ExpressibleByDictionaryLiteral.swift
[130/418] Emitting module Logging
unable to find node: pound
unable to find node: pound
[131/418] Compiling Logging MetadataProvider.swift
[134/418] Compiling OrderedCollections OrderedDictionary+Hashable.swift
[135/418] Compiling OrderedCollections OrderedDictionary+Initializers.swift
[136/418] Compiling OrderedCollections OrderedDictionary+Invariants.swift
[137/418] Compiling OrderedCollections OrderedSet+Partial SetAlgebra isDisjoint.swift
[138/418] Compiling OrderedCollections OrderedSet+Partial SetAlgebra isEqualSet.swift
[139/418] Compiling OrderedCollections _HashTable+Bucket.swift
[140/418] Compiling OrderedCollections _HashTable+BucketIterator.swift
[141/418] Compiling DDDCore Usecase.swift
[142/418] Compiling Crypto ANSIx963.swift
[143/418] Compiling Crypto HKDF.swift
[144/418] Compiling Crypto AESWrap.swift
[145/418] Compiling Crypto AESWrap_boring.swift
[146/418] Compiling Crypto Ed25519_boring.swift
[147/418] Compiling Crypto NISTCurvesKeys_boring.swift
[148/418] Compiling Crypto X25519Keys_boring.swift
[149/418] Compiling Crypto Curve25519.swift
[150/418] Compiling Crypto Ed25519Keys.swift
[151/427] Compiling Crypto MLKEM_wrapper.swift
[152/427] Compiling Crypto XWing_boring.swift
[153/427] Compiling Crypto KEM-Errors.swift
[154/427] Compiling Crypto KEM.swift
[155/427] Compiling Crypto MLKEM.swift
[156/427] Compiling Crypto XWing.swift
[157/427] Compiling Crypto ECDH_boring.swift
[158/427] Compiling Crypto DH.swift
[159/427] Compiling Crypto ECDH.swift
[160/427] Compiling Crypto HPKE-NIST-EC-KEMs.swift
[161/427] Compiling Crypto HPKE-KEM.swift
[162/427] Compiling Crypto HPKE-Errors.swift
[163/427] Compiling Crypto HPKE.swift
[164/427] Compiling Crypto HPKE-Context.swift
[165/427] Compiling Crypto HPKE-KeySchedule.swift
[166/427] Compiling Crypto HPKE-Modes.swift
[167/427] Compiling Crypto Insecure.swift
[168/427] Compiling Crypto Insecure_HashFunctions.swift
[169/427] Compiling Crypto MLKEM_boring.swift
[170/427] Compiling OrderedCollections OrderedSet+ExpressibleByArrayLiteral.swift
[171/427] Compiling OrderedCollections OrderedSet+Hashable.swift
[172/427] Compiling OrderedCollections OrderedSet+Partial SetAlgebra isStrictSubset.swift
[173/427] Compiling OrderedCollections OrderedSet+Partial SetAlgebra isStrictSuperset.swift
[174/427] Compiling OrderedCollections OrderedSet+Partial SetAlgebra isSubset.swift
[175/427] Compiling OrderedCollections OrderedSet+Partial SetAlgebra isSuperset.swift
[176/427] Compiling OrderedCollections OrderedSet+Partial SetAlgebra subtract.swift
[177/427] Compiling OrderedCollections OrderedSet+Partial SetAlgebra subtracting.swift
[178/427] Compiling Crypto ECDSA_boring.swift
[179/427] Compiling SwiftASN1 DER.swift
[182/428] Compiling OrderedCollections OrderedSet+Initializers.swift
[183/428] Compiling OrderedCollections OrderedSet+Insertions.swift
[184/428] Compiling OrderedCollections OrderedSet+Invariants.swift
[185/428] Compiling OrderedCollections OrderedSet+Move.swift
[186/428] Compiling OrderedCollections OrderedSet+Partial MutableCollection.swift
[187/428] Compiling OrderedCollections OrderedSet+Partial RangeReplaceableCollection.swift
[188/428] Compiling OrderedCollections OrderedSet+CustomReflectable.swift
[189/428] Compiling OrderedCollections OrderedSet+Descriptions.swift
[190/428] Compiling OrderedCollections OrderedSet+Diffing.swift
[191/428] Compiling OrderedCollections OrderedSet+Equatable.swift
[192/428] Compiling OrderedCollections OrderedSet+Partial SetAlgebra+Basics.swift
[193/428] Compiling OrderedCollections OrderedSet+RandomAccessCollection.swift
[194/428] Compiling OrderedCollections OrderedSet+ReserveCapacity.swift
[195/428] Compiling OrderedCollections OrderedSet+Sendable.swift
[196/428] Compiling OrderedCollections OrderedDictionary+Partial RangeReplaceableCollection.swift
[197/428] Compiling OrderedCollections OrderedDictionary+Sendable.swift
[198/428] Compiling OrderedCollections OrderedDictionary+Sequence.swift
[199/428] Compiling OrderedCollections OrderedDictionary+Values.swift
[200/428] Compiling OrderedCollections OrderedDictionary.swift
[201/428] Compiling OrderedCollections OrderedSet+Codable.swift
[202/428] Compiling OrderedCollections OrderedSet+Partial SetAlgebra intersection.swift
[207/428] Compiling OrderedCollections _HashTable+Constants.swift
[208/428] Compiling OrderedCollections _HashTable+CustomStringConvertible.swift
[209/428] Compiling OrderedCollections _HashTable+Testing.swift
[210/428] Compiling OrderedCollections _HashTable+UnsafeHandle.swift
[211/428] Compiling OrderedCollections _HashTable.swift
[217/428] Compiling OrderedCollections OrderedDictionary+Move.swift
[218/428] Compiling OrderedCollections OrderedDictionary+Partial MutableCollection.swift
[219/428] Compiling OrderedCollections OrderedSet+Partial SetAlgebra formIntersection.swift
[220/428] Compiling OrderedCollections OrderedSet+Partial SetAlgebra formSymmetricDifference.swift
[221/428] Compiling OrderedCollections OrderedSet+Partial SetAlgebra formUnion.swift
[222/428] Compiling OrderedCollections _Hashtable+Header.swift
[223/428] Compiling OrderedCollections OrderedDictionary+Codable.swift
[224/428] Compiling OrderedCollections OrderedDictionary+CustomReflectable.swift
[225/428] Compiling OrderedCollections OrderedDictionary+Deprecations.swift
[226/428] Compiling OrderedCollections OrderedDictionary+Descriptions.swift
[227/428] Compiling OrderedCollections OrderedDictionary+Elements.SubSequence.swift
[228/428] Compiling OrderedCollections OrderedDictionary+Elements.swift
[229/428] Compiling OrderedCollections OrderedSet+Partial SetAlgebra symmetricDifference.swift
[230/428] Compiling OrderedCollections OrderedSet+Partial SetAlgebra union.swift
[234/428] Compiling Tracing TracerProtocol.swift
[235/428] Compiling Tracing TracingTime.swift
[236/431] Emitting module Crypto
[237/431] Compiling Tracing TracerProtocol+Legacy.swift
[238/431] Compiling Tracing Tracer.swift
[239/488] Emitting module Yams
[240/488] Compiling DomainEventGenerator AccessLevel.swift
[241/488] Compiling DomainEventGenerator DomainEventGeneratorError.swift
[242/488] Compiling DomainEventGenerator KurrentDBProjectionEventItem.swift
[243/488] Compiling DomainEventGenerator PropertyGenerator.swift
[244/488] Compiling DomainEventGenerator EventFilterGenerator.swift
[245/488] Compiling DomainEventGenerator KurrentDBProjectionError.swift
[246/488] Compiling DomainEventGenerator EventDefinition.swift
[247/488] Compiling DomainEventGenerator ArgumentGenerator.swift
[248/488] Compiling DomainEventGenerator HeaderGenerator.swift
[249/488] Compiling DomainEventGenerator EventGenerator.swift
[250/488] Compiling DomainEventGenerator EventMigrationExtensionGenerator.swift
[251/488] Compiling DomainEventGenerator EventStructureGenerator.swift
[252/488] Compiling ContainersPreview Producer+Collect.swift
[253/488] Compiling ContainersPreview Producer+Filter.swift
[254/488] Compiling ContainersPreview Producer+Map.swift
[255/488] Compiling ContainersPreview Producer+Reduce.swift
[256/488] Compiling ContainersPreview BorrowingIteratorProtocol+Filter.swift
[257/488] Compiling ContainersPreview BorrowingIteratorProtocol+Map.swift
[258/488] Compiling ContainersPreview BorrowingIteratorProtocol+Reduce.swift
[259/488] Compiling ContainersPreview BorrowingIteratorProtocol+SpanwiseZip.swift
[260/488] Compiling ContainersPreview Producer.swift
[261/488] Compiling ContainersPreview InputSpan.swift
[262/488] Compiling ContainersPreview MutableRef.swift
[263/488] Compiling ContainersPreview Ref.swift
[264/488] Compiling ContainersPreview PermutableContainer.swift
[265/488] Compiling ContainersPreview RandomAccessContainer.swift
[266/488] Compiling ContainersPreview RangeExpression2.swift
[267/488] Compiling ContainersPreview RangeReplaceableContainer.swift
[268/491] Compiling DomainEventGenerator ProjectorGenerator.swift
[269/491] Compiling DomainEventGenerator EventProjectionDefinition.swift
[270/491] Compiling DomainEventGenerator KurrentDBProjectionGenerator.swift
[271/491] Compiling ContainersPreview Container+SpanwiseZip.swift
[272/491] Emitting module ContainersPreview
[281/491] Compiling DomainEventGenerator EventAggregateRootIdExtensionGenerator.swift
[282/491] Compiling DomainEventGenerator EventMapperGenerator.swift
[283/491] Compiling DomainEventGenerator AggregateRootGenerator.swift
[284/491] Compiling DomainEventGenerator ModelGenerator.swift
[289/491] Compiling ConcurrencyHelpers LockedValueBox.swift
[304/497] Compiling Tracing NoOpTracer.swift
[305/497] Emitting module Tracing
[306/497] Compiling Tracing InstrumentationSystem+Tracing.swift
[307/497] Compiling Tracing SpanProtocol.swift
[308/497] Compiling ContainersPreview Shared.swift
[309/497] Compiling ContainersPreview SpanIterator.swift
[310/497] Compiling ContainersPreview UniqueBox.swift
[311/497] Emitting module ConcurrencyHelpers
[312/497] Compiling ConcurrencyHelpers Lock.swift
[313/497] Compiling SwiftASN1 Errors.swift
[321/531] Emitting module DomainEventGenerator
[322/575] Compiling DequeModule RigidDeque+Insertions.swift
[323/575] Compiling DequeModule RigidDeque+Prepend.swift
[324/575] Compiling DequeModule RigidDeque+Removals.swift
[331/584] Compiling CoreMetrics MappingMetricsFactory.swift
[332/584] Compiling CoreMetrics WithMetricsFactory.swift
[333/584] Emitting module CoreMetrics
[334/584] Compiling CoreMetrics Locks.swift
[335/584] Compiling CoreMetrics Metrics.swift
[336/584] Compiling EventBus EventBus.swift
[337/584] Emitting module EventBus
[338/584] Compiling EventSourcing EventTypeFilter.swift
[339/585] Compiling DequeModule RigidDeque+Hashable.swift
[340/585] Compiling DequeModule RigidDeque+Initializers.swift
[344/585] Compiling DequeModule RigidDeque+Replacements.swift
[345/585] Compiling DequeModule RigidDeque+Testing.swift
[346/585] Compiling DequeModule RigidDeque.swift
[347/585] Compiling DequeModule UniqueDeque+Append.swift
[348/589] Compiling EventSourcing ReadModel.swift
[349/589] Compiling EventSourcing CQRSProjectorOutput.swift
[350/589] Compiling EventSourcing EventSourcingProjector.swift
[351/589] Compiling EventSourcing CQRSProjectorInput.swift
[352/589] Compiling DequeModule UniqueDeque+Replacements.swift
[353/589] Compiling DequeModule UniqueDeque+Consumption.swift
[354/589] Compiling DequeModule UniqueDeque+Container.swift
[355/589] Compiling DequeModule UniqueDeque+Deprecated.swift
[356/589] Compiling DequeModule UniqueDeque+Prepend.swift
[357/589] Compiling DequeModule UniqueDeque+Removals.swift
[358/589] Compiling DequeModule UniqueDeque+Descriptions.swift
[359/589] Compiling DequeModule UniqueDeque+Equatable.swift
[360/594] Compiling SwiftProtobuf duration.pb.swift
[361/594] Compiling SwiftProtobuf empty.pb.swift
[362/594] Compiling SwiftProtobuf field_mask.pb.swift
[363/594] Compiling SwiftProtobuf source_context.pb.swift
[364/594] Compiling SwiftProtobuf struct.pb.swift
[365/594] Compiling SwiftProtobuf timestamp.pb.swift
[366/594] Compiling SwiftProtobuf type.pb.swift
[367/594] Compiling SwiftProtobuf wrappers.pb.swift
[368/594] Compiling SwiftProtobuf resource_bundle_accessor.swift
[369/594] Compiling DequeModule Deque+Codable.swift
[370/594] Compiling DequeModule Deque+Collection.swift
[371/594] Emitting module DomainEventGenerator
[374/596] Compiling EventSourcing EventStorageCoordinator.swift
[375/596] Emitting module EventSourcing
[376/596] Compiling DequeModule Deque+CustomReflectable.swift
[377/596] Compiling DequeModule Deque+Descriptions.swift
[378/596] Compiling EventSourcing InMemoryStorageCoordinator.swift
[379/596] Compiling EventSourcing TransactionProvider.swift
[380/598] Compiling DequeModule Deque._UnsafeHandle.swift
[381/598] Compiling DequeModule Deque.swift
[382/598] Compiling DequeModule _DequeBuffer.swift
[383/598] Compiling DequeModule _DequeBufferHeader.swift
[384/598] Compiling DequeModule RigidDeque+Append.swift
[386/598] Compiling DomainEventGenerator PropertyDefinition.swift
[387/598] Compiling DequeModule UniqueDeque+Initializers.swift
[388/598] Compiling DequeModule RigidDeque+Consumption.swift
[389/598] Compiling DequeModule RigidDeque+Container.swift
[390/598] Compiling DequeModule RigidDeque+Descriptions.swift
[391/598] Compiling DequeModule RigidDeque+Equatable.swift
[392/598] Compiling DequeModule RigidDeque+Experimental.swift
[401/598] Compiling DequeModule UniqueDeque.swift
[402/598] Compiling DequeModule _DequeSlot.swift
[403/598] Compiling DequeModule _UnsafeDequeHandle.swift
[404/598] Compiling DequeModule _UnsafeDequeSegments.swift
[405/598] Compiling OrderedCollections OrderedSet+SubSequence.swift
[406/598] Compiling OrderedCollections OrderedSet+Testing.swift
[407/598] Compiling OrderedCollections OrderedSet+UnorderedView.swift
[408/598] Compiling OrderedCollections OrderedSet+UnstableInternals.swift
[409/598] Compiling OrderedCollections OrderedSet.swift
[410/598] Compiling OrderedCollections _UnsafeBitset.swift
[411/598] Compiling DequeModule Deque+Hashable.swift
[412/598] Compiling DequeModule Deque+Testing.swift
[413/598] Compiling DequeModule Deque._Storage.swift
[414/598] Compiling DequeModule UniqueDeque+Insertions.swift
[423/598] Compiling DomainEventGenerator MigrationDefinition.swift
[424/617] Compiling Atomics ManagedAtomic.swift
[425/617] Compiling Atomics UnsafeAtomicLazyReference.swift
[426/617] Compiling Atomics AtomicOptionalWrappable.swift
[427/617] Compiling Atomics DoubleWord.swift
[428/617] Compiling Atomics UnsafeAtomic.swift
[429/617] Compiling Atomics AtomicInteger.swift
[430/617] Compiling Atomics IntegerOperations.swift
[432/617] Compiling Atomics RawRepresentable.swift
[433/617] Compiling Atomics ManagedAtomicLazyReference.swift
[436/617] Compiling UnixSignals UnixSignal.swift
[437/617] Emitting module UnixSignals
[438/617] Compiling UnixSignals UnixSignalsSequence.swift
[459/617] Compiling Atomics AtomicReference.swift
[460/617] Compiling Atomics AtomicStorage.swift
[461/617] Compiling Atomics OptionalRawRepresentable.swift
[462/617] Emitting module Metrics
[463/617] Compiling Metrics Metrics.swift
[477/617] Compiling Atomics AtomicMemoryOrderings.swift
[499/618] Emitting module SwiftASN1
[500/618] Compiling Atomics PointerConformances.swift
[501/618] Compiling Atomics Primitives.native.swift
[506/627] Compiling Atomics AtomicBool.swift
[507/627] Compiling Atomics IntegerConformances.swift
[508/627] Compiling Atomics AtomicValue.swift
[509/627] Compiling Atomics Unmanaged extensions.swift
[512/653] Compiling Algorithms Indexed.swift
[513/653] Compiling Algorithms Intersperse.swift
[514/653] Compiling Algorithms Cycle.swift
[515/653] Compiling Algorithms Suffix.swift
[516/653] Compiling Algorithms Combinations.swift
[517/653] Compiling Algorithms Compacted.swift
[518/653] Compiling ReadModelPersistence ReadModelStoreError.swift
[519/653] Compiling ReadModelPersistence TransactionalReadModelStore.swift
[520/653] Compiling ReadModelPersistence StatefulEventSourcingProjector.swift
[521/653] Compiling ReadModelPersistence ReadModelPersistence.swift
[522/653] Compiling ReadModelPersistence ReadModelStore.swift
[523/653] Emitting module ReadModelPersistence
[524/653] Compiling ReadModelPersistence InMemoryReadModelStore.swift
[525/653] Emitting module ArgumentParserToolInfo
[526/653] Compiling ArgumentParserToolInfo ToolInfo.swift
[528/653] Compiling Algorithms Trim.swift
[529/653] Compiling Algorithms RandomSample.swift
[530/653] Compiling Algorithms Reductions.swift
[531/653] Compiling Algorithms Rotate.swift
[532/653] Compiling Algorithms EitherSequence.swift
[533/653] Compiling Algorithms FirstNonNil.swift
[534/653] Compiling Algorithms FlattenCollection.swift
[535/653] Compiling Algorithms Split.swift
[546/653] Compiling Algorithms Stride.swift
[547/653] Compiling Algorithms AdjacentPairs.swift
[548/653] Compiling Algorithms Chain.swift
[549/653] Compiling Algorithms Chunked.swift
[550/653] Compiling Algorithms Partition.swift
[551/653] Compiling Algorithms Permutations.swift
[552/653] Compiling Algorithms Product.swift
[556/765] Compiling ArgumentParser ArgumentHelp.swift
[557/765] Compiling ArgumentParser ArgumentVisibility.swift
[558/765] Compiling ArgumentParser CompletionKind.swift
[559/765] Compiling ArgumentParser Errors.swift
[560/765] Emitting module ArgumentParserToolInfo
[561/765] Compiling ArgumentParserToolInfo ToolInfo.swift
[562/765] Compiling ArgumentParser BashCompletionsGenerator.swift
[563/765] Compiling ArgumentParser CompletionsGenerator.swift
[564/765] Compiling ArgumentParser FishCompletionsGenerator.swift
[565/815] Compiling ArgumentParser SplitArguments.swift
[566/815] Compiling ArgumentParser DumpHelpGenerator.swift
[567/815] Compiling ArgumentParser Option.swift
[568/815] Compiling ArgumentParser OptionGroup.swift
[569/815] Compiling ArgumentParser ParentCommand.swift
[570/815] Emitting module OrderedCollections
[580/815] Compiling ArgumentParser AsyncParsableCommand.swift
[581/815] Compiling ArgumentParser CommandConfiguration.swift
[582/815] Compiling ArgumentParser Errors.swift
[583/815] Compiling ArgumentParser Flag.swift
[584/815] Compiling ArgumentParser NameSpecification.swift
[585/815] Compiling ArgumentParser ArgumentHelp.swift
[586/815] Compiling ArgumentParser ArgumentVisibility.swift
[587/815] Compiling ArgumentParser CompletionKind.swift
[588/815] Compiling ArgumentParser CommandGroup.swift
[589/815] Compiling ArgumentParser EnumerableFlag.swift
[590/815] Compiling ArgumentParser ExpressibleByArgument.swift
[591/815] Compiling ArgumentParser ParsableArguments.swift
[592/815] Compiling ArgumentParser ParsableCommand.swift
[593/815] Compiling ArgumentParser ZshCompletionsGenerator.swift
[594/815] Compiling ArgumentParser Argument.swift
[595/815] Compiling ArgumentParser ArgumentDiscussion.swift
[596/815] Compiling ArgumentParser HelpCommand.swift
[597/815] Compiling ArgumentParser HelpGenerator.swift
[598/815] Compiling ArgumentParser MessageInfo.swift
[599/815] Emitting module SwiftProtobuf
[600/815] Compiling CryptoExtras ObjectIdentifier.swift
[601/815] Compiling CryptoExtras PKCS8DERRepresentation.swift
[602/815] Compiling CryptoExtras I2OSP.swift
[603/815] Compiling CryptoExtras IntegerEncoding.swift
[604/815] Compiling CryptoExtras PEMDocument.swift
[605/815] Compiling CryptoExtras PrettyBytes.swift
[606/815] Compiling CryptoExtras SubjectPublicKeyInfo.swift
[607/815] Compiling CryptoExtras ThreadOps.swift
[608/815] Compiling CryptoExtras ThreadPosix.swift
[609/815] Compiling CryptoExtras Reexport.swift
[610/815] Compiling CryptoExtras Zeroization_boring.swift
[611/815] Compiling CryptoExtras BoringSSLHelpers.swift
[612/815] Compiling CryptoExtras CryptoKitErrors_boring.swift
[613/815] Compiling CryptoExtras Data+Extensions.swift
[614/815] Compiling CryptoExtras DigestType.swift
[615/815] Compiling CryptoExtras Error.swift
[619/815] Emitting module DequeModule
[626/815] Compiling ArgumentParser BashCompletionsGenerator.swift
[627/815] Compiling ArgumentParser CompletionsGenerator.swift
[628/815] Compiling ArgumentParser FishCompletionsGenerator.swift
[631/815] Emitting module ArgumentParser
[632/931] Compiling GRPCCore Coding.swift
[633/931] Compiling GRPCCore CompressionAlgorithm.swift
[634/931] Compiling GRPCCore AsyncSequenceOfOne.swift
[635/931] Compiling GRPCCore BroadcastAsyncSequence+RPCWriter.swift
[636/931] Compiling GRPCCore BroadcastAsyncSequence.swift
[637/931] Compiling GRPCCore GRPCAsyncThrowingStream.swift
[638/931] Compiling GRPCCore Status.swift
[639/931] Compiling GRPCCore ServerContext.swift
[640/931] Compiling GRPCCore ServerInterceptor.swift
[641/931] Compiling GRPCCore ServerRequest.swift
[642/931] Compiling GRPCCore ServerResponse.swift
[643/931] Compiling GRPCCore Metadata.swift
[644/931] Compiling GRPCCore MethodDescriptor.swift
[645/931] Compiling GRPCCore RPCError.swift
[646/931] Compiling GRPCCore RuntimeError.swift
[647/931] Compiling GRPCCore ServiceDescriptor.swift
[648/931] Compiling GRPCCore ClientRequest+Convenience.swift
[649/931] Compiling GRPCCore ClientResponse+Convenience.swift
[650/931] Compiling GRPCCore ClientRPCExecutor+RetryExecutor.swift
[651/931] Compiling GRPCCore ClientRPCExecutor.swift
[652/931] Emitting module Atomics
[653/931] Compiling GRPCCore CallOptions.swift
[654/931] Compiling GRPCCore ClientContext.swift
[655/931] Compiling GRPCCore ClientInterceptor.swift
[656/931] Compiling GRPCCore ClientRequest.swift
[657/931] Compiling GRPCCore ClientResponse.swift
[660/936] Compiling GRPCCore ClientStreamExecutor.swift
[661/936] Compiling GRPCCore RetryDelaySequence.swift
[662/936] Emitting module ArgumentParser
[670/936] Compiling ArgumentParser ParsableArgumentsValidation.swift
[671/936] Compiling ArgumentParser PositionalArgumentsValidator.swift
[672/936] Compiling ArgumentParser UniqueNamesValidator.swift
[673/936] Compiling GRPCCore RPCWriter+Closable.swift
[674/936] Compiling GRPCCore RPCWriter.swift
[675/936] Compiling GRPCCore RPCWriterProtocol.swift
[677/943] Compiling GRPCCore ServerRPCExecutor.swift
[678/943] Compiling AsyncAlgorithms BoundedBufferStateMachine.swift
[679/943] Compiling AsyncAlgorithms BoundedBufferStorage.swift
[680/943] Compiling GRPCCore ServerContext+RPCCancellationHandle.swift
[681/943] Compiling AsyncAlgorithms AsyncInterspersedSequence.swift
[682/943] Compiling AsyncAlgorithms Locking.swift
[683/943] Compiling GRPCCore MethodConfigs.swift
[684/943] Compiling GRPCCore Result+Catching.swift
[685/943] Compiling GRPCCore String+Extensions.swift
[686/943] Compiling GRPCCore TaskGroup+CancellableTask.swift
[687/943] Emitting module CryptoExtras
[688/958] Compiling GRPCCore ClientRPCExecutor+HedgingExecutor.swift
[689/958] Compiling AsyncAlgorithms DebounceStorage.swift
[690/958] Compiling GRPCCore GRPCContiguousBytes.swift
[691/958] Compiling GRPCCore MethodConfig.swift
[692/958] Compiling GRPCCore ServiceConfig.swift
[693/958] Compiling AsyncAlgorithms FlatMapLatestStorage.swift
[700/964] Compiling ArgumentParser NonsenseFlagsValidator.swift
[706/1034] Compiling NIOCore Codec.swift
[707/1034] Compiling NIOCore NIOAsyncWriter.swift
[708/1034] Compiling NIOCore NIOThrowingAsyncSequenceProducer.swift
[709/1034] Compiling NIOCore BSDSocketAPI.swift
[710/1034] Compiling NIOCore ByteBuffer-aux.swift
[711/1034] Compiling NIOCore IO.swift
[712/1034] Compiling NIOCore IOData.swift
[713/1034] Compiling NIOCore IPProtocol.swift
[714/1034] Compiling NIOCore IntegerBitPacking.swift
[715/1034] Compiling NIOCore IntegerTypes.swift
[716/1034] Compiling NIOCore Interfaces.swift
[717/1034] Compiling NIOCore ByteBuffer-binaryEncodedLengthPrefix.swift
[718/1034] Compiling NIOCore ByteBuffer-conversions.swift
[719/1034] Compiling NIOCore ByteBuffer-core.swift
[720/1034] Compiling NIOCore MarkedCircularBuffer.swift
[721/1034] Compiling NIOCore MulticastChannel.swift
[728/1034] Compiling NIOCore AsyncChannelInboundStream.swift
[729/1034] Compiling NIOCore AsyncChannelOutboundWriter.swift
[730/1034] Compiling NIOCore NIOAsyncSequenceProducer.swift
[731/1034] Compiling NIOCore NIOAsyncSequenceProducerStrategies.swift
[732/1034] Compiling NIOCore NIOPooledRecvBufferAllocator.swift
[733/1034] Compiling NIOCore NIOScheduledCallback.swift
[734/1034] Compiling NIOCore NIOSendable.swift
[735/1034] Compiling NIOCore NIOSplitLinesMessageDecoder.swift
[736/1034] Compiling NIOCore NIOTransportAccessibleChannelCore.swift
[737/1034] Compiling NIOCore RecvByteBufferAllocator.swift
[741/1034] Compiling NIOCore SingleStepByteToMessageDecoder.swift
[742/1034] Compiling NIOCore EventLoopFuture+Deprecated.swift
[743/1034] Compiling NIOCore EventLoopFuture+WithEventLoop.swift
[763/1034] Compiling NIOCore EventLoopFuture.swift
[764/1034] Compiling NIOCore FileDescriptor.swift
[765/1034] Compiling NIOCore FileHandle.swift
[766/1034] Compiling NIOCore NIODecodedAsyncSequence.swift
[767/1034] Compiling NIOCore NIOLoopBound.swift
[768/1034] Compiling NIOCore ConvenienceOptionSupport.swift
[769/1034] Compiling NIOCore DeadChannel.swift
[770/1034] Compiling NIOCore DispatchQueue+WithFuture.swift
[771/1034] Compiling NIOCore EventLoop+Deprecated.swift
[772/1034] Compiling NIOCore Linux.swift
[773/1034] Compiling NIOCore AddressedEnvelope.swift
[774/1034] Compiling NIOCore AsyncAwaitSupport.swift
[775/1034] Compiling NIOCore AsyncChannel.swift
[776/1034] Compiling NIOCore AsyncChannelHandler.swift
[788/1041] Compiling NIOCore EventLoopFuture+AssumeIsolated.swift
[789/1041] Compiling CryptoExtras ThreadWindows.swift
[790/1041] Compiling CryptoExtras DLEQ.swift
[791/1041] Compiling CryptoExtras Prover.swift
[792/1041] Compiling CryptoExtras Verifier.swift
[793/1041] Compiling CryptoExtras ZKPToolbox.swift
[794/1041] Compiling CryptoExtras resource_bundle_accessor.swift
[795/1041] Compiling NIOCore NIOCoreSendableMetatype.swift
[806/1041] Compiling NIOCore ChannelHandlers.swift
[807/1041] Compiling NIOCore ChannelInvoker.swift
[808/1041] Compiling NIOCore ChannelOption.swift
[809/1041] Compiling NIOCore ChannelPipeline.swift
[810/1041] Compiling NIOCore CircularBuffer.swift
[814/1041] Compiling NIOCore FileRegion.swift
[815/1041] Compiling NIOCore GlobalSingletons.swift
[816/1041] Compiling NIOCore ByteBuffer-hex.swift
[817/1041] Compiling NIOCore ByteBuffer-int.swift
[830/1041] Compiling NIOCore ByteBuffer-lengthPrefix.swift
[831/1041] Compiling NIOCore ByteBuffer-multi-int.swift
[832/1041] Compiling NIOCore ByteBuffer-quicBinaryEncodingStrategy.swift
[833/1041] Compiling NIOCore ByteBuffer-views.swift
[834/1041] Compiling NIOCore Channel.swift
[835/1041] Compiling NIOCore ChannelHandler.swift
[851/1041] Emitting module Algorithms
[859/1041] Compiling _ConnectionPoolModule PoolStateMachine+ConnectionGroup.swift
[860/1041] Compiling _ConnectionPoolModule PoolStateMachine+RequestQueue.swift
[861/1041] Compiling _ConnectionPoolModule PoolStateMachine+ConnectionState.swift
[921/1051] Compiling _ConnectionPoolModule PoolStateMachine.swift
[922/1051] Compiling generate ProjectionModel.swift
/Users/admin/builder/spi-builder-workspace/Sources/generate/ProjectionModel.swift:49:13: warning: initialization of immutable value 'aggregateRootGenerator' was never used; consider replacing with assignment to '_' or removing it
47 | let aggregateRootName = configuration.aggregateRootName ?? defaultAggregateRootName
48 |
49 | let aggregateRootGenerator = try AggregateRootGenerator(aggregateRootName: aggregateRootName, aggregateEventsYamlFileURL: .init(filePath: eventDefinitionPath))
| `- warning: initialization of immutable value 'aggregateRootGenerator' was never used; consider replacing with assignment to '_' or removing it
50 |
51 | let generator = try ModelGenerator(projectionModelYamlFileURL: .init(filePath: projectionModelDefinitionPath), aggregateRootName: aggregateRootName, aggregateEventsYamlFileURL: .init(filePath: eventDefinitionPath))
[923/1051] Compiling generate KurrentDBProjection.swift
[924/1051] Compiling generate EventMapper.swift
[925/1051] Compiling generate GenerateCommand.swift
[926/1051] Emitting module generate
[927/1051] Compiling generate Event.swift
[928/1051] Compiling generate EventFilter.swift
[929/1050] Compiling _ConnectionPoolModule TinyFastSequence.swift
[969/1057] Compiling _CryptoExtras Exports.swift
[970/1057] Emitting module _CryptoExtras
[973/1057] Compiling NIOCore NIOAny.swift
[974/1057] Compiling NIOCore NIOCloseOnErrorHandler.swift
[982/1057] Compiling NIOCore EventLoop+SerialExecutor.swift
[983/1057] Compiling NIOCore EventLoop.swift
[985/1057] Emitting module AsyncAlgorithms
[986/1057] Emitting module _ConnectionPoolModule
[989/1057] Compiling generate KurrentDBProjection.swift
[990/1057] Compiling generate ProjectionModel.swift
/Users/admin/builder/spi-builder-workspace/Sources/generate/ProjectionModel.swift:49:13: warning: initialization of immutable value 'aggregateRootGenerator' was never used; consider replacing with assignment to '_' or removing it
47 | let aggregateRootName = configuration.aggregateRootName ?? defaultAggregateRootName
48 |
49 | let aggregateRootGenerator = try AggregateRootGenerator(aggregateRootName: aggregateRootName, aggregateEventsYamlFileURL: .init(filePath: eventDefinitionPath))
| `- warning: initialization of immutable value 'aggregateRootGenerator' was never used; consider replacing with assignment to '_' or removing it
50 |
51 | let generator = try ModelGenerator(projectionModelYamlFileURL: .init(filePath: projectionModelDefinitionPath), aggregateRootName: aggregateRootName, aggregateEventsYamlFileURL: .init(filePath: eventDefinitionPath))
[991/1057] Compiling generate GenerateCommand.swift
[992/1057] Compiling generate EventFilter.swift
[993/1057] Compiling generate EventMapper.swift
[994/1057] Compiling generate Event.swift
[995/1057] Emitting module generate
[1009/1066] Emitting module GRPCCore
[1009/1175] Linking generate
[1010/1175] Applying generate
[1011/1175] Linking generate-tool
[1012/1175] Applying generate-tool
[1014/1175] Compiling GRPCProtobuf GoogleRPCStatus.swift
[1015/1176] Compiling ServiceLifecycle ServiceGroupConfiguration.swift
[1016/1176] Compiling ServiceLifecycle Service.swift
[1017/1176] Compiling ServiceLifecycle GracefulShutdown.swift
[1018/1176] Compiling ServiceLifecycle CancellationWaiter.swift
[1019/1176] Compiling ServiceLifecycle ServiceRunnerError.swift
[1020/1176] Compiling ServiceLifecycle ClosureService.swift
[1021/1176] Compiling ServiceLifecycle AsyncGracefulShutdownSequence.swift
[1022/1176] Emitting module ServiceLifecycle
[1023/1176] Compiling ServiceLifecycle AsyncCancelOnGracefulShutdownSequence.swift
[1024/1176] Compiling ServiceLifecycle ServiceGroup.swift
[1025/1176] Compiling GRPCProtobuf RPCError+GoogleRPCStatus.swift
[1026/1176] Compiling X509 OCSPVersion.swift
[1027/1176] Compiling X509 PKCS8PrivateKey.swift
[1028/1176] Compiling X509 PromiseAndFuture.swift
[1029/1176] Compiling X509 RDNAttribute.swift
[1030/1176] Compiling X509 RandomNumberGenerator+bytes.swift
[1031/1176] Compiling X509 RelativeDistinguishedName.swift
[1032/1176] Compiling X509 SEC1PrivateKey.swift
[1033/1176] Compiling X509 SubjectKeyIdentifier.swift
[1034/1176] Compiling X509 Extension.swift
[1035/1176] Compiling X509 Extensions.swift
[1036/1176] Compiling X509 ExtensionsBuilder.swift
[1037/1176] Compiling X509 GeneralName.swift
[1038/1176] Compiling X509 Lock.swift
[1039/1176] Compiling X509 LockedValueBox.swift
[1040/1176] Compiling GRPCProtobuf status.pb.swift
[1041/1176] Compiling GRPCProtobuf code.pb.swift
[1042/1176] Compiling GRPCProtobuf ErrorDetails.swift
[1043/1176] Compiling GRPCProtobuf ErrorDetails+Types.swift
[1044/1176] Compiling GRPCProtobuf ErrorDetails+AnyPacking.swift
[1045/1176] Compiling GRPCProtobuf ErrorDetails+CustomStringConvertible.swift
[1046/1176] Compiling GRPCProtobuf Coding.swift
[1047/1176] Compiling GRPCProtobuf ContiguousBytesAdapter.swift
[1048/1176] Emitting module GRPCProtobuf
[1049/1176] Compiling GRPCProtobuf error_details.pb.swift
[1050/1221] Compiling X509 CustomPrivateKey.swift
[1051/1221] Compiling X509 Digests.swift
[1052/1221] Compiling X509 DistinguishedName.swift
[1053/1221] Compiling X509 CommonName.swift
[1054/1221] Compiling X509 CountryName.swift
[1055/1221] Compiling X509 DNBuilder.swift
[1056/1221] Compiling X509 DomainComponent.swift
[1057/1221] Compiling X509 EmailAddress.swift
[1058/1221] Compiling X509 LocalityName.swift
[1059/1221] Compiling X509 OrganizationName.swift
[1060/1221] Compiling X509 OrganizationalUnitName.swift
[1061/1231] Compiling X509 CMSAttribute.swift
[1062/1231] Compiling X509 CMSContentInfo.swift
[1063/1231] Compiling X509 CMSEncapsulatedContentInfo.swift
[1064/1231] Compiling X509 CMSIssuerAndSerialNumber.swift
[1065/1231] Compiling X509 CMSOperations.swift
[1066/1231] Compiling X509 CMSSignature.swift
[1067/1231] Compiling X509 CMSSignedData.swift
[1068/1231] Compiling X509 CMSSignerIdentifier.swift
[1069/1231] Compiling X509 CMSSignerInfo.swift
[1070/1231] Compiling X509 CMSVersion.swift
[1071/1231] Compiling X509 Curve25519+DER.swift
[1072/1231] Compiling _GRPCProtobufGenerated google_rpc_code.grpc.swift
[1073/1231] Compiling _GRPCProtobufGenerated google_rpc_code.pb.swift
[1074/1231] Compiling _GRPCProtobufGenerated kurrent_rpc_errors.grpc.swift
[1075/1231] Compiling _GRPCProtobufGenerated kurrent_rpc_errors.pb.swift
[1076/1231] Compiling _GRPCProtobufGenerated kurrent_rpc_rpc.grpc.swift
[1077/1231] Compiling _GRPCProtobufGenerated kurrentdb_v1_persistent.pb.swift
[1078/1231] Compiling _GRPCProtobufGenerated kurrentdb_v1_projections.grpc.swift
[1079/1231] Compiling _GRPCProtobufGenerated kurrentdb_v1_projections.pb.swift
[1080/1231] Compiling _GRPCProtobufGenerated kurrentdb_v1_redaction.grpc.swift
[1081/1231] Compiling _GRPCProtobufGenerated kurrentdb_v1_redaction.pb.swift
[1082/1231] Compiling _GRPCProtobufGenerated kurrentdb_v2_registry_groups.pb.swift
[1083/1231] Compiling X509 CSRAttribute.swift
[1084/1231] Compiling X509 CSRAttributes.swift
[1085/1231] Compiling X509 CSRVersion.swift
[1086/1231] Compiling X509 CertificateSigningRequest.swift
[1087/1231] Compiling X509 CertificationRequestInfo.swift
[1088/1231] Compiling X509 ExtensionRequest.swift
[1089/1231] Compiling X509 Certificate.swift
[1090/1231] Compiling X509 CertificatePrivateKey.swift
[1091/1231] Compiling X509 CertificatePublicKey.swift
[1092/1231] Compiling X509 CertificateSerialNumber.swift
[1093/1231] Compiling X509 CertificateVersion.swift
[1101/1231] Compiling X509 BasicOCSPResponse.swift
[1102/1231] Compiling X509 DirectoryString.swift
[1103/1231] Compiling X509 OCSPCertID.swift
[1104/1231] Compiling X509 OCSPCertStatus.swift
[1105/1231] Compiling _GRPCProtobufGenerated kurrentdb_v2_registry_validation.grpc.swift
[1106/1231] Compiling _GRPCProtobufGenerated kurrentdb_v2_registry_validation.pb.swift
[1113/1231] Compiling X509 SecKeyWrapper.swift
[1114/1231] Compiling X509 Signature.swift
[1115/1231] Compiling X509 SignatureAlgorithm.swift
[1116/1231] Compiling _GRPCProtobufGenerated kurrentdb_v2_registry_errors.pb.swift
[1117/1231] Compiling _GRPCProtobufGenerated kurrentdb_v2_registry_events.grpc.swift
[1118/1231] Compiling _GRPCProtobufGenerated kurrentdb_v2_registry_events.pb.swift
[1119/1231] Compiling _GRPCProtobufGenerated kurrentdb_v2_registry_groups.grpc.swift
[1120/1231] Compiling _GRPCProtobufGenerated kurrentdb_v1_serverfeatures.grpc.swift
[1121/1231] Compiling _GRPCProtobufGenerated kurrentdb_v1_serverfeatures.pb.swift
[1122/1231] Compiling _GRPCProtobufGenerated kurrentdb_v1_shared.grpc.swift
[1123/1231] Compiling _GRPCProtobufGenerated kurrentdb_v1_shared.pb.swift
[1124/1231] Compiling _GRPCProtobufGenerated kurrentdb_v1_status.grpc.swift
[1125/1231] Compiling _GRPCProtobufGenerated kurrentdb_v1_monitoring.grpc.swift
[1126/1231] Compiling _GRPCProtobufGenerated kurrentdb_v1_monitoring.pb.swift
[1127/1231] Compiling _GRPCProtobufGenerated kurrentdb_v1_operations.grpc.swift
[1128/1231] Compiling _GRPCProtobufGenerated kurrentdb_v1_operations.pb.swift
[1129/1231] Compiling _GRPCProtobufGenerated kurrentdb_v1_persistent.grpc.swift
[1130/1231] Compiling _GRPCProtobufGenerated kurrentdb_v1_status.pb.swift
[1131/1231] Compiling _GRPCProtobufGenerated kurrentdb_v1_streams.grpc.swift
[1132/1231] Compiling _GRPCProtobufGenerated kurrentdb_v1_streams.pb.swift
[1133/1231] Compiling _GRPCProtobufGenerated kurrentdb_v1_users.grpc.swift
[1134/1231] Compiling _GRPCProtobufGenerated kurrentdb_v1_users.pb.swift
[1135/1231] Compiling _GRPCProtobufGenerated kurrentdb_v2_registry_shared.grpc.swift
[1136/1231] Compiling _GRPCProtobufGenerated kurrentdb_v2_registry_shared.pb.swift
[1141/1235] Compiling _GRPCProtobufGenerated kurrentdb_v2_registry_errors.grpc.swift
[1146/1235] Compiling X509 VerifierPolicy.swift
[1147/1235] Compiling X509 AlgorithmIdentifier.swift
[1148/1235] Compiling X509 ECDSASignature.swift
[1149/1235] Compiling X509 RSAPKCS1PublicKey.swift
[1150/1235] Compiling X509 SubjectPublicKeyInfo.swift
[1151/1235] Compiling X509 TBSCertificate.swift
[1152/1235] Compiling X509 Time.swift
[1153/1235] Compiling X509 TimeCalculations.swift
[1154/1235] Compiling X509 Validity.swift
[1155/1235] Compiling X509 X509SendableMetatype.swift
[1163/1235] Compiling _GRPCProtobufGenerated kurrent_rpc_rpc.pb.swift
[1164/1235] Compiling _GRPCProtobufGenerated kurrentdb_v1_cluster.grpc.swift
[1165/1235] Compiling _GRPCProtobufGenerated kurrentdb_v1_cluster.pb.swift
[1166/1235] Compiling _GRPCProtobufGenerated kurrentdb_v1_gossip.grpc.swift
[1167/1235] Compiling _GRPCProtobufGenerated kurrentdb_v1_gossip.pb.swift
[1184/1235] Compiling _GRPCProtobufGenerated kurrentdb_v2_streams_errors.grpc.swift
[1185/1235] Compiling _GRPCProtobufGenerated kurrentdb_v2_streams_errors.pb.swift
[1186/1235] Compiling _GRPCProtobufGenerated kurrentdb_v2_streams_streams.grpc.swift
[1187/1235] Compiling _GRPCProtobufGenerated kurrentdb_v2_streams_streams.pb.swift
[1194/1235] Compiling _GRPCProtobufGenerated kurrentdb_v2_registry_schemas.grpc.swift
[1195/1235] Compiling _GRPCProtobufGenerated kurrentdb_v2_registry_schemas.pb.swift
[1196/1235] Compiling _GRPCProtobufGenerated kurrentdb_v2_registry_service.grpc.swift
[1197/1235] Compiling _GRPCProtobufGenerated kurrentdb_v2_registry_service.pb.swift
[1208/1235] Emitting module X509
[1209/1235] Emitting module NIOCore
[1210/1235] Emitting module _GRPCProtobufGenerated
[1211/1295] Compiling NIOPosix HappyEyeballs.swift
[1212/1295] Compiling NIOPosix IO.swift
[1213/1295] Compiling NIOPosix IntegerBitPacking.swift
[1214/1295] Compiling NIOPosix IntegerTypes.swift
[1215/1295] Compiling NIOPosix Linux.swift
[1216/1295] Compiling NIOPosix NIOThreadPool.swift
[1217/1295] Compiling NIOPosix NonBlockingFileIO.swift
[1218/1295] Compiling NIOPosix PendingDatagramWritesManager.swift
[1219/1295] Compiling NIOPosix PendingWritesManager.swift
[1220/1295] Compiling NIOPosix PipeChannel.swift
[1221/1295] Compiling NIOPosix LinuxCPUSet.swift
[1222/1295] Compiling NIOPosix LinuxUring.swift
[1223/1295] Compiling NIOPosix MultiThreadedEventLoopGroup.swift
[1224/1295] Compiling NIOPosix NIOPosixSendableMetatype.swift
[1225/1295] Compiling NIOPosix NIORandomizedDNSResolver.swift
[1226/1295] Compiling NIOFoundationEssentialsCompat Codable+ByteBuffer.swift
[1227/1295] Emitting module NIOFoundationEssentialsCompat
[1228/1295] Compiling NIOFoundationEssentialsCompat ByteBuffer-foundation.swift
[1229/1295] Compiling NIOEmbedded AsyncTestingEventLoop.swift
[1230/1295] Compiling NIOEmbedded AsyncTestingChannel.swift
[1231/1295] Emitting module NIOEmbedded
[1232/1295] Compiling NIOEmbedded Embedded.swift
[1233/1295] Compiling NIOPosix BSDSocketAPICommon.swift
[1234/1295] Compiling NIOPosix BSDSocketAPIPosix.swift
[1235/1295] Compiling NIOPosix BSDSocketAPIWindows.swift
[1236/1295] Compiling NIOPosix BaseSocket.swift
[1237/1295] Compiling NIOPosix BaseSocketChannel+AccessibleTransport.swift
[1238/1295] Compiling NIOPosix BaseSocketChannel+SocketOptionProvider.swift
[1239/1295] Compiling NIOPosix BaseSocketChannel.swift
[1240/1295] Compiling NIOPosix BaseStreamSocketChannel.swift
[1241/1295] Compiling NIOPosix Bootstrap.swift
[1242/1295] Compiling NIOPosix ControlMessage.swift
[1249/1300] Compiling NIOPosix SelectorWSAPoll.swift
[1250/1300] Compiling NIOPosix ServerSocket.swift
[1251/1300] Compiling NIOPosix Socket.swift
[1252/1300] Compiling NIOPosix SocketChannel.swift
[1253/1300] Compiling NIOPosix SocketProtocols.swift
[1254/1300] Compiling NIOPosix Pool.swift
[1255/1300] Compiling NIOPosix PosixSingletons+ConcurrencyTakeOver.swift
[1256/1300] Compiling NIOPosix PosixSingletons.swift
[1257/1300] Compiling NIOPosix RawSocketBootstrap.swift
[1258/1300] Compiling NIOPosix Resolver.swift
[1259/1300] Compiling NIOPosix Selectable.swift
[1260/1300] Compiling NIOPosix SelectableChannel.swift
[1261/1300] Compiling NIOPosix SelectableEventLoop.swift
[1262/1300] Compiling NIOPosix SelectorEpoll.swift
[1263/1300] Compiling NIOPosix SelectorGeneric.swift
[1264/1300] Compiling NIOPosix SelectorKqueue.swift
[1265/1300] Compiling NIOPosix SelectorUring.swift
[1266/1300] Compiling NIOPosix Utilities.swift
[1267/1300] Compiling NIOPosix VsockAddress.swift
[1268/1300] Compiling NIOPosix VsockChannelEvents.swift
[1269/1300] Compiling NIOPosix Windows.swift
[1270/1300] Compiling NIOPosix resource_bundle_accessor.swift
[1271/1300] Emitting module NIOPosix
[1272/1300] Compiling NIOPosix FileDescriptor.swift
[1273/1300] Compiling NIOPosix GetaddrinfoResolver.swift
[1278/1300] Compiling NIOPosix StructuredConcurrencyHelpers.swift
[1279/1300] Compiling NIOPosix System.swift
[1280/1300] Compiling NIOPosix Thread.swift
[1281/1300] Compiling NIOPosix ThreadPosix.swift
[1282/1300] Compiling NIOPosix ThreadWindows.swift
[1294/1300] Compiling NIOPosix PipePair.swift
[1299/1300] Compiling NIOPosix DatagramVectorReadManager.swift
[1300/1300] Compiling NIOPosix Errors+Any.swift
[1301/1302] Emitting module NIO
[1302/1302] Compiling NIO Exports.swift
[1303/1342] Compiling NIOTLS TLSEvents.swift
[1304/1342] Compiling NIOSOCKS Helpers.swift
[1305/1343] Compiling NIOFoundationCompat JSONSerialization+ByteBuffer.swift
[1306/1343] Compiling NIOFoundationCompat WaitSpinningRunLoop.swift
[1307/1343] Compiling NIOFoundationCompat Exports.swift
[1308/1343] Emitting module NIOFoundationCompat
[1309/1343] Compiling NIOHTTP1 HTTPEncoder.swift
[1310/1343] Compiling NIOHTTP1 HTTPHeaderValidator.swift
[1311/1343] Compiling NIOSOCKS SOCKSResponse.swift
[1312/1343] Emitting module NIOSOCKS
[1313/1343] Compiling NIOHTTP1 ByteCollectionUtils.swift
[1314/1343] Compiling NIOHTTP1 HTTPDecoder.swift
[1315/1343] Compiling NIOSOCKS SelectedAuthenticationMethod.swift
[1316/1343] Compiling NIOSOCKS ClientStateMachine.swift
[1317/1343] Compiling NIOTLS ProtocolNegotiationHandlerStateMachine.swift
[1318/1343] Compiling NIOTLS ApplicationProtocolNegotiationHandler.swift
[1319/1343] Compiling NIOTLS SNIHandler.swift
[1320/1343] Emitting module NIOTLS
[1321/1343] Compiling NIOTLS NIOTypedApplicationProtocolNegotiationHandler.swift
[1322/1343] Compiling NIOSOCKS Messages.swift
[1323/1343] Compiling NIOSOCKS Errors.swift
[1324/1343] Compiling NIOSOCKS SOCKSRequest.swift
[1325/1343] Compiling NIOSOCKS ServerStateMachine.swift
[1326/1343] Compiling NIOHTTP1 NIOTypedHTTPServerUpgradeHandler.swift
[1329/1344] Compiling NIOHTTP1 NIOTypedHTTPClientUpgradeHandler.swift
[1330/1344] Compiling NIOHTTP1 NIOTypedHTTPClientUpgraderStateMachine.swift
[1331/1344] Compiling NIOHTTP1 HTTPHeaders+Validation.swift
[1332/1344] Compiling NIOHTTP1 HTTPPipelineSetup.swift
[1333/1344] Compiling NIOHTTP1 HTTPServerPipelineHandler.swift
[1334/1344] Compiling NIOHTTP1 HTTPServerProtocolErrorHandler.swift
[1335/1344] Compiling NIOHTTP1 NIOHTTPClientUpgradeHandler.swift
[1336/1344] Compiling NIOHTTP1 NIOHTTPObjectAggregator.swift
[1337/1366] Compiling NIOHTTP1 NIOTypedHTTPServerUpgraderStateMachine.swift
[1338/1367] Emitting module NIOHTTP1
[1339/1367] Compiling NIOTransportServices AcceptHandler.swift
[1340/1367] Compiling NIOTransportServices NIOTSDatagramConnectionBootstrap.swift
[1341/1398] Compiling NIOSSL NIOSSLHandler.swift
[1342/1398] Compiling NIOSSL NIOSSLServerHandler.swift
[1343/1398] Compiling NIOSSL ObjectIdentifier.swift
[1344/1398] Compiling NIOSSL PosixPort.swift
[1345/1398] Compiling NIOSSL SSLConnection.swift
[1346/1398] Compiling NIOSSL SSLContext.swift
[1347/1436] Compiling NIOTransportServices TCPOptions+SocketChannelOption.swift
[1348/1436] Compiling NIOTransportServices UDPOptions+SocketChannelOption.swift
[1349/1436] Compiling NIOExtras RequestResponseHandlers+State.swift
[1350/1436] Compiling NIOExtras RequestResponseWithIDHandler.swift
[1351/1436] Compiling NIOExtras NIOExtrasError.swift
[1352/1436] Compiling NIOExtras NIOLengthFieldBitLength.swift
[1353/1436] Compiling NIOSSL SSLPrivateKey.swift
[1354/1436] Emitting module NIOTransportServices
[1355/1436] Compiling NIOHPACK DynamicHeaderTable.swift
[1356/1436] Compiling NIOHPACK HPACKDecoder.swift
[1357/1436] Compiling NIOExtras FixedLengthFrameDecoder.swift
[1358/1436] Compiling NIOExtras LineBasedFrameDecoder.swift
[1359/1436] Compiling NIOExtras MarkedCircularBuffer+PopFirstCheckMarked.swift
[1364/1436] Compiling NIOExtras NIORequestIdentifiable.swift
[1365/1436] Compiling NIOExtras PCAPRingBuffer.swift
[1368/1436] Compiling NIOExtras QuiescingHelper.swift
[1369/1436] Compiling NIOExtras RequestResponseHandler.swift
[1370/1437] Compiling NIOHTTPCompression HTTPDecompressor.swift
[1371/1437] Compiling NIOHTTPCompression HTTPRequestCompressor.swift
[1372/1437] Compiling NIOHTTPCompression HTTPDecompression.swift
[1373/1437] Compiling NIOHTTPCompression HTTPCompression.swift
[1374/1437] Emitting module NIOHTTPCompression
[1375/1437] Compiling NIOHTTPCompression HTTPResponseCompressor.swift
[1376/1437] Compiling NIOHPACK IntegerCoding.swift
[1377/1437] Compiling NIOHPACK IndexedHeaderTable.swift
[1378/1437] Compiling NIOHPACK HuffmanTables.swift
[1379/1437] Compiling NIOHPACK HuffmanCoding.swift
[1381/1438] Compiling NIOExtras HTTP1ProxyConnectHandler.swift
[1382/1438] Compiling NIOExtras JSONRPCFraming+ContentLengthHeader.swift
[1383/1438] Compiling NIOExtras JSONRPCFraming.swift
[1386/1438] Compiling NIOExtras LengthFieldBasedFrameDecoder.swift
[1387/1438] Compiling NIOExtras LengthFieldPrepender.swift
[1397/1438] Compiling NIOHPACK HeaderTables.swift
[1398/1438] Compiling NIOHPACK HPACKEncoder.swift
[1399/1438] Emitting module NIOExtras
[1400/1438] Compiling NIOHPACK HPACKErrors.swift
[1401/1438] Compiling NIOHPACK HPACKHeader.swift
[1404/1438] Emitting module NIOHPACK
[1406/1438] Compiling NIOSSL SecurityFrameworkCertificateVerification.swift
[1407/1438] Compiling NIOSSL String+unsafeUninitializedCapacity.swift
[1408/1441] Compiling NIOSSL SubjectAlternativeName.swift
[1409/1441] Compiling NIOSSL NIOSSLSecureBytes.swift
[1410/1441] Compiling NIOSSL RNG.swift
[1411/1441] Compiling NIOSSL SafeCompare.swift
[1412/1441] Compiling NIOSSL Zeroization.swift
[1413/1441] Compiling NIOSSL TLSConfiguration.swift
[1414/1441] Emitting module NIOSSL
[1415/1441] Compiling NIOHPACK StaticHeaderTable.swift
[1416/1441] Compiling NIOExtras WritePCAPHandler.swift
[1439/1441] Compiling NIOSSL UniversalBootstrapSupport.swift
[1440/1441] Compiling NIOSSL UnsafeKeyAndChainTarget.swift
[1441/1441] Compiling NIOSSL resource_bundle_accessor.swift
[1442/1508] Compiling NIOHTTP2 LocallyQuiescingState.swift
[1443/1508] Compiling NIOHTTP2 QuiescingState.swift
[1444/1508] Compiling NIOHTTP2 RemotelyQuiescingState.swift
[1445/1508] Compiling NIOHTTP2 SendAndReceiveGoawayState.swift
[1446/1508] Compiling NIOHTTP2 StateMachineResult.swift
[1447/1508] Compiling NIOHTTP2 ContentLengthVerifier.swift
[1448/1508] Compiling NIOHTTP2 DOSHeuristics.swift
[1449/1625] Compiling NIOCertificateReloading CertificateReloader.swift
[1450/1625] Emitting module NIOCertificateReloading
[1451/1625] Compiling NIOCertificateReloading TimedCertificateReloader.swift
[1452/1625] Compiling PostgresNIO PreparedStatement.swift
[1453/1625] Compiling PostgresNIO VariadicGenerics.swift
[1454/1625] Compiling PostgresNIO ConnectionFactory.swift
[1455/1625] Compiling PostgresNIO PostgresClient.swift
[1456/1625] Compiling PostgresNIO PostgresClientMetrics.swift
[1457/1625] Compiling PostgresNIO Postgres+PSQLCompat.swift
[1458/1625] Compiling PostgresNIO RowDescription.swift
[1459/1625] Compiling PostgresNIO PostgresMessage+RowDescription.swift
[1460/1625] Compiling PostgresNIO PostgresMessageType.swift
[1461/1625] Compiling PostgresNIO AuthenticationStateMachine.swift
[1462/1625] Compiling PostgresNIO CloseStateMachine.swift
[1463/1625] Compiling PostgresNIO ConnectionStateMachine.swift
[1464/1625] Compiling PostgresNIO ExtendedQueryStateMachine.swift
[1465/1625] Compiling PostgresNIO ListenStateMachine.swift
[1466/1625] Compiling PostgresNIO PostgresConnection+Configuration+Deprecated.swift
[1467/1625] Compiling PostgresNIO PostgresData+UInt.swift
[1468/1625] Compiling PostgresNIO PostgresMessage+Authentication.swift
[1469/1625] Compiling PostgresNIO PostgresMessage+Bind.swift
[1470/1625] Compiling PostgresNIO PostgresMessage+Close.swift
[1471/1625] Compiling PostgresNIO PostgresMessage+CommandComplete.swift
[1472/1625] Compiling PostgresNIO PostgresMessage+Describe.swift
[1473/1625] Compiling PostgresNIO PostgresMessage+Execute.swift
[1474/1625] Compiling PostgresNIO PostgresMessage+ParameterDescription.swift
[1475/1625] Compiling PostgresNIO PostgresMessage+ParameterStatus.swift
[1476/1625] Compiling PostgresNIO PostgresMessage+Parse.swift
[1477/1625] Compiling PostgresNIO PostgresMessage+Password.swift
[1478/1625] Emitting module NIOHTTP2
[1479/1637] Compiling PostgresNIO NotificationListener.swift
[1480/1637] Compiling PostgresNIO PSQLError.swift
[1481/1637] Compiling PostgresNIO PSQLEventsHandler.swift
[1482/1637] Compiling PostgresNIO PSQLPreparedStatement.swift
[1483/1637] Compiling PostgresNIO PSQLRowStream.swift
[1484/1637] Compiling PostgresNIO PSQLTask.swift
[1485/1637] Compiling PostgresNIO PostgresBackendMessage.swift
[1486/1637] Compiling PostgresNIO PostgresBackendMessageDecoder.swift
[1487/1637] Compiling PostgresNIO PostgresCell.swift
[1488/1637] Compiling PostgresNIO PostgresChannelHandler.swift
[1489/1637] Compiling PostgresNIO PostgresCodable.swift
[1490/1637] Compiling PostgresNIO PostgresMessage+Error.swift
[1491/1637] Compiling PostgresNIO PostgresMessage+Identifier.swift
[1492/1637] Compiling PostgresNIO PostgresMessage+NotificationResponse.swift
[1493/1637] Compiling PostgresNIO PostgresData+JSON.swift
[1494/1637] Compiling PostgresNIO PostgresData+JSONB.swift
[1495/1637] Compiling PostgresNIO PostgresData+Numeric.swift
[1496/1637] Compiling PostgresNIO PostgresData+Optional.swift
[1497/1637] Compiling PostgresNIO PostgresData+RawRepresentable.swift
[1498/1637] Compiling PostgresNIO PostgresData+Set.swift
[1499/1637] Compiling PostgresNIO PostgresData+String.swift
[1500/1637] Compiling PostgresNIO PostgresMessage+DataRow.swift
[1501/1637] Compiling PostgresNIO PostgresColumns.swift
[1502/1637] Compiling PostgresNIO PostgresFrontendMessageEncoder.swift
[1503/1637] Compiling PostgresNIO PostgresNotificationSequence.swift
[1504/1637] Compiling PostgresNIO PostgresQuery.swift
[1505/1637] Compiling PostgresNIO PostgresRowSequence.swift
[1506/1637] Compiling PostgresNIO PostgresTransactionError.swift
[1510/1637] Compiling PostgresNIO PostgresMessage+ReadyForQuery.swift
[1511/1637] Compiling PostgresNIO PostgresMessage+SASLResponse.swift
[1512/1637] Compiling PostgresNIO PostgresMessage+SSLRequest.swift
[1513/1637] Compiling PostgresNIO PostgresMessage+SimpleQuery.swift
[1514/1637] Compiling PostgresNIO PostgresMessage+Startup.swift
[1515/1637] Compiling PostgresNIO PostgresMessage+Sync.swift
[1516/1637] Compiling PostgresNIO PostgresMessage+Terminate.swift
[1517/1637] Compiling PostgresNIO PostgresMessageDecoder.swift
[1518/1637] Compiling PostgresNIO PostgresMessageEncoder.swift
[1519/1637] Compiling PostgresNIO PostgresMessage+0.swift
[1520/1637] Compiling PostgresNIO PostgresMessage+BackendKeyData.swift
[1528/1637] Compiling PostgresNIO AnyErrorContinuation.swift
[1529/1637] Compiling PostgresNIO ByteBuffer+PSQL.swift
[1530/1637] Compiling PostgresNIO Logging+PSQL.swift
[1531/1637] Compiling PostgresNIO Authentication.swift
[1532/1637] Compiling PostgresNIO BackendKeyData.swift
[1533/1637] Compiling PostgresNIO CopyInMessage.swift
[1534/1637] Compiling PostgresNIO DataRow.swift
[1535/1637] Compiling PostgresNIO ErrorResponse.swift
[1536/1637] Compiling PostgresNIO NotificationResponse.swift
[1537/1637] Compiling PostgresNIO ParameterDescription.swift
[1538/1637] Compiling PostgresNIO ParameterStatus.swift
[1539/1637] Compiling PostgresNIO ReadyForQuery.swift
[1540/1637] Compiling PostgresNIO Array+PostgresCodable.swift
[1541/1637] Compiling PostgresNIO Bool+PostgresCodable.swift
[1542/1637] Compiling PostgresNIO Bytes+PostgresCodable.swift
[1543/1637] Compiling PostgresNIO Date+PostgresCodable.swift
[1544/1637] Compiling PostgresNIO Decimal+PostgresCodable.swift
[1545/1637] Compiling PostgresNIO Float+PostgresCodable.swift
[1546/1637] Compiling PostgresNIO Int+PostgresCodable.swift
[1547/1637] Compiling PostgresNIO JSON+PostgresCodable.swift
[1548/1637] Compiling PostgresNIO Range+PostgresCodable.swift
[1549/1637] Compiling PostgresNIO RawRepresentable+PostgresCodable.swift
[1550/1637] Compiling PostgresNIO String+PostgresCodable.swift
[1551/1637] Compiling PostgresNIO UUID+PostgresCodable.swift
[1562/1637] Compiling PostgresNIO PreparedStatementStateMachine.swift
[1563/1637] Compiling PostgresNIO RowStreamStateMachine.swift
[1564/1637] Compiling PostgresNIO ConnectCancelHandler.swift
[1565/1637] Compiling PostgresNIO PostgresConnection+Configuration.swift
[1566/1637] Compiling PostgresNIO PostgresConnection+CopyFrom.swift
[1567/1637] Compiling PostgresNIO PostgresConnection.swift
[1568/1637] Compiling PostgresNIO PostgresDatabase+PreparedQuery.swift
[1569/1637] Compiling PostgresNIO PostgresData+Array.swift
[1570/1637] Compiling PostgresNIO PostgresData+Bool.swift
[1571/1637] Compiling PostgresNIO PostgresData+Bytes.swift
[1572/1637] Compiling PostgresNIO PostgresData+Date.swift
[1573/1637] Compiling PostgresNIO PostgresData+Decimal.swift
[1574/1637] Compiling PostgresNIO PostgresData+Double.swift
[1575/1637] Compiling PostgresNIO PostgresData+Float.swift
[1576/1637] Compiling PostgresNIO PostgresData+Int.swift
[1584/1637] Compiling PostgresNIO PostgresData+UUID.swift
[1585/1637] Compiling PostgresNIO PostgresData.swift
[1586/1637] Compiling PostgresNIO PostgresDataConvertible.swift
[1587/1637] Compiling PostgresNIO PostgresDataType.swift
[1588/1637] Compiling PostgresNIO PostgresRow.swift
[1589/1637] Emitting module PostgresNIO
[1626/1637] Compiling PostgresNIO PostgresDatabase+Query.swift
[1627/1637] Compiling PostgresNIO PostgresDatabase+SimpleQuery.swift
[1628/1637] Compiling PostgresNIO PostgresDatabase.swift
[1629/1637] Compiling PostgresNIO PostgresRequest.swift
[1630/1637] Compiling PostgresNIO Exports.swift
[1631/1637] Compiling PostgresNIO NIOUtils.swift
[1632/1637] Compiling PostgresNIO PostgresError+Code.swift
[1633/1637] Compiling PostgresNIO PostgresError.swift
[1634/1637] Compiling PostgresNIO PostgresJSONDecoder.swift
[1635/1637] Compiling PostgresNIO PostgresJSONEncoder.swift
[1636/1637] Compiling PostgresNIO SASLAuthentication+SCRAM-SHA256.swift
[1637/1637] Compiling PostgresNIO SASLAuthenticationManager.swift
[1638/1769] Compiling AsyncHTTPClient TLSEventsHandler.swift
[1639/1769] Compiling AsyncHTTPClient HTTP1ClientChannelHandler.swift
[1640/1769] Compiling AsyncHTTPClient HTTPClientRequest.swift
[1641/1769] Compiling AsyncHTTPClient HTTPClientResponse.swift
[1642/1769] Compiling AsyncHTTPClient SingleIteratorPrecondition.swift
[1643/1769] Compiling AsyncHTTPClient Transaction+StateMachine.swift
[1644/1775] Compiling ReadModelPersistencePostgres ReadModelPersistencePostgres.swift
[1645/1775] Compiling AsyncHTTPClient HTTPClientRequest+auth.swift
[1646/1775] Compiling AsyncHTTPClient BestEffortHashableTLSConfiguration.swift
[1647/1775] Compiling AsyncHTTPClient Configuration+BrowserLike.swift
[1648/1775] Compiling AsyncHTTPClient ConnectionPool.swift
[1649/1775] Compiling AsyncHTTPClient HTTP1ProxyConnectHandler.swift
[1650/1775] Compiling AsyncHTTPClient SOCKSEventsHandler.swift
[1651/1775] Compiling AsyncHTTPClient Transaction.swift
[1652/1775] Compiling AsyncHTTPClient Base64.swift
[1653/1775] Compiling AsyncHTTPClient BasicAuth.swift
[1654/1775] Compiling AsyncHTTPClient HTTPConnectionPool+Manager.swift
[1655/1775] Compiling AsyncHTTPClient HTTPConnectionPool.swift
[1656/1775] Compiling AsyncHTTPClient HTTPExecutableRequest.swift
[1657/1775] Compiling AsyncHTTPClient HTTPRequestStateMachine+Demand.swift
[1658/1775] Compiling ReadModelPersistencePostgres PostgresReadModelMigration.swift
[1659/1775] Compiling ReadModelPersistencePostgres PostgresTransactionProvider.swift
[1660/1775] Compiling AsyncHTTPClient HTTPRequestStateMachine.swift
[1661/1775] Compiling AsyncHTTPClient RequestBodyLength.swift
[1662/1775] Compiling AsyncHTTPClient RequestFramingMetadata.swift
[1663/1775] Compiling AsyncHTTPClient HTTP1Connection.swift
[1664/1775] Compiling AsyncHTTPClient HTTP1ConnectionStateMachine.swift
[1665/1775] Compiling AsyncHTTPClient HTTP2ClientRequestHandler.swift
[1666/1775] Compiling AsyncHTTPClient HTTP2Connection.swift
[1667/1775] Compiling ReadModelPersistencePostgres PostgresTransactionalReadModelStore.swift
[1668/1775] Compiling ReadModelPersistencePostgres PostgresJSONReadModelStore.swift
[1669/1775] Emitting module ReadModelPersistencePostgres
[1670/1775] Emitting module GRPCNIOTransportCore
[1671/1775] Compiling AsyncHTTPClient LRUCache.swift
[1672/1775] Compiling AsyncHTTPClient NIOLoopBound+Execute.swift
[1673/1775] Compiling AsyncHTTPClient NWErrorHandler.swift
[1674/1775] Compiling AsyncHTTPClient NWWaitingHandler.swift
[1675/1775] Compiling AsyncHTTPClient TLSConfiguration.swift
[1676/1775] Compiling AsyncHTTPClient RedirectState.swift
[1677/1775] Compiling AsyncHTTPClient RequestBag+StateMachine.swift
[1678/1775] Compiling AsyncHTTPClient RequestBag+Tracing.swift
[1679/1775] Compiling AsyncHTTPClient RequestBag.swift
[1680/1775] Compiling AsyncHTTPClient RequestValidation.swift
[1681/1775] Compiling AsyncHTTPClient HTTPConnectionPool+StateMachine.swift
[1682/1775] Compiling AsyncHTTPClient ConnectionTarget.swift
[1683/1775] Compiling AsyncHTTPClient DeconstructedURL.swift
[1687/1775] Compiling GRPCNIOTransportCore GRPCServerStreamHandler.swift
[1688/1775] Compiling GRPCNIOTransportCore HTTP2ServerTransport.swift
[1689/1775] Compiling GRPCNIOTransportCore ListenerConfigurator.swift
[1690/1775] Compiling GRPCNIOTransportCore ListenerFactory.swift
[1695/1782] Compiling AsyncHTTPClient SSLContextCache.swift
[1696/1782] Compiling AsyncHTTPClient Scheme.swift
[1697/1782] Compiling AsyncHTTPClient AnyAsyncSequence.swift
[1698/1782] Compiling AsyncHTTPClient AnyAsyncSequenceProucerDelete.swift
[1699/1782] Compiling AsyncHTTPClient AsyncLazySequence.swift
[1700/1782] Compiling AsyncHTTPClient HTTPClient+execute.swift
[1701/1782] Compiling AsyncHTTPClient HTTPClient+shutdown.swift
[1702/1782] Compiling AsyncHTTPClient HTTPClient+tracing.swift
[1703/1782] Compiling AsyncHTTPClient HTTPClientRequest+Prepared.swift
[1704/1782] Emitting module AsyncHTTPClient
[1705/1782] Compiling AsyncHTTPClient HTTPConnectionPool+HTTP2Connections.swift
[1706/1782] Compiling AsyncHTTPClient HTTPConnectionPool+HTTP2StateMachine.swift
[1707/1782] Compiling AsyncHTTPClient HTTPConnectionPool+RequestQueue.swift
[1708/1782] Compiling AsyncHTTPClient HTTPClient+StructuredConcurrency.swift
[1709/1782] Compiling AsyncHTTPClient HTTPClient.swift
[1710/1782] Compiling AsyncHTTPClient HTTPClientConfiguration+SwiftConfiguration.swift
[1711/1782] Compiling AsyncHTTPClient HTTPHandler.swift
[1748/1782] Compiling AsyncHTTPClient RequestOptions.swift
[1749/1782] Compiling AsyncHTTPClient HTTPConnectionPool+Backoff.swift
[1750/1782] Compiling AsyncHTTPClient HTTPConnectionPool+HTTP1Connections.swift
[1751/1782] Compiling AsyncHTTPClient HTTPConnectionPool+HTTP1StateMachine.swift
[1759/1782] Compiling AsyncHTTPClient HTTP2IdleHandler.swift
[1760/1782] Compiling AsyncHTTPClient HTTPConnectionEvent.swift
[1761/1782] Compiling AsyncHTTPClient HTTPConnectionPool+Factory.swift
[1771/1782] Compiling AsyncHTTPClient Singleton.swift
[1772/1782] Compiling AsyncHTTPClient StringConvertibleInstances.swift
[1773/1782] Compiling AsyncHTTPClient StructuredConcurrencyHelpers.swift
[1774/1782] Compiling AsyncHTTPClient TracingSupport.swift
[1775/1782] Compiling AsyncHTTPClient Utils.swift
[1783/1806] Compiling ContextReceiver ReceivedRecord.swift
[1784/1806] Compiling ContextReceiver PulsarMessageSource.swift
[1785/1806] Compiling ContextReceiver ReceiveDisposition.swift
[1786/1806] Compiling GRPCNIOTransportHTTP2Posix SwallowFcntlFailedErrorHandler.swift
[1787/1806] Compiling GRPCNIOTransportHTTP2Posix ValidatedCertificateChain.swift
[1788/1806] Compiling GRPCNIOTransportHTTP2TransportServices HTTP2ServerTransport+TransportServices.swift
[1789/1806] Compiling GRPCNIOTransportHTTP2Posix NIOSSL+GRPC.swift
[1790/1806] Compiling GRPCNIOTransportHTTP2Posix NIOClientBootstrap+SocketAddress.swift
error: emit-module command failed with exit code 1 (use -v to see invocation)
[1791/1806] Compiling GRPCNIOTransportHTTP2TransportServices Exports.swift
[1792/1806] Compiling GRPCNIOTransportHTTP2TransportServices HTTP2ClientTransport+TransportServices.swift
[1793/1806] Emitting module GRPCNIOTransportHTTP2TransportServices
/Users/admin/builder/spi-builder-workspace/.build/checkouts/grpc-swift-nio-transport/Sources/GRPCNIOTransportHTTP2TransportServices/Config+TLS.swift:101:16: error: stored property 'additionalCertificates' of 'Sendable'-conforming struct 'TLS' has non-sendable type '[SecCertificate]'
99 | /// when the peer requires the full chain for verification.
100 | @available(gRPCSwiftNIOTransport 2.5, *)
101 | public var additionalCertificates: [SecCertificate]
| `- error: stored property 'additionalCertificates' of 'Sendable'-conforming struct 'TLS' has non-sendable type '[SecCertificate]'
102 |
103 | /// Create a new HTTP2 NIO Transport Services transport TLS config.
Security.SecCertificate:1:14: note: class 'SecCertificate' does not conform to the 'Sendable' protocol
1 | public class SecCertificate : _CFObject {
| `- note: class 'SecCertificate' does not conform to the 'Sendable' protocol
2 | }
/Users/admin/builder/spi-builder-workspace/.build/checkouts/grpc-swift-nio-transport/Sources/GRPCNIOTransportHTTP2TransportServices/Config+TLS.swift:257:16: error: stored property 'additionalCertificates' of 'Sendable'-conforming struct 'TLS' has non-sendable type '[SecCertificate]'
255 | /// when the peer requires the full chain for verification.
256 | @available(gRPCSwiftNIOTransport 2.5, *)
257 | public var additionalCertificates: [SecCertificate]
| `- error: stored property 'additionalCertificates' of 'Sendable'-conforming struct 'TLS' has non-sendable type '[SecCertificate]'
258 |
259 | /// Create a new HTTP2 NIO Transport Services transport TLS config.
Security.SecCertificate:1:14: note: class 'SecCertificate' does not conform to the 'Sendable' protocol
1 | public class SecCertificate : _CFObject {
| `- note: class 'SecCertificate' does not conform to the 'Sendable' protocol
2 | }
[1794/1806] Compiling GRPCNIOTransportHTTP2TransportServices Config+TLS.swift
/Users/admin/builder/spi-builder-workspace/.build/checkouts/grpc-swift-nio-transport/Sources/GRPCNIOTransportHTTP2TransportServices/Config+TLS.swift:101:16: error: stored property 'additionalCertificates' of 'Sendable'-conforming struct 'TLS' has non-sendable type '[SecCertificate]'
99 | /// when the peer requires the full chain for verification.
100 | @available(gRPCSwiftNIOTransport 2.5, *)
101 | public var additionalCertificates: [SecCertificate]
| `- error: stored property 'additionalCertificates' of 'Sendable'-conforming struct 'TLS' has non-sendable type '[SecCertificate]'
102 |
103 | /// Create a new HTTP2 NIO Transport Services transport TLS config.
Security.SecCertificate:1:14: note: class 'SecCertificate' does not conform to the 'Sendable' protocol
1 | public class SecCertificate : _CFObject {
| `- note: class 'SecCertificate' does not conform to the 'Sendable' protocol
2 | }
/Users/admin/builder/spi-builder-workspace/.build/checkouts/grpc-swift-nio-transport/Sources/GRPCNIOTransportHTTP2TransportServices/Config+TLS.swift:257:16: error: stored property 'additionalCertificates' of 'Sendable'-conforming struct 'TLS' has non-sendable type '[SecCertificate]'
255 | /// when the peer requires the full chain for verification.
256 | @available(gRPCSwiftNIOTransport 2.5, *)
257 | public var additionalCertificates: [SecCertificate]
| `- error: stored property 'additionalCertificates' of 'Sendable'-conforming struct 'TLS' has non-sendable type '[SecCertificate]'
258 |
259 | /// Create a new HTTP2 NIO Transport Services transport TLS config.
Security.SecCertificate:1:14: note: class 'SecCertificate' does not conform to the 'Sendable' protocol
1 | public class SecCertificate : _CFObject {
| `- note: class 'SecCertificate' does not conform to the 'Sendable' protocol
2 | }
[1795/1806] Compiling ContextReceiver PublishedLanguageHandler.swift
[1796/1806] Compiling ContextReceiver ContextReceiver.swift
[1797/1806] Compiling ContextReceiver ConsumerEndpoint.swift
[1798/1806] Compiling ContextReceiver ConsumerFrame.swift
[1799/1806] Compiling ContextReceiver ConsumerCommand.swift
[1800/1806] Compiling ContextReceiver DeadLetterMonitor.swift
[1801/1806] Emitting module ContextReceiver
[1802/1806] Compiling GRPCNIOTransportHTTP2Posix HTTP2ClientTransport+Posix.swift
[1803/1806] Compiling GRPCNIOTransportHTTP2Posix Config+TLS.swift
[1804/1806] Compiling GRPCNIOTransportHTTP2Posix Exports.swift
[1805/1806] Emitting module GRPCNIOTransportHTTP2Posix
[1806/1806] Compiling GRPCNIOTransportHTTP2Posix HTTP2ServerTransport+Posix.swift
BUILD FAILURE 6.1 macosSpm