The Swift Package Index logo.Swift Package Index

Build Information

Failed to build HyprMX, reference main (338b88), with Swift 6.1 for tvOS using Xcode 16.3 on 28 Sep 2026 10:53:37 UTC.

Build Command

env DEVELOPER_DIR=/Applications/Xcode-16.3.0.app xcrun xcodebuild -IDEClonedSourcePackagesDirPathOverride=$PWD/.dependencies -skipMacroValidation -skipPackagePluginValidation -derivedDataPath $PWD/.derivedData build -scheme HyprMX -destination generic/platform=tvOS

Build Log

========================================
RunAll
========================================
Builder version: 5.1.0
Interrupt handler set up.
========================================
Checkout
========================================
Clone URL: https://github.com/JunGroupProductions/HyprMX-SDK-SPM.git
Reference: main
Initialized empty Git repository in /Users/admin/builder/spi-builder-workspace/.git/
From https://github.com/JunGroupProductions/HyprMX-SDK-SPM
 * branch            main       -> FETCH_HEAD
 * [new branch]      main       -> origin/main
HEAD is now at 338b884 Merge pull request #1 from JunGroupProductions/player-28061-codeowners
Cloned https://github.com/JunGroupProductions/HyprMX-SDK-SPM.git
Revision (git rev-parse @):
338b88402326be0b4e6dece76b42bf597a1bad8f
SUCCESS checkout https://github.com/JunGroupProductions/HyprMX-SDK-SPM.git at main
========================================
Build
========================================
Selected platform:         tvOS
Swift version:             6.1
Building package at path:  $PWD
https://github.com/JunGroupProductions/HyprMX-SDK-SPM.git
https://github.com/JunGroupProductions/HyprMX-SDK-SPM.git
{
  "dependencies" : [
  ],
  "manifest_display_name" : "HyprMX",
  "name" : "HyprMX",
  "path" : "/Users/admin/builder/spi-builder-workspace",
  "platforms" : [
    {
      "name" : "ios",
      "version" : "12.0"
    }
  ],
  "products" : [
    {
      "name" : "HyprMX",
      "targets" : [
        "HyprMX"
      ],
      "type" : {
        "library" : [
          "automatic"
        ]
      }
    }
  ],
  "targets" : [
    {
      "c99name" : "HyprMX",
      "module_type" : "BinaryTarget",
      "name" : "HyprMX",
      "path" : "remote/archive/HyprMX_iOS_v6_4_7-b363.zip",
      "product_memberships" : [
        "HyprMX"
      ],
      "sources" : [
      ],
      "type" : "binary"
    }
  ],
  "tools_version" : "5.3"
}
Command line invocation:
    /Applications/Xcode-16.3.0.app/Contents/Developer/usr/bin/xcodebuild -IDEClonedSourcePackagesDirPathOverride=/Users/admin/builder/spi-builder-workspace/.dependencies -resolvePackageDependencies
Resolve Package Graph
Resolve Package Graph
Resolved source packages:
  HyprMX: /Users/admin/builder/spi-builder-workspace
resolved source packages: HyprMX
{
  "dependencies" : [
  ],
  "manifest_display_name" : "HyprMX",
  "name" : "HyprMX",
  "path" : "/Users/admin/builder/spi-builder-workspace",
  "platforms" : [
    {
      "name" : "ios",
      "version" : "12.0"
    }
  ],
  "products" : [
    {
      "name" : "HyprMX",
      "targets" : [
        "HyprMX"
      ],
      "type" : {
        "library" : [
          "automatic"
        ]
      }
    }
  ],
  "targets" : [
    {
      "c99name" : "HyprMX",
      "module_type" : "BinaryTarget",
      "name" : "HyprMX",
      "path" : "remote/archive/HyprMX_iOS_v6_4_7-b363.zip",
      "product_memberships" : [
        "HyprMX"
      ],
      "sources" : [
      ],
      "type" : "binary"
    }
  ],
  "tools_version" : "5.3"
}
{
  "workspace" : {
    "name" : "spi-builder-workspace",
    "schemes" : [
      "HyprMX"
    ]
  }
}
Running build ...
env DEVELOPER_DIR=/Applications/Xcode-16.3.0.app xcrun xcodebuild -IDEClonedSourcePackagesDirPathOverride=$PWD/.dependencies -skipMacroValidation -skipPackagePluginValidation -derivedDataPath $PWD/.derivedData build -scheme HyprMX -destination generic/platform=tvOS OTHER_SWIFT_FLAGS=-stats-output-dir .stats -strict-concurrency=complete -enable-upcoming-feature StrictConcurrency -enable-upcoming-feature DisableOutwardActorInference -enable-upcoming-feature GlobalActorIsolatedTypesUsability -enable-upcoming-feature InferSendableFromCaptures
Command line invocation:
    /Applications/Xcode-16.3.0.app/Contents/Developer/usr/bin/xcodebuild -IDEClonedSourcePackagesDirPathOverride=/Users/admin/builder/spi-builder-workspace/.dependencies -skipMacroValidation -skipPackagePluginValidation -derivedDataPath /Users/admin/builder/spi-builder-workspace/.derivedData build -scheme HyprMX -destination generic/platform=tvOS "OTHER_SWIFT_FLAGS=-stats-output-dir .stats -strict-concurrency=complete -enable-upcoming-feature StrictConcurrency -enable-upcoming-feature DisableOutwardActorInference -enable-upcoming-feature GlobalActorIsolatedTypesUsability -enable-upcoming-feature InferSendableFromCaptures"
Build settings from command line:
    OTHER_SWIFT_FLAGS = -stats-output-dir .stats -strict-concurrency=complete -enable-upcoming-feature StrictConcurrency -enable-upcoming-feature DisableOutwardActorInference -enable-upcoming-feature GlobalActorIsolatedTypesUsability -enable-upcoming-feature InferSendableFromCaptures
Resolve Package Graph
Resolved source packages:
  HyprMX: /Users/admin/builder/spi-builder-workspace
ComputePackagePrebuildTargetDependencyGraph
Prepare packages
CreateBuildRequest
SendProjectDescription
CreateBuildOperation
ComputeTargetDependencyGraph
note: Building targets in dependency order
note: Target dependency graph (1 target)
    Target 'HyprMX' in project 'HyprMX' (no dependencies)
GatherProvisioningInputs
CreateBuildDescription
ExecuteExternalTool /Applications/Xcode-16.3.0.app/Contents/Developer/Toolchains/XcodeDefault.xctoolchain/usr/bin/clang -v -E -dM -isysroot /Applications/Xcode-16.3.0.app/Contents/Developer/Platforms/AppleTVOS.platform/Developer/SDKs/AppleTVOS18.4.sdk -x c -c /dev/null
Build description signature: 8a05ada105f9877ce87d28e229097a21
Build description path: /Users/admin/builder/spi-builder-workspace/.derivedData/Build/Intermediates.noindex/XCBuildData/8a05ada105f9877ce87d28e229097a21.xcbuilddata
/Users/admin/builder/spi-builder-workspace/.dependencies/artifacts/spi-builder-workspace/HyprMX/HyprMX.xcframework:1:1: error: While building for tvOS, no library for this platform was found in '/Users/admin/builder/spi-builder-workspace/.dependencies/artifacts/spi-builder-workspace/HyprMX/HyprMX.xcframework'. (in target 'HyprMX' from project 'HyprMX')
** BUILD FAILED **
The following build commands failed:
	Building workspace spi-builder-workspace with scheme HyprMX
(1 failure)
Command line invocation:
    /Applications/Xcode-16.3.0.app/Contents/Developer/usr/bin/xcodebuild -IDEClonedSourcePackagesDirPathOverride=/Users/admin/builder/spi-builder-workspace/.dependencies -resolvePackageDependencies
Resolve Package Graph
Resolved source packages:
  HyprMX: /Users/admin/builder/spi-builder-workspace
resolved source packages: HyprMX
{
  "dependencies" : [
  ],
  "manifest_display_name" : "HyprMX",
  "name" : "HyprMX",
  "path" : "/Users/admin/builder/spi-builder-workspace",
  "platforms" : [
    {
      "name" : "ios",
      "version" : "12.0"
    }
  ],
  "products" : [
    {
      "name" : "HyprMX",
      "targets" : [
        "HyprMX"
      ],
      "type" : {
        "library" : [
          "automatic"
        ]
      }
    }
  ],
  "targets" : [
    {
      "c99name" : "HyprMX",
      "module_type" : "BinaryTarget",
      "name" : "HyprMX",
      "path" : "remote/archive/HyprMX_iOS_v6_4_7-b363.zip",
      "product_memberships" : [
        "HyprMX"
      ],
      "sources" : [
      ],
      "type" : "binary"
    }
  ],
  "tools_version" : "5.3"
}
{
  "workspace" : {
    "name" : "spi-builder-workspace",
    "schemes" : [
      "HyprMX"
    ]
  }
}
Running build ...
env DEVELOPER_DIR=/Applications/Xcode-16.3.0.app xcrun xcodebuild -IDEClonedSourcePackagesDirPathOverride=$PWD/.dependencies -skipMacroValidation -skipPackagePluginValidation -derivedDataPath $PWD/.derivedData build -scheme HyprMX -destination generic/platform=tvOS
Command line invocation:
    /Applications/Xcode-16.3.0.app/Contents/Developer/usr/bin/xcodebuild -IDEClonedSourcePackagesDirPathOverride=/Users/admin/builder/spi-builder-workspace/.dependencies -skipMacroValidation -skipPackagePluginValidation -derivedDataPath /Users/admin/builder/spi-builder-workspace/.derivedData build -scheme HyprMX -destination generic/platform=tvOS
Resolve Package Graph
Resolved source packages:
  HyprMX: /Users/admin/builder/spi-builder-workspace
ComputePackagePrebuildTargetDependencyGraph
Prepare packages
CreateBuildRequest
SendProjectDescription
CreateBuildOperation
ComputeTargetDependencyGraph
note: Building targets in dependency order
note: Target dependency graph (1 target)
    Target 'HyprMX' in project 'HyprMX' (no dependencies)
GatherProvisioningInputs
CreateBuildDescription
ExecuteExternalTool /Applications/Xcode-16.3.0.app/Contents/Developer/Toolchains/XcodeDefault.xctoolchain/usr/bin/clang -v -E -dM -isysroot /Applications/Xcode-16.3.0.app/Contents/Developer/Platforms/AppleTVOS.platform/Developer/SDKs/AppleTVOS18.4.sdk -x c -c /dev/null
Build description signature: 23f6df2b3b06318cf1bf67f03e75ad14
Build description path: /Users/admin/builder/spi-builder-workspace/.derivedData/Build/Intermediates.noindex/XCBuildData/23f6df2b3b06318cf1bf67f03e75ad14.xcbuilddata
/Users/admin/builder/spi-builder-workspace/.dependencies/artifacts/spi-builder-workspace/HyprMX/HyprMX.xcframework:1:1: error: While building for tvOS, no library for this platform was found in '/Users/admin/builder/spi-builder-workspace/.dependencies/artifacts/spi-builder-workspace/HyprMX/HyprMX.xcframework'. (in target 'HyprMX' from project 'HyprMX')
** BUILD FAILED **
The following build commands failed:
	Building workspace spi-builder-workspace with scheme HyprMX
(1 failure)
BUILD FAILURE 6.1 tvOS