Build Information
Failed to build LiteSlider, reference 0.1.1 (7f4464), with Swift 6.4 for tvOS using Xcode 27.0 on 5 Oct 2026 04:39:40 UTC.
Build Command
env DEVELOPER_DIR=/Applications/Xcode-27.0.0-Release.Candidate.app xcrun xcodebuild -IDEClonedSourcePackagesDirPathOverride=$PWD/.dependencies -skipMacroValidation -skipPackagePluginValidation -derivedDataPath $PWD/.derivedData build -scheme LiteSlider -destination generic/platform=tvOSBuild Log
========================================
RunAll
========================================
Builder version: 5.1.1
Interrupt handler set up.
========================================
Checkout
========================================
Clone URL: https://github.com/SylvainRX/LiteSlider.git
Reference: 0.1.1
Initialized empty Git repository in /Users/admin/builder/spi-builder-workspace/.git/
From https://github.com/SylvainRX/LiteSlider
* tag 0.1.1 -> FETCH_HEAD
HEAD is now at 7f44646 Refactor TrackShape to use local path space instead of scaled full view
Cloned https://github.com/SylvainRX/LiteSlider.git
Revision (git rev-parse @):
7f44646e01361a4670c7d2b6bb109790e94bd043
SUCCESS checkout https://github.com/SylvainRX/LiteSlider.git at 0.1.1
========================================
Build
========================================
Selected platform: tvOS
Swift version: 6.4
Building package at path: $PWD
https://github.com/SylvainRX/LiteSlider.git
Command line invocation:
/Applications/Xcode-27.0.0-Release.Candidate.app/Contents/Developer/usr/bin/xcodebuild -IDEClonedSourcePackagesDirPathOverride=/Users/admin/builder/spi-builder-workspace/.dependencies -resolvePackageDependencies
Resolve Package Graph
Resolve Package Graph
Resolved source packages:
LiteSlider: /Users/admin/builder/spi-builder-workspace
resolved source packages: LiteSlider
2026-10-05 00:38:57.019 xcodebuild[529:3047] [MT] IDERunDestination: Supported platforms for the buildables in the current scheme is empty.
{
"dependencies" : [
],
"manifest_display_name" : "LiteSlider",
"name" : "LiteSlider",
"path" : "/Users/admin/builder/spi-builder-workspace",
"platforms" : [
{
"name" : "ios",
"version" : "17.0"
}
],
"products" : [
{
"name" : "LiteSlider",
"targets" : [
"LiteSlider"
],
"type" : {
"library" : [
"automatic"
]
}
}
],
"targets" : [
{
"c99name" : "LiteSlider",
"module_type" : "SwiftTarget",
"name" : "LiteSlider",
"path" : "Sources/LiteSlider",
"product_memberships" : [
"LiteSlider"
],
"sources" : [
"Config/LiteSliderAccessibility.swift",
"Config/LiteSliderAppearance.swift",
"Config/LiteSliderAppearanceExtensions.swift",
"Config/OnSliderDragEnded.swift",
"Helpers/ColorExtensions.swift",
"Helpers/ComparableExtensions.swift",
"Helpers/DoubleExtensions.swift",
"Helpers/FloatingPointExtension.swift",
"InteractionSupport/FixedFrameContainer.swift",
"InteractionSupport/TouchAndDragGesture.swift",
"LiteSlider.swift",
"Track/ElasticDragMetrics.swift",
"Track/LiteSlider+Track.swift",
"Track/LiteSliderTrackGeometry.swift",
"Track/TrackShape/TrackShape.swift",
"Track/TrackShape/TrackShapeComponents.swift",
"TrackWrappers/LiteSlider+DynamicLengthTrack.swift",
"TrackWrappers/LiteSlider+ExpandableTrack.swift",
"TrackWrappers/LiteSlider+FixedLengthTrack.swift"
],
"type" : "library"
}
],
"tools_version" : "6.1"
}
{
"workspace" : {
"name" : "LiteSlider",
"schemes" : [
"LiteSlider"
]
}
}
2026-10-05 00:39:28.724 xcodebuild[626:3856] [MT] IDERunDestination: Supported platforms for the buildables in the current scheme is empty.
Running build ...
env DEVELOPER_DIR=/Applications/Xcode-27.0.0-Release.Candidate.app xcrun xcodebuild -IDEClonedSourcePackagesDirPathOverride=$PWD/.dependencies -skipMacroValidation -skipPackagePluginValidation -derivedDataPath $PWD/.derivedData build -scheme LiteSlider -destination generic/platform=tvOS
Command line invocation:
/Applications/Xcode-27.0.0-Release.Candidate.app/Contents/Developer/usr/bin/xcodebuild -IDEClonedSourcePackagesDirPathOverride=/Users/admin/builder/spi-builder-workspace/.dependencies -skipMacroValidation -skipPackagePluginValidation -derivedDataPath /Users/admin/builder/spi-builder-workspace/.derivedData build -scheme LiteSlider -destination generic/platform=tvOS
Resolve Package Graph
Resolved source packages:
LiteSlider: /Users/admin/builder/spi-builder-workspace
ComputePackagePrebuildTargetDependencyGraph
Prepare packages
CreateBuildRequest
SendProjectDescription
CreateBuildOperation
ComputeTargetDependencyGraph
note: Building targets in dependency order
note: Target dependency graph (2 targets)
Target 'LiteSlider-product' in project 'LiteSlider'
➜ Explicit dependency on target 'LiteSlider' in project 'LiteSlider'
Target 'LiteSlider' in project 'LiteSlider' (no dependencies)
GatherProvisioningInputs
CreateBuildDescription
ExecuteExternalTool /Applications/Xcode-27.0.0-Release.Candidate.app/Contents/Developer/Toolchains/XcodeDefault.xctoolchain/usr/bin/clang -v -E -dM -isysroot /Applications/Xcode-27.0.0-Release.Candidate.app/Contents/Developer/Platforms/AppleTVOS.platform/Developer/SDKs/AppleTVOS27.0.sdk -x c -c /dev/null
ExecuteExternalTool /Applications/Xcode-27.0.0-Release.Candidate.app/Contents/Developer/Toolchains/XcodeDefault.xctoolchain/usr/bin/swiftc --version
ExecuteExternalTool /Applications/Xcode-27.0.0-Release.Candidate.app/Contents/Developer/Toolchains/XcodeDefault.xctoolchain/usr/bin/ld -version_details
Build description signature: 004b9085ece5bcba5d6997d1f9da688c
Build description path: /Users/admin/builder/spi-builder-workspace/.derivedData/Build/Intermediates.noindex/XCBuildData/004b9085ece5bcba5d6997d1f9da688c.xcbuilddata
CreateBuildDirectory /Users/admin/builder/spi-builder-workspace/.derivedData/SDKExplicitPrecompiledModules
cd /Users/admin/builder/spi-builder-workspace/.swiftpm/xcode
builtin-create-build-directory /Users/admin/builder/spi-builder-workspace/.derivedData/SDKExplicitPrecompiledModules
CreateBuildDirectory /Users/admin/builder/spi-builder-workspace/.derivedData/ModuleCache.noindex
cd /Users/admin/builder/spi-builder-workspace/.swiftpm/xcode
builtin-create-build-directory /Users/admin/builder/spi-builder-workspace/.derivedData/ModuleCache.noindex
CreateBuildDirectory /Users/admin/builder/spi-builder-workspace/.derivedData/CompilationCache.noindex
cd /Users/admin/builder/spi-builder-workspace/.swiftpm/xcode
builtin-create-build-directory /Users/admin/builder/spi-builder-workspace/.derivedData/CompilationCache.noindex
CreateBuildDirectory /Users/admin/builder/spi-builder-workspace/.derivedData/Build/Intermediates.noindex
cd /Users/admin/builder/spi-builder-workspace/.swiftpm/xcode
builtin-create-build-directory /Users/admin/builder/spi-builder-workspace/.derivedData/Build/Intermediates.noindex
CreateBuildDirectory /Users/admin/builder/spi-builder-workspace/.derivedData/Build/Products
cd /Users/admin/builder/spi-builder-workspace/.swiftpm/xcode
builtin-create-build-directory /Users/admin/builder/spi-builder-workspace/.derivedData/Build/Products
ClangStatCache /Applications/Xcode-27.0.0-Release.Candidate.app/Contents/Developer/Toolchains/XcodeDefault.xctoolchain/usr/bin/clang-stat-cache /Applications/Xcode-27.0.0-Release.Candidate.app/Contents/Developer/Platforms/AppleTVOS.platform/Developer/SDKs/AppleTVOS27.0.sdk /Users/admin/builder/spi-builder-workspace/.derivedData/SDKStatCaches.noindex/appletvos27.0-24J360-e829b21a6f8c9b70876ba0858053c044b32bfd8d43560033f8d89884cdb90028.sdkstatcache
cd /Users/admin/builder/spi-builder-workspace/.swiftpm/xcode
/Applications/Xcode-27.0.0-Release.Candidate.app/Contents/Developer/Toolchains/XcodeDefault.xctoolchain/usr/bin/clang-stat-cache /Applications/Xcode-27.0.0-Release.Candidate.app/Contents/Developer/Platforms/AppleTVOS.platform/Developer/SDKs/AppleTVOS27.0.sdk -o /Users/admin/builder/spi-builder-workspace/.derivedData/SDKStatCaches.noindex/appletvos27.0-24J360-e829b21a6f8c9b70876ba0858053c044b32bfd8d43560033f8d89884cdb90028.sdkstatcache
CreateBuildDirectory /Users/admin/builder/spi-builder-workspace/.derivedData/Build/Intermediates.noindex/SwiftExplicitPrecompiledModules
cd /Users/admin/builder/spi-builder-workspace/.swiftpm/xcode
builtin-create-build-directory /Users/admin/builder/spi-builder-workspace/.derivedData/Build/Intermediates.noindex/SwiftExplicitPrecompiledModules
CreateBuildDirectory /Users/admin/builder/spi-builder-workspace/.derivedData/Build/Intermediates.noindex/ExplicitPrecompiledModules
cd /Users/admin/builder/spi-builder-workspace/.swiftpm/xcode
builtin-create-build-directory /Users/admin/builder/spi-builder-workspace/.derivedData/Build/Intermediates.noindex/ExplicitPrecompiledModules
CreateBuildDirectory /Users/admin/builder/spi-builder-workspace/.derivedData/Build/Intermediates.noindex/PrecompiledHeaders
cd /Users/admin/builder/spi-builder-workspace/.swiftpm/xcode
builtin-create-build-directory /Users/admin/builder/spi-builder-workspace/.derivedData/Build/Intermediates.noindex/PrecompiledHeaders
CreateBuildDirectory /Users/admin/builder/spi-builder-workspace/.derivedData/Build/Products/Debug-appletvos
cd /Users/admin/builder/spi-builder-workspace/.swiftpm/xcode
builtin-create-build-directory /Users/admin/builder/spi-builder-workspace/.derivedData/Build/Products/Debug-appletvos
CreateBuildDirectory /Users/admin/builder/spi-builder-workspace/.derivedData/Build/Intermediates.noindex/EagerLinkingTBDs/Debug-appletvos
cd /Users/admin/builder/spi-builder-workspace/.swiftpm/xcode
builtin-create-build-directory /Users/admin/builder/spi-builder-workspace/.derivedData/Build/Intermediates.noindex/EagerLinkingTBDs/Debug-appletvos
CreateBuildDirectory /Users/admin/builder/spi-builder-workspace/.derivedData/Build/Products/Debug-appletvos/PackageFrameworks
cd /Users/admin/builder/spi-builder-workspace/.swiftpm/xcode
builtin-create-build-directory /Users/admin/builder/spi-builder-workspace/.derivedData/Build/Products/Debug-appletvos/PackageFrameworks
WriteAuxiliaryFile /Users/admin/builder/spi-builder-workspace/.derivedData/Build/Intermediates.noindex/LiteSlider.build/Debug-appletvos/LiteSlider-t.build/LiteSlider.DependencyMetadataFileList (in target 'LiteSlider' from project 'LiteSlider')
cd /Users/admin/builder/spi-builder-workspace
write-file /Users/admin/builder/spi-builder-workspace/.derivedData/Build/Intermediates.noindex/LiteSlider.build/Debug-appletvos/LiteSlider-t.build/LiteSlider.DependencyMetadataFileList
WriteAuxiliaryFile /Users/admin/builder/spi-builder-workspace/.derivedData/Build/Intermediates.noindex/LiteSlider.build/Debug-appletvos/LiteSlider-t.build/LiteSlider.DependencyStaticMetadataFileList (in target 'LiteSlider' from project 'LiteSlider')
cd /Users/admin/builder/spi-builder-workspace
write-file /Users/admin/builder/spi-builder-workspace/.derivedData/Build/Intermediates.noindex/LiteSlider.build/Debug-appletvos/LiteSlider-t.build/LiteSlider.DependencyStaticMetadataFileList
WriteAuxiliaryFile /Users/admin/builder/spi-builder-workspace/.derivedData/Build/Intermediates.noindex/LiteSlider.build/Debug-appletvos/LiteSlider-t.build/LiteSlider.modulemap (in target 'LiteSlider' from project 'LiteSlider')
cd /Users/admin/builder/spi-builder-workspace
write-file /Users/admin/builder/spi-builder-workspace/.derivedData/Build/Intermediates.noindex/LiteSlider.build/Debug-appletvos/LiteSlider-t.build/LiteSlider.modulemap
WriteAuxiliaryFile /Users/admin/builder/spi-builder-workspace/.derivedData/Build/Intermediates.noindex/LiteSlider.build/Debug-appletvos/LiteSlider-t.build/Objects-normal/arm64/LiteSlider-OutputFileMap.json (in target 'LiteSlider' from project 'LiteSlider')
cd /Users/admin/builder/spi-builder-workspace
write-file /Users/admin/builder/spi-builder-workspace/.derivedData/Build/Intermediates.noindex/LiteSlider.build/Debug-appletvos/LiteSlider-t.build/Objects-normal/arm64/LiteSlider-OutputFileMap.json
WriteAuxiliaryFile /Users/admin/builder/spi-builder-workspace/.derivedData/Build/Intermediates.noindex/LiteSlider.build/Debug-appletvos/LiteSlider-t.build/Objects-normal/arm64/LiteSlider.SwiftFileList (in target 'LiteSlider' from project 'LiteSlider')
cd /Users/admin/builder/spi-builder-workspace
write-file /Users/admin/builder/spi-builder-workspace/.derivedData/Build/Intermediates.noindex/LiteSlider.build/Debug-appletvos/LiteSlider-t.build/Objects-normal/arm64/LiteSlider.SwiftFileList
WriteAuxiliaryFile /Users/admin/builder/spi-builder-workspace/.derivedData/Build/Intermediates.noindex/LiteSlider.build/Debug-appletvos/LiteSlider-t.build/Objects-normal/arm64/LiteSlider.LinkFileList (in target 'LiteSlider' from project 'LiteSlider')
cd /Users/admin/builder/spi-builder-workspace
write-file /Users/admin/builder/spi-builder-workspace/.derivedData/Build/Intermediates.noindex/LiteSlider.build/Debug-appletvos/LiteSlider-t.build/Objects-normal/arm64/LiteSlider.LinkFileList
WriteAuxiliaryFile /Users/admin/builder/spi-builder-workspace/.derivedData/Build/Intermediates.noindex/LiteSlider.build/Debug-appletvos/LiteSlider-t.build/Objects-normal/arm64/LiteSlider.SwiftConstValuesFileList (in target 'LiteSlider' from project 'LiteSlider')
cd /Users/admin/builder/spi-builder-workspace
write-file /Users/admin/builder/spi-builder-workspace/.derivedData/Build/Intermediates.noindex/LiteSlider.build/Debug-appletvos/LiteSlider-t.build/Objects-normal/arm64/LiteSlider.SwiftConstValuesFileList
WriteAuxiliaryFile /Users/admin/builder/spi-builder-workspace/.derivedData/Build/Intermediates.noindex/LiteSlider.build/Debug-appletvos/LiteSlider-t.build/Objects-normal/arm64/LiteSlider_const_extract_protocols.json (in target 'LiteSlider' from project 'LiteSlider')
cd /Users/admin/builder/spi-builder-workspace
write-file /Users/admin/builder/spi-builder-workspace/.derivedData/Build/Intermediates.noindex/LiteSlider.build/Debug-appletvos/LiteSlider-t.build/Objects-normal/arm64/LiteSlider_const_extract_protocols.json
Copy /Users/admin/builder/spi-builder-workspace/.derivedData/Build/Intermediates.noindex/GeneratedModuleMaps-appletvos/LiteSlider.modulemap /Users/admin/builder/spi-builder-workspace/.derivedData/Build/Intermediates.noindex/LiteSlider.build/Debug-appletvos/LiteSlider-t.build/LiteSlider.modulemap (in target 'LiteSlider' from project 'LiteSlider')
cd /Users/admin/builder/spi-builder-workspace
builtin-copy -exclude .DS_Store -exclude CVS -exclude .svn -exclude .git -exclude .hg -resolve-src-symlinks /Users/admin/builder/spi-builder-workspace/.derivedData/Build/Intermediates.noindex/LiteSlider.build/Debug-appletvos/LiteSlider-t.build/LiteSlider.modulemap /Users/admin/builder/spi-builder-workspace/.derivedData/Build/Intermediates.noindex/GeneratedModuleMaps-appletvos
SwiftDriver LiteSlider normal arm64 com.apple.xcode.tools.swift.compiler (in target 'LiteSlider' from project 'LiteSlider')
cd /Users/admin/builder/spi-builder-workspace/.swiftpm/xcode
builtin-SwiftDriver -- /Applications/Xcode-27.0.0-Release.Candidate.app/Contents/Developer/Toolchains/XcodeDefault.xctoolchain/usr/bin/swiftc -parse-as-library -module-name LiteSlider -Onone @/Users/admin/builder/spi-builder-workspace/.derivedData/Build/Intermediates.noindex/LiteSlider.build/Debug-appletvos/LiteSlider-t.build/Objects-normal/arm64/LiteSlider.SwiftFileList -DSWIFT_PACKAGE -DDEBUG -DSWIFT_MODULE_RESOURCE_BUNDLE_UNAVAILABLE -DXcode -plugin-path /Applications/Xcode-27.0.0-Release.Candidate.app/Contents/Developer/Toolchains/XcodeDefault.xctoolchain/usr/lib/swift/host/plugins/testing -enable-experimental-feature DebugDescriptionMacro -sdk /Applications/Xcode-27.0.0-Release.Candidate.app/Contents/Developer/Platforms/AppleTVOS.platform/Developer/SDKs/AppleTVOS27.0.sdk -target arm64-apple-tvos17.0 -g -module-cache-path /Users/admin/builder/spi-builder-workspace/.derivedData/ModuleCache.noindex -Xfrontend -serialize-debugging-options -enable-testing -index-store-path /Users/admin/builder/spi-builder-workspace/.derivedData/Index.noindex/DataStore -Xcc -D_LIBCPP_HARDENING_MODE\=_LIBCPP_HARDENING_MODE_DEBUG -swift-version 6 -I /Users/admin/builder/spi-builder-workspace/.derivedData/Build/Products/Debug-appletvos -Isystem /Applications/Xcode-27.0.0-Release.Candidate.app/Contents/Developer/Platforms/AppleTVOS.platform/Developer/usr/lib -F /Users/admin/builder/spi-builder-workspace/.derivedData/Build/Products/Debug-appletvos -F /Applications/Xcode-27.0.0-Release.Candidate.app/Contents/Developer/Platforms/AppleTVOS.platform/Developer/Library/Frameworks -F /Applications/Xcode-27.0.0-Release.Candidate.app/Contents/Developer/Platforms/AppleTVOS.platform/Developer/SDKs/AppleTVOS27.0.sdk/Developer/Library/Frameworks -c -j10 -enable-batch-mode -incremental -Xcc -ivfsstatcache -Xcc /Users/admin/builder/spi-builder-workspace/.derivedData/SDKStatCaches.noindex/appletvos27.0-24J360-e829b21a6f8c9b70876ba0858053c044b32bfd8d43560033f8d89884cdb90028.sdkstatcache -output-file-map /Users/admin/builder/spi-builder-workspace/.derivedData/Build/Intermediates.noindex/LiteSlider.build/Debug-appletvos/LiteSlider-t.build/Objects-normal/arm64/LiteSlider-OutputFileMap.json -save-temps -no-color-diagnostics -explicit-module-build -module-cache-path /Users/admin/builder/spi-builder-workspace/.derivedData/Build/Intermediates.noindex/SwiftExplicitPrecompiledModules -clang-scanner-module-cache-path /Users/admin/builder/spi-builder-workspace/.derivedData/ModuleCache.noindex -sdk-module-cache-path /Users/admin/builder/spi-builder-workspace/.derivedData/SDKExplicitPrecompiledModules -emit-dependencies -emit-module -emit-module-path /Users/admin/builder/spi-builder-workspace/.derivedData/Build/Intermediates.noindex/LiteSlider.build/Debug-appletvos/LiteSlider-t.build/Objects-normal/arm64/LiteSlider.swiftmodule -serialize-diagnostics -dependency-scan-serialize-diagnostics-path /Users/admin/builder/spi-builder-workspace/.derivedData/Build/Intermediates.noindex/LiteSlider.build/Debug-appletvos/LiteSlider-t.build/Objects-normal/arm64/LiteSlider-dependency-scan.dia -validate-clang-modules-once -clang-build-session-file /Users/admin/builder/spi-builder-workspace/.derivedData/ModuleCache.noindex/Session.modulevalidation -Xcc -fmodules-prune-interval\=86400 -Xcc -fmodules-prune-after\=345600 -package-name spi_builder_workspace -emit-const-values -const-gather-protocols-list /Users/admin/builder/spi-builder-workspace/.derivedData/Build/Intermediates.noindex/LiteSlider.build/Debug-appletvos/LiteSlider-t.build/Objects-normal/arm64/LiteSlider_const_extract_protocols.json -Xcc -I/Users/admin/builder/spi-builder-workspace/.derivedData/Build/Products/Debug-appletvos/include -Xcc -I/Users/admin/builder/spi-builder-workspace/.derivedData/Build/Intermediates.noindex/LiteSlider.build/Debug-appletvos/LiteSlider-t.build/DerivedSources-normal/arm64 -Xcc -I/Users/admin/builder/spi-builder-workspace/.derivedData/Build/Intermediates.noindex/LiteSlider.build/Debug-appletvos/LiteSlider-t.build/DerivedSources/arm64 -Xcc -I/Users/admin/builder/spi-builder-workspace/.derivedData/Build/Intermediates.noindex/LiteSlider.build/Debug-appletvos/LiteSlider-t.build/DerivedSources -Xcc -DSWIFT_PACKAGE -Xcc -DDEBUG\=1 -emit-objc-header -emit-objc-header-path /Users/admin/builder/spi-builder-workspace/.derivedData/Build/Intermediates.noindex/LiteSlider.build/Debug-appletvos/LiteSlider-t.build/Objects-normal/arm64/LiteSlider-Swift.h -working-directory /Users/admin/builder/spi-builder-workspace/.swiftpm/xcode -experimental-emit-module-separately -disable-cmo
SwiftExplicitDependencyGeneratePcm arm64 /Users/admin/builder/spi-builder-workspace/.derivedData/SDKExplicitPrecompiledModules/SwiftShims-73G9EXEO9PVWB6PL1BR4TAJ0B.pcm
SwiftExplicitDependencyGeneratePcm arm64 /Users/admin/builder/spi-builder-workspace/.derivedData/SDKExplicitPrecompiledModules/_Builtin_float-3RF4B70MBHPP952AX3GNZ8W3H.pcm
SwiftExplicitDependencyGeneratePcm arm64 /Users/admin/builder/spi-builder-workspace/.derivedData/SDKExplicitPrecompiledModules/_SwiftConcurrencyShims-3HZGHPZQL3GY71QUHDRB0P39S.pcm
SwiftExplicitDependencyGeneratePcm arm64 /Users/admin/builder/spi-builder-workspace/.derivedData/SDKExplicitPrecompiledModules/DeveloperToolsSupport-CJV8SY9BXJUTONPFWMLQEGTXA.pcm
SwiftExplicitDependencyGeneratePcm arm64 /Users/admin/builder/spi-builder-workspace/.derivedData/SDKExplicitPrecompiledModules/_Builtin_stdarg-719DH4G2R3NRP3HRX5HE8WX08.pcm
SwiftExplicitDependencyGeneratePcm arm64 /Users/admin/builder/spi-builder-workspace/.derivedData/SDKExplicitPrecompiledModules/_Builtin_stddef-1MAO6P3OSQFGZFQEPM31XXNSS.pcm
SwiftExplicitDependencyGeneratePcm arm64 /Users/admin/builder/spi-builder-workspace/.derivedData/SDKExplicitPrecompiledModules/_AvailabilityInternal-99L1JVU5TYE8S0FGGB7E09QQS.pcm
SwiftExplicitDependencyGeneratePcm arm64 /Users/admin/builder/spi-builder-workspace/.derivedData/SDKExplicitPrecompiledModules/ptrauth-EMKXYE8GN9BK4M3ODSTVDUJU2.pcm
SwiftExplicitDependencyGeneratePcm arm64 /Users/admin/builder/spi-builder-workspace/.derivedData/SDKExplicitPrecompiledModules/ptrcheck-BA65H1NXYZJ0BLLWO9HZOAZ6Y.pcm
SwiftExplicitDependencyGeneratePcm arm64 /Users/admin/builder/spi-builder-workspace/.derivedData/SDKExplicitPrecompiledModules/_Builtin_stdbool-4UUPXTY52W6RPSB0N2WGGLTJT.pcm
SwiftExplicitDependencyGeneratePcm arm64 /Users/admin/builder/spi-builder-workspace/.derivedData/SDKExplicitPrecompiledModules/_DarwinFoundation1-90NUFDXQ765U5FR62173FT21A.pcm
SwiftExplicitDependencyGeneratePcm arm64 /Users/admin/builder/spi-builder-workspace/.derivedData/SDKExplicitPrecompiledModules/_DarwinFoundation2-EPKSYG5WMVE7WSPFQB4C0UC59.pcm
SwiftExplicitDependencyGeneratePcm arm64 /Users/admin/builder/spi-builder-workspace/.derivedData/SDKExplicitPrecompiledModules/_Builtin_limits-3JICJWOCEYXXXNXAMEJBF6UQN.pcm
SwiftExplicitDependencyGeneratePcm arm64 /Users/admin/builder/spi-builder-workspace/.derivedData/SDKExplicitPrecompiledModules/string_h-B6D36UOVIZC2Y0YE3KEZLZAP6.pcm
SwiftExplicitDependencyGeneratePcm arm64 /Users/admin/builder/spi-builder-workspace/.derivedData/SDKExplicitPrecompiledModules/_Builtin_tgmath-320K271Z6IM134IWIB7S3LTD.pcm
SwiftExplicitDependencyGeneratePcm arm64 /Users/admin/builder/spi-builder-workspace/.derivedData/SDKExplicitPrecompiledModules/_Builtin_stdint-A8OKY0NXO26BZ4GWYKP79TKL9.pcm
SwiftExplicitDependencyGeneratePcm arm64 /Users/admin/builder/spi-builder-workspace/.derivedData/SDKExplicitPrecompiledModules/sys_types-CATSGLJDZ8UZUMKHO6M4I4PJT.pcm
SwiftExplicitDependencyGeneratePcm arm64 /Users/admin/builder/spi-builder-workspace/.derivedData/SDKExplicitPrecompiledModules/_DarwinFoundation3-63L5I5VCGX6CLI6HI7OWUXJN6.pcm
SwiftExplicitDependencyGeneratePcm arm64 /Users/admin/builder/spi-builder-workspace/.derivedData/SDKExplicitPrecompiledModules/_Builtin_intrinsics-AQDFY8KQQX9Z38C6EI15S53EQ.pcm
SwiftExplicitDependencyGeneratePcm arm64 /Users/admin/builder/spi-builder-workspace/.derivedData/SDKExplicitPrecompiledModules/_Builtin_stdatomic-71DQV8BR56LNANL900GGEC9KO.pcm
SwiftExplicitDependencyGeneratePcm arm64 /Users/admin/builder/spi-builder-workspace/.derivedData/SDKExplicitPrecompiledModules/_Builtin_inttypes-80RS02PM2X81SP8N0Q7X05540.pcm
SwiftExplicitDependencyGeneratePcm arm64 /Users/admin/builder/spi-builder-workspace/.derivedData/SDKExplicitPrecompiledModules/Darwin-1VTILT8KA42CNDAUB0H1FM7MC.pcm
SwiftExplicitDependencyGeneratePcm arm64 /Users/admin/builder/spi-builder-workspace/.derivedData/SDKExplicitPrecompiledModules/simd-D50CDGAQRFNF5E2BA2UWCCHLJ.pcm
SwiftExplicitDependencyGeneratePcm arm64 /Users/admin/builder/spi-builder-workspace/.derivedData/SDKExplicitPrecompiledModules/MachO-A5KLTMTLJD1DPHEYPZHUSRJ4O.pcm
SwiftExplicitDependencyGeneratePcm arm64 /Users/admin/builder/spi-builder-workspace/.derivedData/SDKExplicitPrecompiledModules/ObjectiveC-CC0BYHG21IQMMT48PGDNSK7G6.pcm
SwiftExplicitDependencyGeneratePcm arm64 /Users/admin/builder/spi-builder-workspace/.derivedData/SDKExplicitPrecompiledModules/os_object-1TJLDNS7X3UT7Y5TM4QQ2RN6G.pcm
SwiftExplicitDependencyGeneratePcm arm64 /Users/admin/builder/spi-builder-workspace/.derivedData/SDKExplicitPrecompiledModules/os_workgroup-E61GF9E8FAHZGKXVOV9QHUD27.pcm
SwiftExplicitDependencyGeneratePcm arm64 /Users/admin/builder/spi-builder-workspace/.derivedData/SDKExplicitPrecompiledModules/Spatial-2KZFBWN278VTZL619Y96SAJC9.pcm
SwiftExplicitDependencyGeneratePcm arm64 /Users/admin/builder/spi-builder-workspace/.derivedData/SDKExplicitPrecompiledModules/Dispatch-F564M6B2H1RRD83XZ8EBWFSHE.pcm
SwiftExplicitDependencyGeneratePcm arm64 /Users/admin/builder/spi-builder-workspace/.derivedData/SDKExplicitPrecompiledModules/CoreFoundation-A4LOYEEJIFQKOPZRDOG9M3N2K.pcm
SwiftExplicitDependencyGeneratePcm arm64 /Users/admin/builder/spi-builder-workspace/.derivedData/SDKExplicitPrecompiledModules/XPC-2WVXL0UION0MYZOZAJZC6DUXD.pcm
SwiftExplicitDependencyGeneratePcm arm64 /Users/admin/builder/spi-builder-workspace/.derivedData/SDKExplicitPrecompiledModules/os-4NLIUP5HHN7FW5ML70YLEU8QE.pcm
SwiftExplicitDependencyGeneratePcm arm64 /Users/admin/builder/spi-builder-workspace/.derivedData/SDKExplicitPrecompiledModules/Security-6KU6X9W8QDIJW83JUF0DRES83.pcm
SwiftExplicitDependencyGeneratePcm arm64 /Users/admin/builder/spi-builder-workspace/.derivedData/SDKExplicitPrecompiledModules/CoreAudioTypes-3D575H9KXE9GWSK6ZWEWBV9TM.pcm
SwiftExplicitDependencyGeneratePcm arm64 /Users/admin/builder/spi-builder-workspace/.derivedData/SDKExplicitPrecompiledModules/CoreGraphics-D8Y0X4J52BHG7HHUQLTX6SXE1.pcm
SwiftExplicitDependencyGeneratePcm arm64 /Users/admin/builder/spi-builder-workspace/.derivedData/SDKExplicitPrecompiledModules/CFNetwork-8S7XZ5SI3TWM2JOZPDZPRY8W9.pcm
SwiftExplicitDependencyGeneratePcm arm64 /Users/admin/builder/spi-builder-workspace/.derivedData/SDKExplicitPrecompiledModules/CoreAudio-46JNU59TK6U76A9ILN06CT9NS.pcm
SwiftExplicitDependencyGeneratePcm arm64 /Users/admin/builder/spi-builder-workspace/.derivedData/SDKExplicitPrecompiledModules/Foundation-1AS5K10MY6XENLLR2NDUCKYTM.pcm
SwiftExplicitDependencyGeneratePcm arm64 /Users/admin/builder/spi-builder-workspace/.derivedData/SDKExplicitPrecompiledModules/ImageIO-48DA7ET77Q34HPZP9CPHI9VS4.pcm
SwiftExplicitDependencyGeneratePcm arm64 /Users/admin/builder/spi-builder-workspace/.derivedData/SDKExplicitPrecompiledModules/CoreText-E0GG8D3D527TJX7D2QEHFQLM2.pcm
SwiftExplicitDependencyGeneratePcm arm64 /Users/admin/builder/spi-builder-workspace/.derivedData/SDKExplicitPrecompiledModules/_LocationEssentials-2OY9351FRBO717MIULOKMYA9E.pcm
SwiftExplicitDependencyGeneratePcm arm64 /Users/admin/builder/spi-builder-workspace/.derivedData/SDKExplicitPrecompiledModules/Accessibility-EAPB6A95K5V0S27QNKR6ATG7F.pcm
SwiftExplicitDependencyGeneratePcm arm64 /Users/admin/builder/spi-builder-workspace/.derivedData/SDKExplicitPrecompiledModules/UserNotifications-AKH3GC0FQWUK55FNTW4WEMFQE.pcm
SwiftExplicitDependencyGeneratePcm arm64 /Users/admin/builder/spi-builder-workspace/.derivedData/SDKExplicitPrecompiledModules/OSLog-1UX1YGRJSIOEO9YC3MNFFD818.pcm
SwiftExplicitDependencyGeneratePcm arm64 /Users/admin/builder/spi-builder-workspace/.derivedData/SDKExplicitPrecompiledModules/DataDetection-9IX0C1MAX33MS6TCZDSNKXEO8.pcm
SwiftExplicitDependencyGeneratePcm arm64 /Users/admin/builder/spi-builder-workspace/.derivedData/SDKExplicitPrecompiledModules/IOSurface-DEQULTJ8SC21O986FDCNTM8FX.pcm
SwiftExplicitDependencyGeneratePcm arm64 /Users/admin/builder/spi-builder-workspace/.derivedData/SDKExplicitPrecompiledModules/UIUtilities-9NQVCWATNLLVY125LB74695HY.pcm
SwiftExplicitDependencyGeneratePcm arm64 /Users/admin/builder/spi-builder-workspace/.derivedData/SDKExplicitPrecompiledModules/Symbols-9TNA7JIKOEYVTYC7A16HCS4Z8.pcm
SwiftExplicitDependencyGeneratePcm arm64 /Users/admin/builder/spi-builder-workspace/.derivedData/SDKExplicitPrecompiledModules/CoreTransferable-84B3V3M9DHRIQERK179SSQO5U.pcm
SwiftExplicitDependencyGeneratePcm arm64 /Users/admin/builder/spi-builder-workspace/.derivedData/SDKExplicitPrecompiledModules/CoreData-3R0N6HKKQMVS32U7KOKR14383.pcm
SwiftExplicitDependencyGeneratePcm arm64 /Users/admin/builder/spi-builder-workspace/.derivedData/SDKExplicitPrecompiledModules/UniformTypeIdentifiers-DQ77M7R0D7VCBK0YUO3VHCRB1.pcm
SwiftExplicitDependencyGeneratePcm arm64 /Users/admin/builder/spi-builder-workspace/.derivedData/SDKExplicitPrecompiledModules/CoreLocation-6939X9DMB2SA43P0TYB7Z14Z5.pcm
SwiftExplicitDependencyGeneratePcm arm64 /Users/admin/builder/spi-builder-workspace/.derivedData/SDKExplicitPrecompiledModules/Metal-52GB3RCZ6A2WEZ7RWCXV2WL0N.pcm
SwiftExplicitDependencyGeneratePcm arm64 /Users/admin/builder/spi-builder-workspace/.derivedData/SDKExplicitPrecompiledModules/OpenGLES-6Y33D4DDPO1R82EJXT1SIGNPS.pcm
SwiftExplicitDependencyGeneratePcm arm64 /Users/admin/builder/spi-builder-workspace/.derivedData/SDKExplicitPrecompiledModules/CoreVideo-5G4VAY32QMJB00PUALI6188LK.pcm
SwiftExplicitDependencyGeneratePcm arm64 /Users/admin/builder/spi-builder-workspace/.derivedData/SDKExplicitPrecompiledModules/QuartzCore-DSNZZA81DYNK4OK1ANRR6HM7G.pcm
SwiftExplicitDependencyGeneratePcm arm64 /Users/admin/builder/spi-builder-workspace/.derivedData/SDKExplicitPrecompiledModules/CoreImage-ATUQ374FIDJPA1DF5BLR644CG.pcm
SwiftExplicitDependencyGeneratePcm arm64 /Users/admin/builder/spi-builder-workspace/.derivedData/SDKExplicitPrecompiledModules/CoreMedia-43BPYBY7ZACBDCUTAJXJFLTBP.pcm
SwiftExplicitDependencyGeneratePcm arm64 /Users/admin/builder/spi-builder-workspace/.derivedData/SDKExplicitPrecompiledModules/SwiftUICore-7SJQ9GB90ACGZV5NB09LFJIRX.pcm
SwiftExplicitDependencyGeneratePcm arm64 /Users/admin/builder/spi-builder-workspace/.derivedData/SDKExplicitPrecompiledModules/UIKit-42T2ZGON9LDZUXRIAUKELQ554.pcm
SwiftExplicitDependencyGeneratePcm arm64 /Users/admin/builder/spi-builder-workspace/.derivedData/SDKExplicitPrecompiledModules/SwiftUI-B634212FU5XQXG1OEBY2WYYH3.pcm
SwiftEmitModule normal arm64 Emitting\ module\ for\ LiteSlider (in target 'LiteSlider' from project 'LiteSlider')
/Users/admin/builder/spi-builder-workspace/Sources/LiteSlider/Track/TrackShape/TrackShapeComponents.swift:401:9: error: 'Slider' is unavailable in tvOS
399 | HStack {
400 | Text("Ratio")
401 | Slider(value: $ratio, in: 0...1)
| `- error: 'Slider' is unavailable in tvOS
402 | Text(String(format: "%.2f", ratio))
403 | }
SwiftUI.Slider:3:27: note: 'Slider' has been explicitly marked unavailable here
1 | @available(iOS 13.0, macOS 10.15, watchOS 6.0, *)
2 | @available(tvOS, unavailable)
3 | nonisolated public struct Slider<Label, ValueLabel> : View, ~Sendable where Label : View, ValueLabel : View {
| `- note: 'Slider' has been explicitly marked unavailable here
4 | nonisolated public var body: some View { get }
5 | @available(macOS 10.15, iOS 13.0, watchOS 6.0, *)
/Users/admin/builder/spi-builder-workspace/Sources/LiteSlider/Track/TrackShape/TrackShapeComponents.swift:401:9: error: 'init(value:in:onEditingChanged:)' is unavailable in tvOS
399 | HStack {
400 | Text("Ratio")
401 | Slider(value: $ratio, in: 0...1)
| `- error: 'init(value:in:onEditingChanged:)' is unavailable in tvOS
402 | Text(String(format: "%.2f", ratio))
403 | }
SwiftUI.Slider.init:2:20: note: 'init(value:in:onEditingChanged:)' has been explicitly marked unavailable here
1 | generic struct Slider {
2 | nonisolated public init<V>(value: Binding<V>, in bounds: ClosedRange<V> = 0...1, onEditingChanged: @escaping (Bool) -> Void = { _ in }) where V : BinaryFloatingPoint, V.Stride : BinaryFloatingPoint}
| `- note: 'init(value:in:onEditingChanged:)' has been explicitly marked unavailable here
3 |
/Users/admin/builder/spi-builder-workspace/Sources/LiteSlider/Track/TrackShape/TrackShapeComponents.swift:406:9: error: 'Slider' is unavailable in tvOS
404 | HStack {
405 | Text("Scale")
406 | Slider(value: $scale.height, in: 1...1.1)
| `- error: 'Slider' is unavailable in tvOS
407 | Text(String(format: "%.2f", scale.height))
408 | }
SwiftUI.Slider:3:27: note: 'Slider' has been explicitly marked unavailable here
1 | @available(iOS 13.0, macOS 10.15, watchOS 6.0, *)
2 | @available(tvOS, unavailable)
3 | nonisolated public struct Slider<Label, ValueLabel> : View, ~Sendable where Label : View, ValueLabel : View {
| `- note: 'Slider' has been explicitly marked unavailable here
4 | nonisolated public var body: some View { get }
5 | @available(macOS 10.15, iOS 13.0, watchOS 6.0, *)
/Users/admin/builder/spi-builder-workspace/Sources/LiteSlider/Track/TrackShape/TrackShapeComponents.swift:406:9: error: 'init(value:in:onEditingChanged:)' is unavailable in tvOS
404 | HStack {
405 | Text("Scale")
406 | Slider(value: $scale.height, in: 1...1.1)
| `- error: 'init(value:in:onEditingChanged:)' is unavailable in tvOS
407 | Text(String(format: "%.2f", scale.height))
408 | }
SwiftUI.Slider.init:2:20: note: 'init(value:in:onEditingChanged:)' has been explicitly marked unavailable here
1 | generic struct Slider {
2 | nonisolated public init<V>(value: Binding<V>, in bounds: ClosedRange<V> = 0...1, onEditingChanged: @escaping (Bool) -> Void = { _ in }) where V : BinaryFloatingPoint, V.Stride : BinaryFloatingPoint}
| `- note: 'init(value:in:onEditingChanged:)' has been explicitly marked unavailable here
3 |
Failed frontend command:
SwiftCompile normal arm64 (in target 'LiteSlider' from project 'LiteSlider')
cd /Users/admin/builder/spi-builder-workspace/.swiftpm/xcode
/Applications/Xcode-27.0.0-Release.Candidate.app/Contents/Developer/Toolchains/XcodeDefault.xctoolchain/usr/bin/swift-frontend -frontend -emit-module -experimental-skip-non-inlinable-function-bodies-without-types /Users/admin/builder/spi-builder-workspace/Sources/LiteSlider/Config/LiteSliderAccessibility.swift /Users/admin/builder/spi-builder-workspace/Sources/LiteSlider/Config/LiteSliderAppearance.swift /Users/admin/builder/spi-builder-workspace/Sources/LiteSlider/Config/LiteSliderAppearanceExtensions.swift /Users/admin/builder/spi-builder-workspace/Sources/LiteSlider/Config/OnSliderDragEnded.swift /Users/admin/builder/spi-builder-workspace/Sources/LiteSlider/Helpers/ColorExtensions.swift /Users/admin/builder/spi-builder-workspace/Sources/LiteSlider/Helpers/ComparableExtensions.swift /Users/admin/builder/spi-builder-workspace/Sources/LiteSlider/Helpers/DoubleExtensions.swift /Users/admin/builder/spi-builder-workspace/Sources/LiteSlider/Helpers/FloatingPointExtension.swift /Users/admin/builder/spi-builder-workspace/Sources/LiteSlider/InteractionSupport/FixedFrameContainer.swift /Users/admin/builder/spi-builder-workspace/Sources/LiteSlider/InteractionSupport/TouchAndDragGesture.swift /Users/admin/builder/spi-builder-workspace/Sources/LiteSlider/LiteSlider.swift /Users/admin/builder/spi-builder-workspace/Sources/LiteSlider/Track/ElasticDragMetrics.swift /Users/admin/builder/spi-builder-workspace/Sources/LiteSlider/Track/LiteSlider+Track.swift /Users/admin/builder/spi-builder-workspace/Sources/LiteSlider/Track/LiteSliderTrackGeometry.swift /Users/admin/builder/spi-builder-workspace/Sources/LiteSlider/Track/TrackShape/TrackShape.swift /Users/admin/builder/spi-builder-workspace/Sources/LiteSlider/Track/TrackShape/TrackShapeComponents.swift /Users/admin/builder/spi-builder-workspace/Sources/LiteSlider/TrackWrappers/LiteSlider+DynamicLengthTrack.swift /Users/admin/builder/spi-builder-workspace/Sources/LiteSlider/TrackWrappers/LiteSlider+ExpandableTrack.swift /Users/admin/builder/spi-builder-workspace/Sources/LiteSlider/TrackWrappers/LiteSlider+FixedLengthTrack.swift -target arm64-apple-tvos17.0 -disable-cross-import-overlay-search -load-resolved-plugin /Applications/Xcode-27.0.0-Release.Candidate.app/Contents/Developer/Platforms/AppleTVOS.platform/Developer/usr/lib/swift/host/plugins/libFoundationMacros.dylib\#/Applications/Xcode-27.0.0-Release.Candidate.app/Contents/Developer/Platforms/AppleTVOS.platform/Developer/usr/bin/swift-plugin-server\#FoundationMacros -load-resolved-plugin /Applications/Xcode-27.0.0-Release.Candidate.app/Contents/Developer/Platforms/AppleTVOS.platform/Developer/usr/lib/swift/host/plugins/libObservationMacros.dylib\#/Applications/Xcode-27.0.0-Release.Candidate.app/Contents/Developer/Platforms/AppleTVOS.platform/Developer/usr/bin/swift-plugin-server\#ObservationMacros -load-resolved-plugin /Applications/Xcode-27.0.0-Release.Candidate.app/Contents/Developer/Platforms/AppleTVOS.platform/Developer/usr/lib/swift/host/plugins/libPreviewsMacros.dylib\#/Applications/Xcode-27.0.0-Release.Candidate.app/Contents/Developer/Platforms/AppleTVOS.platform/Developer/usr/bin/swift-plugin-server\#PreviewsMacros -load-resolved-plugin /Applications/Xcode-27.0.0-Release.Candidate.app/Contents/Developer/Platforms/AppleTVOS.platform/Developer/usr/lib/swift/host/plugins/libSwiftMacros.dylib\#/Applications/Xcode-27.0.0-Release.Candidate.app/Contents/Developer/Platforms/AppleTVOS.platform/Developer/usr/bin/swift-plugin-server\#SwiftMacros -load-resolved-plugin /Applications/Xcode-27.0.0-Release.Candidate.app/Contents/Developer/Platforms/AppleTVOS.platform/Developer/usr/lib/swift/host/plugins/libSwiftUIMacros.dylib\#/Applications/Xcode-27.0.0-Release.Candidate.app/Contents/Developer/Platforms/AppleTVOS.platform/Developer/usr/bin/swift-plugin-server\#SwiftUIMacros -disable-implicit-swift-modules -Xcc -fno-implicit-modules -Xcc -fno-implicit-module-maps -explicit-swift-module-map-file /Users/admin/builder/spi-builder-workspace/.derivedData/Build/Intermediates.noindex/LiteSlider.build/Debug-appletvos/LiteSlider-t.build/Objects-normal/arm64/LiteSlider-dependencies-1.json -Xllvm -aarch64-use-tbi -enable-objc-interop -stack-check -sdk /Applications/Xcode-27.0.0-Release.Candidate.app/Contents/Developer/Platforms/AppleTVOS.platform/Developer/SDKs/AppleTVOS27.0.sdk -I /Users/admin/builder/spi-builder-workspace/.derivedData/Build/Products/Debug-appletvos -Isystem /Applications/Xcode-27.0.0-Release.Candidate.app/Contents/Developer/Platforms/AppleTVOS.platform/Developer/usr/lib -F /Users/admin/builder/spi-builder-workspace/.derivedData/Build/Products/Debug-appletvos -F /Applications/Xcode-27.0.0-Release.Candidate.app/Contents/Developer/Platforms/AppleTVOS.platform/Developer/Library/Frameworks -F /Applications/Xcode-27.0.0-Release.Candidate.app/Contents/Developer/Platforms/AppleTVOS.platform/Developer/SDKs/AppleTVOS27.0.sdk/Developer/Library/Frameworks -module-cache-path /Users/admin/builder/spi-builder-workspace/.derivedData/Build/Intermediates.noindex/SwiftExplicitPrecompiledModules -no-color-diagnostics -Xcc -fno-color-diagnostics -enable-testing -g -debug-info-format\=dwarf -dwarf-version\=4 -swift-version 6 -Onone -D SWIFT_PACKAGE -D DEBUG -D SWIFT_MODULE_RESOURCE_BUNDLE_UNAVAILABLE -D Xcode -serialize-debugging-options -enable-experimental-feature DebugDescriptionMacro -empty-abi-descriptor -validate-clang-modules-once -clang-build-session-file /Users/admin/builder/spi-builder-workspace/.derivedData/ModuleCache.noindex/Session.modulevalidation -Xcc -working-directory -Xcc /Users/admin/builder/spi-builder-workspace/.swiftpm/xcode -enable-anonymous-context-mangled-names -file-compilation-dir /Users/admin/builder/spi-builder-workspace/.swiftpm/xcode -Xcc -D_LIBCPP_HARDENING_MODE\=_LIBCPP_HARDENING_MODE_DEBUG -Xcc -ivfsstatcache -Xcc /Users/admin/builder/spi-builder-workspace/.derivedData/SDKStatCaches.noindex/appletvos27.0-24J360-e829b21a6f8c9b70876ba0858053c044b32bfd8d43560033f8d89884cdb90028.sdkstatcache -Xcc -fmodules-prune-interval\=86400 -Xcc -fmodules-prune-after\=345600 -Xcc -I/Users/admin/builder/spi-builder-workspace/.derivedData/Build/Products/Debug-appletvos/include -Xcc -I/Users/admin/builder/spi-builder-workspace/.derivedData/Build/Intermediates.noindex/LiteSlider.build/Debug-appletvos/LiteSlider-t.build/DerivedSources-normal/arm64 -Xcc -I/Users/admin/builder/spi-builder-workspace/.derivedData/Build/Intermediates.noindex/LiteSlider.build/Debug-appletvos/LiteSlider-t.build/DerivedSources/arm64 -Xcc -I/Users/admin/builder/spi-builder-workspace/.derivedData/Build/Intermediates.noindex/LiteSlider.build/Debug-appletvos/LiteSlider-t.build/DerivedSources -Xcc -DSWIFT_PACKAGE -Xcc -DDEBUG\=1 -no-auto-bridging-header-chaining -module-name LiteSlider -package-name spi_builder_workspace -const-gather-protocols-file /Users/admin/builder/spi-builder-workspace/.derivedData/Build/Intermediates.noindex/LiteSlider.build/Debug-appletvos/LiteSlider-t.build/Objects-normal/arm64/LiteSlider_const_extract_protocols.json -disable-clang-spi -clang-target arm64-apple-tvos27.0 -target-sdk-version 27.0 -target-sdk-name appletvos27.0 -in-process-plugin-server-path /Applications/Xcode-27.0.0-Release.Candidate.app/Contents/Developer/Toolchains/XcodeDefault.xctoolchain/usr/lib/swift/host/libSwiftInProcPluginServer.dylib -emit-module-doc-path /Users/admin/builder/spi-builder-workspace/.derivedData/Build/Intermediates.noindex/LiteSlider.build/Debug-appletvos/LiteSlider-t.build/Objects-normal/arm64/LiteSlider.swiftdoc -emit-module-source-info-path /Users/admin/builder/spi-builder-workspace/.derivedData/Build/Intermediates.noindex/LiteSlider.build/Debug-appletvos/LiteSlider-t.build/Objects-normal/arm64/LiteSlider.swiftsourceinfo -emit-objc-header-path /Users/admin/builder/spi-builder-workspace/.derivedData/Build/Intermediates.noindex/LiteSlider.build/Debug-appletvos/LiteSlider-t.build/Objects-normal/arm64/LiteSlider-Swift.h -serialize-diagnostics-path /Users/admin/builder/spi-builder-workspace/.derivedData/Build/Intermediates.noindex/LiteSlider.build/Debug-appletvos/LiteSlider-t.build/Objects-normal/arm64/LiteSlider-primary-emit-module.dia -emit-dependencies-path /Users/admin/builder/spi-builder-workspace/.derivedData/Build/Intermediates.noindex/LiteSlider.build/Debug-appletvos/LiteSlider-t.build/Objects-normal/arm64/LiteSlider-primary-emit-module.d -parse-as-library -o /Users/admin/builder/spi-builder-workspace/.derivedData/Build/Intermediates.noindex/LiteSlider.build/Debug-appletvos/LiteSlider-t.build/Objects-normal/arm64/LiteSlider.swiftmodule -emit-abi-descriptor-path /Users/admin/builder/spi-builder-workspace/.derivedData/Build/Intermediates.noindex/LiteSlider.build/Debug-appletvos/LiteSlider-t.build/Objects-normal/arm64/LiteSlider.abi.json
SwiftCompile normal arm64 Compiling\ LiteSlider+FixedLengthTrack.swift /Users/admin/builder/spi-builder-workspace/Sources/LiteSlider/TrackWrappers/LiteSlider+FixedLengthTrack.swift (in target 'LiteSlider' from project 'LiteSlider')
SwiftCompile normal arm64 /Users/admin/builder/spi-builder-workspace/Sources/LiteSlider/TrackWrappers/LiteSlider+FixedLengthTrack.swift (in target 'LiteSlider' from project 'LiteSlider')
cd /Users/admin/builder/spi-builder-workspace/.swiftpm/xcode
builtin-SwiftPerFileCompile LiteSlider+FixedLengthTrack.swift
SwiftCompile normal arm64 Compiling\ FixedFrameContainer.swift,\ TouchAndDragGesture.swift /Users/admin/builder/spi-builder-workspace/Sources/LiteSlider/InteractionSupport/FixedFrameContainer.swift /Users/admin/builder/spi-builder-workspace/Sources/LiteSlider/InteractionSupport/TouchAndDragGesture.swift (in target 'LiteSlider' from project 'LiteSlider')
SwiftCompile normal arm64 /Users/admin/builder/spi-builder-workspace/Sources/LiteSlider/InteractionSupport/FixedFrameContainer.swift (in target 'LiteSlider' from project 'LiteSlider')
cd /Users/admin/builder/spi-builder-workspace/.swiftpm/xcode
builtin-SwiftPerFileCompile FixedFrameContainer.swift
SwiftCompile normal arm64 /Users/admin/builder/spi-builder-workspace/Sources/LiteSlider/InteractionSupport/TouchAndDragGesture.swift (in target 'LiteSlider' from project 'LiteSlider')
cd /Users/admin/builder/spi-builder-workspace/.swiftpm/xcode
builtin-SwiftPerFileCompile TouchAndDragGesture.swift
/Users/admin/builder/spi-builder-workspace/Sources/LiteSlider/InteractionSupport/TouchAndDragGesture.swift:37:15: error: 'DragGesture' is unavailable in tvOS
35 | isDragging
36 | ? nil
37 | : DragGesture(minimumDistance: 0)
| `- error: 'DragGesture' is unavailable in tvOS
38 | .onChanged { value in
39 | isDragging = true
SwiftUI.DragGesture:3:42: note: 'DragGesture' has been explicitly marked unavailable here
1 | @available(iOS 13.0, macOS 10.15, watchOS 6.0, *)
2 | @available(tvOS, unavailable)
3 | @MainActor @preconcurrency public struct DragGesture : Gesture, ~Sendable {
| `- note: 'DragGesture' has been explicitly marked unavailable here
4 | public struct Value : Equatable, Sendable {
5 | public var time: Date
/Users/admin/builder/spi-builder-workspace/Sources/LiteSlider/InteractionSupport/TouchAndDragGesture.swift:37:15: error: 'init(minimumDistance:coordinateSpace:)' is unavailable in tvOS
35 | isDragging
36 | ? nil
37 | : DragGesture(minimumDistance: 0)
| `- error: 'init(minimumDistance:coordinateSpace:)' is unavailable in tvOS
38 | .onChanged { value in
39 | isDragging = true
SwiftUI.DragGesture.init:4:37: note: 'init(minimumDistance:coordinateSpace:)' has been explicitly marked unavailable here
2 | @available(iOS 17.0, macOS 14.0, watchOS 10.0, *)
3 | @available(tvOS, unavailable)
4 | @MainActor @preconcurrency public init(minimumDistance: CGFloat = 10, coordinateSpace: some CoordinateSpaceProtocol = .local)}
| `- note: 'init(minimumDistance:coordinateSpace:)' has been explicitly marked unavailable here
5 |
/Users/admin/builder/spi-builder-workspace/Sources/LiteSlider/InteractionSupport/TouchAndDragGesture.swift:50:15: error: 'DragGesture' is unavailable in tvOS
48 | private var dragGesture: some Gesture {
49 | isDragging
50 | ? DragGesture(minimumDistance: 0)
| `- error: 'DragGesture' is unavailable in tvOS
51 | .onChanged { value in
52 | onChanged?(value.location)
SwiftUI.DragGesture:3:42: note: 'DragGesture' has been explicitly marked unavailable here
1 | @available(iOS 13.0, macOS 10.15, watchOS 6.0, *)
2 | @available(tvOS, unavailable)
3 | @MainActor @preconcurrency public struct DragGesture : Gesture, ~Sendable {
| `- note: 'DragGesture' has been explicitly marked unavailable here
4 | public struct Value : Equatable, Sendable {
5 | public var time: Date
SwiftCompile normal arm64 Compiling\ LiteSliderAppearanceExtensions.swift,\ OnSliderDragEnded.swift /Users/admin/builder/spi-builder-workspace/Sources/LiteSlider/Config/LiteSliderAppearanceExtensions.swift /Users/admin/builder/spi-builder-workspace/Sources/LiteSlider/Config/OnSliderDragEnded.swift (in target 'LiteSlider' from project 'LiteSlider')
SwiftCompile normal arm64 /Users/admin/builder/spi-builder-workspace/Sources/LiteSlider/Config/LiteSliderAppearanceExtensions.swift (in target 'LiteSlider' from project 'LiteSlider')
cd /Users/admin/builder/spi-builder-workspace/.swiftpm/xcode
builtin-SwiftPerFileCompile LiteSliderAppearanceExtensions.swift
SwiftCompile normal arm64 /Users/admin/builder/spi-builder-workspace/Sources/LiteSlider/Config/OnSliderDragEnded.swift (in target 'LiteSlider' from project 'LiteSlider')
cd /Users/admin/builder/spi-builder-workspace/.swiftpm/xcode
builtin-SwiftPerFileCompile OnSliderDragEnded.swift
SwiftCompile normal arm64 Compiling\ LiteSlider.swift,\ ElasticDragMetrics.swift /Users/admin/builder/spi-builder-workspace/Sources/LiteSlider/LiteSlider.swift /Users/admin/builder/spi-builder-workspace/Sources/LiteSlider/Track/ElasticDragMetrics.swift (in target 'LiteSlider' from project 'LiteSlider')
/Users/admin/builder/spi-builder-workspace/Sources/LiteSlider/Track/TrackShape/TrackShapeComponents.swift:401:9: error: 'Slider' is unavailable in tvOS
399 | HStack {
400 | Text("Ratio")
401 | Slider(value: $ratio, in: 0...1)
| `- error: 'Slider' is unavailable in tvOS
402 | Text(String(format: "%.2f", ratio))
403 | }
SwiftUI.Slider:3:27: note: 'Slider' has been explicitly marked unavailable here
1 | @available(iOS 13.0, macOS 10.15, watchOS 6.0, *)
2 | @available(tvOS, unavailable)
3 | nonisolated public struct Slider<Label, ValueLabel> : View, ~Sendable where Label : View, ValueLabel : View {
| `- note: 'Slider' has been explicitly marked unavailable here
4 | nonisolated public var body: some View { get }
5 | @available(macOS 10.15, iOS 13.0, watchOS 6.0, *)
/Users/admin/builder/spi-builder-workspace/Sources/LiteSlider/Track/TrackShape/TrackShapeComponents.swift:401:9: error: 'init(value:in:onEditingChanged:)' is unavailable in tvOS
399 | HStack {
400 | Text("Ratio")
401 | Slider(value: $ratio, in: 0...1)
| `- error: 'init(value:in:onEditingChanged:)' is unavailable in tvOS
402 | Text(String(format: "%.2f", ratio))
403 | }
SwiftUI.Slider.init:2:20: note: 'init(value:in:onEditingChanged:)' has been explicitly marked unavailable here
1 | generic struct Slider {
2 | nonisolated public init<V>(value: Binding<V>, in bounds: ClosedRange<V> = 0...1, onEditingChanged: @escaping (Bool) -> Void = { _ in }) where V : BinaryFloatingPoint, V.Stride : BinaryFloatingPoint}
| `- note: 'init(value:in:onEditingChanged:)' has been explicitly marked unavailable here
3 |
/Users/admin/builder/spi-builder-workspace/Sources/LiteSlider/Track/TrackShape/TrackShapeComponents.swift:406:9: error: 'Slider' is unavailable in tvOS
404 | HStack {
405 | Text("Scale")
406 | Slider(value: $scale.height, in: 1...1.1)
| `- error: 'Slider' is unavailable in tvOS
407 | Text(String(format: "%.2f", scale.height))
408 | }
SwiftUI.Slider:3:27: note: 'Slider' has been explicitly marked unavailable here
1 | @available(iOS 13.0, macOS 10.15, watchOS 6.0, *)
2 | @available(tvOS, unavailable)
3 | nonisolated public struct Slider<Label, ValueLabel> : View, ~Sendable where Label : View, ValueLabel : View {
| `- note: 'Slider' has been explicitly marked unavailable here
4 | nonisolated public var body: some View { get }
5 | @available(macOS 10.15, iOS 13.0, watchOS 6.0, *)
SwiftCompile normal arm64 /Users/admin/builder/spi-builder-workspace/Sources/LiteSlider/LiteSlider.swift (in target 'LiteSlider' from project 'LiteSlider')
cd /Users/admin/builder/spi-builder-workspace/.swiftpm/xcode
builtin-SwiftPerFileCompile LiteSlider.swift
SwiftCompile normal arm64 /Users/admin/builder/spi-builder-workspace/Sources/LiteSlider/Track/ElasticDragMetrics.swift (in target 'LiteSlider' from project 'LiteSlider')
cd /Users/admin/builder/spi-builder-workspace/.swiftpm/xcode
builtin-SwiftPerFileCompile ElasticDragMetrics.swift
SwiftCompile normal arm64 Compiling\ LiteSliderAccessibility.swift,\ LiteSliderAppearance.swift /Users/admin/builder/spi-builder-workspace/Sources/LiteSlider/Config/LiteSliderAccessibility.swift /Users/admin/builder/spi-builder-workspace/Sources/LiteSlider/Config/LiteSliderAppearance.swift (in target 'LiteSlider' from project 'LiteSlider')
SwiftCompile normal arm64 /Users/admin/builder/spi-builder-workspace/Sources/LiteSlider/Config/LiteSliderAccessibility.swift (in target 'LiteSlider' from project 'LiteSlider')
cd /Users/admin/builder/spi-builder-workspace/.swiftpm/xcode
builtin-SwiftPerFileCompile LiteSliderAccessibility.swift
SwiftCompile normal arm64 /Users/admin/builder/spi-builder-workspace/Sources/LiteSlider/Config/LiteSliderAppearance.swift (in target 'LiteSlider' from project 'LiteSlider')
cd /Users/admin/builder/spi-builder-workspace/.swiftpm/xcode
builtin-SwiftPerFileCompile LiteSliderAppearance.swift
SwiftCompile normal arm64 Compiling\ ColorExtensions.swift,\ ComparableExtensions.swift /Users/admin/builder/spi-builder-workspace/Sources/LiteSlider/Helpers/ColorExtensions.swift /Users/admin/builder/spi-builder-workspace/Sources/LiteSlider/Helpers/ComparableExtensions.swift (in target 'LiteSlider' from project 'LiteSlider')
SwiftCompile normal arm64 /Users/admin/builder/spi-builder-workspace/Sources/LiteSlider/Helpers/ColorExtensions.swift (in target 'LiteSlider' from project 'LiteSlider')
cd /Users/admin/builder/spi-builder-workspace/.swiftpm/xcode
builtin-SwiftPerFileCompile ColorExtensions.swift
SwiftCompile normal arm64 /Users/admin/builder/spi-builder-workspace/Sources/LiteSlider/Helpers/ComparableExtensions.swift (in target 'LiteSlider' from project 'LiteSlider')
cd /Users/admin/builder/spi-builder-workspace/.swiftpm/xcode
builtin-SwiftPerFileCompile ComparableExtensions.swift
SwiftCompile normal arm64 Compiling\ LiteSlider+DynamicLengthTrack.swift,\ LiteSlider+ExpandableTrack.swift /Users/admin/builder/spi-builder-workspace/Sources/LiteSlider/TrackWrappers/LiteSlider+DynamicLengthTrack.swift /Users/admin/builder/spi-builder-workspace/Sources/LiteSlider/TrackWrappers/LiteSlider+ExpandableTrack.swift (in target 'LiteSlider' from project 'LiteSlider')
SwiftCompile normal arm64 /Users/admin/builder/spi-builder-workspace/Sources/LiteSlider/TrackWrappers/LiteSlider+DynamicLengthTrack.swift (in target 'LiteSlider' from project 'LiteSlider')
cd /Users/admin/builder/spi-builder-workspace/.swiftpm/xcode
builtin-SwiftPerFileCompile LiteSlider+DynamicLengthTrack.swift
SwiftCompile normal arm64 /Users/admin/builder/spi-builder-workspace/Sources/LiteSlider/TrackWrappers/LiteSlider+ExpandableTrack.swift (in target 'LiteSlider' from project 'LiteSlider')
cd /Users/admin/builder/spi-builder-workspace/.swiftpm/xcode
builtin-SwiftPerFileCompile LiteSlider+ExpandableTrack.swift
SwiftCompile normal arm64 Compiling\ DoubleExtensions.swift,\ FloatingPointExtension.swift /Users/admin/builder/spi-builder-workspace/Sources/LiteSlider/Helpers/DoubleExtensions.swift /Users/admin/builder/spi-builder-workspace/Sources/LiteSlider/Helpers/FloatingPointExtension.swift (in target 'LiteSlider' from project 'LiteSlider')
SwiftCompile normal arm64 /Users/admin/builder/spi-builder-workspace/Sources/LiteSlider/Helpers/DoubleExtensions.swift (in target 'LiteSlider' from project 'LiteSlider')
cd /Users/admin/builder/spi-builder-workspace/.swiftpm/xcode
builtin-SwiftPerFileCompile DoubleExtensions.swift
SwiftCompile normal arm64 /Users/admin/builder/spi-builder-workspace/Sources/LiteSlider/Helpers/FloatingPointExtension.swift (in target 'LiteSlider' from project 'LiteSlider')
cd /Users/admin/builder/spi-builder-workspace/.swiftpm/xcode
builtin-SwiftPerFileCompile FloatingPointExtension.swift
SwiftCompile normal arm64 Compiling\ LiteSlider+Track.swift,\ LiteSliderTrackGeometry.swift /Users/admin/builder/spi-builder-workspace/Sources/LiteSlider/Track/LiteSlider+Track.swift /Users/admin/builder/spi-builder-workspace/Sources/LiteSlider/Track/LiteSliderTrackGeometry.swift (in target 'LiteSlider' from project 'LiteSlider')
SwiftCompile normal arm64 /Users/admin/builder/spi-builder-workspace/Sources/LiteSlider/Track/LiteSlider+Track.swift (in target 'LiteSlider' from project 'LiteSlider')
cd /Users/admin/builder/spi-builder-workspace/.swiftpm/xcode
builtin-SwiftPerFileCompile LiteSlider+Track.swift
SwiftCompile normal arm64 /Users/admin/builder/spi-builder-workspace/Sources/LiteSlider/Track/LiteSliderTrackGeometry.swift (in target 'LiteSlider' from project 'LiteSlider')
cd /Users/admin/builder/spi-builder-workspace/.swiftpm/xcode
builtin-SwiftPerFileCompile LiteSliderTrackGeometry.swift
SwiftCompile normal arm64 Compiling\ TrackShape.swift,\ TrackShapeComponents.swift /Users/admin/builder/spi-builder-workspace/Sources/LiteSlider/Track/TrackShape/TrackShape.swift /Users/admin/builder/spi-builder-workspace/Sources/LiteSlider/Track/TrackShape/TrackShapeComponents.swift (in target 'LiteSlider' from project 'LiteSlider')
SwiftCompile normal arm64 /Users/admin/builder/spi-builder-workspace/Sources/LiteSlider/Track/TrackShape/TrackShape.swift (in target 'LiteSlider' from project 'LiteSlider')
cd /Users/admin/builder/spi-builder-workspace/.swiftpm/xcode
builtin-SwiftPerFileCompile TrackShape.swift
SwiftCompile normal arm64 /Users/admin/builder/spi-builder-workspace/Sources/LiteSlider/Track/TrackShape/TrackShapeComponents.swift (in target 'LiteSlider' from project 'LiteSlider')
cd /Users/admin/builder/spi-builder-workspace/.swiftpm/xcode
builtin-SwiftPerFileCompile TrackShapeComponents.swift
PruneExplicitPrecompiledModules /Users/admin/builder/spi-builder-workspace/.derivedData/Build/Intermediates.noindex/ExplicitPrecompiledModules
PruneExplicitPrecompiledModules /Users/admin/builder/spi-builder-workspace/.derivedData/SDKExplicitPrecompiledModules
PruneExplicitPrecompiledModules /Users/admin/builder/spi-builder-workspace/.derivedData/Build/Intermediates.noindex/SwiftExplicitPrecompiledModules
2026-10-05 00:39:30.227 xcodebuild[627:3902] [MT] IDERunDestination: Supported platforms for the buildables in the current scheme is empty.
** BUILD FAILED **
The following build commands failed:
SwiftCompile normal arm64 (in target 'LiteSlider' from project 'LiteSlider')
SwiftEmitModule normal arm64 Emitting\ module\ for\ LiteSlider (in target 'LiteSlider' from project 'LiteSlider')
Building workspace LiteSlider with scheme LiteSlider
(3 failures)
Command line invocation:
/Applications/Xcode-27.0.0-Release.Candidate.app/Contents/Developer/usr/bin/xcodebuild -IDEClonedSourcePackagesDirPathOverride=/Users/admin/builder/spi-builder-workspace/.dependencies -resolvePackageDependencies
Resolve Package Graph
Resolved source packages:
LiteSlider: /Users/admin/builder/spi-builder-workspace
resolved source packages: LiteSlider
2026-10-05 00:39:36.626 xcodebuild[741:4472] [MT] IDERunDestination: Supported platforms for the buildables in the current scheme is empty.
{
"dependencies" : [
],
"manifest_display_name" : "LiteSlider",
"name" : "LiteSlider",
"path" : "/Users/admin/builder/spi-builder-workspace",
"platforms" : [
{
"name" : "ios",
"version" : "17.0"
}
],
"products" : [
{
"name" : "LiteSlider",
"targets" : [
"LiteSlider"
],
"type" : {
"library" : [
"automatic"
]
}
}
],
"targets" : [
{
"c99name" : "LiteSlider",
"module_type" : "SwiftTarget",
"name" : "LiteSlider",
"path" : "Sources/LiteSlider",
"product_memberships" : [
"LiteSlider"
],
"sources" : [
"Config/LiteSliderAccessibility.swift",
"Config/LiteSliderAppearance.swift",
"Config/LiteSliderAppearanceExtensions.swift",
"Config/OnSliderDragEnded.swift",
"Helpers/ColorExtensions.swift",
"Helpers/ComparableExtensions.swift",
"Helpers/DoubleExtensions.swift",
"Helpers/FloatingPointExtension.swift",
"InteractionSupport/FixedFrameContainer.swift",
"InteractionSupport/TouchAndDragGesture.swift",
"LiteSlider.swift",
"Track/ElasticDragMetrics.swift",
"Track/LiteSlider+Track.swift",
"Track/LiteSliderTrackGeometry.swift",
"Track/TrackShape/TrackShape.swift",
"Track/TrackShape/TrackShapeComponents.swift",
"TrackWrappers/LiteSlider+DynamicLengthTrack.swift",
"TrackWrappers/LiteSlider+ExpandableTrack.swift",
"TrackWrappers/LiteSlider+FixedLengthTrack.swift"
],
"type" : "library"
}
],
"tools_version" : "6.1"
}
{
"workspace" : {
"name" : "LiteSlider",
"schemes" : [
"LiteSlider"
]
}
}
2026-10-05 00:39:37.842 xcodebuild[749:4539] [MT] IDERunDestination: Supported platforms for the buildables in the current scheme is empty.
Running build ...
env DEVELOPER_DIR=/Applications/Xcode-27.0.0-Release.Candidate.app xcrun xcodebuild -IDEClonedSourcePackagesDirPathOverride=$PWD/.dependencies -skipMacroValidation -skipPackagePluginValidation -derivedDataPath $PWD/.derivedData build -scheme LiteSlider -destination generic/platform=tvOS
Command line invocation:
/Applications/Xcode-27.0.0-Release.Candidate.app/Contents/Developer/usr/bin/xcodebuild -IDEClonedSourcePackagesDirPathOverride=/Users/admin/builder/spi-builder-workspace/.dependencies -skipMacroValidation -skipPackagePluginValidation -derivedDataPath /Users/admin/builder/spi-builder-workspace/.derivedData build -scheme LiteSlider -destination generic/platform=tvOS
Resolve Package Graph
Resolved source packages:
LiteSlider: /Users/admin/builder/spi-builder-workspace
ComputePackagePrebuildTargetDependencyGraph
Prepare packages
CreateBuildRequest
SendProjectDescription
CreateBuildOperation
ComputeTargetDependencyGraph
note: Building targets in dependency order
note: Target dependency graph (2 targets)
Target 'LiteSlider-product' in project 'LiteSlider'
➜ Explicit dependency on target 'LiteSlider' in project 'LiteSlider'
Target 'LiteSlider' in project 'LiteSlider' (no dependencies)
GatherProvisioningInputs
CreateBuildDescription
ClangStatCache /Applications/Xcode-27.0.0-Release.Candidate.app/Contents/Developer/Toolchains/XcodeDefault.xctoolchain/usr/bin/clang-stat-cache /Applications/Xcode-27.0.0-Release.Candidate.app/Contents/Developer/Platforms/AppleTVOS.platform/Developer/SDKs/AppleTVOS27.0.sdk /Users/admin/builder/spi-builder-workspace/.derivedData/SDKStatCaches.noindex/appletvos27.0-24J360-e829b21a6f8c9b70876ba0858053c044b32bfd8d43560033f8d89884cdb90028.sdkstatcache
cd /Users/admin/builder/spi-builder-workspace/.swiftpm/xcode
/Applications/Xcode-27.0.0-Release.Candidate.app/Contents/Developer/Toolchains/XcodeDefault.xctoolchain/usr/bin/clang-stat-cache /Applications/Xcode-27.0.0-Release.Candidate.app/Contents/Developer/Platforms/AppleTVOS.platform/Developer/SDKs/AppleTVOS27.0.sdk -o /Users/admin/builder/spi-builder-workspace/.derivedData/SDKStatCaches.noindex/appletvos27.0-24J360-e829b21a6f8c9b70876ba0858053c044b32bfd8d43560033f8d89884cdb90028.sdkstatcache
SwiftDriver LiteSlider normal arm64 com.apple.xcode.tools.swift.compiler (in target 'LiteSlider' from project 'LiteSlider')
cd /Users/admin/builder/spi-builder-workspace/.swiftpm/xcode
builtin-SwiftDriver -- /Applications/Xcode-27.0.0-Release.Candidate.app/Contents/Developer/Toolchains/XcodeDefault.xctoolchain/usr/bin/swiftc -parse-as-library -module-name LiteSlider -Onone @/Users/admin/builder/spi-builder-workspace/.derivedData/Build/Intermediates.noindex/LiteSlider.build/Debug-appletvos/LiteSlider-t.build/Objects-normal/arm64/LiteSlider.SwiftFileList -DSWIFT_PACKAGE -DDEBUG -DSWIFT_MODULE_RESOURCE_BUNDLE_UNAVAILABLE -DXcode -plugin-path /Applications/Xcode-27.0.0-Release.Candidate.app/Contents/Developer/Toolchains/XcodeDefault.xctoolchain/usr/lib/swift/host/plugins/testing -enable-experimental-feature DebugDescriptionMacro -sdk /Applications/Xcode-27.0.0-Release.Candidate.app/Contents/Developer/Platforms/AppleTVOS.platform/Developer/SDKs/AppleTVOS27.0.sdk -target arm64-apple-tvos17.0 -g -module-cache-path /Users/admin/builder/spi-builder-workspace/.derivedData/ModuleCache.noindex -Xfrontend -serialize-debugging-options -enable-testing -index-store-path /Users/admin/builder/spi-builder-workspace/.derivedData/Index.noindex/DataStore -Xcc -D_LIBCPP_HARDENING_MODE\=_LIBCPP_HARDENING_MODE_DEBUG -swift-version 6 -I /Users/admin/builder/spi-builder-workspace/.derivedData/Build/Products/Debug-appletvos -Isystem /Applications/Xcode-27.0.0-Release.Candidate.app/Contents/Developer/Platforms/AppleTVOS.platform/Developer/usr/lib -F /Users/admin/builder/spi-builder-workspace/.derivedData/Build/Products/Debug-appletvos -F /Applications/Xcode-27.0.0-Release.Candidate.app/Contents/Developer/Platforms/AppleTVOS.platform/Developer/Library/Frameworks -F /Applications/Xcode-27.0.0-Release.Candidate.app/Contents/Developer/Platforms/AppleTVOS.platform/Developer/SDKs/AppleTVOS27.0.sdk/Developer/Library/Frameworks -c -j10 -enable-batch-mode -incremental -Xcc -ivfsstatcache -Xcc /Users/admin/builder/spi-builder-workspace/.derivedData/SDKStatCaches.noindex/appletvos27.0-24J360-e829b21a6f8c9b70876ba0858053c044b32bfd8d43560033f8d89884cdb90028.sdkstatcache -output-file-map /Users/admin/builder/spi-builder-workspace/.derivedData/Build/Intermediates.noindex/LiteSlider.build/Debug-appletvos/LiteSlider-t.build/Objects-normal/arm64/LiteSlider-OutputFileMap.json -save-temps -no-color-diagnostics -explicit-module-build -module-cache-path /Users/admin/builder/spi-builder-workspace/.derivedData/Build/Intermediates.noindex/SwiftExplicitPrecompiledModules -clang-scanner-module-cache-path /Users/admin/builder/spi-builder-workspace/.derivedData/ModuleCache.noindex -sdk-module-cache-path /Users/admin/builder/spi-builder-workspace/.derivedData/SDKExplicitPrecompiledModules -emit-dependencies -emit-module -emit-module-path /Users/admin/builder/spi-builder-workspace/.derivedData/Build/Intermediates.noindex/LiteSlider.build/Debug-appletvos/LiteSlider-t.build/Objects-normal/arm64/LiteSlider.swiftmodule -serialize-diagnostics -dependency-scan-serialize-diagnostics-path /Users/admin/builder/spi-builder-workspace/.derivedData/Build/Intermediates.noindex/LiteSlider.build/Debug-appletvos/LiteSlider-t.build/Objects-normal/arm64/LiteSlider-dependency-scan.dia -validate-clang-modules-once -clang-build-session-file /Users/admin/builder/spi-builder-workspace/.derivedData/ModuleCache.noindex/Session.modulevalidation -Xcc -fmodules-prune-interval\=86400 -Xcc -fmodules-prune-after\=345600 -package-name spi_builder_workspace -emit-const-values -const-gather-protocols-list /Users/admin/builder/spi-builder-workspace/.derivedData/Build/Intermediates.noindex/LiteSlider.build/Debug-appletvos/LiteSlider-t.build/Objects-normal/arm64/LiteSlider_const_extract_protocols.json -Xcc -I/Users/admin/builder/spi-builder-workspace/.derivedData/Build/Products/Debug-appletvos/include -Xcc -I/Users/admin/builder/spi-builder-workspace/.derivedData/Build/Intermediates.noindex/LiteSlider.build/Debug-appletvos/LiteSlider-t.build/DerivedSources-normal/arm64 -Xcc -I/Users/admin/builder/spi-builder-workspace/.derivedData/Build/Intermediates.noindex/LiteSlider.build/Debug-appletvos/LiteSlider-t.build/DerivedSources/arm64 -Xcc -I/Users/admin/builder/spi-builder-workspace/.derivedData/Build/Intermediates.noindex/LiteSlider.build/Debug-appletvos/LiteSlider-t.build/DerivedSources -Xcc -DSWIFT_PACKAGE -Xcc -DDEBUG\=1 -emit-objc-header -emit-objc-header-path /Users/admin/builder/spi-builder-workspace/.derivedData/Build/Intermediates.noindex/LiteSlider.build/Debug-appletvos/LiteSlider-t.build/Objects-normal/arm64/LiteSlider-Swift.h -working-directory /Users/admin/builder/spi-builder-workspace/.swiftpm/xcode -experimental-emit-module-separately -disable-cmo
SwiftCompile normal arm64 Compiling\ LiteSliderAccessibility.swift,\ LiteSliderAppearance.swift /Users/admin/builder/spi-builder-workspace/Sources/LiteSlider/Config/LiteSliderAccessibility.swift /Users/admin/builder/spi-builder-workspace/Sources/LiteSlider/Config/LiteSliderAppearance.swift (in target 'LiteSlider' from project 'LiteSlider')
SwiftCompile normal arm64 /Users/admin/builder/spi-builder-workspace/Sources/LiteSlider/Config/LiteSliderAccessibility.swift (in target 'LiteSlider' from project 'LiteSlider')
cd /Users/admin/builder/spi-builder-workspace/.swiftpm/xcode
builtin-SwiftPerFileCompile LiteSliderAccessibility.swift
SwiftCompile normal arm64 /Users/admin/builder/spi-builder-workspace/Sources/LiteSlider/Config/LiteSliderAppearance.swift (in target 'LiteSlider' from project 'LiteSlider')
cd /Users/admin/builder/spi-builder-workspace/.swiftpm/xcode
builtin-SwiftPerFileCompile LiteSliderAppearance.swift
SwiftCompile normal arm64 Compiling\ FixedFrameContainer.swift,\ TouchAndDragGesture.swift /Users/admin/builder/spi-builder-workspace/Sources/LiteSlider/InteractionSupport/FixedFrameContainer.swift /Users/admin/builder/spi-builder-workspace/Sources/LiteSlider/InteractionSupport/TouchAndDragGesture.swift (in target 'LiteSlider' from project 'LiteSlider')
SwiftCompile normal arm64 /Users/admin/builder/spi-builder-workspace/Sources/LiteSlider/InteractionSupport/FixedFrameContainer.swift (in target 'LiteSlider' from project 'LiteSlider')
cd /Users/admin/builder/spi-builder-workspace/.swiftpm/xcode
builtin-SwiftPerFileCompile FixedFrameContainer.swift
SwiftCompile normal arm64 /Users/admin/builder/spi-builder-workspace/Sources/LiteSlider/InteractionSupport/TouchAndDragGesture.swift (in target 'LiteSlider' from project 'LiteSlider')
cd /Users/admin/builder/spi-builder-workspace/.swiftpm/xcode
builtin-SwiftPerFileCompile TouchAndDragGesture.swift
/Users/admin/builder/spi-builder-workspace/Sources/LiteSlider/InteractionSupport/TouchAndDragGesture.swift:37:15: error: 'DragGesture' is unavailable in tvOS
35 | isDragging
36 | ? nil
37 | : DragGesture(minimumDistance: 0)
| `- error: 'DragGesture' is unavailable in tvOS
38 | .onChanged { value in
39 | isDragging = true
SwiftUI.DragGesture:3:42: note: 'DragGesture' has been explicitly marked unavailable here
1 | @available(iOS 13.0, macOS 10.15, watchOS 6.0, *)
2 | @available(tvOS, unavailable)
3 | @MainActor @preconcurrency public struct DragGesture : Gesture, ~Sendable {
| `- note: 'DragGesture' has been explicitly marked unavailable here
4 | public struct Value : Equatable, Sendable {
5 | public var time: Date
/Users/admin/builder/spi-builder-workspace/Sources/LiteSlider/InteractionSupport/TouchAndDragGesture.swift:37:15: error: 'init(minimumDistance:coordinateSpace:)' is unavailable in tvOS
35 | isDragging
36 | ? nil
37 | : DragGesture(minimumDistance: 0)
| `- error: 'init(minimumDistance:coordinateSpace:)' is unavailable in tvOS
38 | .onChanged { value in
39 | isDragging = true
SwiftUI.DragGesture.init:4:37: note: 'init(minimumDistance:coordinateSpace:)' has been explicitly marked unavailable here
2 | @available(iOS 17.0, macOS 14.0, watchOS 10.0, *)
3 | @available(tvOS, unavailable)
4 | @MainActor @preconcurrency public init(minimumDistance: CGFloat = 10, coordinateSpace: some CoordinateSpaceProtocol = .local)}
| `- note: 'init(minimumDistance:coordinateSpace:)' has been explicitly marked unavailable here
5 |
/Users/admin/builder/spi-builder-workspace/Sources/LiteSlider/InteractionSupport/TouchAndDragGesture.swift:50:15: error: 'DragGesture' is unavailable in tvOS
48 | private var dragGesture: some Gesture {
49 | isDragging
50 | ? DragGesture(minimumDistance: 0)
| `- error: 'DragGesture' is unavailable in tvOS
51 | .onChanged { value in
52 | onChanged?(value.location)
SwiftUI.DragGesture:3:42: note: 'DragGesture' has been explicitly marked unavailable here
1 | @available(iOS 13.0, macOS 10.15, watchOS 6.0, *)
2 | @available(tvOS, unavailable)
3 | @MainActor @preconcurrency public struct DragGesture : Gesture, ~Sendable {
| `- note: 'DragGesture' has been explicitly marked unavailable here
4 | public struct Value : Equatable, Sendable {
5 | public var time: Date
SwiftEmitModule normal arm64 Emitting\ module\ for\ LiteSlider (in target 'LiteSlider' from project 'LiteSlider')
/Users/admin/builder/spi-builder-workspace/Sources/LiteSlider/Track/TrackShape/TrackShapeComponents.swift:401:9: error: 'Slider' is unavailable in tvOS
399 | HStack {
400 | Text("Ratio")
401 | Slider(value: $ratio, in: 0...1)
| `- error: 'Slider' is unavailable in tvOS
402 | Text(String(format: "%.2f", ratio))
403 | }
SwiftUI.Slider:3:27: note: 'Slider' has been explicitly marked unavailable here
1 | @available(iOS 13.0, macOS 10.15, watchOS 6.0, *)
2 | @available(tvOS, unavailable)
3 | nonisolated public struct Slider<Label, ValueLabel> : View, ~Sendable where Label : View, ValueLabel : View {
| `- note: 'Slider' has been explicitly marked unavailable here
4 | nonisolated public var body: some View { get }
5 | @available(macOS 10.15, iOS 13.0, watchOS 6.0, *)
/Users/admin/builder/spi-builder-workspace/Sources/LiteSlider/Track/TrackShape/TrackShapeComponents.swift:401:9: error: 'init(value:in:onEditingChanged:)' is unavailable in tvOS
399 | HStack {
400 | Text("Ratio")
401 | Slider(value: $ratio, in: 0...1)
| `- error: 'init(value:in:onEditingChanged:)' is unavailable in tvOS
402 | Text(String(format: "%.2f", ratio))
403 | }
SwiftUI.Slider.init:2:20: note: 'init(value:in:onEditingChanged:)' has been explicitly marked unavailable here
1 | generic struct Slider {
2 | nonisolated public init<V>(value: Binding<V>, in bounds: ClosedRange<V> = 0...1, onEditingChanged: @escaping (Bool) -> Void = { _ in }) where V : BinaryFloatingPoint, V.Stride : BinaryFloatingPoint}
| `- note: 'init(value:in:onEditingChanged:)' has been explicitly marked unavailable here
3 |
/Users/admin/builder/spi-builder-workspace/Sources/LiteSlider/Track/TrackShape/TrackShapeComponents.swift:406:9: error: 'Slider' is unavailable in tvOS
404 | HStack {
405 | Text("Scale")
406 | Slider(value: $scale.height, in: 1...1.1)
| `- error: 'Slider' is unavailable in tvOS
407 | Text(String(format: "%.2f", scale.height))
408 | }
SwiftUI.Slider:3:27: note: 'Slider' has been explicitly marked unavailable here
1 | @available(iOS 13.0, macOS 10.15, watchOS 6.0, *)
2 | @available(tvOS, unavailable)
3 | nonisolated public struct Slider<Label, ValueLabel> : View, ~Sendable where Label : View, ValueLabel : View {
| `- note: 'Slider' has been explicitly marked unavailable here
4 | nonisolated public var body: some View { get }
5 | @available(macOS 10.15, iOS 13.0, watchOS 6.0, *)
/Users/admin/builder/spi-builder-workspace/Sources/LiteSlider/Track/TrackShape/TrackShapeComponents.swift:406:9: error: 'init(value:in:onEditingChanged:)' is unavailable in tvOS
404 | HStack {
405 | Text("Scale")
406 | Slider(value: $scale.height, in: 1...1.1)
| `- error: 'init(value:in:onEditingChanged:)' is unavailable in tvOS
407 | Text(String(format: "%.2f", scale.height))
408 | }
SwiftUI.Slider.init:2:20: note: 'init(value:in:onEditingChanged:)' has been explicitly marked unavailable here
1 | generic struct Slider {
2 | nonisolated public init<V>(value: Binding<V>, in bounds: ClosedRange<V> = 0...1, onEditingChanged: @escaping (Bool) -> Void = { _ in }) where V : BinaryFloatingPoint, V.Stride : BinaryFloatingPoint}
| `- note: 'init(value:in:onEditingChanged:)' has been explicitly marked unavailable here
3 |
Failed frontend command:
/Applications/Xcode-27.0.0-Release.Candidate.app/Contents/Developer/Toolchains/XcodeDefault.xctoolchain/usr/bin/swift-frontend -frontend -emit-module -experimental-skip-non-inlinable-function-bodies-without-types /Users/admin/builder/spi-builder-workspace/Sources/LiteSlider/Config/LiteSliderAccessibility.swift /Users/admin/builder/spi-builder-workspace/Sources/LiteSlider/Config/LiteSliderAppearance.swift /Users/admin/builder/spi-builder-workspace/Sources/LiteSlider/Config/LiteSliderAppearanceExtensions.swift /Users/admin/builder/spi-builder-workspace/Sources/LiteSlider/Config/OnSliderDragEnded.swift /Users/admin/builder/spi-builder-workspace/Sources/LiteSlider/Helpers/ColorExtensions.swift /Users/admin/builder/spi-builder-workspace/Sources/LiteSlider/Helpers/ComparableExtensions.swift /Users/admin/builder/spi-builder-workspace/Sources/LiteSlider/Helpers/DoubleExtensions.swift /Users/admin/builder/spi-builder-workspace/Sources/LiteSlider/Helpers/FloatingPointExtension.swift /Users/admin/builder/spi-builder-workspace/Sources/LiteSlider/InteractionSupport/FixedFrameContainer.swift /Users/admin/builder/spi-builder-workspace/Sources/LiteSlider/InteractionSupport/TouchAndDragGesture.swift /Users/admin/builder/spi-builder-workspace/Sources/LiteSlider/LiteSlider.swift /Users/admin/builder/spi-builder-workspace/Sources/LiteSlider/Track/ElasticDragMetrics.swift /Users/admin/builder/spi-builder-workspace/Sources/LiteSlider/Track/LiteSlider+Track.swift /Users/admin/builder/spi-builder-workspace/Sources/LiteSlider/Track/LiteSliderTrackGeometry.swift /Users/admin/builder/spi-builder-workspace/Sources/LiteSlider/Track/TrackShape/TrackShape.swift /Users/admin/builder/spi-builder-workspace/Sources/LiteSlider/Track/TrackShape/TrackShapeComponents.swift /Users/admin/builder/spi-builder-workspace/Sources/LiteSlider/TrackWrappers/LiteSlider+DynamicLengthTrack.swift /Users/admin/builder/spi-builder-workspace/Sources/LiteSlider/TrackWrappers/LiteSlider+ExpandableTrack.swift /Users/admin/builder/spi-builder-workspace/Sources/LiteSlider/TrackWrappers/LiteSlider+FixedLengthTrack.swift -target arm64-apple-tvos17.0 -disable-cross-import-overlay-search -load-resolved-plugin /Applications/Xcode-27.0.0-Release.Candidate.app/Contents/Developer/Platforms/AppleTVOS.platform/Developer/usr/lib/swift/host/plugins/libFoundationMacros.dylib\#/Applications/Xcode-27.0.0-Release.Candidate.app/Contents/Developer/Platforms/AppleTVOS.platform/Developer/usr/bin/swift-plugin-server\#FoundationMacros -load-resolved-plugin /Applications/Xcode-27.0.0-Release.Candidate.app/Contents/Developer/Platforms/AppleTVOS.platform/Developer/usr/lib/swift/host/plugins/libObservationMacros.dylib\#/Applications/Xcode-27.0.0-Release.Candidate.app/Contents/Developer/Platforms/AppleTVOS.platform/Developer/usr/bin/swift-plugin-server\#ObservationMacros -load-resolved-plugin /Applications/Xcode-27.0.0-Release.Candidate.app/Contents/Developer/Platforms/AppleTVOS.platform/Developer/usr/lib/swift/host/plugins/libPreviewsMacros.dylib\#/Applications/Xcode-27.0.0-Release.Candidate.app/Contents/Developer/Platforms/AppleTVOS.platform/Developer/usr/bin/swift-plugin-server\#PreviewsMacros -load-resolved-plugin /Applications/Xcode-27.0.0-Release.Candidate.app/Contents/Developer/Platforms/AppleTVOS.platform/Developer/usr/lib/swift/host/plugins/libSwiftMacros.dylib\#/Applications/Xcode-27.0.0-Release.Candidate.app/Contents/Developer/Platforms/AppleTVOS.platform/Developer/usr/bin/swift-plugin-server\#SwiftMacros -load-resolved-plugin /Applications/Xcode-27.0.0-Release.Candidate.app/Contents/Developer/Platforms/AppleTVOS.platform/Developer/usr/lib/swift/host/plugins/libSwiftUIMacros.dylib\#/Applications/Xcode-27.0.0-Release.Candidate.app/Contents/Developer/Platforms/AppleTVOS.platform/Developer/usr/bin/swift-plugin-server\#SwiftUIMacros -disable-implicit-swift-modules -Xcc -fno-implicit-modules -Xcc -fno-implicit-module-maps -explicit-swift-module-map-file /Users/admin/builder/spi-builder-workspace/.derivedData/Build/Intermediates.noindex/LiteSlider.build/Debug-appletvos/LiteSlider-t.build/Objects-normal/arm64/LiteSlider-dependencies-1.json -Xllvm -aarch64-use-tbi -enable-objc-interop -stack-check -sdk /Applications/Xcode-27.0.0-Release.Candidate.app/Contents/Developer/Platforms/AppleTVOS.platform/Developer/SDKs/AppleTVOS27.0.sdk -I /Users/admin/builder/spi-builder-workspace/.derivedData/Build/Products/Debug-appletvos -Isystem /Applications/Xcode-27.0.0-Release.Candidate.app/Contents/Developer/Platforms/AppleTVOS.platform/Developer/usr/lib -F /Users/admin/builder/spi-builder-workspace/.derivedData/Build/Products/Debug-appletvos -F /Applications/Xcode-27.0.0-Release.Candidate.app/Contents/Developer/Platforms/AppleTVOS.platform/Developer/Library/Frameworks -F /Applications/Xcode-27.0.0-Release.Candidate.app/Contents/Developer/Platforms/AppleTVOS.platform/Developer/SDKs/AppleTVOS27.0.sdk/Developer/Library/Frameworks -module-cache-path /Users/admin/builder/spi-builder-workspace/.derivedData/Build/Intermediates.noindex/SwiftExplicitPrecompiledModules -no-color-diagnostics -Xcc -fno-color-diagnostics -enable-testing -g -debug-info-format\=dwarf -dwarf-version\=4 -swift-version 6 -Onone -D SWIFT_PACKAGE -D DEBUG -D SWIFT_MODULE_RESOURCE_BUNDLE_UNAVAILABLE -D Xcode -serialize-debugging-options -enable-experimental-feature DebugDescriptionMacro -empty-abi-descriptor -validate-clang-modules-once -clang-build-session-file /Users/admin/builder/spi-builder-workspace/.derivedData/ModuleCache.noindex/Session.modulevalidation -Xcc -working-directory -Xcc /Users/admin/builder/spi-builder-workspace/.swiftpm/xcode -enable-anonymous-context-mangled-names -file-compilation-dir /Users/admin/builder/spi-builder-workspace/.swiftpm/xcode -Xcc -D_LIBCPP_HARDENING_MODE\=_LIBCPP_HARDENING_MODE_DEBUG -Xcc -ivfsstatcache -Xcc /Users/admin/builder/spi-builder-workspace/.derivedData/SDKStatCaches.noindex/appletvos27.0-24J360-e829b21a6f8c9b70876ba0858053c044b32bfd8d43560033f8d89884cdb90028.sdkstatcache -Xcc -fmodules-prune-interval\=86400 -Xcc -fmodules-prune-after\=345600 -Xcc -I/Users/admin/builder/spi-builder-workspace/.derivedData/Build/Products/Debug-appletvos/include -Xcc -I/Users/admin/builder/spi-builder-workspace/.derivedData/Build/Intermediates.noindex/LiteSlider.build/Debug-appletvos/LiteSlider-t.build/DerivedSources-normal/arm64 -Xcc -I/Users/admin/builder/spi-builder-workspace/.derivedData/Build/Intermediates.noindex/LiteSlider.build/Debug-appletvos/LiteSlider-t.build/DerivedSources/arm64 -Xcc -I/Users/admin/builder/spi-builder-workspace/.derivedData/Build/Intermediates.noindex/LiteSlider.build/Debug-appletvos/LiteSlider-t.build/DerivedSources -Xcc -DSWIFT_PACKAGE -Xcc -DDEBUG\=1 -no-auto-bridging-header-chaining -module-name LiteSlider -package-name spi_builder_workspace -const-gather-protocols-file /Users/admin/builder/spi-builder-workspace/.derivedData/Build/Intermediates.noindex/LiteSlider.build/Debug-appletvos/LiteSlider-t.build/Objects-normal/arm64/LiteSlider_const_extract_protocols.json -disable-clang-spi -clang-target arm64-apple-tvos27.0 -target-sdk-version 27.0 -target-sdk-name appletvos27.0 -in-process-plugin-server-path /Applications/Xcode-27.0.0-Release.Candidate.app/Contents/Developer/Toolchains/XcodeDefault.xctoolchain/usr/lib/swift/host/libSwiftInProcPluginServer.dylib -emit-module-doc-path /Users/admin/builder/spi-builder-workspace/.derivedData/Build/Intermediates.noindex/LiteSlider.build/Debug-appletvos/LiteSlider-t.build/Objects-normal/arm64/LiteSlider.swiftdoc -emit-module-source-info-path /Users/admin/builder/spi-builder-workspace/.derivedData/Build/Intermediates.noindex/LiteSlider.build/Debug-appletvos/LiteSlider-t.build/Objects-normal/arm64/LiteSlider.swiftsourceinfo -emit-objc-header-path /Users/admin/builder/spi-builder-workspace/.derivedData/Build/Intermediates.noindex/LiteSlider.build/Debug-appletvos/LiteSlider-t.build/Objects-normal/arm64/LiteSlider-Swift.h -serialize-diagnostics-path /Users/admin/builder/spi-builder-workspace/.derivedData/Build/Intermediates.noindex/LiteSlider.build/Debug-appletvos/LiteSlider-t.build/Objects-normal/arm64/LiteSlider-primary-emit-module.dia -emit-dependencies-path /Users/admin/builder/spi-builder-workspace/.derivedData/Build/Intermediates.noindex/LiteSlider.build/Debug-appletvos/LiteSlider-t.build/Objects-normal/arm64/LiteSlider-primary-emit-module.d -parse-as-library -o /Users/admin/builder/spi-builder-workspace/.derivedData/Build/Intermediates.noindex/LiteSlider.build/Debug-appletvos/LiteSlider-t.build/Objects-normal/arm64/LiteSlider.swiftmodule -emit-abi-descriptor-path /Users/admin/builder/spi-builder-workspace/.derivedData/Build/Intermediates.noindex/LiteSlider.build/Debug-appletvos/LiteSlider-t.build/Objects-normal/arm64/LiteSlider.abi.json
SwiftCompile normal arm64 (in target 'LiteSlider' from project 'LiteSlider')
cd /Users/admin/builder/spi-builder-workspace/.swiftpm/xcode
SwiftCompile normal arm64 Compiling\ TrackShape.swift,\ TrackShapeComponents.swift /Users/admin/builder/spi-builder-workspace/Sources/LiteSlider/Track/TrackShape/TrackShape.swift /Users/admin/builder/spi-builder-workspace/Sources/LiteSlider/Track/TrackShape/TrackShapeComponents.swift (in target 'LiteSlider' from project 'LiteSlider')
/Users/admin/builder/spi-builder-workspace/Sources/LiteSlider/Track/TrackShape/TrackShapeComponents.swift:401:9: error: 'Slider' is unavailable in tvOS
399 | HStack {
400 | Text("Ratio")
401 | Slider(value: $ratio, in: 0...1)
| `- error: 'Slider' is unavailable in tvOS
402 | Text(String(format: "%.2f", ratio))
403 | }
SwiftUI.Slider:3:27: note: 'Slider' has been explicitly marked unavailable here
1 | @available(iOS 13.0, macOS 10.15, watchOS 6.0, *)
2 | @available(tvOS, unavailable)
3 | nonisolated public struct Slider<Label, ValueLabel> : View, ~Sendable where Label : View, ValueLabel : View {
| `- note: 'Slider' has been explicitly marked unavailable here
4 | nonisolated public var body: some View { get }
5 | @available(macOS 10.15, iOS 13.0, watchOS 6.0, *)
/Users/admin/builder/spi-builder-workspace/Sources/LiteSlider/Track/TrackShape/TrackShapeComponents.swift:401:9: error: 'init(value:in:onEditingChanged:)' is unavailable in tvOS
399 | HStack {
400 | Text("Ratio")
401 | Slider(value: $ratio, in: 0...1)
| `- error: 'init(value:in:onEditingChanged:)' is unavailable in tvOS
402 | Text(String(format: "%.2f", ratio))
403 | }
SwiftUI.Slider.init:2:20: note: 'init(value:in:onEditingChanged:)' has been explicitly marked unavailable here
1 | generic struct Slider {
2 | nonisolated public init<V>(value: Binding<V>, in bounds: ClosedRange<V> = 0...1, onEditingChanged: @escaping (Bool) -> Void = { _ in }) where V : BinaryFloatingPoint, V.Stride : BinaryFloatingPoint}
| `- note: 'init(value:in:onEditingChanged:)' has been explicitly marked unavailable here
3 |
/Users/admin/builder/spi-builder-workspace/Sources/LiteSlider/Track/TrackShape/TrackShapeComponents.swift:406:9: error: 'Slider' is unavailable in tvOS
404 | HStack {
405 | Text("Scale")
406 | Slider(value: $scale.height, in: 1...1.1)
| `- error: 'Slider' is unavailable in tvOS
407 | Text(String(format: "%.2f", scale.height))
408 | }
SwiftUI.Slider:3:27: note: 'Slider' has been explicitly marked unavailable here
1 | @available(iOS 13.0, macOS 10.15, watchOS 6.0, *)
2 | @available(tvOS, unavailable)
3 | nonisolated public struct Slider<Label, ValueLabel> : View, ~Sendable where Label : View, ValueLabel : View {
| `- note: 'Slider' has been explicitly marked unavailable here
4 | nonisolated public var body: some View { get }
5 | @available(macOS 10.15, iOS 13.0, watchOS 6.0, *)
/Users/admin/builder/spi-builder-workspace/Sources/LiteSlider/Track/TrackShape/TrackShapeComponents.swift:406:9: error: 'init(value:in:onEditingChanged:)' is unavailable in tvOS
404 | HStack {
405 | Text("Scale")
406 | Slider(value: $scale.height, in: 1...1.1)
| `- error: 'init(value:in:onEditingChanged:)' is unavailable in tvOS
407 | Text(String(format: "%.2f", scale.height))
408 | }
SwiftUI.Slider.init:2:20: note: 'init(value:in:onEditingChanged:)' has been explicitly marked unavailable here
1 | generic struct Slider {
2 | nonisolated public init<V>(value: Binding<V>, in bounds: ClosedRange<V> = 0...1, onEditingChanged: @escaping (Bool) -> Void = { _ in }) where V : BinaryFloatingPoint, V.Stride : BinaryFloatingPoint}
| `- note: 'init(value:in:onEditingChanged:)' has been explicitly marked unavailable here
3 |
macro expansion #Preview:63:25: error: 'Slider' is unavailable in tvOS
`- /Users/admin/builder/spi-builder-workspace/Sources/LiteSlider/Track/TrackShape/TrackShapeComponents.swift:410:2: note: expanded code originates here
355 | // MARK: - Preview
356 |
357 | #Preview {
| `- note: in expansion of macro 'Preview' here
358 | @Previewable @State var ratio: CGFloat = 0.5
359 | @Previewable @State var offset: CGFloat = 0
:
408 | }
409 |
410 | }
+--- macro expansion #Preview --------------------------------------
|61 | HStack {
|62 | Text("Ratio")
|63 | Slider(value: $ratio, in: 0 ... 1)
| | `- error: 'Slider' is unavailable in tvOS
|64 | Text(String(format: "%.2f", ratio))
|65 | }
+-------------------------------------------------------------------
411 |
SwiftUI.Slider:3:27: note: 'Slider' has been explicitly marked unavailable here
1 | @available(iOS 13.0, macOS 10.15, watchOS 6.0, *)
2 | @available(tvOS, unavailable)
3 | nonisolated public struct Slider<Label, ValueLabel> : View, ~Sendable where Label : View, ValueLabel : View {
| `- note: 'Slider' has been explicitly marked unavailable here
4 | nonisolated public var body: some View { get }
5 | @available(macOS 10.15, iOS 13.0, watchOS 6.0, *)
SwiftCompile normal arm64 /Users/admin/builder/spi-builder-workspace/Sources/LiteSlider/Track/TrackShape/TrackShape.swift (in target 'LiteSlider' from project 'LiteSlider')
cd /Users/admin/builder/spi-builder-workspace/.swiftpm/xcode
builtin-SwiftPerFileCompile TrackShape.swift
SwiftCompile normal arm64 /Users/admin/builder/spi-builder-workspace/Sources/LiteSlider/Track/TrackShape/TrackShapeComponents.swift (in target 'LiteSlider' from project 'LiteSlider')
cd /Users/admin/builder/spi-builder-workspace/.swiftpm/xcode
builtin-SwiftPerFileCompile TrackShapeComponents.swift
SwiftCompile normal arm64 Compiling\ LiteSlider+DynamicLengthTrack.swift,\ LiteSlider+ExpandableTrack.swift /Users/admin/builder/spi-builder-workspace/Sources/LiteSlider/TrackWrappers/LiteSlider+DynamicLengthTrack.swift /Users/admin/builder/spi-builder-workspace/Sources/LiteSlider/TrackWrappers/LiteSlider+ExpandableTrack.swift (in target 'LiteSlider' from project 'LiteSlider')
SwiftCompile normal arm64 /Users/admin/builder/spi-builder-workspace/Sources/LiteSlider/TrackWrappers/LiteSlider+DynamicLengthTrack.swift (in target 'LiteSlider' from project 'LiteSlider')
cd /Users/admin/builder/spi-builder-workspace/.swiftpm/xcode
builtin-SwiftPerFileCompile LiteSlider+DynamicLengthTrack.swift
SwiftCompile normal arm64 /Users/admin/builder/spi-builder-workspace/Sources/LiteSlider/TrackWrappers/LiteSlider+ExpandableTrack.swift (in target 'LiteSlider' from project 'LiteSlider')
cd /Users/admin/builder/spi-builder-workspace/.swiftpm/xcode
builtin-SwiftPerFileCompile LiteSlider+ExpandableTrack.swift
SwiftCompile normal arm64 Compiling\ DoubleExtensions.swift,\ FloatingPointExtension.swift /Users/admin/builder/spi-builder-workspace/Sources/LiteSlider/Helpers/DoubleExtensions.swift /Users/admin/builder/spi-builder-workspace/Sources/LiteSlider/Helpers/FloatingPointExtension.swift (in target 'LiteSlider' from project 'LiteSlider')
SwiftCompile normal arm64 /Users/admin/builder/spi-builder-workspace/Sources/LiteSlider/Helpers/DoubleExtensions.swift (in target 'LiteSlider' from project 'LiteSlider')
cd /Users/admin/builder/spi-builder-workspace/.swiftpm/xcode
builtin-SwiftPerFileCompile DoubleExtensions.swift
SwiftCompile normal arm64 /Users/admin/builder/spi-builder-workspace/Sources/LiteSlider/Helpers/FloatingPointExtension.swift (in target 'LiteSlider' from project 'LiteSlider')
cd /Users/admin/builder/spi-builder-workspace/.swiftpm/xcode
builtin-SwiftPerFileCompile FloatingPointExtension.swift
SwiftCompile normal arm64 Compiling\ LiteSlider.swift,\ ElasticDragMetrics.swift /Users/admin/builder/spi-builder-workspace/Sources/LiteSlider/LiteSlider.swift /Users/admin/builder/spi-builder-workspace/Sources/LiteSlider/Track/ElasticDragMetrics.swift (in target 'LiteSlider' from project 'LiteSlider')
SwiftCompile normal arm64 /Users/admin/builder/spi-builder-workspace/Sources/LiteSlider/LiteSlider.swift (in target 'LiteSlider' from project 'LiteSlider')
cd /Users/admin/builder/spi-builder-workspace/.swiftpm/xcode
builtin-SwiftPerFileCompile LiteSlider.swift
SwiftCompile normal arm64 /Users/admin/builder/spi-builder-workspace/Sources/LiteSlider/Track/ElasticDragMetrics.swift (in target 'LiteSlider' from project 'LiteSlider')
cd /Users/admin/builder/spi-builder-workspace/.swiftpm/xcode
builtin-SwiftPerFileCompile ElasticDragMetrics.swift
/Users/admin/builder/spi-builder-workspace/Sources/LiteSlider/Track/TrackShape/TrackShapeComponents.swift:401:9: error: 'Slider' is unavailable in tvOS
399 | HStack {
400 | Text("Ratio")
401 | Slider(value: $ratio, in: 0...1)
| `- error: 'Slider' is unavailable in tvOS
402 | Text(String(format: "%.2f", ratio))
403 | }
SwiftUI.Slider:3:27: note: 'Slider' has been explicitly marked unavailable here
1 | @available(iOS 13.0, macOS 10.15, watchOS 6.0, *)
2 | @available(tvOS, unavailable)
3 | nonisolated public struct Slider<Label, ValueLabel> : View, ~Sendable where Label : View, ValueLabel : View {
| `- note: 'Slider' has been explicitly marked unavailable here
4 | nonisolated public var body: some View { get }
5 | @available(macOS 10.15, iOS 13.0, watchOS 6.0, *)
/Users/admin/builder/spi-builder-workspace/Sources/LiteSlider/Track/TrackShape/TrackShapeComponents.swift:401:9: error: 'init(value:in:onEditingChanged:)' is unavailable in tvOS
399 | HStack {
400 | Text("Ratio")
401 | Slider(value: $ratio, in: 0...1)
| `- error: 'init(value:in:onEditingChanged:)' is unavailable in tvOS
402 | Text(String(format: "%.2f", ratio))
403 | }
SwiftUI.Slider.init:2:20: note: 'init(value:in:onEditingChanged:)' has been explicitly marked unavailable here
1 | generic struct Slider {
2 | nonisolated public init<V>(value: Binding<V>, in bounds: ClosedRange<V> = 0...1, onEditingChanged: @escaping (Bool) -> Void = { _ in }) where V : BinaryFloatingPoint, V.Stride : BinaryFloatingPoint}
| `- note: 'init(value:in:onEditingChanged:)' has been explicitly marked unavailable here
3 |
/Users/admin/builder/spi-builder-workspace/Sources/LiteSlider/Track/TrackShape/TrackShapeComponents.swift:406:9: error: 'Slider' is unavailable in tvOS
404 | HStack {
405 | Text("Scale")
406 | Slider(value: $scale.height, in: 1...1.1)
| `- error: 'Slider' is unavailable in tvOS
407 | Text(String(format: "%.2f", scale.height))
408 | }
SwiftUI.Slider:3:27: note: 'Slider' has been explicitly marked unavailable here
1 | @available(iOS 13.0, macOS 10.15, watchOS 6.0, *)
2 | @available(tvOS, unavailable)
3 | nonisolated public struct Slider<Label, ValueLabel> : View, ~Sendable where Label : View, ValueLabel : View {
| `- note: 'Slider' has been explicitly marked unavailable here
4 | nonisolated public var body: some View { get }
5 | @available(macOS 10.15, iOS 13.0, watchOS 6.0, *)
SwiftCompile normal arm64 Compiling\ LiteSlider+Track.swift,\ LiteSliderTrackGeometry.swift /Users/admin/builder/spi-builder-workspace/Sources/LiteSlider/Track/LiteSlider+Track.swift /Users/admin/builder/spi-builder-workspace/Sources/LiteSlider/Track/LiteSliderTrackGeometry.swift (in target 'LiteSlider' from project 'LiteSlider')
SwiftCompile normal arm64 /Users/admin/builder/spi-builder-workspace/Sources/LiteSlider/Track/LiteSlider+Track.swift (in target 'LiteSlider' from project 'LiteSlider')
cd /Users/admin/builder/spi-builder-workspace/.swiftpm/xcode
builtin-SwiftPerFileCompile LiteSlider+Track.swift
SwiftCompile normal arm64 /Users/admin/builder/spi-builder-workspace/Sources/LiteSlider/Track/LiteSliderTrackGeometry.swift (in target 'LiteSlider' from project 'LiteSlider')
cd /Users/admin/builder/spi-builder-workspace/.swiftpm/xcode
builtin-SwiftPerFileCompile LiteSliderTrackGeometry.swift
SwiftCompile normal arm64 Compiling\ LiteSlider+FixedLengthTrack.swift /Users/admin/builder/spi-builder-workspace/Sources/LiteSlider/TrackWrappers/LiteSlider+FixedLengthTrack.swift (in target 'LiteSlider' from project 'LiteSlider')
SwiftCompile normal arm64 /Users/admin/builder/spi-builder-workspace/Sources/LiteSlider/TrackWrappers/LiteSlider+FixedLengthTrack.swift (in target 'LiteSlider' from project 'LiteSlider')
cd /Users/admin/builder/spi-builder-workspace/.swiftpm/xcode
builtin-SwiftPerFileCompile LiteSlider+FixedLengthTrack.swift
SwiftCompile normal arm64 Compiling\ LiteSliderAppearanceExtensions.swift,\ OnSliderDragEnded.swift /Users/admin/builder/spi-builder-workspace/Sources/LiteSlider/Config/LiteSliderAppearanceExtensions.swift /Users/admin/builder/spi-builder-workspace/Sources/LiteSlider/Config/OnSliderDragEnded.swift (in target 'LiteSlider' from project 'LiteSlider')
SwiftCompile normal arm64 /Users/admin/builder/spi-builder-workspace/Sources/LiteSlider/Config/LiteSliderAppearanceExtensions.swift (in target 'LiteSlider' from project 'LiteSlider')
cd /Users/admin/builder/spi-builder-workspace/.swiftpm/xcode
builtin-SwiftPerFileCompile LiteSliderAppearanceExtensions.swift
SwiftCompile normal arm64 /Users/admin/builder/spi-builder-workspace/Sources/LiteSlider/Config/OnSliderDragEnded.swift (in target 'LiteSlider' from project 'LiteSlider')
cd /Users/admin/builder/spi-builder-workspace/.swiftpm/xcode
builtin-SwiftPerFileCompile OnSliderDragEnded.swift
SwiftCompile normal arm64 Compiling\ ColorExtensions.swift,\ ComparableExtensions.swift /Users/admin/builder/spi-builder-workspace/Sources/LiteSlider/Helpers/ColorExtensions.swift /Users/admin/builder/spi-builder-workspace/Sources/LiteSlider/Helpers/ComparableExtensions.swift (in target 'LiteSlider' from project 'LiteSlider')
SwiftCompile normal arm64 /Users/admin/builder/spi-builder-workspace/Sources/LiteSlider/Helpers/ColorExtensions.swift (in target 'LiteSlider' from project 'LiteSlider')
cd /Users/admin/builder/spi-builder-workspace/.swiftpm/xcode
builtin-SwiftPerFileCompile ColorExtensions.swift
SwiftCompile normal arm64 /Users/admin/builder/spi-builder-workspace/Sources/LiteSlider/Helpers/ComparableExtensions.swift (in target 'LiteSlider' from project 'LiteSlider')
cd /Users/admin/builder/spi-builder-workspace/.swiftpm/xcode
builtin-SwiftPerFileCompile ComparableExtensions.swift
PruneExplicitPrecompiledModules /Users/admin/builder/spi-builder-workspace/.derivedData/Build/Intermediates.noindex/ExplicitPrecompiledModules
PruneExplicitPrecompiledModules /Users/admin/builder/spi-builder-workspace/.derivedData/SDKExplicitPrecompiledModules
PruneExplicitPrecompiledModules /Users/admin/builder/spi-builder-workspace/.derivedData/Build/Intermediates.noindex/SwiftExplicitPrecompiledModules
2026-10-05 00:39:38.812 xcodebuild[750:4566] [MT] IDERunDestination: Supported platforms for the buildables in the current scheme is empty.
** BUILD FAILED **
The following build commands failed:
SwiftEmitModule normal arm64 Emitting\ module\ for\ LiteSlider (in target 'LiteSlider' from project 'LiteSlider')
SwiftCompile normal arm64 (in target 'LiteSlider' from project 'LiteSlider')
Building workspace LiteSlider with scheme LiteSlider
(3 failures)
BUILD FAILURE 6.4 tvOS