The Swift Package Index logo.Swift Package Index

Build Information

Failed to build Srt2BilibiliKit, reference 1.0.5 (c00687), with Swift 6.4 for visionOS using Xcode 27.0 on 16 Sep 2026 03:32:38 UTC.

Build Command

No build command. This typically means the build failed at an early stage where we determine the build command.

Build Log

========================================
RunAll
========================================
Builder version: 5.1.0
Interrupt handler set up.
========================================
Checkout
========================================
Clone URL: https://github.com/ApolloZhu/srt2bilibilikit.git
Reference: 1.0.5
Initialized empty Git repository in /Users/admin/builder/spi-builder-workspace/.git/
From https://github.com/ApolloZhu/srt2bilibilikit
 * tag               1.0.5      -> FETCH_HEAD
HEAD is now at c00687f Ensure jazzy has xcodeproj
Cloned https://github.com/ApolloZhu/srt2bilibilikit.git
Revision (git rev-parse @):
c00687fe46624d019a8e2c450fb0982103d977f7
SUCCESS checkout https://github.com/ApolloZhu/srt2bilibilikit.git at 1.0.5
========================================
Build
========================================
Selected platform:         visionOS
Swift version:             6.4
Building package at path:  $PWD
https://github.com/ApolloZhu/srt2bilibilikit.git
Command line invocation:
    /Applications/Xcode-27.0.0-Release.Candidate.app/Contents/Developer/usr/bin/xcodebuild -IDEClonedSourcePackagesDirPathOverride=/Users/admin/builder/spi-builder-workspace/.dependencies -resolvePackageDependencies
Resolve Package Graph
Fetching from https://github.com/ApolloZhu/BilibiliKit
Fetching from https://github.com/ApolloZhu/swift_qrcodejs
could not find a branch named ‘master’ in https://github.com/ApolloZhu/swift_qrcodejs (did you mean ‘main’?)Resolve Package Graph
Updating from https://github.com/ApolloZhu/BilibiliKit
Updating from https://github.com/ApolloZhu/swift_qrcodejs
could not find a branch named ‘master’ in https://github.com/ApolloZhu/swift_qrcodejs (did you mean ‘main’?)Resolve Package Graph
Updating from https://github.com/ApolloZhu/BilibiliKit
Updating from https://github.com/ApolloZhu/swift_qrcodejs
could not find a branch named ‘master’ in https://github.com/ApolloZhu/swift_qrcodejs (did you mean ‘main’?)Resolve Package Graph
Updating from https://github.com/ApolloZhu/BilibiliKit
Updating from https://github.com/ApolloZhu/swift_qrcodejs
could not find a branch named ‘master’ in https://github.com/ApolloZhu/swift_qrcodejs (did you mean ‘main’?)
Resolved source packages:
  spi-builder-workspace: (null)
2026-09-15 23:32:36.501 xcodebuild[529:3036] Writing error result bundle to /var/folders/xq/y_g06wb113726d38xsyx71_h0000gn/T/ResultBundle_2026-15-09_23-32-0036.xcresult
xcodebuild: error: Could not resolve package dependencies:
  could not find a branch named ‘master’ in https://github.com/ApolloZhu/swift_qrcodejs (did you mean ‘main’?)
Command line invocation:
    /Applications/Xcode-27.0.0-Release.Candidate.app/Contents/Developer/usr/bin/xcodebuild -IDEClonedSourcePackagesDirPathOverride=/Users/admin/builder/spi-builder-workspace/.dependencies -resolvePackageDependencies
Resolve Package Graph
Updating from https://github.com/ApolloZhu/BilibiliKit
Updating from https://github.com/ApolloZhu/swift_qrcodejs
could not find a branch named ‘master’ in https://github.com/ApolloZhu/swift_qrcodejs (did you mean ‘main’?)
Resolved source packages:
  spi-builder-workspace: (null)
2026-09-15 23:32:38.685 xcodebuild[697:4019] Writing error result bundle to /var/folders/xq/y_g06wb113726d38xsyx71_h0000gn/T/ResultBundle_2026-15-09_23-32-0038.xcresult
xcodebuild: error: Could not resolve package dependencies:
  could not find a branch named ‘master’ in https://github.com/ApolloZhu/swift_qrcodejs (did you mean ‘main’?)
BUILD FAILURE 6.4 visionOS