The Swift Package Index logo.Swift Package Index

Build Information

Failed to build Lockman, reference main (15b266), with Swift 6.4 for Linux on 23 Sep 2026 11:49:44 UTC.

Build Command

bash -c docker run --pull=always --rm -v "checkouts-54344843-0":/host -w "$PWD" -e JAVA_HOME="/root/.sdkman/candidates/java/current" -e SPI_BUILD="1" -e SPI_PROCESSING="1" registry.gitlab.com/saguaro1/spi-images:basic-6.4-latest swift build --triple x86_64-unknown-linux-gnu 2>&1

Build Log

========================================
RunAll
========================================
Builder version: 5.1.0
Interrupt handler set up.
========================================
Checkout
========================================
Clone URL: https://github.com/takeshishimada/Lockman.git
Reference: main
Initialized empty Git repository in /host/spi-builder-workspace/.git/
hint: Using 'master' as the name for the initial branch. This default branch name
hint: is subject to change. To configure the initial branch name to use in all
hint: of your new repositories, which will suppress this warning, call:
hint:
hint: 	git config --global init.defaultBranch <name>
hint:
hint: Names commonly chosen instead of 'master' are 'main', 'trunk' and
hint: 'development'. The just-created branch can be renamed via this command:
hint:
hint: 	git branch -m <name>
From https://github.com/takeshishimada/Lockman
 * branch            main       -> FETCH_HEAD
 * [new branch]      main       -> origin/main
HEAD is now at 15b2660 fix: add `any` keyword for CompilerPlugin existential type (#240)
Cloned https://github.com/takeshishimada/Lockman.git
Revision (git rev-parse @):
15b2660b229bdc75d6dba5122150a01f2a5d9933
SPI manifest file found: $PWD/.spi.yml
SUCCESS checkout https://github.com/takeshishimada/Lockman.git at main
========================================
Build
========================================
Selected platform:         linux
Swift version:             6.4
Building package at path:  $PWD
https://github.com/takeshishimada/Lockman.git
Running build ...
bash -c docker run --pull=always --rm -v "checkouts-54344843-0":/host -w "$PWD" -e JAVA_HOME="/root/.sdkman/candidates/java/current" -e SPI_BUILD="1" -e SPI_PROCESSING="1" registry.gitlab.com/saguaro1/spi-images:basic-6.4-latest swift build --triple x86_64-unknown-linux-gnu 2>&1
basic-6.4-latest: Pulling from saguaro1/spi-images
Digest: sha256:c77fcce225e223ac0fafed844619173fc6de8d62dd560eeb28db3182af6a282b
Status: Image is up to date for registry.gitlab.com/saguaro1/spi-images:basic-6.4-latest
Fetching https://github.com/pointfreeco/swift-macro-testing
Fetching https://github.com/swiftlang/swift-docc-plugin
Fetching https://github.com/swiftlang/swift-syntax
Fetching https://github.com/pointfreeco/swift-composable-architecture
Fetching https://github.com/apple/swift-collections.git
[1/1002] Fetching swift-macro-testing
[1003/3347] Fetching swift-macro-testing, swift-docc-plugin
[3348/31040] Fetching swift-macro-testing, swift-docc-plugin, swift-collections
[31041/344699] Fetching swift-macro-testing, swift-docc-plugin, swift-collections, swift-composable-architecture
Fetched https://github.com/apple/swift-collections.git (1.18s)
[6484/317006] Fetching swift-macro-testing, swift-docc-plugin, swift-composable-architecture
[9622/397020] Fetching swift-macro-testing, swift-docc-plugin, swift-composable-architecture, swift-syntax
Fetched https://github.com/pointfreeco/swift-macro-testing (7.28s)
Fetched https://github.com/swiftlang/swift-docc-plugin (7.28s)
Fetched https://github.com/swiftlang/swift-syntax (7.30s)
Fetched https://github.com/pointfreeco/swift-composable-architecture (7.39s)
Computing version for https://github.com/pointfreeco/swift-composable-architecture
Computed https://github.com/pointfreeco/swift-composable-architecture at 1.23.1 (7.62s)
Fetching https://github.com/pointfreeco/swift-dependencies
Fetching https://github.com/pointfreeco/swift-navigation
Fetching https://github.com/pointfreeco/swift-sharing
Fetching https://github.com/pointfreeco/swift-perception
Fetching https://github.com/pointfreeco/xctest-dynamic-overlay
Fetching https://github.com/pointfreeco/swift-custom-dump
[1/2078] Fetching swift-perception
[313/7744] Fetching swift-perception, swift-custom-dump
[2166/15335] Fetching swift-perception, swift-custom-dump, swift-dependencies
[15336/18062] Fetching swift-perception, swift-custom-dump, swift-dependencies, xctest-dynamic-overlay
Fetched https://github.com/pointfreeco/swift-custom-dump (0.57s)
Fetching https://github.com/pointfreeco/swift-case-paths
[9724/12396] Fetching swift-perception, swift-dependencies, xctest-dynamic-overlay
[12397/60006] Fetching swift-perception, swift-dependencies, xctest-dynamic-overlay, swift-navigation
Fetched https://github.com/pointfreeco/xctest-dynamic-overlay (0.67s)
[12050/57279] Fetching swift-perception, swift-dependencies, swift-navigation
Fetching https://github.com/pointfreeco/swift-concurrency-extras
[28714/61402] Fetching swift-perception, swift-dependencies, swift-navigation, swift-sharing
[61403/66749] Fetching swift-perception, swift-dependencies, swift-navigation, swift-sharing, swift-case-paths
Fetched https://github.com/pointfreeco/swift-case-paths (0.56s)
Fetching https://github.com/pointfreeco/swift-identified-collections
[1/1058] Fetching swift-concurrency-extras
Fetched https://github.com/pointfreeco/swift-concurrency-extras (0.54s)
Fetching https://github.com/pointfreeco/combine-schedulers
Fetched https://github.com/pointfreeco/swift-perception (1.34s)
Fetched https://github.com/pointfreeco/swift-dependencies (1.34s)
Fetched https://github.com/pointfreeco/swift-navigation (1.35s)
Fetched https://github.com/pointfreeco/swift-sharing (1.35s)
[1/2686] Fetching combine-schedulers
[2473/4266] Fetching combine-schedulers, swift-identified-collections
Fetched https://github.com/pointfreeco/combine-schedulers (0.50s)
[222/1580] Fetching swift-identified-collections
Fetched https://github.com/pointfreeco/swift-identified-collections (0.62s)
Computing version for https://github.com/pointfreeco/swift-identified-collections
Computed https://github.com/pointfreeco/swift-identified-collections at 1.1.1 (1.92s)
Computing version for https://github.com/swiftlang/swift-docc-plugin
Computed https://github.com/swiftlang/swift-docc-plugin at 1.5.0 (1.05s)
Fetching https://github.com/swiftlang/swift-docc-symbolkit
[1/3829] Fetching swift-docc-symbolkit
Fetched https://github.com/swiftlang/swift-docc-symbolkit (0.60s)
Computing version for https://github.com/swiftlang/swift-docc-symbolkit
Computed https://github.com/swiftlang/swift-docc-symbolkit at 1.0.0 (0.82s)
Computing version for https://github.com/pointfreeco/swift-macro-testing
Computed https://github.com/pointfreeco/swift-macro-testing at 0.7.0 (0.15s)
Fetching https://github.com/pointfreeco/swift-snapshot-testing
[1/16477] Fetching swift-snapshot-testing
Fetched https://github.com/pointfreeco/swift-snapshot-testing (2.33s)
Computing version for https://github.com/pointfreeco/swift-concurrency-extras
Computed https://github.com/pointfreeco/swift-concurrency-extras at 1.4.1 (2.51s)
Computing version for https://github.com/pointfreeco/combine-schedulers
Computed https://github.com/pointfreeco/combine-schedulers at 1.2.2 (0.19s)
Fetching https://github.com/pointfreeco/swift-issue-reporting
Fetching https://github.com/OpenCombine/OpenCombine.git
[1/8295] Fetching opencombine
[250/14456] Fetching opencombine, swift-issue-reporting
Fetched https://github.com/OpenCombine/OpenCombine.git (0.84s)
Fetched https://github.com/pointfreeco/swift-issue-reporting (0.84s)
Computing version for https://github.com/OpenCombine/OpenCombine.git
Computed https://github.com/OpenCombine/OpenCombine.git at 0.14.0 (1.07s)
Computing version for https://github.com/pointfreeco/swift-issue-reporting
Computed https://github.com/pointfreeco/swift-issue-reporting at 2.1.1 (1.08s)
Computing version for https://github.com/pointfreeco/swift-custom-dump
Computed https://github.com/pointfreeco/swift-custom-dump at 1.7.3 (0.17s)
Computing version for https://github.com/swiftlang/swift-syntax
Computed https://github.com/swiftlang/swift-syntax at 602.0.0 (0.30s)
Computing version for https://github.com/pointfreeco/swift-case-paths
Computed https://github.com/pointfreeco/swift-case-paths at 1.10.0 (0.23s)
Computing version for https://github.com/apple/swift-collections.git
Computed https://github.com/apple/swift-collections.git at 1.7.0 (0.28s)
Computing version for https://github.com/pointfreeco/swift-navigation
Computed https://github.com/pointfreeco/swift-navigation at 2.11.2 (0.25s)
Computing version for https://github.com/pointfreeco/xctest-dynamic-overlay
Computed https://github.com/pointfreeco/xctest-dynamic-overlay at 1.13.1 (0.21s)
Computing version for https://github.com/pointfreeco/swift-perception
Computed https://github.com/pointfreeco/swift-perception at 2.0.12 (0.18s)
Computing version for https://github.com/pointfreeco/swift-snapshot-testing
Computed https://github.com/pointfreeco/swift-snapshot-testing at 1.19.6 (0.15s)
Computing version for https://github.com/pointfreeco/swift-dependencies
Computed https://github.com/pointfreeco/swift-dependencies at 1.17.1 (0.20s)
Fetching https://github.com/pointfreeco/swift-clocks
[1/1446] Fetching swift-clocks
Fetched https://github.com/pointfreeco/swift-clocks (0.51s)
Computing version for https://github.com/pointfreeco/swift-clocks
Computed https://github.com/pointfreeco/swift-clocks at 1.1.1 (0.70s)
Computing version for https://github.com/pointfreeco/swift-sharing
Computed https://github.com/pointfreeco/swift-sharing at 2.10.1 (0.26s)
Creating working copy for https://github.com/pointfreeco/swift-sharing
Working copy of https://github.com/pointfreeco/swift-sharing resolved at 2.10.1
Creating working copy for https://github.com/swiftlang/swift-syntax
Working copy of https://github.com/swiftlang/swift-syntax resolved at 602.0.0
Creating working copy for https://github.com/pointfreeco/xctest-dynamic-overlay
Working copy of https://github.com/pointfreeco/xctest-dynamic-overlay resolved at 1.13.1
Creating working copy for https://github.com/pointfreeco/swift-composable-architecture
Working copy of https://github.com/pointfreeco/swift-composable-architecture resolved at 1.23.1
Creating working copy for https://github.com/pointfreeco/swift-concurrency-extras
Working copy of https://github.com/pointfreeco/swift-concurrency-extras resolved at 1.4.1
Creating working copy for https://github.com/pointfreeco/swift-navigation
Working copy of https://github.com/pointfreeco/swift-navigation resolved at 2.11.2
Creating working copy for https://github.com/OpenCombine/OpenCombine.git
Working copy of https://github.com/OpenCombine/OpenCombine.git resolved at 0.14.0
Creating working copy for https://github.com/pointfreeco/swift-case-paths
Working copy of https://github.com/pointfreeco/swift-case-paths resolved at 1.10.0
Creating working copy for https://github.com/apple/swift-collections.git
Working copy of https://github.com/apple/swift-collections.git resolved at 1.7.0
Creating working copy for https://github.com/pointfreeco/swift-clocks
Working copy of https://github.com/pointfreeco/swift-clocks resolved at 1.1.1
Creating working copy for https://github.com/pointfreeco/swift-macro-testing
Working copy of https://github.com/pointfreeco/swift-macro-testing resolved at 0.7.0
Creating working copy for https://github.com/pointfreeco/swift-snapshot-testing
Working copy of https://github.com/pointfreeco/swift-snapshot-testing resolved at 1.19.6
Creating working copy for https://github.com/pointfreeco/swift-perception
Working copy of https://github.com/pointfreeco/swift-perception resolved at 2.0.12
Creating working copy for https://github.com/pointfreeco/combine-schedulers
Working copy of https://github.com/pointfreeco/combine-schedulers resolved at 1.2.2
Creating working copy for https://github.com/pointfreeco/swift-identified-collections
Working copy of https://github.com/pointfreeco/swift-identified-collections resolved at 1.1.1
Creating working copy for https://github.com/pointfreeco/swift-custom-dump
Working copy of https://github.com/pointfreeco/swift-custom-dump resolved at 1.7.3
Creating working copy for https://github.com/swiftlang/swift-docc-symbolkit
Working copy of https://github.com/swiftlang/swift-docc-symbolkit resolved at 1.0.0
Creating working copy for https://github.com/swiftlang/swift-docc-plugin
Working copy of https://github.com/swiftlang/swift-docc-plugin resolved at 1.5.0
Creating working copy for https://github.com/pointfreeco/swift-dependencies
Working copy of https://github.com/pointfreeco/swift-dependencies resolved at 1.17.1
Creating working copy for https://github.com/pointfreeco/swift-issue-reporting
Working copy of https://github.com/pointfreeco/swift-issue-reporting resolved at 2.1.1
Building for debugging...
[Computing dependencies]
[Constructing description]
[Pre-planning 1 / 1659]
[Planning 1658 / 1659]
[Planning deferred tasks]
[Writing build description]
[175 / 661] Perception
[317 / 679] SwiftSyntax509
[354 / 686] IssueReporting
[356 / 704] OpenCombine
[376 / 722] ConcurrencyExtras
[388 / 724] OpenCombineFoundation
[400 / 727] SwiftSyntax600
[408 / 728] OpenCombine
[415 / 729] IssueReporting
[416 / 729] IssueReporting
[417 / 729] IssueReporting-product
[418 / 729] IssueReporting-product
[419 / 729] IssueReporting
[420 / 729] _IssueReporting
[422 / 729] OpenCombine
[423 / 729] InternalCollectionsUtilities
[427 / 730] InternalCollectionsUtilities
[432 / 730] CustomDump
[435 / 730] ConcurrencyExtras
[439 / 731] IssueReporting
[442 / 731] InternalCollectionsUtilities
[450 / 736]
[462 / 756] COpenCombineHelpers
[465 / 756] InternalCollectionsUtilities
[467 / 757] SwiftSyntax
[471 / 757] PerceptionCore
[477 / 757] PerceptionCore
[478 / 757] PerceptionCore-product
[479 / 757] PerceptionCore-product
[481 / 757] PerceptionCore
[489 / 759] OpenCombineFoundation
[494 / 770] OpenCombineDispatch
[495 / 781] OrderedCollections
[497 / 781] OpenCombineFoundation
[503 / 781] OrderedCollections
[506 / 781] OpenCombineDispatch
[511 / 781] OrderedCollections
[512 / 781] OrderedCollections
[513 / 781] OrderedCollections
[514 / 781] OrderedCollections
[516 / 781] OrderedCollections
[520 / 781] OrderedCollections
[521 / 781] OrderedCollections-product
[522 / 781] OrderedCollections-product
[525 / 781] OpenCombineFoundation
[526 / 781] OrderedCollections
[528 / 782] OrderedCollections
[532 / 786] OpenCombineFoundation
[535 / 813] Clocks
[542 / 813] OpenCombineFoundation
[552 / 814] CustomDump
[555 / 814] CustomDump
[559 / 814] CustomDump
[561 / 814] CustomDump-product
[563 / 814] ConcurrencyExtras
[566 / 814] Clocks
[568 / 815] Clocks
[573 / 815] CasePathsCore
[574 / 815] CasePathsCore
[577 / 816] Clocks
[580 / 816] CasePathsCore
[582 / 816] COpenCombineHelpers
[588 / 830] IdentifiedCollections
[591 / 831] OpenCombineShim
[596 / 831] OpenCombineShim-product
[601 / 831] IdentifiedCollections
[602 / 831] IdentifiedCollections
[607 / 831] IdentifiedCollections
[615 / 831] Clocks
[622 / 841] SwiftSyntax
[627 / 842] IdentifiedCollections
[636 / 842] CombineSchedulers-product
[640 / 844]
[643 / 863] SwiftParser
[651 / 870] SwiftBasicFormat
[651 / 871] SwiftDiagnostics
[653 / 871] SwiftParser
[655 / 871] SwiftParser
[666 / 871] SwiftParser
[667 / 871] SwiftParser
[669 / 871] SwiftDiagnostics
[670 / 871] SwiftDiagnostics
[672 / 871] SwiftOperators
[673 / 871] SwiftDiagnostics-product
[676 / 871] SwiftBasicFormat
[677 / 871] SwiftBasicFormat
[678 / 872] SwiftParserDiagnostics
[680 / 872] SwiftParserDiagnostics
[684 / 872]
[690 / 893] SwiftOperators
[692 / 902] Dependencies
[694 / 903] SwiftParserDiagnostics
[696 / 904] SwiftOperators
[698 / 904] SwiftOperators
[709 / 904] Dependencies
[713 / 904] SwiftSyntaxBuilder
[715 / 904] SwiftParser
[717 / 904] SwiftParser
[718 / 904] SwiftOperators
[720 / 904] SwiftOperators
[722 / 904] SwiftOperators
[723 / 904] SwiftOperators
[725 / 904] SwiftBasicFormat
[727 / 904] SwiftBasicFormat
[732 / 905] SwiftOperators
[735 / 905] SwiftOperators
[736 / 905] CustomDump-product
[740 / 916] SwiftSyntaxBuilder
[742 / 925] OpenCombineDispatch
[745 / 925] SwiftSyntaxBuilder
[746 / 926] SwiftSyntaxBuilder
[749 / 926] SwiftSyntaxBuilder
[749 / 927] SwiftSyntaxBuilder
[756 / 927] SwiftSyntaxBuilder
[763 / 927] SwiftSyntaxMacros
[767 / 927] Sharing
[767 / 927] Sharing-product
[770 / 927] Sharing
[775 / 928]
[781 / 937] SwiftSyntaxMacros
[790 / 938] SwiftSyntaxMacros
[798 / 949] SwiftSyntaxMacroExpansion
[799 / 949] SwiftSyntaxMacros
[803 / 950] SwiftSyntaxMacros
[805 / 950] SwiftSyntaxMacroExpansion
[816 / 960] SwiftCompilerPluginMessageHandling
[818 / 960] SwiftCompilerPluginMessageHandling
[819 / 960] SwiftCompilerPluginMessageHandling
[820 / 960] SwiftCompilerPluginMessageHandling
[821 / 960] SwiftCompilerPluginMessageHandling
[824 / 960] SwiftCompilerPluginMessageHandling
[831 / 962] SwiftCompilerPlugin
[837 / 964] SwiftCompilerPlugin
[841 / 967] SwiftCompilerPlugin
[843 / 968] CasePathsMacrosSupport
[848 / 968] SwiftCompilerPluginMessageHandling
[852 / 970] CasePathsMacrosSupport
[852 / 970] SwiftSyntax
[855 / 971] SwiftSyntax
[862 / 971] SwiftSyntaxMacros
[896 / 977] CasePathsMacros
[906 / 1013] PerceptionMacros
[908 / 1013] SwiftNavigationMacros
/host/spi-builder-workspace/Sources/LockmanMacros/LockmanCompositeStrategyMacro.swift:570:15: warning: deprecated default implementation is used to satisfy static method 'expansion(of:providingMembersOf:conformingTo:in:)' required by protocol 'MemberMacro': `MemberMacro` conformance should implement the `expansion` function that takes a `conformingTo` parameter [#]8;;https://docs.swift.org/compiler/documentation/diagnostics/deprecated-declaration\DeprecatedDeclaration]8;;\]
568 | /// - Checks for proper enum case structure
569 | /// - Provides detailed error messages for common issues
570 | public struct LockmanCompositeStrategy2Macro: ExtensionMacro, MemberMacro {
    |               `- warning: deprecated default implementation is used to satisfy static method 'expansion(of:providingMembersOf:conformingTo:in:)' required by protocol 'MemberMacro': `MemberMacro` conformance should implement the `expansion` function that takes a `conformingTo` parameter [#]8;;https://docs.swift.org/compiler/documentation/diagnostics/deprecated-declaration\DeprecatedDeclaration]8;;\]
571 |   /// Generates the extension declaration for protocol conformance.
572 |   ///
/host/spi-builder-workspace/.build/checkouts/swift-syntax/Sources/SwiftSyntaxMacros/MacroProtocols/MemberMacro.swift:89:22: note: 'expansion(of:providingMembersOf:conformingTo:in:)' declared here
53 |   /// - Returns: the set of member declarations introduced by this macro, which
54 |   /// are nested inside the `attachedTo` declaration.
55 |   static func expansion(
   |               `- note: requirement 'expansion(of:providingMembersOf:conformingTo:in:)' declared here
56 |     of node: AttributeSyntax,
57 |     providingMembersOf declaration: some DeclGroupSyntax,
   :
87 |     message: "`MemberMacro` conformance should implement the `expansion` function that takes a `conformingTo` parameter"
88 |   )
89 |   public static func expansion(
   |                      `- note: 'expansion(of:providingMembersOf:conformingTo:in:)' declared here
90 |     of node: AttributeSyntax,
91 |     providingMembersOf declaration: some DeclGroupSyntax,
/host/spi-builder-workspace/Sources/LockmanMacros/LockmanCompositeStrategyMacro.swift:701:15: warning: deprecated default implementation is used to satisfy static method 'expansion(of:providingMembersOf:conformingTo:in:)' required by protocol 'MemberMacro': `MemberMacro` conformance should implement the `expansion` function that takes a `conformingTo` parameter [#]8;;https://docs.swift.org/compiler/documentation/diagnostics/deprecated-declaration\DeprecatedDeclaration]8;;\]
699 | /// }
700 | /// ```
701 | public struct LockmanCompositeStrategy3Macro: ExtensionMacro, MemberMacro {
    |               `- warning: deprecated default implementation is used to satisfy static method 'expansion(of:providingMembersOf:conformingTo:in:)' required by protocol 'MemberMacro': `MemberMacro` conformance should implement the `expansion` function that takes a `conformingTo` parameter [#]8;;https://docs.swift.org/compiler/documentation/diagnostics/deprecated-declaration\DeprecatedDeclaration]8;;\]
702 |   public static func expansion(
703 |     of _: AttributeSyntax,
/host/spi-builder-workspace/.build/checkouts/swift-syntax/Sources/SwiftSyntaxMacros/MacroProtocols/MemberMacro.swift:89:22: note: 'expansion(of:providingMembersOf:conformingTo:in:)' declared here
53 |   /// - Returns: the set of member declarations introduced by this macro, which
54 |   /// are nested inside the `attachedTo` declaration.
55 |   static func expansion(
   |               `- note: requirement 'expansion(of:providingMembersOf:conformingTo:in:)' declared here
56 |     of node: AttributeSyntax,
57 |     providingMembersOf declaration: some DeclGroupSyntax,
   :
87 |     message: "`MemberMacro` conformance should implement the `expansion` function that takes a `conformingTo` parameter"
88 |   )
89 |   public static func expansion(
   |                      `- note: 'expansion(of:providingMembersOf:conformingTo:in:)' declared here
90 |     of node: AttributeSyntax,
91 |     providingMembersOf declaration: some DeclGroupSyntax,
/host/spi-builder-workspace/Sources/LockmanMacros/LockmanCompositeStrategyMacro.swift:773:15: warning: deprecated default implementation is used to satisfy static method 'expansion(of:providingMembersOf:conformingTo:in:)' required by protocol 'MemberMacro': `MemberMacro` conformance should implement the `expansion` function that takes a `conformingTo` parameter [#]8;;https://docs.swift.org/compiler/documentation/diagnostics/deprecated-declaration\DeprecatedDeclaration]8;;\]
771 | /// This macro handles coordination between four different locking strategies,
772 | /// representing the upper range of practical multi-strategy coordination.
773 | public struct LockmanCompositeStrategy4Macro: ExtensionMacro, MemberMacro {
    |               `- warning: deprecated default implementation is used to satisfy static method 'expansion(of:providingMembersOf:conformingTo:in:)' required by protocol 'MemberMacro': `MemberMacro` conformance should implement the `expansion` function that takes a `conformingTo` parameter [#]8;;https://docs.swift.org/compiler/documentation/diagnostics/deprecated-declaration\DeprecatedDeclaration]8;;\]
774 |   public static func expansion(
775 |     of _: AttributeSyntax,
/host/spi-builder-workspace/.build/checkouts/swift-syntax/Sources/SwiftSyntaxMacros/MacroProtocols/MemberMacro.swift:89:22: note: 'expansion(of:providingMembersOf:conformingTo:in:)' declared here
53 |   /// - Returns: the set of member declarations introduced by this macro, which
54 |   /// are nested inside the `attachedTo` declaration.
55 |   static func expansion(
   |               `- note: requirement 'expansion(of:providingMembersOf:conformingTo:in:)' declared here
56 |     of node: AttributeSyntax,
57 |     providingMembersOf declaration: some DeclGroupSyntax,
   :
87 |     message: "`MemberMacro` conformance should implement the `expansion` function that takes a `conformingTo` parameter"
88 |   )
89 |   public static func expansion(
   |                      `- note: 'expansion(of:providingMembersOf:conformingTo:in:)' declared here
90 |     of node: AttributeSyntax,
91 |     providingMembersOf declaration: some DeclGroupSyntax,
/host/spi-builder-workspace/Sources/LockmanMacros/LockmanCompositeStrategyMacro.swift:847:15: warning: deprecated default implementation is used to satisfy static method 'expansion(of:providingMembersOf:conformingTo:in:)' required by protocol 'MemberMacro': `MemberMacro` conformance should implement the `expansion` function that takes a `conformingTo` parameter [#]8;;https://docs.swift.org/compiler/documentation/diagnostics/deprecated-declaration\DeprecatedDeclaration]8;;\]
845 | /// This macro represents the maximum supported number of strategy coordination,
846 | /// handling the most complex scenarios in the Lockman framework.
847 | public struct LockmanCompositeStrategy5Macro: ExtensionMacro, MemberMacro {
    |               `- warning: deprecated default implementation is used to satisfy static method 'expansion(of:providingMembersOf:conformingTo:in:)' required by protocol 'MemberMacro': `MemberMacro` conformance should implement the `expansion` function that takes a `conformingTo` parameter [#]8;;https://docs.swift.org/compiler/documentation/diagnostics/deprecated-declaration\DeprecatedDeclaration]8;;\]
848 |   public static func expansion(
849 |     of _: AttributeSyntax,
/host/spi-builder-workspace/.build/checkouts/swift-syntax/Sources/SwiftSyntaxMacros/MacroProtocols/MemberMacro.swift:89:22: note: 'expansion(of:providingMembersOf:conformingTo:in:)' declared here
53 |   /// - Returns: the set of member declarations introduced by this macro, which
54 |   /// are nested inside the `attachedTo` declaration.
55 |   static func expansion(
   |               `- note: requirement 'expansion(of:providingMembersOf:conformingTo:in:)' declared here
56 |     of node: AttributeSyntax,
57 |     providingMembersOf declaration: some DeclGroupSyntax,
   :
87 |     message: "`MemberMacro` conformance should implement the `expansion` function that takes a `conformingTo` parameter"
88 |   )
89 |   public static func expansion(
   |                      `- note: 'expansion(of:providingMembersOf:conformingTo:in:)' declared here
90 |     of node: AttributeSyntax,
91 |     providingMembersOf declaration: some DeclGroupSyntax,
/host/spi-builder-workspace/Sources/LockmanMacros/LockmanConcurrencyLimitedMacro.swift:49:1: warning: deprecated default implementation is used to satisfy static method 'expansion(of:providingMembersOf:conformingTo:in:)' required by protocol 'MemberMacro': `MemberMacro` conformance should implement the `expansion` function that takes a `conformingTo` parameter [#]8;;https://docs.swift.org/compiler/documentation/diagnostics/deprecated-declaration\DeprecatedDeclaration]8;;\]
47 | }
48 |
49 | extension LockmanConcurrencyLimitedMacro: MemberMacro {
   | `- warning: deprecated default implementation is used to satisfy static method 'expansion(of:providingMembersOf:conformingTo:in:)' required by protocol 'MemberMacro': `MemberMacro` conformance should implement the `expansion` function that takes a `conformingTo` parameter [#]8;;https://docs.swift.org/compiler/documentation/diagnostics/deprecated-declaration\DeprecatedDeclaration]8;;\]
50 |   /// Generates member declarations (e.g., `actionName` property) for the enum to which
51 |   /// this macro is attached.
/host/spi-builder-workspace/.build/checkouts/swift-syntax/Sources/SwiftSyntaxMacros/MacroProtocols/MemberMacro.swift:89:22: note: 'expansion(of:providingMembersOf:conformingTo:in:)' declared here
53 |   /// - Returns: the set of member declarations introduced by this macro, which
54 |   /// are nested inside the `attachedTo` declaration.
55 |   static func expansion(
   |               `- note: requirement 'expansion(of:providingMembersOf:conformingTo:in:)' declared here
56 |     of node: AttributeSyntax,
57 |     providingMembersOf declaration: some DeclGroupSyntax,
   :
87 |     message: "`MemberMacro` conformance should implement the `expansion` function that takes a `conformingTo` parameter"
88 |   )
89 |   public static func expansion(
   |                      `- note: 'expansion(of:providingMembersOf:conformingTo:in:)' declared here
90 |     of node: AttributeSyntax,
91 |     providingMembersOf declaration: some DeclGroupSyntax,
/host/spi-builder-workspace/Sources/LockmanMacros/LockmanGroupCoordinationMacro.swift:88:1: warning: deprecated default implementation is used to satisfy static method 'expansion(of:providingMembersOf:conformingTo:in:)' required by protocol 'MemberMacro': `MemberMacro` conformance should implement the `expansion` function that takes a `conformingTo` parameter [#]8;;https://docs.swift.org/compiler/documentation/diagnostics/deprecated-declaration\DeprecatedDeclaration]8;;\]
 86 | }
 87 |
 88 | extension LockmanGroupCoordinationMacro: MemberMacro {
    | `- warning: deprecated default implementation is used to satisfy static method 'expansion(of:providingMembersOf:conformingTo:in:)' required by protocol 'MemberMacro': `MemberMacro` conformance should implement the `expansion` function that takes a `conformingTo` parameter [#]8;;https://docs.swift.org/compiler/documentation/diagnostics/deprecated-declaration\DeprecatedDeclaration]8;;\]
 89 |   /// Generates member declarations for group coordination actions.
 90 |   ///
/host/spi-builder-workspace/.build/checkouts/swift-syntax/Sources/SwiftSyntaxMacros/MacroProtocols/MemberMacro.swift:89:22: note: 'expansion(of:providingMembersOf:conformingTo:in:)' declared here
53 |   /// - Returns: the set of member declarations introduced by this macro, which
54 |   /// are nested inside the `attachedTo` declaration.
55 |   static func expansion(
   |               `- note: requirement 'expansion(of:providingMembersOf:conformingTo:in:)' declared here
56 |     of node: AttributeSyntax,
57 |     providingMembersOf declaration: some DeclGroupSyntax,
   :
87 |     message: "`MemberMacro` conformance should implement the `expansion` function that takes a `conformingTo` parameter"
88 |   )
89 |   public static func expansion(
   |                      `- note: 'expansion(of:providingMembersOf:conformingTo:in:)' declared here
90 |     of node: AttributeSyntax,
91 |     providingMembersOf declaration: some DeclGroupSyntax,
/host/spi-builder-workspace/Sources/LockmanMacros/LockmanPriorityBasedMacro.swift:49:1: warning: deprecated default implementation is used to satisfy static method 'expansion(of:providingMembersOf:conformingTo:in:)' required by protocol 'MemberMacro': `MemberMacro` conformance should implement the `expansion` function that takes a `conformingTo` parameter [#]8;;https://docs.swift.org/compiler/documentation/diagnostics/deprecated-declaration\DeprecatedDeclaration]8;;\]
 47 | }
 48 |
 49 | extension LockmanPriorityBasedMacro: MemberMacro {
    | `- warning: deprecated default implementation is used to satisfy static method 'expansion(of:providingMembersOf:conformingTo:in:)' required by protocol 'MemberMacro': `MemberMacro` conformance should implement the `expansion` function that takes a `conformingTo` parameter [#]8;;https://docs.swift.org/compiler/documentation/diagnostics/deprecated-declaration\DeprecatedDeclaration]8;;\]
 50 |   /// Generates member declarations (e.g., `actionName` property) for the enum to which
 51 |   /// this macro is attached.
/host/spi-builder-workspace/.build/checkouts/swift-syntax/Sources/SwiftSyntaxMacros/MacroProtocols/MemberMacro.swift:89:22: note: 'expansion(of:providingMembersOf:conformingTo:in:)' declared here
53 |   /// - Returns: the set of member declarations introduced by this macro, which
54 |   /// are nested inside the `attachedTo` declaration.
55 |   static func expansion(
   |               `- note: requirement 'expansion(of:providingMembersOf:conformingTo:in:)' declared here
56 |     of node: AttributeSyntax,
57 |     providingMembersOf declaration: some DeclGroupSyntax,
   :
87 |     message: "`MemberMacro` conformance should implement the `expansion` function that takes a `conformingTo` parameter"
88 |   )
89 |   public static func expansion(
   |                      `- note: 'expansion(of:providingMembersOf:conformingTo:in:)' declared here
90 |     of node: AttributeSyntax,
91 |     providingMembersOf declaration: some DeclGroupSyntax,
/host/spi-builder-workspace/Sources/LockmanMacros/LockmanSingleExecutionMacro.swift:49:1: warning: deprecated default implementation is used to satisfy static method 'expansion(of:providingMembersOf:conformingTo:in:)' required by protocol 'MemberMacro': `MemberMacro` conformance should implement the `expansion` function that takes a `conformingTo` parameter [#]8;;https://docs.swift.org/compiler/documentation/diagnostics/deprecated-declaration\DeprecatedDeclaration]8;;\]
47 | }
48 |
49 | extension LockmanSingleExecutionMacro: MemberMacro {
   | `- warning: deprecated default implementation is used to satisfy static method 'expansion(of:providingMembersOf:conformingTo:in:)' required by protocol 'MemberMacro': `MemberMacro` conformance should implement the `expansion` function that takes a `conformingTo` parameter [#]8;;https://docs.swift.org/compiler/documentation/diagnostics/deprecated-declaration\DeprecatedDeclaration]8;;\]
50 |   /// Generates member declarations (e.g., `actionName` property) for the enum to which
51 |   /// this macro is attached.
/host/spi-builder-workspace/.build/checkouts/swift-syntax/Sources/SwiftSyntaxMacros/MacroProtocols/MemberMacro.swift:89:22: note: 'expansion(of:providingMembersOf:conformingTo:in:)' declared here
53 |   /// - Returns: the set of member declarations introduced by this macro, which
54 |   /// are nested inside the `attachedTo` declaration.
55 |   static func e[912 / 1013] PerceptionMacros
xpansion(
   |               `- note: requirement 'expansion(of:providingMembersOf:conformingTo:in:)' declared here
56 |     of node: AttributeSyntax,
57 |     providingMembersOf declaration: some DeclGroupSyntax,
   :
87 |     message: "`MemberMacro` conformance should implement the `expansion` function that takes a `conformingTo` parameter"
88 |   )
89 |   public static func expansion(
   |                      `- note: 'expansion(of:providingMembersOf:conformingTo:in:)' declared here
90 |     of node: AttributeSyntax,
91 |     providingMembersOf declaration: some DeclGroupSyntax,
[#DeprecatedDeclaration]: <https://docs.swift.org/compiler/documentation/diagnostics/deprecated-declaration>
[920 / 1013] ComposableArchitectureMacros
[923 / 1013] SwiftNavigationMacros
[925 / 1013] LockmanMacros
[930 / 1014] SwiftNavigationMacros
/host/spi-builder-workspace/Sources/LockmanMacros/LockmanConcurrencyLimitedMacro.swift:49:1: warning: deprecated default implementation is used to satisfy static method 'expansion(of:providingMembersOf:conformingTo:in:)' required by protocol 'MemberMacro': `MemberMacro` conformance should implement the `expansion` function that takes a `conformingTo` parameter [#]8;;https://docs.swift.org/compiler/documentation/diagnostics/deprecated-declaration\DeprecatedDeclaration]8;;\]
47 | }
48 |
49 | extension LockmanConcurrencyLimitedMacro: MemberMacro {
   | `- warning: deprecated default implementation is used to satisfy static method 'expansion(of:providingMembersOf:conformingTo:in:)' required by protocol 'MemberMacro': `MemberMacro` conformance should implement the `expansion` function that takes a `conformingTo` parameter [#]8;;https://docs.swift.org/compiler/documentation/diagnostics/deprecated-declaration\DeprecatedDeclaration]8;;\]
50 |   /// Generates member declarations (e.g., `actionName` property) for the enum to which
51 |   /// this macro is attached.
/host/spi-builder-workspace/.build/checkouts/swift-syntax/Sources/SwiftSyntaxMacros/MacroProtocols/MemberMacro.swift:89:22: note: 'expansion(of:providingMembersOf:conformingTo:in:)' declared here
53 |   /// - Returns: the set of member declarations introduced by this macro, which
54 |   /// are nested inside the `attachedTo` declaration.
55 |   static func expansion(
   |               `- note: requirement 'expansion(of:providingMembersOf:conformingTo:in:)' declared here
56 |     of node: AttributeSyntax,
57 |     providingMembersOf declaration: some DeclGroupSyntax,
   :
87 |     message: "`MemberMacro` conformance should implement the `expansion` function that takes a `conformingTo` parameter"
88 |   )
89 |   public static func expansion(
   |                      `- note: 'expansion(of:providingMembersOf:conformingTo:in:)' declared here
90 |     of node: AttributeSyntax,
91 |     providingMembersOf declaration: some DeclGroupSyntax,
[#DeprecatedDeclaration]: <https://docs.swift.org/compiler/documentation/diagnostics/deprecated-declaration>
/host/spi-builder-workspace/Sources/LockmanMacros/LockmanPriorityBasedMacro.swift:49:1: warning: deprecated default implementation is used to satisfy static method 'expansion(of:providingMembersOf:conformingTo:in:)' required by protocol 'MemberMacro': `MemberMacro` conformance should implement the `expansion` function that takes a `conformingTo` parameter [#]8;;https://docs.swift.org/compiler/documentation/diagnostics/deprecated-declaration\DeprecatedDeclaration]8;;\]
 47 | }
 48 |
 49 | extension LockmanPriorityBasedMacro: MemberMacro {
    | `- warning: deprecated default implementation is used to satisfy static method 'expansion(of:providingMembersOf:conformingTo:in:)' required by protocol 'MemberMacro': `MemberMacro` conformance should implement the `expansion` function that takes a `conformingTo` parameter [#]8;;https://docs.swift.org/compiler/documentation/diagnostics/deprecated-declaration\DeprecatedDeclaration]8;;\]
 50 |   /// Generates member declarations (e.g., `actionName` property) for the enum to which
 51 |   /// this macro is attached.
/host/spi-builder-workspace/.build/checkouts/swift-syntax/Sources/SwiftSyntaxMacros/MacroProtocols/MemberMacro.swift:89:22: note: 'expansion(of:providingMembersOf:conformingTo:in:)' declared here
53 |   /// - Returns: the set of member declarations introduced by this macro, which
54 |   /// are nested inside the `attachedTo` declaration.
55 |   static func expansion(
   |               `- note: requirement 'expansion(of:providingMembersOf:conformingTo:in:)' declared here
56 |     of node: AttributeSyntax,
57 |     providingMembersOf declaration: some DeclGroupSyntax,
   :
87 |     message: "`MemberMacro` conformance should implement the `expansion` function that takes a `conformingTo` parameter"
88 |   )
89 |   public static func expansion(
   |                      `- note: 'expansion(of:providingMembersOf:conformingTo:in:)' declared here
90 |     of node: AttributeSyntax,
91 |     providingMembersOf declaration: some DeclGroupSyntax,
[#DeprecatedDeclaration]: <https://docs.swift.org/compiler/documentation/diagnostics/deprecated-declaration>
/host/spi-builder-workspace/Sources/LockmanMacros/LockmanGroupCoordinationMacro.swift:88:1: warning: deprecated default implementation is used to satisfy static method 'expansion(of:providingMembersOf:conformingTo:in:)' required by protocol 'MemberMacro': `MemberMacro` conformance should implement the `expansion` function that takes a `conformingTo` parameter [#]8;;https://docs.swift.org/compiler/documentation/diagnostics/deprecated-declaration\DeprecatedDeclaration]8;;\]
 86 | }
 87 |
 88 | extension LockmanGroupCoordinationMacro: MemberMacro {
    | `- warning: deprecated default implementation is used to satisfy static method 'expansion(of:providingMembersOf:conformingTo:in:)' required by protocol 'MemberMacro': `MemberMacro` conformance should implement the `expansion` function that takes a `conformingTo` parameter [#]8;;https://docs.swift.org/compiler/documentation/diagnostics/deprecated-declaration\DeprecatedDeclaration]8;;\]
 89 |   /// Generates member declarations for group coordination actions.
 90 |   ///
/host/spi-builder-workspace/.build/checkouts/swift-syntax/Sources/SwiftSyntaxMacros/MacroProtocols/MemberMacro.swift:89:22: note: 'expansion(of:providingMembersOf:conformingTo:in:)' declared here
53 |   /// - Returns: the set of member declarations introduced by this macro, which
54 |   /// are nested inside the `attachedTo` declaration.
55 |   static func expansion(
   |               `- note: requirement 'expansion(of:providingMembersOf:conformingTo:in:)' declared here
56 |     of node: AttributeSyntax,
57 |     providingMembersOf declaration: some DeclGroupSyntax,
   :
87 |     message: "`MemberMacro` conformance should implement the `expansion` function that takes a `conformingTo` parameter"
88 |   )
89 |   public static func expansion(
   |                      `- note: 'expansion(of:providingMembersOf:conformingTo:in:)' declared here
90 |     of node: AttributeSyntax,
91 |     providingMembersOf declaration: some DeclGroupSyntax,
[#DeprecatedDeclaration]: <https://docs.swift.org/compiler/documentation/diagnostics/deprecated-declaration>
[934 / 1014] LockmanMacros
/host/spi-builder-workspace/Sources/LockmanMacros/LockmanSingleExecutionMacro.swift:49:1: warning: deprecated default implementation is used to satisfy static method 'expansion(of:providingMembersOf:conformingTo:in:)' required by protocol 'MemberMacro': `MemberMacro` conformance should implement the `expansion` function that takes a `conformingTo` parameter [#]8;;https://docs.swift.org/compiler/documentation/diagnostics/deprecated-declaration\DeprecatedDeclaration]8;;\]
47 | }
48 |
49 | extension LockmanSingleExecutionMacro: MemberMacro {
   | `- warning: deprecated default implementation is used to satisfy static method 'expansion(of:providingMembersOf:conformingTo:in:)' required by protocol 'MemberMacro': `MemberMacro` conformance should implement the `expansion` function that takes a `conformingTo` parameter [#]8;;https://docs.swift.org/compiler/documentation/diagnostics/deprecated-declaration\DeprecatedDeclaration]8;;\]
50 |   /// Generates member declarations (e.g., `actionName` property) for the enum to which
51 |   /// this macro is attached.
/host/spi-builder-workspace/.build/checkouts/swift-syntax/Sources/SwiftSyntaxMacros/MacroProtocols/MemberMacro.swift:89:22: note: 'expansion(of:providingMembersOf:conformingTo:in:)' declared here
53 |   /// - Returns: the set of member declarations introduced by this macro, which
54 |   /// are nested inside the `attachedTo` declaration.
55 |   static func expansion(
   |               `- note: requirement 'expansion(of:providingMembersOf:conformingTo:in:)' declared here
56 |     of node: AttributeSyntax,
57 |     providingMembersOf declaration: some DeclGroupSyntax,
   :
87 |     message: "`MemberMacro` conformance should implement the `expansion` function that takes a `conformingTo` parameter"
88 |   )
89 |   public static func expansion(
   |                      `- note: 'expansion(of:providingMembersOf:conformingTo:in:)' declared here
90 |     of node: AttributeSyntax,
91 |     providingMembersOf declaration: some DeclGroupSyntax,
[#DeprecatedDeclaration]: <https://docs.swift.org/compiler/documentation/diagnostics/deprecated-declaration>
[938 / 1014] LockmanMacros
[939 / 1014] DependenciesMacrosPlugin
/host/spi-builder-workspace/Sources/LockmanMacros/LockmanCompositeStrategyMacro.swift:570:15: warning: deprecated default implementation is used to satisfy static method 'expansion(of:providingMembersOf:conformingTo:in:)' required by protocol 'MemberMacro': `MemberMacro` conformance should implement the `expansion` function that takes a `conformingTo` parameter [#]8;;https://docs.swift.org/compiler/documentation/diagnostics/deprecated-declaration\DeprecatedDeclaration]8;;\]
568 | /// - Checks for proper enum case structure
569 | /// - Provides detailed error messages for common issues
570 | public struct LockmanCompositeStrategy2Macro: ExtensionMacro, MemberMacro {
    |               `- warning: deprecated default implementation is used to satisfy static method 'expansion(of:providingMembersOf:conformingTo:in:)' required by protocol 'MemberMacro': `MemberMacro` conformance should implement the `expansion` function that takes a `conformingTo` parameter [#]8;;https://docs.swift.org/compiler/documentation/diagnostics/deprecated-declaration\DeprecatedDeclaration]8;;\]
571 |   /// Generates the extension declaration for protocol conformance.
572 |   ///
/host/spi-builder-workspace/.build/checkouts/swift-syntax/Sources/SwiftSyntaxMacros/MacroProtocols/MemberMacro.swift:89:22: note: 'expansion(of:providingMembersOf:conformingTo:in:)' declared here
53 |   /// - Returns: the set of member declarations introduced by this macro, which
54 |   /// are nested inside the `attachedTo` declaration.
55 |   static func expansion(
   |               `- note: requirement 'expansion(of:providingMembersOf:conformingTo:in:)' declared here
56 |     of node: AttributeSyntax,
57 |     providingMembersOf declaration: some DeclGroupSyntax,
   :
87 |     message: "`MemberMacro` conformance should implement the `expansion` function that takes a `conformingTo` parameter"
88 |   )
89 |   public static func expansion(
   |                      `- note: 'expansion(of:providingMembersOf:conformingTo:in:)' declared here
90 |     of node: AttributeSyntax,
91 |     providingMembersOf declaration: some DeclGroupSyntax,
/host/spi-builder-workspace/Sources/LockmanMacros/LockmanCompositeStrategyMacro.swift:701:15: warning: deprecated default implementation is used to satisfy static method 'expansion(of:providingMembersOf:conformingTo:in:)' required by protocol 'MemberMacro': `MemberMacro` conformance should implement the `expansion` function that takes a `conformingTo` parameter [#]8;;https://docs.swift.org/compiler/documentation/diagnostics/deprecated-declaration\DeprecatedDeclaration]8;;\]
699 | /// }
700 | /// ```
701 | public struct LockmanCompositeStrategy3Macro: ExtensionMacro, MemberMacro {
    |               `- warning: deprecated default implementation is used to satisfy static method 'expansion(of:providingMembersOf:conformingTo:in:)' required by protocol 'MemberMacro': `MemberMacro` conformance should implement the `expansion` function that takes a `conformingTo` parameter [#]8;;https://docs.swift.org/compiler/documentation/diagnostics/deprecated-declaration\DeprecatedDeclaration]8;;\]
702 |   public static func expansion(
703 |     of _: AttributeSyntax,
/host/spi-builder-workspace/.build/checkouts/swift-syntax/Sources/SwiftSyntaxMacros/MacroProtocols/MemberMacro.swift:89:22: note: 'expansion(of:providingMembersOf:conformingTo:in:)' declared here
53 |   /// - Returns: the set of member declarations introduced by this macro, which
54 |   /// are nested inside the `attachedTo` declaration.
55 |   static func expansion(
   |               `- note: requirement 'expansion(of:providingMembersOf:conformingTo:in:)' declared here
56 |     of node: AttributeSyntax,
57 |     providingMembersOf declaration: some DeclGroupSyntax,
   :
87 |     message: "`MemberMacro` conformance should implement the `expansion` function that takes a `conformingTo` parameter"
88 |   )
89 |   public static func expansion(
   |                      `- note: 'expansion(of:providingMembersOf:conformingTo:in:)' declared here
90 |     of node: AttributeSyntax,
91 |     providingMembersOf declaration: some DeclGroupSyntax,
/host/spi-builder-workspace/Sources/LockmanMacros/LockmanCompositeStrategyMacro.swift:773:15: warning: deprecated default implementation is used to satisfy static method 'expansion(of:providingMembersOf:conformingTo:in:)' required by protocol 'MemberMacro': `MemberMacro` conformance should implement the `expansion` function that takes a `conformingTo` parameter [#]8;;https://docs.swift.org/compiler/documentation/diagnostics/deprecated-declaration\DeprecatedDeclaration]8;;\]
771 | /// This macro handles coordination between four different locking strategies,
772 | /// representing the upper range of practical multi-strategy coordination.
773 | public struct LockmanCompositeStrategy4Macro: ExtensionMacro, MemberMacro {
    |               `- warning: deprecated default implementation is used to satisfy static method 'expansion(of:providingMembersOf:conformingTo:in:)' required by protocol 'MemberMacro': `MemberMacro` conformance should implement the `expansion` function that takes a `conformingTo` parameter [#]8;;https://docs.swift.org/compiler/documentation/diagnostics/deprecated-declaration\DeprecatedDeclaration]8;;\]
774 |   public static func expansion(
775 |     of _: AttributeSyntax,
/host/spi-builder-workspace/.build/checkouts/swift-syntax/Sources/SwiftSyntaxMacros/MacroProtocols/MemberMacro.swift:89:22: note: 'expansion(of:providingMembersOf:conformingTo:in:)' declared here
53 |   /// - Returns: the set of member declarations introduced by this macro, which
54 |   /// are nested inside the `attachedTo` declaration.
55 |   static func expansion(
   |               `- note: requirement 'expansion(of:providingMembersOf:conformingTo:in:)' declared here
56 |     of node: AttributeSyntax,
57 |     providingMembersOf declaration: some DeclGroupSyntax,
   :
87 |     message: "`MemberMacro` conformance should implement the `expansion` function that takes a `conformingTo` parameter"
88 |   )
89 |   public static func expansion(
   |                      `- note: 'expansion(of:providingMembersOf:conformingTo:in:)' declared here
90 |     of node: AttributeSyntax,
91 |     providingMembersOf declaration: some DeclGroupSyntax,
/host/spi-builder-workspace/Sources/LockmanMacros/LockmanCompositeStrategyMacro.swift:847:15: warning: deprecated default implementation is used to satisfy static method 'expansion(of:providingMembersOf:conformingTo:in:)' required by protocol 'MemberMacro': `MemberMacro` conformance should implement the `expansion` function that takes a `conformingTo` parameter [#]8;;https://docs.swift.org/compiler/documentation/diagnostics/deprecated-declaration\DeprecatedDeclaration]8;;\]
845 | /// This macro represents the maximum supported number of strategy coordination,
846 | /// handling the most complex scenarios in the Lockman framework.
847 | public struct LockmanCompositeStrategy5Macro: ExtensionMacro, MemberMacro {
    |               `- warning: deprecated default implementation is used to satisfy static method 'expansion(of:providingMembersOf:conformingTo:in:)' required by protocol 'MemberMacro': `MemberMacro` conformance should implement the `expansion` function that takes a `conformingTo` parameter [#]8;;https://docs.swift.org/compiler/documentation/diagnostics/deprecated-declaration\DeprecatedDeclaration]8;;\]
848 |   public static func expansion(
849 |     of _: AttributeSyntax,
/host/spi-builder-workspace/.build/checkouts/swift-syntax/Sources/SwiftSyntaxMacros/MacroProtocols/MemberMacro.swift:89:22: note: 'expansion(of:providingMembersOf:conformingTo:in:)' declared here
53 |   /// - Returns: the set of member declarations introduced by this macro, which
54 |   /// are nested inside the `attachedTo` declaration.
55 |   static func expansion(
   |               `- note: requirement 'expansion(of:providingMembersOf:conformingTo:in:)' declared here
56 |     of node: AttributeSyntax,
57 |     providingMembersOf declaration: some DeclGroupSyntax,
   :
87 |     message: "`MemberMacro` conformance should implement the `expansion` function that takes a `conformingTo` parameter"
88 |   )
89 |   public static func expansion(
   |                      `- note: 'expansion(of:providingMembersOf:conformingTo:in:)' declared here
90 |     of node: AttributeSyntax,
91 |     providingMembersOf declaration: some DeclGroupSyntax,
[#DeprecatedDeclaration]: <https://docs.swift.org/compiler/documentation/diagnostics/deprecated-declaration>
[943 / 1015] LockmanMacros
[945 / 1016] LockmanMacros
[949 / 1016] LockmanMacros
[950 / 1017] CasePathsMacros
[958 / 1018] DependenciesMacrosPlugin
[963 / 1020] Perception
[974 / 1024] Perception
[974 / 1024] LockmanMacros
[975 / 1025] ComposableArchitectureMacros
[983 / 1033]
[991 / 1036] DependenciesMacros
[1007 / 1047] SwiftNavigation
error: SwiftCompile normal x86_64 /host/spi-builder-workspace/.build/checkouts/swift-navigation/Sources/SwiftNavigation/TextState.swift failed with a nonzero exit code. Command line:     cd /host
    builtin-SwiftPerFileCompile TextState.swift
/host/spi-builder-workspace/.build/checkouts/swift-navigation/Sources/SwiftNavigation/TextState.swift:212:20: error: cannot find type 'LocalizedStringResource' in scope
210 |
211 |   @available(iOS 16, macOS 13, tvOS 16, watchOS 9, *)
212 |   init(_ resource: LocalizedStringResource) {
    |                    `- error: cannot find type 'LocalizedStringResource' in scope
213 |     self.value = resource
214 |   }
/host/spi-builder-workspace/.build/checkouts/swift-navigation/Sources/SwiftNavigation/TextState.swift:216:20: error: cannot find type 'Text' in scope
214 |   }
215 |
216 |   func asText() -> Text {
    |                    `- error: cannot find type 'Text' in scope
217 |     guard
218 |       #available(iOS 16, macOS 13, tvOS 16, watchOS 9, *),
/host/spi-builder-workspace/.build/checkouts/swift-navigation/Sources/SwiftNavigation/TextState.swift:277:17: error: cannot find type 'LocalizedStringResource' in scope
275 |   @available(iOS 16, macOS 13, tvOS 16, watchOS 9, *)
276 |   public init(
277 |     _ resource: LocalizedStringResource
    |                 `- error: cannot find type 'LocalizedStringResource' in scope
278 |   ) {
279 |     self.storage = .localizedStringResource(
/host/spi-builder-workspace/.build/checkouts/swift-navigation/Sources/SwiftNavigation/TextState.swift:669:10: error: initializer cannot be declared public because its parameter uses an internal type
  1 | import Foundation
    | `- note: struct 'Locale' imported as 'internal' from 'Foundation' here
  2 |
  3 | #if canImport(SwiftUI)
    :
667 |
668 | extension String {
669 |   public init(state: TextState, locale: Locale? = nil) {
    |          |- error: initializer cannot be declared public because its parameter uses an internal type
    |          `- note: struct 'Locale' is imported by this file as 'internal' from 'Foundation'
670 |     switch state.storage {
671 |     case .concatenated(let lhs, let rhs):
FoundationEssentials.Locale:2:15: note: type declared here
  1 | @available(macOS 10.10, iOS 8.0, watchOS 2.0, tvOS 9.0, *)
  2 | public struct Locale : Hashable, Equatable, Sendable {
    |               `- note: type declared here
  3 |     public enum LanguageDirection : UInt, Sendable {
  4 |         case unknown
/host/spi-builder-workspace/.build/checkouts/swift-navigation/Sources/SwiftNavigation/TextState.swift:219:32: error: cannot find type 'LocalizedStringResource' in scope
217 |     guard
218 |       #available(iOS 16, macOS 13, tvOS 16, watchOS 9, *),
219 |       let resource = value as? LocalizedStringResource
    |                                `- error: cannot find type 'LocalizedStringResource' in scope
220 |     else {
221 |       preconditionFailure(
/host/spi-builder-workspace/.build/checkouts/swift-navigation/Sources/SwiftNavigation/TextState.swift:226:12: error: cannot find 'Text' in scope
224 |     }
225 |
226 |     return Text(resource)
    |            `- error: cannot find 'Text' in scope
227 |   }
228 |
/host/spi-builder-workspace/.build/checkouts/swift-navigation/Sources/SwiftNavigation/TextState.swift:232:32: error: cannot find type 'LocalizedStringResource' in scope
230 |     guard
231 |       #available(iOS 16, macOS 13, tvOS 16, watchOS 9, *),
232 |       var resource = value as? LocalizedStringResource
    |                                `- error: cannot find type 'LocalizedStringResource' in scope
233 |     else {
234 |       preconditionFailure(
/host/spi-builder-workspace/.build/checkouts/swift-navigation/Sources/SwiftNavigation/TextState.swift:243:12: error: no exact matches in call to initializer 
241 |     }
242 |
243 |     return String(localized: resource)
    |            `- error: no exact matches in call to initializer 
244 |   }
245 | }
Swift.String.init:2:19: note: incorrect labels for candidate (have: '(localized:)', expected: '(_:)')
1 | struct String {
2 | @inlinable public init(_ c: Character)}
  |                   `- note: incorrect labels for candidate (have: '(localized:)', expected: '(_:)')
3 |
Swift.String.init:2:19: note: incorrect labels for candidate (have: '(localized:)', expected: '(_:)')
1 | struct String {
2 | @inlinable public init(_ scalar: Unicode.Scalar)}
  |                   `- note: incorrect labels for candidate (have: '(localized:)', expected: '(_:)')
3 |
Swift.String.init:3:21: note: incorrect labels for candidate (have: '(localized:)', expected: '(_:)')
1 | struct String {
2 | @available(swift 4.0)
3 |   @inlinable public init(_ utf16: String.UTF16View)}
  |                     `- note: incorrect labels for candidate (have: '(localized:)', expected: '(_:)')
4 |
Swift.String.init:3:21: note: incorrect labels for candidate (have: '(localized:)', expected: '(_:)')
1 | struct String {
2 | @available(swift, introduced: 4.0, message: "Please use failable String.init?(_:UTF8View) when in Swift 3.2 mode")
3 |   @inlinable public init(_ utf8: String.UTF8View)}
  |                     `- note: incorrect labels for candidate (have: '(localized:)', expected: '(_:)')
4 |
Swift.String.init:2:19: note: incorrect labels for candidate (have: '(localized:)', expected: '(_:)')
1 | struct String {
2 | @inlinable public init(_ unicodeScalars: String.UnicodeScalarView)}
  |                   `- note: incorrect labels for candidate (have: '(localized:)', expected: '(_:)')
3 |
Swift.String.init:2:19: note: incorrect labels for candidate (have: '(localized:)', expected: '(_:)')
1 | struct String {
2 | @inlinable public init(_ substring: __shared Substring)}
  |                   `- note: incorrect labels for candidate (have: '(localized:)', expected: '(_:)')
3 |
Swift.String.init:2:8: note: incorrect labels for candidate (have: '(localized:)', expected: '(_:)')
1 | struct String {
2 | public init(_ content: Substring.UnicodeScalarView)}
  |        `- note: incorrect labels for candidate (have: '(localized:)', expected: '(_:)')
3 |
FoundationEssentials.String.init:3:10: note: incorrect labels for candidate (have: '(localized:)', expected: '(_:)')
1 | struct String {
2 | @available(macOS 12, iOS 15, tvOS 15, watchOS 8, *)
3 |   public init(_ characters: Slice<AttributedString.CharacterView>)}
  |          `- note: incorrect labels for candidate (have: '(localized:)', expected: '(_:)')
4 |
FoundationEssentials.String.init:3:10: note: incorrect labels for candidate (have: '(localized:)', expected: '(_:)')
1 | struct String {
2 | @available(macOS 12, iOS 15, tvOS 15, watchOS 8, *)
3 |   public init(_ characters: AttributedString.CharacterView)}
  |          `- note: incorrect labels for candidate (have: '(localized:)', expected: '(_:)')
4 |
FoundationEssentials.String.init:3:10: note: incorrect labels for candidate (have: '(localized:)', expected: '(_:)')
1 | struct String {
2 | @available(macOS 26, iOS 26, tvOS 26, watchOS 26, *)
3 |   public init(_ key: URL.Template.VariableName)}
  |          `- note: incorrect labels for candidate (have: '(localized:)', expected: '(_:)')
4 |
Foundation.String.init:2:8: note: incorrect labels for candidate (have: '(localized:)', expected: '(_:)')
1 | struct String {
2 | public init(_ cocoaString: NSString)}
  |        `- note: incorrect labels for candidate (have: '(localized:)', expected: '(_:)')
3 |
Failed frontend command:
/usr/bin/swift-frontend -frontend -c /host/spi-builder-workspace/.build/checkouts/swift-navigation/Sources/SwiftNavigation/AlertState.swift /host/spi-builder-workspace/.build/checkouts/swift-navigation/Sources/SwiftNavigation/Bind.swift /host/spi-builder-workspace/.build/checkouts/swift-navigation/Sources/SwiftNavigation/Binding.swift /host/spi-builder-workspace/.build/checkouts/swift-navigation/Sources/SwiftNavigation/ButtonState.swift /host/spi-builder-workspace/.build/checkouts/swift-navigation/Sources/SwiftNavigation/ButtonStateBuilder.swift /host/spi-builder-workspace/.build/checkouts/swift-navigation/Sources/SwiftNavigation/CaseBindable.swift /host/spi-builder-workspace/.build/checkouts/swift-navigation/Sources/SwiftNavigation/ConfirmationDialogState.swift /host/spi-builder-workspace/.build/checkouts/swift-navigation/Sources/SwiftNavigation/HashableObject.swift /host/spi-builder-workspace/.build/checkouts/swift-navigation/Sources/SwiftNavigation/Internal/AnyHashableSendable.swift /host/spi-builder-workspace/.build/checkouts/swift-navigation/Sources/SwiftNavigation/Internal/AssumeIsolated.swift /host/spi-builder-workspace/.build/checkouts/swift-navigation/Sources/SwiftNavigation/Internal/Deprecations.swift /host/spi-builder-workspace/.build/checkouts/swift-navigation/Sources/SwiftNavigation/Internal/ErrorMechanism.swift /host/spi-builder-workspace/.build/checkouts/swift-navigation/Sources/SwiftNavigation/Internal/Exports.swift /host/spi-builder-workspace/.build/checkouts/swift-navigation/Sources/SwiftNavigation/Internal/HashableStaticString.swift /host/spi-builder-workspace/.build/checkouts/swift-navigation/Sources/SwiftNavigation/Internal/KeyPath+Sendable.swift /host/spi-builder-workspace/.build/checkouts/swift-navigation/Sources/SwiftNavigation/Internal/LockIsolated.swift -primary-file /host/spi-builder-workspace/.build/checkouts/swift-navigation/Sources/SwiftNavigation/Internal/ToOptionalUnit.swift -primary-file /host/spi-builder-workspace/.build/checkouts/swift-navigation/Sources/SwiftNavigation/NSObject+Observe.swift -primary-file /host/spi-builder-workspace/.build/checkouts/swift-navigation/Sources/SwiftNavigation/Observe.swift -primary-file /host/spi-builder-workspace/.build/checkouts/swift-navigation/Sources/SwiftNavigation/TextState.swift /host/spi-builder-workspace/.build/checkouts/swift-navigation/Sources/SwiftNavigation/Traits/CasePaths.swift /host/spi-builder-workspace/.build/checkouts/swift-navigation/Sources/SwiftNavigation/Traits/CustomDump.swift /host/spi-builder-workspace/.build/checkouts/swift-navigation/Sources/SwiftNavigation/Traits/IssueReporting.swift /host/spi-builder-workspace/.build/checkouts/swift-navigation/Sources/SwiftNavigation/Traits/Perception.swift /host/spi-builder-workspace/.build/checkouts/swift-navigation/Sources/SwiftNavigation/Traits/Sharing.swift /host/spi-builder-workspace/.build/checkouts/swift-navigation/Sources/SwiftNavigation/TransactionEntry.swift /host/spi-builder-workspace/.build/checkouts/swift-navigation/Sources/SwiftNavigation/UIBindable.swift /host/spi-builder-workspace/.build/checkouts/swift-navigation/Sources/SwiftNavigation/UIBinding.swift /host/spi-builder-workspace/.build/checkouts/swift-navigation/Sources/SwiftNavigation/UINavigationPath.swift /host/spi-builder-workspace/.build/checkouts/swift-navigation/Sources/SwiftNavigation/UITransaction.swift -supplementary-output-file-map /host/spi-builder-workspace/.build/out/Intermediates.noindex/swift-navigation.build/Debug-linux-x86_64/SwiftNavigation-t.build/Objects-normal/x86_64/supplementaryOutputs-81 -target x86_64-unknown-linux-gnu -disable-objc-interop -I /host/spi-builder-workspace/.build/out/Products/Debug-linux-x86_64 -module-cache-path /host/spi-builder-workspace/.build/out/ModuleCache.noindex -color-diagnostics -Xcc -fcolor-diagnostics -enable-testing -g -debug-info-format\=dwarf -dwarf-version\=4 -suppress-warnings -swift-version 6 -Onone -D SWIFT_PACKAGE -D DEBUG -D SWIFT_MODULE_RESOURCE_BUNDLE_UNAVAILABLE -D CasePaths -D CustomDump -D IssueReporting -D Perception -D Xcode -serialize-debugging-options -load-plugin-executable /host/spi-builder-workspace/.build/out/Products/Debug-linux-x86_64/CasePathsMacros\#CasePathsMacros -load-plugin-executable /host/spi-builder-workspace/.build/out/Products/Debug-linux-x86_64/PerceptionMacros\#PerceptionMacros -load-plugin-executable /host/spi-builder-workspace/.build/out/Products/Debug-linux-x86_64/SwiftNavigationMacros\#SwiftNavigationMacros -enable-experimental-feature CheckImplementationOnly -enable-upcoming-feature ExistentialAny -enable-upcoming-feature ImmutableWeakCaptures -enable-upcoming-feature InferIsolatedConformances -enable-upcoming-feature InternalImportsByDefault -enable-upcoming-feature MemberImportVisibility -enable-upcoming-feature NonisolatedNonsendingByDefault -enable-experimental-feature DebugDescriptionMacro -empty-abi-descriptor -external-plugin-path /usr/lib/swift/host/plugins/testing\#/usr/bin/swift-plugin-server -user-module-version 2.11.2 -validate-clang-modules-once -clang-build-session-file /host/spi-builder-workspace/.build/out/ModuleCache.noindex/Session.modulevalidation -Xcc -working-directory -Xcc /host -enable-anonymous-context-mangled-names -file-compilation-dir /host -Xcc -fno-omit-frame-pointer -Xcc -D_LIBCPP_HARDENING_MODE\=_LIBCPP_HARDENING_MODE_DEBUG -Xcc -fmodules-prune-interval\=86400 -Xcc -fmodules-prune-after\=345600 -Xcc -I/host/spi-builder-workspace/.build/out/Products/Debug-linux-x86_64/include -Xcc -I/host/spi-builder-workspace/.build/out/Intermediates.noindex/swift-navigation.build/Debug-linux-x86_64/SwiftNavigation-t.build/DerivedSources-normal/x86_64 -Xcc -I/host/spi-builder-workspace/.build/out/Intermediates.noindex/swift-navigation.build/Debug-linux-x86_64/SwiftNavigation-t.build/DerivedSources/x86_64 -Xcc -I/host/spi-builder-workspace/.build/out/Intermediates.noindex/swift-navigation.build/Debug-linux-x86_64/SwiftNavigation-t.build/DerivedSources -Xcc -DSWIFT_PACKAGE -Xcc -DDEBUG\=1 -no-auto-bridging-header-chaining -module-name SwiftNavigation -package-name swift_navigation -const-gather-protocols-file /host/spi-builder-workspace/.build/out/Intermediates.noindex/swift-navigation.build/Debug-linux-x86_64/SwiftNavigation-t.build/Objects-normal/x86_64/SwiftNavigation_const_extract_protocols.json -in-process-plugin-server-path /usr/lib/swift/host/libSwiftInProcPluginServer.so -plugin-path /usr/lib/swift/host/plugins -plugin-path /usr/local/lib/swift/host/plugins -parse-as-library -o /host/spi-builder-workspace/.build/out/Intermediates.noindex/swift-navigation.build/Debug-linux-x86_64/SwiftNavigation-t.build/Objects-normal/x86_64/ToOptionalUnit.o -o /host/spi-builder-workspace/.build/out/Intermediates.noindex/swift-navigation.build/Debug-linux-x86_64/SwiftNavigation-t.build/Objects-normal/x86_64/NSObject+Observe.o -o /host/spi-builder-workspace/.build/out/Intermediates.noindex/swift-navigation.build/Debug-linux-x86_64/SwiftNavigation-t.build/Objects-normal/x86_64/Observe.o -o /host/spi-builder-workspace/.build/out/Intermediates.noindex/swift-navigation.build/Debug-linux-x86_64/SwiftNavigation-t.build/Objects-normal/x86_64/TextState.o -index-unit-output-path /swift-navigation.build/Debug-linux-x86_64/SwiftNavigation-t.build/Objects-normal/x86_64/ToOptionalUnit.o -index-unit-output-path /swift-navigation.build/Debug-linux-x86_64/SwiftNavigation-t.build/Objects-normal/x86_64/NSObject+Observe.o -index-unit-output-path /swift-navigation.build/Debug-linux-x86_64/SwiftNavigation-t.build/Objects-normal/x86_64/Observe.o -index-unit-output-path /swift-navigation.build/Debug-linux-x86_64/SwiftNavigation-t.build/Objects-normal/x86_64/TextState.o -index-store-path /host/spi-builder-workspace/.build/out -index-system-modules
error: Build failed
BUILD FAILURE 6.4 linux