Build Information
Failed to build Tessera, reference 1.0.0 (421f64), with Swift 6.3 for macOS (SPM) on 30 Jun 2026 17:59:12 UTC.
Build Command
env DEVELOPER_DIR=/Applications/Xcode-26.4.0.app xcrun swift build --arch arm64Build Log
========================================
RunAll
========================================
Builder version: undefined version: run 'make version' to update
Interrupt handler set up.
========================================
Checkout
========================================
Clone URL: https://github.com/KalpeshTalkar/Tessera.git
Reference: 1.0.0
Initialized empty Git repository in /Users/admin/builder/spi-builder-workspace/.git/
From https://github.com/KalpeshTalkar/Tessera
* tag 1.0.0 -> FETCH_HEAD
HEAD is now at 421f648 Initial release — Tessera SVG image map library
Cloned https://github.com/KalpeshTalkar/Tessera.git
Revision (git rev-parse @):
421f648dec2df912865cbdf3813e1e8521431b84
SUCCESS checkout https://github.com/KalpeshTalkar/Tessera.git at 1.0.0
========================================
ResolveProductDependencies
========================================
Resolving dependencies ...
{
"identity": ".resolve-product-dependencies",
"name": "resolve-dependencies",
"url": "/Users/admin/builder/spi-builder-workspace/.resolve-product-dependencies",
"version": "unspecified",
"path": "/Users/admin/builder/spi-builder-workspace/.resolve-product-dependencies",
"traits": [
"default"
],
"dependencies": [
{
"identity": "tessera",
"name": "Tessera",
"url": "https://github.com/KalpeshTalkar/Tessera.git",
"version": "unspecified",
"path": "/Users/admin/builder/spi-builder-workspace/.resolve-product-dependencies/.build/checkouts/Tessera",
"traits": [
"default"
],
"dependencies": [
]
}
]
}
Fetching https://github.com/KalpeshTalkar/Tessera.git
[1/28] Fetching tessera
Fetched https://github.com/KalpeshTalkar/Tessera.git from cache (0.59s)
Creating working copy for https://github.com/KalpeshTalkar/Tessera.git
Working copy of https://github.com/KalpeshTalkar/Tessera.git resolved at 1.0.0 (421f648)
warning: '.resolve-product-dependencies': dependency 'tessera' is not used by any target
Found 0 product dependencies
========================================
Build
========================================
Selected platform: macosSpm
Swift version: 6.3
Building package at path: $PWD
https://github.com/KalpeshTalkar/Tessera.git
Running build ...
env DEVELOPER_DIR=/Applications/Xcode-26.4.0.app xcrun swift build --arch arm64
Building for debugging...
[0/2] Write sources
[1/2] Write swift-version--6988338F2F200930.txt
[3/12] Compiling Tessera SVGRegion.swift
/Users/admin/builder/spi-builder-workspace/Sources/Tessera/RegionLayerManager.swift:25:8: error: no such module 'UIKit'
23 | //
24 |
25 | import UIKit
| `- error: no such module 'UIKit'
26 |
27 | /// Manages `CAShapeLayer` instances for SVG regions — handles creation, transform, appearance, and hit-testing.
[4/12] Compiling Tessera TesseraError.swift
/Users/admin/builder/spi-builder-workspace/Sources/Tessera/RegionLayerManager.swift:25:8: error: no such module 'UIKit'
23 | //
24 |
25 | import UIKit
| `- error: no such module 'UIKit'
26 |
27 | /// Manages `CAShapeLayer` instances for SVG regions — handles creation, transform, appearance, and hit-testing.
[5/12] Compiling Tessera TesseraConfiguration.swift
/Users/admin/builder/spi-builder-workspace/Sources/Tessera/RegionLayerManager.swift:25:8: error: no such module 'UIKit'
23 | //
24 |
25 | import UIKit
| `- error: no such module 'UIKit'
26 |
27 | /// Manages `CAShapeLayer` instances for SVG regions — handles creation, transform, appearance, and hit-testing.
[6/12] Compiling Tessera TesseraView.swift
/Users/admin/builder/spi-builder-workspace/Sources/Tessera/RegionLayerManager.swift:25:8: error: no such module 'UIKit'
23 | //
24 |
25 | import UIKit
| `- error: no such module 'UIKit'
26 |
27 | /// Manages `CAShapeLayer` instances for SVG regions — handles creation, transform, appearance, and hit-testing.
error: emit-module command failed with exit code 1 (use -v to see invocation)
[7/12] Emitting module Tessera
/Users/admin/builder/spi-builder-workspace/Sources/Tessera/RegionLayerManager.swift:25:8: error: no such module 'UIKit'
23 | //
24 |
25 | import UIKit
| `- error: no such module 'UIKit'
26 |
27 | /// Manages `CAShapeLayer` instances for SVG regions — handles creation, transform, appearance, and hit-testing.
[8/12] Compiling Tessera FocusState.swift
/Users/admin/builder/spi-builder-workspace/Sources/Tessera/RegionLayerManager.swift:25:8: error: no such module 'UIKit'
23 | //
24 |
25 | import UIKit
| `- error: no such module 'UIKit'
26 |
27 | /// Manages `CAShapeLayer` instances for SVG regions — handles creation, transform, appearance, and hit-testing.
[9/12] Compiling Tessera SVGDocument.swift
/Users/admin/builder/spi-builder-workspace/Sources/Tessera/RegionLayerManager.swift:25:8: error: no such module 'UIKit'
23 | //
24 |
25 | import UIKit
| `- error: no such module 'UIKit'
26 |
27 | /// Manages `CAShapeLayer` instances for SVG regions — handles creation, transform, appearance, and hit-testing.
[10/12] Compiling Tessera RegionTransformCalculator.swift
/Users/admin/builder/spi-builder-workspace/Sources/Tessera/RegionLayerManager.swift:25:8: error: no such module 'UIKit'
23 | //
24 |
25 | import UIKit
| `- error: no such module 'UIKit'
26 |
27 | /// Manages `CAShapeLayer` instances for SVG regions — handles creation, transform, appearance, and hit-testing.
[11/12] Compiling Tessera SVGPathParser.swift
/Users/admin/builder/spi-builder-workspace/Sources/Tessera/RegionLayerManager.swift:25:8: error: no such module 'UIKit'
23 | //
24 |
25 | import UIKit
| `- error: no such module 'UIKit'
26 |
27 | /// Manages `CAShapeLayer` instances for SVG regions — handles creation, transform, appearance, and hit-testing.
[12/12] Compiling Tessera RegionLayerManager.swift
/Users/admin/builder/spi-builder-workspace/Sources/Tessera/RegionLayerManager.swift:25:8: error: no such module 'UIKit'
23 | //
24 |
25 | import UIKit
| `- error: no such module 'UIKit'
26 |
27 | /// Manages `CAShapeLayer` instances for SVG regions — handles creation, transform, appearance, and hit-testing.
BUILD FAILURE 6.3 macosSpm