The Swift Package Index logo.Swift Package Index

Build Information

Failed to build WindowKit, reference main (ab86a4), with Swift 6.2 for watchOS using Xcode 26.3 on 18 Oct 2026 08:34:25 UTC.

Build Command

env DEVELOPER_DIR=/Applications/Xcode-26.3.0.app xcrun xcodebuild -IDEClonedSourcePackagesDirPathOverride=$PWD/.dependencies -skipMacroValidation -skipPackagePluginValidation -derivedDataPath $PWD/.derivedData build -scheme WindowKit-Package -destination generic/platform=watchOS

Build Log

========================================
RunAll
========================================
Builder version: 5.1.3
Interrupt handler set up.
========================================
Checkout
========================================
Clone URL: https://github.com/naviapps/window-kit.git
Reference: main
Initialized empty Git repository in /Users/admin/builder/spi-builder-workspace/.git/
From https://github.com/naviapps/window-kit
 * branch            main       -> FETCH_HEAD
 * [new branch]      main       -> origin/main
HEAD is now at ab86a4c Fix window placement coordinate conversion and screen selection
Cloned https://github.com/naviapps/window-kit.git
Revision (git rev-parse @):
ab86a4c002ad8c81a4cc4d40544e9d0bec5bd467
SPI manifest file found: $PWD/.spi.yml
SUCCESS checkout https://github.com/naviapps/window-kit.git at main
========================================
Build
========================================
Selected platform:         watchOS
Swift version:             6.2
Building package at path:  $PWD
https://github.com/naviapps/window-kit.git
Command line invocation:
    /Applications/Xcode-26.3.0.app/Contents/Developer/usr/bin/xcodebuild -IDEClonedSourcePackagesDirPathOverride=/Users/admin/builder/spi-builder-workspace/.dependencies -resolvePackageDependencies
Resolve Package Graph
Resolve Package Graph
Resolved source packages:
  WindowKit: /Users/admin/builder/spi-builder-workspace
resolved source packages: WindowKit
2026-10-18 04:33:56.871 xcodebuild[533:3054] [MT] IDERunDestination: Supported platforms for the buildables in the current scheme is empty.
{
  "dependencies" : [
  ],
  "manifest_display_name" : "WindowKit",
  "name" : "WindowKit",
  "path" : "/Users/admin/builder/spi-builder-workspace",
  "platforms" : [
    {
      "name" : "macos",
      "version" : "14.0"
    }
  ],
  "products" : [
    {
      "name" : "WindowKit",
      "targets" : [
        "WindowKit"
      ],
      "type" : {
        "library" : [
          "automatic"
        ]
      }
    },
    {
      "name" : "WindowKitAppKit",
      "targets" : [
        "WindowKitAppKit"
      ],
      "type" : {
        "library" : [
          "automatic"
        ]
      }
    }
  ],
  "targets" : [
    {
      "c99name" : "WindowKitTests",
      "module_type" : "SwiftTarget",
      "name" : "WindowKitTests",
      "path" : "Tests/WindowKitTests",
      "sources" : [
        "Control/WindowControlProtocolTests.swift",
        "Control/WindowStateTests.swift",
        "Control/WindowTargetTests.swift",
        "HitTesting/WindowHitTestResultTests.swift",
        "Placement/WindowPlacementCalculatorTests.swift",
        "Placement/WindowPlacementTests.swift",
        "Screens/WindowScreenAreaTests.swift",
        "Screens/WindowScreenCycleDirectionTests.swift",
        "Screens/WindowScreenFallbackTests.swift",
        "Screens/WindowScreenMovementTests.swift",
        "Screens/WindowScreenProvidingTests.swift",
        "Screens/WindowScreenSelectorTests.swift",
        "Screens/WindowScreenTargetTests.swift",
        "Screens/WindowScreenTests.swift",
        "Snapshots/WindowSnapshotFilterTests.swift",
        "Snapshots/WindowSnapshotTests.swift",
        "Support/SourceBoundarySupport.swift",
        "Support/ValueConformanceAssertions.swift",
        "WindowKitPublicAPITests.swift",
        "WindowKitSourceBoundaryTests.swift"
      ],
      "target_dependencies" : [
        "WindowKit"
      ],
      "type" : "test"
    },
    {
      "c99name" : "WindowKitAppKitTests",
      "module_type" : "SwiftTarget",
      "name" : "WindowKitAppKitTests",
      "path" : "Tests/WindowKitAppKitTests",
      "sources" : [
        "Accessibility/AXClientUIElementTests.swift",
        "Accessibility/AXValueConversionTests.swift",
        "Accessibility/AXWindowControllerCommandTests.swift",
        "Accessibility/AXWindowControllerFrameTests.swift",
        "Accessibility/AXWindowControllerRoleTests.swift",
        "Accessibility/AXWindowControllerStateTests.swift",
        "Accessibility/AXWindowElementResolverTests.swift",
        "Accessibility/AXWindowErrorTests.swift",
        "Accessibility/AXWindowNamesTests.swift",
        "Accessibility/WindowAccessibilityErrorTests.swift",
        "HitTesting/WindowHitTesterTests.swift",
        "Placement/WindowPlacerCoordinatesTests.swift",
        "Placement/WindowPlacerErrorTests.swift",
        "Placement/WindowPlacerTests.swift",
        "Roles/WindowRoleResolverTests.swift",
        "Roles/WindowRoleTests.swift",
        "RunningApplications/NSRunningApplicationBundleIdentifierProviderTests.swift",
        "RunningApplications/NSRunningApplicationCheckerTests.swift",
        "Screens/NSScreenProviderTests.swift",
        "Snapshots/WindowSnapshotQueryTests.swift",
        "Support/AXClient+Testing.swift",
        "Support/AccessibilityTestSupport.swift",
        "Support/ValueConformanceAssertions.swift",
        "Support/WindowListTestSupport.swift",
        "WindowKitAppKitPublicAPITests.swift"
      ],
      "target_dependencies" : [
        "WindowKitAppKit",
        "WindowKit"
      ],
      "type" : "test"
    },
    {
      "c99name" : "WindowKitAppKit",
      "module_type" : "SwiftTarget",
      "name" : "WindowKitAppKit",
      "path" : "Sources/WindowKitAppKit",
      "product_memberships" : [
        "WindowKitAppKit"
      ],
      "sources" : [
        "Accessibility/AXClient+UIElement.swift",
        "Accessibility/AXClient.swift",
        "Accessibility/AXValueConversion.swift",
        "Accessibility/AXWindowAccess.swift",
        "Accessibility/AXWindowController.swift",
        "Accessibility/AXWindowElementResolver.swift",
        "Accessibility/AXWindowError.swift",
        "Accessibility/AXWindowNames.swift",
        "Accessibility/WindowAccessibilityError.swift",
        "HitTesting/WindowHitTester.swift",
        "Placement/WindowPlacer.swift",
        "Placement/WindowPlacerError.swift",
        "Roles/WindowRole.swift",
        "Roles/WindowRoleProviding.swift",
        "Roles/WindowRoleResolver.swift",
        "RunningApplications/NSRunningApplicationBundleIdentifierProvider.swift",
        "RunningApplications/NSRunningApplicationChecker.swift",
        "Screens/AccessibilityScreenProvider.swift",
        "Screens/NSScreenProvider.swift",
        "Snapshots/WindowListEntry.swift",
        "Snapshots/WindowListProviding.swift",
        "Snapshots/WindowListRequest.swift",
        "Snapshots/WindowListSnapshotMapper.swift",
        "Snapshots/WindowOwnerBundleIdentifierProviding.swift",
        "Snapshots/WindowSnapshotQuery.swift",
        "Snapshots/WindowSnapshotQueryError.swift",
        "Snapshots/WindowSnapshotQueryLimit.swift"
      ],
      "target_dependencies" : [
        "WindowKit"
      ],
      "type" : "library"
    },
    {
      "c99name" : "WindowKit",
      "module_type" : "SwiftTarget",
      "name" : "WindowKit",
      "path" : "Sources/WindowKit",
      "product_memberships" : [
        "WindowKit",
        "WindowKitAppKit"
      ],
      "sources" : [
        "Control/WindowCommandControlling.swift",
        "Control/WindowControlling.swift",
        "Control/WindowFrameControlling.swift",
        "Control/WindowFrameProviding.swift",
        "Control/WindowState.swift",
        "Control/WindowStateProviding.swift",
        "Control/WindowTarget.swift",
        "Geometry/CGRect+FiniteStandardized.swift",
        "HitTesting/WindowHitTestMissReason.swift",
        "HitTesting/WindowHitTestResult.swift",
        "HitTesting/WindowHitTesting.swift",
        "Placement/WindowPlacement.swift",
        "Placement/WindowPlacementCalculator.swift",
        "Screens/WindowScreen.swift",
        "Screens/WindowScreenArea.swift",
        "Screens/WindowScreenCycleDirection.swift",
        "Screens/WindowScreenFallback.swift",
        "Screens/WindowScreenMovement.swift",
        "Screens/WindowScreenProviding.swift",
        "Screens/WindowScreenSelector.swift",
        "Screens/WindowScreenTarget.swift",
        "Snapshots/WindowSnapshot.swift",
        "Snapshots/WindowSnapshotFilter.swift",
        "Snapshots/WindowSnapshotProviding.swift",
        "Snapshots/WindowSnapshotResolving.swift"
      ],
      "type" : "library"
    }
  ],
  "tools_version" : "6.0"
}
{
  "workspace" : {
    "name" : "spi-builder-workspace",
    "schemes" : [
      "WindowKit",
      "WindowKit-Package",
      "WindowKitAppKit"
    ]
  }
}
2026-10-18 04:34:15.582 xcodebuild[669:4184] [MT] IDERunDestination: Supported platforms for the buildables in the current scheme is empty.
Running build ...
env DEVELOPER_DIR=/Applications/Xcode-26.3.0.app xcrun xcodebuild -IDEClonedSourcePackagesDirPathOverride=$PWD/.dependencies -skipMacroValidation -skipPackagePluginValidation -derivedDataPath $PWD/.derivedData build -scheme WindowKit-Package -destination generic/platform=watchOS
Command line invocation:
    /Applications/Xcode-26.3.0.app/Contents/Developer/usr/bin/xcodebuild -IDEClonedSourcePackagesDirPathOverride=/Users/admin/builder/spi-builder-workspace/.dependencies -skipMacroValidation -skipPackagePluginValidation -derivedDataPath /Users/admin/builder/spi-builder-workspace/.derivedData build -scheme WindowKit-Package -destination generic/platform=watchOS
Resolve Package Graph
Resolved source packages:
  WindowKit: /Users/admin/builder/spi-builder-workspace
ComputePackagePrebuildTargetDependencyGraph
Prepare packages
CreateBuildRequest
SendProjectDescription
CreateBuildOperation
ComputeTargetDependencyGraph
note: Building targets in dependency order
note: Target dependency graph (4 targets)
    Target 'WindowKitAppKit' in project 'WindowKit'
        ➜ Explicit dependency on target 'WindowKitAppKit' in project 'WindowKit'
        ➜ Explicit dependency on target 'WindowKit' in project 'WindowKit'
    Target 'WindowKitAppKit' in project 'WindowKit'
        ➜ Explicit dependency on target 'WindowKit' in project 'WindowKit'
    Target 'WindowKit' in project 'WindowKit'
        ➜ Explicit dependency on target 'WindowKit' in project 'WindowKit'
    Target 'WindowKit' in project 'WindowKit' (no dependencies)
GatherProvisioningInputs
CreateBuildDescription
ExecuteExternalTool /Applications/Xcode-26.3.0.app/Contents/Developer/Toolchains/XcodeDefault.xctoolchain/usr/bin/clang -v -E -dM -isysroot /Applications/Xcode-26.3.0.app/Contents/Developer/Platforms/WatchOS.platform/Developer/SDKs/WatchOS26.2.sdk -x c -c /dev/null
ExecuteExternalTool /Applications/Xcode-26.3.0.app/Contents/Developer/Toolchains/XcodeDefault.xctoolchain/usr/bin/swiftc --version
ExecuteExternalTool /Applications/Xcode-26.3.0.app/Contents/Developer/Toolchains/XcodeDefault.xctoolchain/usr/bin/ld -version_details
ReadFileContents /Applications/Xcode-26.3.0.app/Contents/Developer/Toolchains/XcodeDefault.xctoolchain/usr/share/docc/features.json
Build description signature: f9133df852bc4a1adce5540ab60fa6a2
Build description path: /Users/admin/builder/spi-builder-workspace/.derivedData/Build/Intermediates.noindex/XCBuildData/f9133df852bc4a1adce5540ab60fa6a2.xcbuilddata
ClangStatCache /Applications/Xcode-26.3.0.app/Contents/Developer/Toolchains/XcodeDefault.xctoolchain/usr/bin/clang-stat-cache /Applications/Xcode-26.3.0.app/Contents/Developer/Platforms/WatchOS.platform/Developer/SDKs/WatchOS26.2.sdk /Users/admin/builder/spi-builder-workspace/.derivedData/SDKStatCaches.noindex/watchos26.2-23S303-dc75598d0054f22ec865fa860f139d721753b489057de6bda919edfa1c59a62b.sdkstatcache
    cd /Users/admin/builder/spi-builder-workspace/.swiftpm/xcode
    /Applications/Xcode-26.3.0.app/Contents/Developer/Toolchains/XcodeDefault.xctoolchain/usr/bin/clang-stat-cache /Applications/Xcode-26.3.0.app/Contents/Developer/Platforms/WatchOS.platform/Developer/SDKs/WatchOS26.2.sdk -o /Users/admin/builder/spi-builder-workspace/.derivedData/SDKStatCaches.noindex/watchos26.2-23S303-dc75598d0054f22ec865fa860f139d721753b489057de6bda919edfa1c59a62b.sdkstatcache
CreateBuildDirectory /Users/admin/builder/spi-builder-workspace/.derivedData/Build/Products
    cd /Users/admin/builder/spi-builder-workspace/.swiftpm/xcode
    builtin-create-build-directory /Users/admin/builder/spi-builder-workspace/.derivedData/Build/Products
CreateBuildDirectory /Users/admin/builder/spi-builder-workspace/.derivedData/Build/Intermediates.noindex
    cd /Users/admin/builder/spi-builder-workspace/.swiftpm/xcode
    builtin-create-build-directory /Users/admin/builder/spi-builder-workspace/.derivedData/Build/Intermediates.noindex
CreateBuildDirectory /Users/admin/builder/spi-builder-workspace/.derivedData/Build/Intermediates.noindex/SwiftExplicitPrecompiledModules
    cd /Users/admin/builder/spi-builder-workspace/.swiftpm/xcode
    builtin-create-build-directory /Users/admin/builder/spi-builder-workspace/.derivedData/Build/Intermediates.noindex/SwiftExplicitPrecompiledModules
CreateBuildDirectory /Users/admin/builder/spi-builder-workspace/.derivedData/Build/Products/Debug-watchos
    cd /Users/admin/builder/spi-builder-workspace/.swiftpm/xcode
    builtin-create-build-directory /Users/admin/builder/spi-builder-workspace/.derivedData/Build/Products/Debug-watchos
CreateBuildDirectory /Users/admin/builder/spi-builder-workspace/.derivedData/Build/Intermediates.noindex/ExplicitPrecompiledModules
    cd /Users/admin/builder/spi-builder-workspace/.swiftpm/xcode
    builtin-create-build-directory /Users/admin/builder/spi-builder-workspace/.derivedData/Build/Intermediates.noindex/ExplicitPrecompiledModules
CreateBuildDirectory /Users/admin/builder/spi-builder-workspace/.derivedData/Build/Intermediates.noindex/EagerLinkingTBDs/Debug-watchos
    cd /Users/admin/builder/spi-builder-workspace/.swiftpm/xcode
    builtin-create-build-directory /Users/admin/builder/spi-builder-workspace/.derivedData/Build/Intermediates.noindex/EagerLinkingTBDs/Debug-watchos
CreateBuildDirectory /Users/admin/builder/spi-builder-workspace/.derivedData/Build/Products/Debug-watchos/PackageFrameworks
    cd /Users/admin/builder/spi-builder-workspace/.swiftpm/xcode
    builtin-create-build-directory /Users/admin/builder/spi-builder-workspace/.derivedData/Build/Products/Debug-watchos/PackageFrameworks
WriteAuxiliaryFile /Users/admin/builder/spi-builder-workspace/.derivedData/Build/Intermediates.noindex/WindowKit.build/Debug-watchos/WindowKitAppKit.build/WindowKitAppKit.modulemap (in target 'WindowKitAppKit' from project 'WindowKit')
    cd /Users/admin/builder/spi-builder-workspace
    write-file /Users/admin/builder/spi-builder-workspace/.derivedData/Build/Intermediates.noindex/WindowKit.build/Debug-watchos/WindowKitAppKit.build/WindowKitAppKit.modulemap
WriteAuxiliaryFile /Users/admin/builder/spi-builder-workspace/.derivedData/Build/Intermediates.noindex/WindowKit.build/Debug-watchos/WindowKitAppKit.build/WindowKitAppKit.DependencyStaticMetadataFileList (in target 'WindowKitAppKit' from project 'WindowKit')
    cd /Users/admin/builder/spi-builder-workspace
    write-file /Users/admin/builder/spi-builder-workspace/.derivedData/Build/Intermediates.noindex/WindowKit.build/Debug-watchos/WindowKitAppKit.build/WindowKitAppKit.DependencyStaticMetadataFileList
WriteAuxiliaryFile /Users/admin/builder/spi-builder-workspace/.derivedData/Build/Intermediates.noindex/WindowKit.build/Debug-watchos/WindowKitAppKit.build/WindowKitAppKit.DependencyMetadataFileList (in target 'WindowKitAppKit' from project 'WindowKit')
    cd /Users/admin/builder/spi-builder-workspace
    write-file /Users/admin/builder/spi-builder-workspace/.derivedData/Build/Intermediates.noindex/WindowKit.build/Debug-watchos/WindowKitAppKit.build/WindowKitAppKit.DependencyMetadataFileList
WriteAuxiliaryFile /Users/admin/builder/spi-builder-workspace/.derivedData/Build/Intermediates.noindex/WindowKit.build/Debug-watchos/WindowKitAppKit.build/Objects-normal/arm64_32/WindowKitAppKit_const_extract_protocols.json (in target 'WindowKitAppKit' from project 'WindowKit')
    cd /Users/admin/builder/spi-builder-workspace
    write-file /Users/admin/builder/spi-builder-workspace/.derivedData/Build/Intermediates.noindex/WindowKit.build/Debug-watchos/WindowKitAppKit.build/Objects-normal/arm64_32/WindowKitAppKit_const_extract_protocols.json
WriteAuxiliaryFile /Users/admin/builder/spi-builder-workspace/.derivedData/Build/Intermediates.noindex/WindowKit.build/Debug-watchos/WindowKitAppKit.build/Objects-normal/armv7k/WindowKitAppKit_const_extract_protocols.json (in target 'WindowKitAppKit' from project 'WindowKit')
    cd /Users/admin/builder/spi-builder-workspace
    write-file /Users/admin/builder/spi-builder-workspace/.derivedData/Build/Intermediates.noindex/WindowKit.build/Debug-watchos/WindowKitAppKit.build/Objects-normal/armv7k/WindowKitAppKit_const_extract_protocols.json
WriteAuxiliaryFile /Users/admin/builder/spi-builder-workspace/.derivedData/Build/Intermediates.noindex/WindowKit.build/Debug-watchos/WindowKitAppKit.build/Objects-normal/armv7k/WindowKitAppKit.LinkFileList (in target 'WindowKitAppKit' from project 'WindowKit')
    cd /Users/admin/builder/spi-builder-workspace
    write-file /Users/admin/builder/spi-builder-workspace/.derivedData/Build/Intermediates.noindex/WindowKit.build/Debug-watchos/WindowKitAppKit.build/Objects-normal/armv7k/WindowKitAppKit.LinkFileList
WriteAuxiliaryFile /Users/admin/builder/spi-builder-workspace/.derivedData/Build/Intermediates.noindex/WindowKit.build/Debug-watchos/WindowKitAppKit.build/Objects-normal/armv7k/WindowKitAppKit.SwiftFileList (in target 'WindowKitAppKit' from project 'WindowKit')
    cd /Users/admin/builder/spi-builder-workspace
    write-file /Users/admin/builder/spi-builder-workspace/.derivedData/Build/Intermediates.noindex/WindowKit.build/Debug-watchos/WindowKitAppKit.build/Objects-normal/armv7k/WindowKitAppKit.SwiftFileList
WriteAuxiliaryFile /Users/admin/builder/spi-builder-workspace/.derivedData/Build/Intermediates.noindex/WindowKit.build/Debug-watchos/WindowKitAppKit.build/Objects-normal/armv7k/WindowKitAppKit-OutputFileMap.json (in target 'WindowKitAppKit' from project 'WindowKit')
    cd /Users/admin/builder/spi-builder-workspace
    write-file /Users/admin/builder/spi-builder-workspace/.derivedData/Build/Intermediates.noindex/WindowKit.build/Debug-watchos/WindowKitAppKit.build/Objects-normal/armv7k/WindowKitAppKit-OutputFileMap.json
WriteAuxiliaryFile /Users/admin/builder/spi-builder-workspace/.derivedData/Build/Intermediates.noindex/WindowKit.build/Debug-watchos/WindowKitAppKit.build/Objects-normal/armv7k/WindowKitAppKit.SwiftConstValuesFileList (in target 'WindowKitAppKit' from project 'WindowKit')
    cd /Users/admin/builder/spi-builder-workspace
    write-file /Users/admin/builder/spi-builder-workspace/.derivedData/Build/Intermediates.noindex/WindowKit.build/Debug-watchos/WindowKitAppKit.build/Objects-normal/armv7k/WindowKitAppKit.SwiftConstValuesFileList
WriteAuxiliaryFile /Users/admin/builder/spi-builder-workspace/.derivedData/Build/Intermediates.noindex/WindowKit.build/Debug-watchos/WindowKitAppKit.build/Objects-normal/arm64_32/WindowKitAppKit.SwiftFileList (in target 'WindowKitAppKit' from project 'WindowKit')
    cd /Users/admin/builder/spi-builder-workspace
    write-file /Users/admin/builder/spi-builder-workspace/.derivedData/Build/Intermediates.noindex/WindowKit.build/Debug-watchos/WindowKitAppKit.build/Objects-normal/arm64_32/WindowKitAppKit.SwiftFileList
WriteAuxiliaryFile /Users/admin/builder/spi-builder-workspace/.derivedData/Build/Intermediates.noindex/WindowKit.build/Debug-watchos/WindowKitAppKit.build/Objects-normal/arm64_32/WindowKitAppKit.SwiftConstValuesFileList (in target 'WindowKitAppKit' from project 'WindowKit')
    cd /Users/admin/builder/spi-builder-workspace
    write-file /Users/admin/builder/spi-builder-workspace/.derivedData/Build/Intermediates.noindex/WindowKit.build/Debug-watchos/WindowKitAppKit.build/Objects-normal/arm64_32/WindowKitAppKit.SwiftConstValuesFileList
WriteAuxiliaryFile /Users/admin/builder/spi-builder-workspace/.derivedData/Build/Intermediates.noindex/WindowKit.build/Debug-watchos/WindowKitAppKit.build/Objects-normal/arm64_32/WindowKitAppKit.LinkFileList (in target 'WindowKitAppKit' from project 'WindowKit')
    cd /Users/admin/builder/spi-builder-workspace
    write-file /Users/admin/builder/spi-builder-workspace/.derivedData/Build/Intermediates.noindex/WindowKit.build/Debug-watchos/WindowKitAppKit.build/Objects-normal/arm64_32/WindowKitAppKit.LinkFileList
WriteAuxiliaryFile /Users/admin/builder/spi-builder-workspace/.derivedData/Build/Intermediates.noindex/WindowKit.build/Debug-watchos/WindowKitAppKit.build/Objects-normal/arm64_32/WindowKitAppKit-OutputFileMap.json (in target 'WindowKitAppKit' from project 'WindowKit')
    cd /Users/admin/builder/spi-builder-workspace
    write-file /Users/admin/builder/spi-builder-workspace/.derivedData/Build/Intermediates.noindex/WindowKit.build/Debug-watchos/WindowKitAppKit.build/Objects-normal/arm64_32/WindowKitAppKit-OutputFileMap.json
WriteAuxiliaryFile /Users/admin/builder/spi-builder-workspace/.derivedData/Build/Intermediates.noindex/WindowKit.build/Debug-watchos/WindowKitAppKit.build/Objects-normal/arm64/WindowKitAppKit.SwiftFileList (in target 'WindowKitAppKit' from project 'WindowKit')
    cd /Users/admin/builder/spi-builder-workspace
    write-file /Users/admin/builder/spi-builder-workspace/.derivedData/Build/Intermediates.noindex/WindowKit.build/Debug-watchos/WindowKitAppKit.build/Objects-normal/arm64/WindowKitAppKit.SwiftFileList
WriteAuxiliaryFile /Users/admin/builder/spi-builder-workspace/.derivedData/Build/Intermediates.noindex/WindowKit.build/Debug-watchos/WindowKitAppKit.build/Objects-normal/arm64/WindowKitAppKit_const_extract_protocols.json (in target 'WindowKitAppKit' from project 'WindowKit')
    cd /Users/admin/builder/spi-builder-workspace
    write-file /Users/admin/builder/spi-builder-workspace/.derivedData/Build/Intermediates.noindex/WindowKit.build/Debug-watchos/WindowKitAppKit.build/Objects-normal/arm64/WindowKitAppKit_const_extract_protocols.json
WriteAuxiliaryFile /Users/admin/builder/spi-builder-workspace/.derivedData/Build/Intermediates.noindex/WindowKit.build/Debug-watchos/WindowKitAppKit.build/Objects-normal/arm64/WindowKitAppKit.SwiftConstValuesFileList (in target 'WindowKitAppKit' from project 'WindowKit')
    cd /Users/admin/builder/spi-builder-workspace
    write-file /Users/admin/builder/spi-builder-workspace/.derivedData/Build/Intermediates.noindex/WindowKit.build/Debug-watchos/WindowKitAppKit.build/Objects-normal/arm64/WindowKitAppKit.SwiftConstValuesFileList
WriteAuxiliaryFile /Users/admin/builder/spi-builder-workspace/.derivedData/Build/Intermediates.noindex/WindowKit.build/Debug-watchos/WindowKitAppKit.build/Objects-normal/arm64/WindowKitAppKit.LinkFileList (in target 'WindowKitAppKit' from project 'WindowKit')
    cd /Users/admin/builder/spi-builder-workspace
    write-file /Users/admin/builder/spi-builder-workspace/.derivedData/Build/Intermediates.noindex/WindowKit.build/Debug-watchos/WindowKitAppKit.build/Objects-normal/arm64/WindowKitAppKit.LinkFileList
WriteAuxiliaryFile /Users/admin/builder/spi-builder-workspace/.derivedData/Build/Intermediates.noindex/WindowKit.build/Debug-watchos/WindowKitAppKit.build/Objects-normal/arm64/WindowKitAppKit-OutputFileMap.json (in target 'WindowKitAppKit' from project 'WindowKit')
    cd /Users/admin/builder/spi-builder-workspace
    write-file /Users/admin/builder/spi-builder-workspace/.derivedData/Build/Intermediates.noindex/WindowKit.build/Debug-watchos/WindowKitAppKit.build/Objects-normal/arm64/WindowKitAppKit-OutputFileMap.json
Copy /Users/admin/builder/spi-builder-workspace/.derivedData/Build/Intermediates.noindex/GeneratedModuleMaps-watchos/WindowKitAppKit.modulemap /Users/admin/builder/spi-builder-workspace/.derivedData/Build/Intermediates.noindex/WindowKit.build/Debug-watchos/WindowKitAppKit.build/WindowKitAppKit.modulemap (in target 'WindowKitAppKit' from project 'WindowKit')
    cd /Users/admin/builder/spi-builder-workspace
    builtin-copy -exclude .DS_Store -exclude CVS -exclude .svn -exclude .git -exclude .hg -resolve-src-symlinks /Users/admin/builder/spi-builder-workspace/.derivedData/Build/Intermediates.noindex/WindowKit.build/Debug-watchos/WindowKitAppKit.build/WindowKitAppKit.modulemap /Users/admin/builder/spi-builder-workspace/.derivedData/Build/Intermediates.noindex/GeneratedModuleMaps-watchos
WriteAuxiliaryFile /Users/admin/builder/spi-builder-workspace/.derivedData/Build/Intermediates.noindex/WindowKit.build/Debug-watchos/WindowKit.build/WindowKit.DependencyMetadataFileList (in target 'WindowKit' from project 'WindowKit')
    cd /Users/admin/builder/spi-builder-workspace
    write-file /Users/admin/builder/spi-builder-workspace/.derivedData/Build/Intermediates.noindex/WindowKit.build/Debug-watchos/WindowKit.build/WindowKit.DependencyMetadataFileList
WriteAuxiliaryFile /Users/admin/builder/spi-builder-workspace/.derivedData/Build/Intermediates.noindex/WindowKit.build/Debug-watchos/WindowKit.build/WindowKit.DependencyStaticMetadataFileList (in target 'WindowKit' from project 'WindowKit')
    cd /Users/admin/builder/spi-builder-workspace
    write-file /Users/admin/builder/spi-builder-workspace/.derivedData/Build/Intermediates.noindex/WindowKit.build/Debug-watchos/WindowKit.build/WindowKit.DependencyStaticMetadataFileList
WriteAuxiliaryFile /Users/admin/builder/spi-builder-workspace/.derivedData/Build/Intermediates.noindex/WindowKit.build/Debug-watchos/WindowKit.build/WindowKit.modulemap (in target 'WindowKit' from project 'WindowKit')
    cd /Users/admin/builder/spi-builder-workspace
    write-file /Users/admin/builder/spi-builder-workspace/.derivedData/Build/Intermediates.noindex/WindowKit.build/Debug-watchos/WindowKit.build/WindowKit.modulemap
WriteAuxiliaryFile /Users/admin/builder/spi-builder-workspace/.derivedData/Build/Intermediates.noindex/WindowKit.build/Debug-watchos/WindowKit.build/Objects-normal/armv7k/WindowKit_const_extract_protocols.json (in target 'WindowKit' from project 'WindowKit')
    cd /Users/admin/builder/spi-builder-workspace
    write-file /Users/admin/builder/spi-builder-workspace/.derivedData/Build/Intermediates.noindex/WindowKit.build/Debug-watchos/WindowKit.build/Objects-normal/armv7k/WindowKit_const_extract_protocols.json
WriteAuxiliaryFile /Users/admin/builder/spi-builder-workspace/.derivedData/Build/Intermediates.noindex/WindowKit.build/Debug-watchos/WindowKit.build/Objects-normal/armv7k/WindowKit.SwiftFileList (in target 'WindowKit' from project 'WindowKit')
    cd /Users/admin/builder/spi-builder-workspace
    write-file /Users/admin/builder/spi-builder-workspace/.derivedData/Build/Intermediates.noindex/WindowKit.build/Debug-watchos/WindowKit.build/Objects-normal/armv7k/WindowKit.SwiftFileList
WriteAuxiliaryFile /Users/admin/builder/spi-builder-workspace/.derivedData/Build/Intermediates.noindex/WindowKit.build/Debug-watchos/WindowKit.build/Objects-normal/armv7k/WindowKit.SwiftConstValuesFileList (in target 'WindowKit' from project 'WindowKit')
    cd /Users/admin/builder/spi-builder-workspace
    write-file /Users/admin/builder/spi-builder-workspace/.derivedData/Build/Intermediates.noindex/WindowKit.build/Debug-watchos/WindowKit.build/Objects-normal/armv7k/WindowKit.SwiftConstValuesFileList
WriteAuxiliaryFile /Users/admin/builder/spi-builder-workspace/.derivedData/Build/Intermediates.noindex/WindowKit.build/Debug-watchos/WindowKit.build/Objects-normal/armv7k/WindowKit.LinkFileList (in target 'WindowKit' from project 'WindowKit')
    cd /Users/admin/builder/spi-builder-workspace
    write-file /Users/admin/builder/spi-builder-workspace/.derivedData/Build/Intermediates.noindex/WindowKit.build/Debug-watchos/WindowKit.build/Objects-normal/armv7k/WindowKit.LinkFileList
WriteAuxiliaryFile /Users/admin/builder/spi-builder-workspace/.derivedData/Build/Intermediates.noindex/WindowKit.build/Debug-watchos/WindowKit.build/Objects-normal/armv7k/WindowKit-OutputFileMap.json (in target 'WindowKit' from project 'WindowKit')
    cd /Users/admin/builder/spi-builder-workspace
    write-file /Users/admin/builder/spi-builder-workspace/.derivedData/Build/Intermediates.noindex/WindowKit.build/Debug-watchos/WindowKit.build/Objects-normal/armv7k/WindowKit-OutputFileMap.json
WriteAuxiliaryFile /Users/admin/builder/spi-builder-workspace/.derivedData/Build/Intermediates.noindex/WindowKit.build/Debug-watchos/WindowKit.build/Objects-normal/arm64_32/WindowKit.SwiftConstValuesFileList (in target 'WindowKit' from project 'WindowKit')
    cd /Users/admin/builder/spi-builder-workspace
    write-file /Users/admin/builder/spi-builder-workspace/.derivedData/Build/Intermediates.noindex/WindowKit.build/Debug-watchos/WindowKit.build/Objects-normal/arm64_32/WindowKit.SwiftConstValuesFileList
WriteAuxiliaryFile /Users/admin/builder/spi-builder-workspace/.derivedData/Build/Intermediates.noindex/WindowKit.build/Debug-watchos/WindowKit.build/Objects-normal/arm64_32/WindowKit_const_extract_protocols.json (in target 'WindowKit' from project 'WindowKit')
    cd /Users/admin/builder/spi-builder-workspace
    write-file /Users/admin/builder/spi-builder-workspace/.derivedData/Build/Intermediates.noindex/WindowKit.build/Debug-watchos/WindowKit.build/Objects-normal/arm64_32/WindowKit_const_extract_protocols.json
WriteAuxiliaryFile /Users/admin/builder/spi-builder-workspace/.derivedData/Build/Intermediates.noindex/WindowKit.build/Debug-watchos/WindowKit.build/Objects-normal/arm64_32/WindowKit.SwiftFileList (in target 'WindowKit' from project 'WindowKit')
    cd /Users/admin/builder/spi-builder-workspace
    write-file /Users/admin/builder/spi-builder-workspace/.derivedData/Build/Intermediates.noindex/WindowKit.build/Debug-watchos/WindowKit.build/Objects-normal/arm64_32/WindowKit.SwiftFileList
WriteAuxiliaryFile /Users/admin/builder/spi-builder-workspace/.derivedData/Build/Intermediates.noindex/WindowKit.build/Debug-watchos/WindowKit.build/Objects-normal/arm64_32/WindowKit.LinkFileList (in target 'WindowKit' from project 'WindowKit')
    cd /Users/admin/builder/spi-builder-workspace
    write-file /Users/admin/builder/spi-builder-workspace/.derivedData/Build/Intermediates.noindex/WindowKit.build/Debug-watchos/WindowKit.build/Objects-normal/arm64_32/WindowKit.LinkFileList
WriteAuxiliaryFile /Users/admin/builder/spi-builder-workspace/.derivedData/Build/Intermediates.noindex/WindowKit.build/Debug-watchos/WindowKit.build/Objects-normal/arm64_32/WindowKit-OutputFileMap.json (in target 'WindowKit' from project 'WindowKit')
    cd /Users/admin/builder/spi-builder-workspace
    write-file /Users/admin/builder/spi-builder-workspace/.derivedData/Build/Intermediates.noindex/WindowKit.build/Debug-watchos/WindowKit.build/Objects-normal/arm64_32/WindowKit-OutputFileMap.json
WriteAuxiliaryFile /Users/admin/builder/spi-builder-workspace/.derivedData/Build/Intermediates.noindex/WindowKit.build/Debug-watchos/WindowKit.build/Objects-normal/arm64/WindowKit.SwiftFileList (in target 'WindowKit' from project 'WindowKit')
    cd /Users/admin/builder/spi-builder-workspace
    write-file /Users/admin/builder/spi-builder-workspace/.derivedData/Build/Intermediates.noindex/WindowKit.build/Debug-watchos/WindowKit.build/Objects-normal/arm64/WindowKit.SwiftFileList
WriteAuxiliaryFile /Users/admin/builder/spi-builder-workspace/.derivedData/Build/Intermediates.noindex/WindowKit.build/Debug-watchos/WindowKit.build/Objects-normal/arm64/WindowKit.SwiftConstValuesFileList (in target 'WindowKit' from project 'WindowKit')
    cd /Users/admin/builder/spi-builder-workspace
    write-file /Users/admin/builder/spi-builder-workspace/.derivedData/Build/Intermediates.noindex/WindowKit.build/Debug-watchos/WindowKit.build/Objects-normal/arm64/WindowKit.SwiftConstValuesFileList
WriteAuxiliaryFile /Users/admin/builder/spi-builder-workspace/.derivedData/Build/Intermediates.noindex/WindowKit.build/Debug-watchos/WindowKit.build/Objects-normal/arm64/WindowKit_const_extract_protocols.json (in target 'WindowKit' from project 'WindowKit')
    cd /Users/admin/builder/spi-builder-workspace
    write-file /Users/admin/builder/spi-builder-workspace/.derivedData/Build/Intermediates.noindex/WindowKit.build/Debug-watchos/WindowKit.build/Objects-normal/arm64/WindowKit_const_extract_protocols.json
WriteAuxiliaryFile /Users/admin/builder/spi-builder-workspace/.derivedData/Build/Intermediates.noindex/WindowKit.build/Debug-watchos/WindowKit.build/Objects-normal/arm64/WindowKit.LinkFileList (in target 'WindowKit' from project 'WindowKit')
    cd /Users/admin/builder/spi-builder-workspace
    write-file /Users/admin/builder/spi-builder-workspace/.derivedData/Build/Intermediates.noindex/WindowKit.build/Debug-watchos/WindowKit.build/Objects-normal/arm64/WindowKit.LinkFileList
WriteAuxiliaryFile /Users/admin/builder/spi-builder-workspace/.derivedData/Build/Intermediates.noindex/WindowKit.build/Debug-watchos/WindowKit.build/Objects-normal/arm64/WindowKit-OutputFileMap.json (in target 'WindowKit' from project 'WindowKit')
    cd /Users/admin/builder/spi-builder-workspace
    write-file /Users/admin/builder/spi-builder-workspace/.derivedData/Build/Intermediates.noindex/WindowKit.build/Debug-watchos/WindowKit.build/Objects-normal/arm64/WindowKit-OutputFileMap.json
Copy /Users/admin/builder/spi-builder-workspace/.derivedData/Build/Intermediates.noindex/GeneratedModuleMaps-watchos/WindowKit.modulemap /Users/admin/builder/spi-builder-workspace/.derivedData/Build/Intermediates.noindex/WindowKit.build/Debug-watchos/WindowKit.build/WindowKit.modulemap (in target 'WindowKit' from project 'WindowKit')
    cd /Users/admin/builder/spi-builder-workspace
    builtin-copy -exclude .DS_Store -exclude CVS -exclude .svn -exclude .git -exclude .hg -resolve-src-symlinks /Users/admin/builder/spi-builder-workspace/.derivedData/Build/Intermediates.noindex/WindowKit.build/Debug-watchos/WindowKit.build/WindowKit.modulemap /Users/admin/builder/spi-builder-workspace/.derivedData/Build/Intermediates.noindex/GeneratedModuleMaps-watchos
SwiftDriver WindowKit normal arm64 com.apple.xcode.tools.swift.compiler (in target 'WindowKit' from project 'WindowKit')
    cd /Users/admin/builder/spi-builder-workspace/.swiftpm/xcode
    builtin-SwiftDriver -- /Applications/Xcode-26.3.0.app/Contents/Developer/Toolchains/XcodeDefault.xctoolchain/usr/bin/swiftc -module-name WindowKit -Onone -enforce-exclusivity\=checked @/Users/admin/builder/spi-builder-workspace/.derivedData/Build/Intermediates.noindex/WindowKit.build/Debug-watchos/WindowKit.build/Objects-normal/arm64/WindowKit.SwiftFileList -DSWIFT_PACKAGE -DDEBUG -DSWIFT_MODULE_RESOURCE_BUNDLE_UNAVAILABLE -DXcode -plugin-path /Applications/Xcode-26.3.0.app/Contents/Developer/Toolchains/XcodeDefault.xctoolchain/usr/lib/swift/host/plugins/testing -enable-experimental-feature DebugDescriptionMacro -sdk /Applications/Xcode-26.3.0.app/Contents/Developer/Platforms/WatchOS.platform/Developer/SDKs/WatchOS26.2.sdk -target arm64-apple-watchos5.0 -g -module-cache-path /Users/admin/builder/spi-builder-workspace/.derivedData/ModuleCache.noindex -Xfrontend -serialize-debugging-options -profile-coverage-mapping -profile-generate -enable-testing -index-store-path /Users/admin/builder/spi-builder-workspace/.derivedData/Index.noindex/DataStore -Xcc -D_LIBCPP_HARDENING_MODE\=_LIBCPP_HARDENING_MODE_DEBUG -swift-version 6 -I /Users/admin/builder/spi-builder-workspace/.derivedData/Build/Products/Debug-watchos -Isystem /Applications/Xcode-26.3.0.app/Contents/Developer/Platforms/WatchOS.platform/Developer/usr/lib -F /Users/admin/builder/spi-builder-workspace/.derivedData/Build/Products/Debug-watchos -F /Applications/Xcode-26.3.0.app/Contents/Developer/Platforms/WatchOS.platform/Developer/Library/Frameworks -F /Applications/Xcode-26.3.0.app/Contents/Developer/Platforms/WatchOS.platform/Developer/SDKs/WatchOS26.2.sdk/Developer/Library/Frameworks -c -j10 -enable-batch-mode -incremental -Xcc -ivfsstatcache -Xcc /Users/admin/builder/spi-builder-workspace/.derivedData/SDKStatCaches.noindex/watchos26.2-23S303-dc75598d0054f22ec865fa860f139d721753b489057de6bda919edfa1c59a62b.sdkstatcache -output-file-map /Users/admin/builder/spi-builder-workspace/.derivedData/Build/Intermediates.noindex/WindowKit.build/Debug-watchos/WindowKit.build/Objects-normal/arm64/WindowKit-OutputFileMap.json -use-frontend-parseable-output -save-temps -no-color-diagnostics -explicit-module-build -module-cache-path /Users/admin/builder/spi-builder-workspace/.derivedData/Build/Intermediates.noindex/SwiftExplicitPrecompiledModules -clang-scanner-module-cache-path /Users/admin/builder/spi-builder-workspace/.derivedData/ModuleCache.noindex -sdk-module-cache-path /Users/admin/builder/spi-builder-workspace/.derivedData/ModuleCache.noindex -serialize-diagnostics -emit-dependencies -emit-module -emit-module-path /Users/admin/builder/spi-builder-workspace/.derivedData/Build/Intermediates.noindex/WindowKit.build/Debug-watchos/WindowKit.build/Objects-normal/arm64/WindowKit.swiftmodule -validate-clang-modules-once -clang-build-session-file /Users/admin/builder/spi-builder-workspace/.derivedData/ModuleCache.noindex/Session.modulevalidation -package-name spi_builder_workspace -Xcc -I/Users/admin/builder/spi-builder-workspace/.derivedData/Build/Intermediates.noindex/WindowKit.build/Debug-watchos/WindowKit.build/swift-overrides.hmap -emit-const-values -Xfrontend -const-gather-protocols-file -Xfrontend /Users/admin/builder/spi-builder-workspace/.derivedData/Build/Intermediates.noindex/WindowKit.build/Debug-watchos/WindowKit.build/Objects-normal/arm64/WindowKit_const_extract_protocols.json -Xcc -I/Users/admin/builder/spi-builder-workspace/.derivedData/Build/Products/Debug-watchos/include -Xcc -I/Users/admin/builder/spi-builder-workspace/.derivedData/Build/Intermediates.noindex/WindowKit.build/Debug-watchos/WindowKit.build/DerivedSources-normal/arm64 -Xcc -I/Users/admin/builder/spi-builder-workspace/.derivedData/Build/Intermediates.noindex/WindowKit.build/Debug-watchos/WindowKit.build/DerivedSources/arm64 -Xcc -I/Users/admin/builder/spi-builder-workspace/.derivedData/Build/Intermediates.noindex/WindowKit.build/Debug-watchos/WindowKit.build/DerivedSources -Xcc -DSWIFT_PACKAGE -Xcc -DDEBUG\=1 -emit-objc-header -emit-objc-header-path /Users/admin/builder/spi-builder-workspace/.derivedData/Build/Intermediates.noindex/WindowKit.build/Debug-watchos/WindowKit.build/Objects-normal/arm64/WindowKit-Swift.h -working-directory /Users/admin/builder/spi-builder-workspace/.swiftpm/xcode -experimental-emit-module-separately -disable-cmo
SwiftDriver WindowKit normal armv7k com.apple.xcode.tools.swift.compiler (in target 'WindowKit' from project 'WindowKit')
    cd /Users/admin/builder/spi-builder-workspace/.swiftpm/xcode
    builtin-SwiftDriver -- /Applications/Xcode-26.3.0.app/Contents/Developer/Toolchains/XcodeDefault.xctoolchain/usr/bin/swiftc -module-name WindowKit -Onone -enforce-exclusivity\=checked @/Users/admin/builder/spi-builder-workspace/.derivedData/Build/Intermediates.noindex/WindowKit.build/Debug-watchos/WindowKit.build/Objects-normal/armv7k/WindowKit.SwiftFileList -DSWIFT_PACKAGE -DDEBUG -DSWIFT_MODULE_RESOURCE_BUNDLE_UNAVAILABLE -DXcode -plugin-path /Applications/Xcode-26.3.0.app/Contents/Developer/Toolchains/XcodeDefault.xctoolchain/usr/lib/swift/host/plugins/testing -enable-experimental-feature DebugDescriptionMacro -sdk /Applications/Xcode-26.3.0.app/Contents/Developer/Platforms/WatchOS.platform/Developer/SDKs/WatchOS26.2.sdk -target armv7k-apple-watchos5.0 -g -module-cache-path /Users/admin/builder/spi-builder-workspace/.derivedData/ModuleCache.noindex -Xfrontend -serialize-debugging-options -profile-coverage-mapping -profile-generate -enable-testing -index-store-path /Users/admin/builder/spi-builder-workspace/.derivedData/Index.noindex/DataStore -Xcc -D_LIBCPP_HARDENING_MODE\=_LIBCPP_HARDENING_MODE_DEBUG -swift-version 6 -I /Users/admin/builder/spi-builder-workspace/.derivedData/Build/Products/Debug-watchos -Isystem /Applications/Xcode-26.3.0.app/Contents/Developer/Platforms/WatchOS.platform/Developer/usr/lib -F /Users/admin/builder/spi-builder-workspace/.derivedData/Build/Products/Debug-watchos -F /Applications/Xcode-26.3.0.app/Contents/Developer/Platforms/WatchOS.platform/Developer/Library/Frameworks -F /Applications/Xcode-26.3.0.app/Contents/Developer/Platforms/WatchOS.platform/Developer/SDKs/WatchOS26.2.sdk/Developer/Library/Frameworks -c -j10 -enable-batch-mode -incremental -Xcc -ivfsstatcache -Xcc /Users/admin/builder/spi-builder-workspace/.derivedData/SDKStatCaches.noindex/watchos26.2-23S303-dc75598d0054f22ec865fa860f139d721753b489057de6bda919edfa1c59a62b.sdkstatcache -output-file-map /Users/admin/builder/spi-builder-workspace/.derivedData/Build/Intermediates.noindex/WindowKit.build/Debug-watchos/WindowKit.build/Objects-normal/armv7k/WindowKit-OutputFileMap.json -use-frontend-parseable-output -save-temps -no-color-diagnostics -explicit-module-build -module-cache-path /Users/admin/builder/spi-builder-workspace/.derivedData/Build/Intermediates.noindex/SwiftExplicitPrecompiledModules -clang-scanner-module-cache-path /Users/admin/builder/spi-builder-workspace/.derivedData/ModuleCache.noindex -sdk-module-cache-path /Users/admin/builder/spi-builder-workspace/.derivedData/ModuleCache.noindex -serialize-diagnostics -emit-dependencies -emit-module -emit-module-path /Users/admin/builder/spi-builder-workspace/.derivedData/Build/Intermediates.noindex/WindowKit.build/Debug-watchos/WindowKit.build/Objects-normal/armv7k/WindowKit.swiftmodule -validate-clang-modules-once -clang-build-session-file /Users/admin/builder/spi-builder-workspace/.derivedData/ModuleCache.noindex/Session.modulevalidation -package-name spi_builder_workspace -Xcc -I/Users/admin/builder/spi-builder-workspace/.derivedData/Build/Intermediates.noindex/WindowKit.build/Debug-watchos/WindowKit.build/swift-overrides.hmap -emit-const-values -Xfrontend -const-gather-protocols-file -Xfrontend /Users/admin/builder/spi-builder-workspace/.derivedData/Build/Intermediates.noindex/WindowKit.build/Debug-watchos/WindowKit.build/Objects-normal/armv7k/WindowKit_const_extract_protocols.json -Xcc -I/Users/admin/builder/spi-builder-workspace/.derivedData/Build/Products/Debug-watchos/include -Xcc -I/Users/admin/builder/spi-builder-workspace/.derivedData/Build/Intermediates.noindex/WindowKit.build/Debug-watchos/WindowKit.build/DerivedSources-normal/armv7k -Xcc -I/Users/admin/builder/spi-builder-workspace/.derivedData/Build/Intermediates.noindex/WindowKit.build/Debug-watchos/WindowKit.build/DerivedSources/armv7k -Xcc -I/Users/admin/builder/spi-builder-workspace/.derivedData/Build/Intermediates.noindex/WindowKit.build/Debug-watchos/WindowKit.build/DerivedSources -Xcc -DSWIFT_PACKAGE -Xcc -DDEBUG\=1 -emit-objc-header -emit-objc-header-path /Users/admin/builder/spi-builder-workspace/.derivedData/Build/Intermediates.noindex/WindowKit.build/Debug-watchos/WindowKit.build/Objects-normal/armv7k/WindowKit-Swift.h -working-directory /Users/admin/builder/spi-builder-workspace/.swiftpm/xcode -experimental-emit-module-separately -disable-cmo
SwiftDriver WindowKit normal arm64_32 com.apple.xcode.tools.swift.compiler (in target 'WindowKit' from project 'WindowKit')
    cd /Users/admin/builder/spi-builder-workspace/.swiftpm/xcode
    builtin-SwiftDriver -- /Applications/Xcode-26.3.0.app/Contents/Developer/Toolchains/XcodeDefault.xctoolchain/usr/bin/swiftc -module-name WindowKit -Onone -enforce-exclusivity\=checked @/Users/admin/builder/spi-builder-workspace/.derivedData/Build/Intermediates.noindex/WindowKit.build/Debug-watchos/WindowKit.build/Objects-normal/arm64_32/WindowKit.SwiftFileList -DSWIFT_PACKAGE -DDEBUG -DSWIFT_MODULE_RESOURCE_BUNDLE_UNAVAILABLE -DXcode -plugin-path /Applications/Xcode-26.3.0.app/Contents/Developer/Toolchains/XcodeDefault.xctoolchain/usr/lib/swift/host/plugins/testing -enable-experimental-feature DebugDescriptionMacro -sdk /Applications/Xcode-26.3.0.app/Contents/Developer/Platforms/WatchOS.platform/Developer/SDKs/WatchOS26.2.sdk -target arm64_32-apple-watchos5.0 -g -module-cache-path /Users/admin/builder/spi-builder-workspace/.derivedData/ModuleCache.noindex -Xfrontend -serialize-debugging-options -profile-coverage-mapping -profile-generate -enable-testing -index-store-path /Users/admin/builder/spi-builder-workspace/.derivedData/Index.noindex/DataStore -Xcc -D_LIBCPP_HARDENING_MODE\=_LIBCPP_HARDENING_MODE_DEBUG -swift-version 6 -I /Users/admin/builder/spi-builder-workspace/.derivedData/Build/Products/Debug-watchos -Isystem /Applications/Xcode-26.3.0.app/Contents/Developer/Platforms/WatchOS.platform/Developer/usr/lib -F /Users/admin/builder/spi-builder-workspace/.derivedData/Build/Products/Debug-watchos -F /Applications/Xcode-26.3.0.app/Contents/Developer/Platforms/WatchOS.platform/Developer/Library/Frameworks -F /Applications/Xcode-26.3.0.app/Contents/Developer/Platforms/WatchOS.platform/Developer/SDKs/WatchOS26.2.sdk/Developer/Library/Frameworks -c -j10 -enable-batch-mode -incremental -Xcc -ivfsstatcache -Xcc /Users/admin/builder/spi-builder-workspace/.derivedData/SDKStatCaches.noindex/watchos26.2-23S303-dc75598d0054f22ec865fa860f139d721753b489057de6bda919edfa1c59a62b.sdkstatcache -output-file-map /Users/admin/builder/spi-builder-workspace/.derivedData/Build/Intermediates.noindex/WindowKit.build/Debug-watchos/WindowKit.build/Objects-normal/arm64_32/WindowKit-OutputFileMap.json -use-frontend-parseable-output -save-temps -no-color-diagnostics -explicit-module-build -module-cache-path /Users/admin/builder/spi-builder-workspace/.derivedData/Build/Intermediates.noindex/SwiftExplicitPrecompiledModules -clang-scanner-module-cache-path /Users/admin/builder/spi-builder-workspace/.derivedData/ModuleCache.noindex -sdk-module-cache-path /Users/admin/builder/spi-builder-workspace/.derivedData/ModuleCache.noindex -serialize-diagnostics -emit-dependencies -emit-module -emit-module-path /Users/admin/builder/spi-builder-workspace/.derivedData/Build/Intermediates.noindex/WindowKit.build/Debug-watchos/WindowKit.build/Objects-normal/arm64_32/WindowKit.swiftmodule -validate-clang-modules-once -clang-build-session-file /Users/admin/builder/spi-builder-workspace/.derivedData/ModuleCache.noindex/Session.modulevalidation -package-name spi_builder_workspace -Xcc -I/Users/admin/builder/spi-builder-workspace/.derivedData/Build/Intermediates.noindex/WindowKit.build/Debug-watchos/WindowKit.build/swift-overrides.hmap -emit-const-values -Xfrontend -const-gather-protocols-file -Xfrontend /Users/admin/builder/spi-builder-workspace/.derivedData/Build/Intermediates.noindex/WindowKit.build/Debug-watchos/WindowKit.build/Objects-normal/arm64_32/WindowKit_const_extract_protocols.json -Xcc -I/Users/admin/builder/spi-builder-workspace/.derivedData/Build/Products/Debug-watchos/include -Xcc -I/Users/admin/builder/spi-builder-workspace/.derivedData/Build/Intermediates.noindex/WindowKit.build/Debug-watchos/WindowKit.build/DerivedSources-normal/arm64_32 -Xcc -I/Users/admin/builder/spi-builder-workspace/.derivedData/Build/Intermediates.noindex/WindowKit.build/Debug-watchos/WindowKit.build/DerivedSources/arm64_32 -Xcc -I/Users/admin/builder/spi-builder-workspace/.derivedData/Build/Intermediates.noindex/WindowKit.build/Debug-watchos/WindowKit.build/DerivedSources -Xcc -DSWIFT_PACKAGE -Xcc -DDEBUG\=1 -emit-objc-header -emit-objc-header-path /Users/admin/builder/spi-builder-workspace/.derivedData/Build/Intermediates.noindex/WindowKit.build/Debug-watchos/WindowKit.build/Objects-normal/arm64_32/WindowKit-Swift.h -working-directory /Users/admin/builder/spi-builder-workspace/.swiftpm/xcode -experimental-emit-module-separately -disable-cmo
SwiftExplicitDependencyGeneratePcm arm64 /Users/admin/builder/spi-builder-workspace/.derivedData/ModuleCache.noindex/ptrcheck-4YU0IIP3FXMEGKRFTVKLD8FLA.pcm
SwiftExplicitDependencyGeneratePcm arm64 /Users/admin/builder/spi-builder-workspace/.derivedData/ModuleCache.noindex/_Builtin_stdbool-6XT6P5XUZWCFLZBIHXXS8S9EV.pcm
SwiftExplicitDependencyGeneratePcm arm64 /Users/admin/builder/spi-builder-workspace/.derivedData/ModuleCache.noindex/_Builtin_float-5QRDZB35Y522CLCFL7NT2LPUF.pcm
SwiftExplicitDependencyGeneratePcm arm64 /Users/admin/builder/spi-builder-workspace/.derivedData/ModuleCache.noindex/ptrauth-23V973HP08H1G8HHZ6OAJWG6Z.pcm
SwiftExplicitDependencyGeneratePcm arm64 /Users/admin/builder/spi-builder-workspace/.derivedData/ModuleCache.noindex/_SwiftConcurrencyShims-6I3LH2ITNOZQ7GZSIWV3YFHI2.pcm
SwiftExplicitDependencyGeneratePcm arm64 /Users/admin/builder/spi-builder-workspace/.derivedData/ModuleCache.noindex/_Builtin_stdarg-RZPX1L7HC0FE24QDJB88HMGH.pcm
SwiftExplicitDependencyGeneratePcm arm64 /Users/admin/builder/spi-builder-workspace/.derivedData/ModuleCache.noindex/_Builtin_stddef-85JH2ZGWLM4WGGJWD7P19JNV6.pcm
SwiftExplicitDependencyGeneratePcm arm64 /Users/admin/builder/spi-builder-workspace/.derivedData/ModuleCache.noindex/_AvailabilityInternal-2O3RFBUGA1RPVNII2XIZ3QNC3.pcm
SwiftExplicitDependencyGeneratePcm arm64 /Users/admin/builder/spi-builder-workspace/.derivedData/ModuleCache.noindex/SwiftShims-7I20DMCTK17Q8T32LA04FWAMX.pcm
SwiftExplicitDependencyGeneratePcm armv7k /Users/admin/builder/spi-builder-workspace/.derivedData/ModuleCache.noindex/_AvailabilityInternal-83RE8IZZCM0LEI18OBRCG6MQA.pcm
SwiftExplicitDependencyGeneratePcm armv7k /Users/admin/builder/spi-builder-workspace/.derivedData/ModuleCache.noindex/ptrauth-7MU8I6LYCX6DS0BM6VQWB61QK.pcm
SwiftExplicitDependencyGeneratePcm arm64_32 /Users/admin/builder/spi-builder-workspace/.derivedData/ModuleCache.noindex/_Builtin_stddef-CVMDFD2LRC6J8Y1G2VDJIK5XT.pcm
SwiftExplicitDependencyGeneratePcm arm64_32 /Users/admin/builder/spi-builder-workspace/.derivedData/ModuleCache.noindex/SwiftShims-1KDDRF0T4GF3KEVBC8BQQ0CZ5.pcm
SwiftExplicitDependencyGeneratePcm arm64_32 /Users/admin/builder/spi-builder-workspace/.derivedData/ModuleCache.noindex/ptrcheck-9AZUY5IS5PCZJH0IGF6KZ1CS4.pcm
SwiftExplicitDependencyGeneratePcm arm64_32 /Users/admin/builder/spi-builder-workspace/.derivedData/ModuleCache.noindex/_Builtin_float-57NF6Z0LMY2BSAMQJ9NJ49CVA.pcm
SwiftExplicitDependencyGeneratePcm arm64_32 /Users/admin/builder/spi-builder-workspace/.derivedData/ModuleCache.noindex/_Builtin_stdarg-D40VS4Q2KALO38V4FLA1GBDYO.pcm
SwiftExplicitDependencyGeneratePcm arm64_32 /Users/admin/builder/spi-builder-workspace/.derivedData/ModuleCache.noindex/_Builtin_stdbool-5P7XRQ5AQ02CJZQOFJGPCI3TD.pcm
SwiftExplicitDependencyGeneratePcm arm64_32 /Users/admin/builder/spi-builder-workspace/.derivedData/ModuleCache.noindex/_SwiftConcurrencyShims-BE6OCM46C4HZFNWL8BR101QWH.pcm
SwiftExplicitDependencyGeneratePcm arm64_32 /Users/admin/builder/spi-builder-workspace/.derivedData/ModuleCache.noindex/_AvailabilityInternal-2P7I2A0IHHWZTWSQ7YWZKAXBX.pcm
SwiftExplicitDependencyGeneratePcm armv7k /Users/admin/builder/spi-builder-workspace/.derivedData/ModuleCache.noindex/ptrcheck-CULRGIKD1ZM2RCD4ZIFL67KIW.pcm
SwiftExplicitDependencyGeneratePcm armv7k /Users/admin/builder/spi-builder-workspace/.derivedData/ModuleCache.noindex/_Builtin_float-2BHPKKW0FQMYF431GLJ1850BD.pcm
SwiftExplicitDependencyGeneratePcm armv7k /Users/admin/builder/spi-builder-workspace/.derivedData/ModuleCache.noindex/_Builtin_stdarg-4MJ6H5HQOFMFBOLMH3S73T33Z.pcm
SwiftExplicitDependencyGeneratePcm arm64 /Users/admin/builder/spi-builder-workspace/.derivedData/ModuleCache.noindex/_DarwinFoundation1-9CHGZVG6Q11ZVI9VKIOS0DH8R.pcm
SwiftExplicitDependencyGeneratePcm armv7k /Users/admin/builder/spi-builder-workspace/.derivedData/ModuleCache.noindex/_SwiftConcurrencyShims-D59HA2377K7NIHYDPWEQNNSGA.pcm
SwiftExplicitDependencyGeneratePcm armv7k /Users/admin/builder/spi-builder-workspace/.derivedData/ModuleCache.noindex/SwiftShims-611RDAXOTFU5KRIC5DOC9GTGD.pcm
SwiftExplicitDependencyGeneratePcm arm64_32 /Users/admin/builder/spi-builder-workspace/.derivedData/ModuleCache.noindex/ptrauth-625I4K1NIQYS1FZEGD4TBZD97.pcm
SwiftExplicitDependencyGeneratePcm armv7k /Users/admin/builder/spi-builder-workspace/.derivedData/ModuleCache.noindex/_Builtin_stdbool-9VD2M4BTLIJY98N0LN8FWE4LY.pcm
SwiftExplicitDependencyGeneratePcm armv7k /Users/admin/builder/spi-builder-workspace/.derivedData/ModuleCache.noindex/_Builtin_stddef-ASXQGX4KRKJUJ254CBG2Q4QKU.pcm
SwiftExplicitDependencyGeneratePcm armv7k /Users/admin/builder/spi-builder-workspace/.derivedData/ModuleCache.noindex/_DarwinFoundation1-JSBDA50WKR2C9RJB07QWI42B.pcm
SwiftExplicitDependencyGeneratePcm arm64_32 /Users/admin/builder/spi-builder-workspace/.derivedData/ModuleCache.noindex/_DarwinFoundation1-B5IP3NLVAB98PUH6026E7IU3Z.pcm
SwiftExplicitDependencyGeneratePcm arm64 /Users/admin/builder/spi-builder-workspace/.derivedData/ModuleCache.noindex/_DarwinFoundation2-91AUNY1B00JVZZS04EHZ5P78E.pcm
SwiftExplicitDependencyGeneratePcm arm64 /Users/admin/builder/spi-builder-workspace/.derivedData/ModuleCache.noindex/_Builtin_limits-DDBVG65V69EW9COVSML9AW08G.pcm
SwiftExplicitDependencyGeneratePcm armv7k /Users/admin/builder/spi-builder-workspace/.derivedData/ModuleCache.noindex/_Builtin_limits-XPKP09P1F6KF9ETBIU03GJWN.pcm
SwiftExplicitDependencyGeneratePcm armv7k /Users/admin/builder/spi-builder-workspace/.derivedData/ModuleCache.noindex/_DarwinFoundation2-E23B9LA0LZRKKI4M3H0N6KKNS.pcm
SwiftExplicitDependencyGeneratePcm arm64_32 /Users/admin/builder/spi-builder-workspace/.derivedData/ModuleCache.noindex/_DarwinFoundation2-BE53KZ13PGS3ADMTR162NWOT8.pcm
SwiftExplicitDependencyGeneratePcm arm64_32 /Users/admin/builder/spi-builder-workspace/.derivedData/ModuleCache.noindex/_Builtin_limits-85C3GEXRWK1KZJSJYR1SLAHJZ.pcm
SwiftExplicitDependencyGeneratePcm armv7k /Users/admin/builder/spi-builder-workspace/.derivedData/ModuleCache.noindex/sys_types-3GFPKPXLY1P6X1P0NITR0P4C4.pcm
SwiftExplicitDependencyGeneratePcm armv7k /Users/admin/builder/spi-builder-workspace/.derivedData/ModuleCache.noindex/_Builtin_stdint-6N6B8EKB7NHM6T7WWL1PDEA92.pcm
SwiftExplicitDependencyGeneratePcm arm64 /Users/admin/builder/spi-builder-workspace/.derivedData/ModuleCache.noindex/sys_types-3UK4M66LJG7B93KMPGCYXJLGJ.pcm
SwiftExplicitDependencyGeneratePcm arm64 /Users/admin/builder/spi-builder-workspace/.derivedData/ModuleCache.noindex/_Builtin_stdint-BFTPAV7DTJR0UZMVITWJ89G3Z.pcm
SwiftExplicitDependencyGeneratePcm arm64_32 /Users/admin/builder/spi-builder-workspace/.derivedData/ModuleCache.noindex/_Builtin_stdint-DHK9W4154W1VADFICW26EF51A.pcm
SwiftExplicitDependencyGeneratePcm arm64_32 /Users/admin/builder/spi-builder-workspace/.derivedData/ModuleCache.noindex/sys_types-5220JAOP6QAKP1ZZSQXQIGT3N.pcm
SwiftExplicitDependencyGeneratePcm armv7k /Users/admin/builder/spi-builder-workspace/.derivedData/ModuleCache.noindex/_DarwinFoundation3-60ZZ0LKXFK73H5B3FVK2CIR1Q.pcm
SwiftExplicitDependencyGeneratePcm arm64 /Users/admin/builder/spi-builder-workspace/.derivedData/ModuleCache.noindex/_DarwinFoundation3-5VMZVD9RI030DGKFFW74MIHMQ.pcm
SwiftExplicitDependencyGeneratePcm arm64_32 /Users/admin/builder/spi-builder-workspace/.derivedData/ModuleCache.noindex/_DarwinFoundation3-ECPZQXPEKKE17FVBYD1POXRMU.pcm
SwiftExplicitDependencyGeneratePcm armv7k /Users/admin/builder/spi-builder-workspace/.derivedData/ModuleCache.noindex/_Builtin_inttypes-3JDG6ZXZGG8E2RCJLIRCCAV3E.pcm
SwiftExplicitDependencyGeneratePcm arm64_32 /Users/admin/builder/spi-builder-workspace/.derivedData/ModuleCache.noindex/_Builtin_inttypes-DVW4DAGN9X56OUK4E1BD9DBZ7.pcm
SwiftExplicitDependencyGeneratePcm arm64 /Users/admin/builder/spi-builder-workspace/.derivedData/ModuleCache.noindex/_Builtin_inttypes-EAYG1OYRDQ7HO6J9WI6WA5Y2M.pcm
SwiftExplicitDependencyGeneratePcm armv7k /Users/admin/builder/spi-builder-workspace/.derivedData/ModuleCache.noindex/Darwin-C5UUQBFEDAP6QHSMO866342FZ.pcm
SwiftExplicitDependencyGeneratePcm arm64_32 /Users/admin/builder/spi-builder-workspace/.derivedData/ModuleCache.noindex/Darwin-C8WYVRDE1BASWGOHXGC15GM9F.pcm
SwiftExplicitDependencyGeneratePcm arm64 /Users/admin/builder/spi-builder-workspace/.derivedData/ModuleCache.noindex/Darwin-E1ZCMHXYOAUQKSA4QO0SMGPXA.pcm
SwiftExplicitDependencyGeneratePcm armv7k /Users/admin/builder/spi-builder-workspace/.derivedData/ModuleCache.noindex/ObjectiveC-ACM927XFRCK5MLNYU4TDJPUI9.pcm
SwiftExplicitDependencyGeneratePcm arm64_32 /Users/admin/builder/spi-builder-workspace/.derivedData/ModuleCache.noindex/ObjectiveC-AVYBQYXS0QCLOEQGWXNFUFJ0V.pcm
SwiftExplicitDependencyGeneratePcm arm64 /Users/admin/builder/spi-builder-workspace/.derivedData/ModuleCache.noindex/ObjectiveC-2PU9OT47G6RBOHSXQR2STMWWR.pcm
SwiftExplicitDependencyGeneratePcm armv7k /Users/admin/builder/spi-builder-workspace/.derivedData/ModuleCache.noindex/os_object-CTAU3YFP52X3B3RQNJKXAB0S2.pcm
SwiftExplicitDependencyGeneratePcm arm64_32 /Users/admin/builder/spi-builder-workspace/.derivedData/ModuleCache.noindex/os_object-8N6RR4J5VVS62U9VXHR1297AW.pcm
SwiftExplicitDependencyGeneratePcm arm64 /Users/admin/builder/spi-builder-workspace/.derivedData/ModuleCache.noindex/os_object-CIUJ5N1V1HWSGEK024IV96R1M.pcm
SwiftExplicitDependencyGeneratePcm armv7k /Users/admin/builder/spi-builder-workspace/.derivedData/ModuleCache.noindex/os_workgroup-5XIFNOMVKG500RY054IJSXA0A.pcm
SwiftExplicitDependencyGeneratePcm arm64 /Users/admin/builder/spi-builder-workspace/.derivedData/ModuleCache.noindex/os_workgroup-5S02ISLSMHO6BA5HLY5UNJ6A3.pcm
SwiftExplicitDependencyGeneratePcm arm64_32 /Users/admin/builder/spi-builder-workspace/.derivedData/ModuleCache.noindex/os_workgroup-EGGSTWNSSUGG124AQRBUF2J85.pcm
SwiftExplicitDependencyGeneratePcm armv7k /Users/admin/builder/spi-builder-workspace/.derivedData/ModuleCache.noindex/Dispatch-CDWEQAFJBASNR6ZVDOK5OXT4V.pcm
SwiftExplicitDependencyGeneratePcm arm64_32 /Users/admin/builder/spi-builder-workspace/.derivedData/ModuleCache.noindex/Dispatch-DV1SP0JEXVJ6MTIWZ3XCJTXSW.pcm
SwiftExplicitDependencyGeneratePcm arm64 /Users/admin/builder/spi-builder-workspace/.derivedData/ModuleCache.noindex/Dispatch-4KQN7RRX0L9C07MGTWHYRJGYM.pcm
SwiftExplicitDependencyGeneratePcm armv7k /Users/admin/builder/spi-builder-workspace/.derivedData/ModuleCache.noindex/CoreFoundation-RUCL80CI9TRWFFLKE600Z06O.pcm
SwiftExplicitDependencyGeneratePcm arm64 /Users/admin/builder/spi-builder-workspace/.derivedData/ModuleCache.noindex/CoreFoundation-C0JIKJUNM7J0IFUIZ8S5RWP5A.pcm
SwiftExplicitDependencyGeneratePcm arm64_32 /Users/admin/builder/spi-builder-workspace/.derivedData/ModuleCache.noindex/CoreFoundation-EN8GNA4ERP0UOK1XPZ1YRZKGF.pcm
SwiftExplicitDependencyGeneratePcm armv7k /Users/admin/builder/spi-builder-workspace/.derivedData/ModuleCache.noindex/Security-C9A0B26R2UIADBXLVBKU1FJV1.pcm
SwiftExplicitDependencyGeneratePcm armv7k /Users/admin/builder/spi-builder-workspace/.derivedData/ModuleCache.noindex/CoreGraphics-A230YT8VVJ0UP5GJNZGB054RH.pcm
SwiftExplicitDependencyGeneratePcm arm64 /Users/admin/builder/spi-builder-workspace/.derivedData/ModuleCache.noindex/Security-8WXKZYCC8N3IYZ7GEEYK1LTTC.pcm
SwiftExplicitDependencyGeneratePcm arm64 /Users/admin/builder/spi-builder-workspace/.derivedData/ModuleCache.noindex/CoreGraphics-2FMIK8L6NJMCE0PUQH3KNMGI3.pcm
SwiftExplicitDependencyGeneratePcm arm64_32 /Users/admin/builder/spi-builder-workspace/.derivedData/ModuleCache.noindex/Security-8KJEGVX0ECINJU374GLCNITFA.pcm
SwiftExplicitDependencyGeneratePcm arm64_32 /Users/admin/builder/spi-builder-workspace/.derivedData/ModuleCache.noindex/CoreGraphics-54WAF0IQ8H82D87XJZCFRIVTY.pcm
SwiftExplicitDependencyGeneratePcm armv7k /Users/admin/builder/spi-builder-workspace/.derivedData/ModuleCache.noindex/Foundation-BFCHXYDNJGNDW2FA1JATYZ9KO.pcm
SwiftExplicitDependencyGeneratePcm arm64_32 /Users/admin/builder/spi-builder-workspace/.derivedData/ModuleCache.noindex/Foundation-1ZQJQ54U4TUPUQFY2U9YK0983.pcm
SwiftExplicitDependencyGeneratePcm arm64 /Users/admin/builder/spi-builder-workspace/.derivedData/ModuleCache.noindex/Foundation-188QGUU7PNEMS0JL2JNA4L9D.pcm
SwiftCompile normal armv7k Compiling\ WindowSnapshot.swift,\ WindowSnapshotFilter.swift /Users/admin/builder/spi-builder-workspace/Sources/WindowKit/Snapshots/WindowSnapshot.swift /Users/admin/builder/spi-builder-workspace/Sources/WindowKit/Snapshots/WindowSnapshotFilter.swift (in target 'WindowKit' from project 'WindowKit')
SwiftCompile normal armv7k /Users/admin/builder/spi-builder-workspace/Sources/WindowKit/Snapshots/WindowSnapshot.swift (in target 'WindowKit' from project 'WindowKit')
    cd /Users/admin/builder/spi-builder-workspace/.swiftpm/xcode

SwiftCompile normal armv7k /Users/admin/builder/spi-builder-workspace/Sources/WindowKit/Snapshots/WindowSnapshotFilter.swift (in target 'WindowKit' from project 'WindowKit')
    cd /Users/admin/builder/spi-builder-workspace/.swiftpm/xcode

SwiftCompile normal armv7k Compiling\ WindowSnapshotProviding.swift,\ WindowSnapshotResolving.swift /Users/admin/builder/spi-builder-workspace/Sources/WindowKit/Snapshots/WindowSnapshotProviding.swift /Users/admin/builder/spi-builder-workspace/Sources/WindowKit/Snapshots/WindowSnapshotResolving.swift (in target 'WindowKit' from project 'WindowKit')
SwiftCompile normal armv7k /Users/admin/builder/spi-builder-workspace/Sources/WindowKit/Snapshots/WindowSnapshotProviding.swift (in target 'WindowKit' from project 'WindowKit')
    cd /Users/admin/builder/spi-builder-workspace/.swiftpm/xcode

SwiftCompile normal armv7k /Users/admin/builder/spi-builder-workspace/Sources/WindowKit/Snapshots/WindowSnapshotResolving.swift (in target 'WindowKit' from project 'WindowKit')
    cd /Users/admin/builder/spi-builder-workspace/.swiftpm/xcode

SwiftCompile normal armv7k Compiling\ WindowScreenMovement.swift,\ WindowScreenProviding.swift /Users/admin/builder/spi-builder-workspace/Sources/WindowKit/Screens/WindowScreenMovement.swift /Users/admin/builder/spi-builder-workspace/Sources/WindowKit/Screens/WindowScreenProviding.swift (in target 'WindowKit' from project 'WindowKit')
SwiftCompile normal armv7k /Users/admin/builder/spi-builder-workspace/Sources/WindowKit/Screens/WindowScreenMovement.swift (in target 'WindowKit' from project 'WindowKit')
    cd /Users/admin/builder/spi-builder-workspace/.swiftpm/xcode

SwiftCompile normal armv7k /Users/admin/builder/spi-builder-workspace/Sources/WindowKit/Screens/WindowScreenProviding.swift (in target 'WindowKit' from project 'WindowKit')
    cd /Users/admin/builder/spi-builder-workspace/.swiftpm/xcode

SwiftCompile normal armv7k Compiling\ WindowHitTestResult.swift,\ WindowHitTesting.swift,\ WindowPlacement.swift /Users/admin/builder/spi-builder-workspace/Sources/WindowKit/HitTesting/WindowHitTestResult.swift /Users/admin/builder/spi-builder-workspace/Sources/WindowKit/HitTesting/WindowHitTesting.swift /Users/admin/builder/spi-builder-workspace/Sources/WindowKit/Placement/WindowPlacement.swift (in target 'WindowKit' from project 'WindowKit')
SwiftCompile normal armv7k /Users/admin/builder/spi-builder-workspace/Sources/WindowKit/HitTesting/WindowHitTestResult.swift (in target 'WindowKit' from project 'WindowKit')
    cd /Users/admin/builder/spi-builder-workspace/.swiftpm/xcode

SwiftCompile normal armv7k /Users/admin/builder/spi-builder-workspace/Sources/WindowKit/HitTesting/WindowHitTesting.swift (in target 'WindowKit' from project 'WindowKit')
    cd /Users/admin/builder/spi-builder-workspace/.swiftpm/xcode

SwiftCompile normal armv7k /Users/admin/builder/spi-builder-workspace/Sources/WindowKit/Placement/WindowPlacement.swift (in target 'WindowKit' from project 'WindowKit')
    cd /Users/admin/builder/spi-builder-workspace/.swiftpm/xcode

SwiftCompile normal armv7k Compiling\ WindowPlacementCalculator.swift,\ WindowScreen.swift,\ WindowScreenArea.swift /Users/admin/builder/spi-builder-workspace/Sources/WindowKit/Placement/WindowPlacementCalculator.swift /Users/admin/builder/spi-builder-workspace/Sources/WindowKit/Screens/WindowScreen.swift /Users/admin/builder/spi-builder-workspace/Sources/WindowKit/Screens/WindowScreenArea.swift (in target 'WindowKit' from project 'WindowKit')
SwiftCompile normal armv7k /Users/admin/builder/spi-builder-workspace/Sources/WindowKit/Placement/WindowPlacementCalculator.swift (in target 'WindowKit' from project 'WindowKit')
    cd /Users/admin/builder/spi-builder-workspace/.swiftpm/xcode

SwiftCompile normal armv7k /Users/admin/builder/spi-builder-workspace/Sources/WindowKit/Screens/WindowScreen.swift (in target 'WindowKit' from project 'WindowKit')
    cd /Users/admin/builder/spi-builder-workspace/.swiftpm/xcode

SwiftCompile normal armv7k /Users/admin/builder/spi-builder-workspace/Sources/WindowKit/Screens/WindowScreenArea.swift (in target 'WindowKit' from project 'WindowKit')
    cd /Users/admin/builder/spi-builder-workspace/.swiftpm/xcode

SwiftCompile normal armv7k Compiling\ WindowScreenCycleDirection.swift,\ WindowScreenFallback.swift /Users/admin/builder/spi-builder-workspace/Sources/WindowKit/Screens/WindowScreenCycleDirection.swift /Users/admin/builder/spi-builder-workspace/Sources/WindowKit/Screens/WindowScreenFallback.swift (in target 'WindowKit' from project 'WindowKit')
SwiftCompile normal armv7k /Users/admin/builder/spi-builder-workspace/Sources/WindowKit/Screens/WindowScreenCycleDirection.swift (in target 'WindowKit' from project 'WindowKit')
    cd /Users/admin/builder/spi-builder-workspace/.swiftpm/xcode

SwiftCompile normal armv7k /Users/admin/builder/spi-builder-workspace/Sources/WindowKit/Screens/WindowScreenFallback.swift (in target 'WindowKit' from project 'WindowKit')
    cd /Users/admin/builder/spi-builder-workspace/.swiftpm/xcode

SwiftCompile normal armv7k Compiling\ WindowTarget.swift,\ CGRect+FiniteStandardized.swift,\ WindowHitTestMissReason.swift /Users/admin/builder/spi-builder-workspace/Sources/WindowKit/Control/WindowTarget.swift /Users/admin/builder/spi-builder-workspace/Sources/WindowKit/Geometry/CGRect+FiniteStandardized.swift /Users/admin/builder/spi-builder-workspace/Sources/WindowKit/HitTesting/WindowHitTestMissReason.swift (in target 'WindowKit' from project 'WindowKit')
SwiftCompile normal armv7k /Users/admin/builder/spi-builder-workspace/Sources/WindowKit/Control/WindowTarget.swift (in target 'WindowKit' from project 'WindowKit')
    cd /Users/admin/builder/spi-builder-workspace/.swiftpm/xcode

SwiftCompile normal armv7k /Users/admin/builder/spi-builder-workspace/Sources/WindowKit/Geometry/CGRect+FiniteStandardized.swift (in target 'WindowKit' from project 'WindowKit')
    cd /Users/admin/builder/spi-builder-workspace/.swiftpm/xcode

SwiftCompile normal armv7k /Users/admin/builder/spi-builder-workspace/Sources/WindowKit/HitTesting/WindowHitTestMissReason.swift (in target 'WindowKit' from project 'WindowKit')
    cd /Users/admin/builder/spi-builder-workspace/.swiftpm/xcode

SwiftCompile normal armv7k Compiling\ WindowScreenSelector.swift,\ WindowScreenTarget.swift /Users/admin/builder/spi-builder-workspace/Sources/WindowKit/Screens/WindowScreenSelector.swift /Users/admin/builder/spi-builder-workspace/Sources/WindowKit/Screens/WindowScreenTarget.swift (in target 'WindowKit' from project 'WindowKit')
SwiftCompile normal armv7k /Users/admin/builder/spi-builder-workspace/Sources/WindowKit/Screens/WindowScreenSelector.swift (in target 'WindowKit' from project 'WindowKit')
    cd /Users/admin/builder/spi-builder-workspace/.swiftpm/xcode

SwiftCompile normal armv7k /Users/admin/builder/spi-builder-workspace/Sources/WindowKit/Screens/WindowScreenTarget.swift (in target 'WindowKit' from project 'WindowKit')
    cd /Users/admin/builder/spi-builder-workspace/.swiftpm/xcode

SwiftEmitModule normal armv7k Emitting\ module\ for\ WindowKit (in target 'WindowKit' from project 'WindowKit')
Failed frontend command:
/Applications/Xcode-26.3.0.app/Contents/Developer/Toolchains/XcodeDefault.xctoolchain/usr/bin/swift-frontend -frontend -emit-module -experimental-skip-non-inlinable-function-bodies-without-types /Users/admin/builder/spi-builder-workspace/Sources/WindowKit/Control/WindowCommandControlling.swift /Users/admin/builder/spi-builder-workspace/Sources/WindowKit/Control/WindowControlling.swift /Users/admin/builder/spi-builder-workspace/Sources/WindowKit/Control/WindowFrameControlling.swift /Users/admin/builder/spi-builder-workspace/Sources/WindowKit/Control/WindowFrameProviding.swift /Users/admin/builder/spi-builder-workspace/Sources/WindowKit/Control/WindowState.swift /Users/admin/builder/spi-builder-workspace/Sources/WindowKit/Control/WindowStateProviding.swift /Users/admin/builder/spi-builder-workspace/Sources/WindowKit/Control/WindowTarget.swift /Users/admin/builder/spi-builder-workspace/Sources/WindowKit/Geometry/CGRect+FiniteStandardized.swift /Users/admin/builder/spi-builder-workspace/Sources/WindowKit/HitTesting/WindowHitTestMissReason.swift /Users/admin/builder/spi-builder-workspace/Sources/WindowKit/HitTesting/WindowHitTestResult.swift /Users/admin/builder/spi-builder-workspace/Sources/WindowKit/HitTesting/WindowHitTesting.swift /Users/admin/builder/spi-builder-workspace/Sources/WindowKit/Placement/WindowPlacement.swift /Users/admin/builder/spi-builder-workspace/Sources/WindowKit/Placement/WindowPlacementCalculator.swift /Users/admin/builder/spi-builder-workspace/Sources/WindowKit/Screens/WindowScreen.swift /Users/admin/builder/spi-builder-workspace/Sources/WindowKit/Screens/WindowScreenArea.swift /Users/admin/builder/spi-builder-workspace/Sources/WindowKit/Screens/WindowScreenCycleDirection.swift /Users/admin/builder/spi-builder-workspace/Sources/WindowKit/Screens/WindowScreenFallback.swift /Users/admin/builder/spi-builder-workspace/Sources/WindowKit/Screens/WindowScreenMovement.swift /Users/admin/builder/spi-builder-workspace/Sources/WindowKit/Screens/WindowScreenProviding.swift /Users/admin/builder/spi-builder-workspace/Sources/WindowKit/Screens/WindowScreenSelector.swift /Users/admin/builder/spi-builder-workspace/Sources/WindowKit/Screens/WindowScreenTarget.swift /Users/admin/builder/spi-builder-workspace/Sources/WindowKit/Snapshots/WindowSnapshot.swift /Users/admin/builder/spi-builder-workspace/Sources/WindowKit/Snapshots/WindowSnapshotFilter.swift /Users/admin/builder/spi-builder-workspace/Sources/WindowKit/Snapshots/WindowSnapshotProviding.swift /Users/admin/builder/spi-builder-workspace/Sources/WindowKit/Snapshots/WindowSnapshotResolving.swift -target armv7k-apple-watchos5.0 -load-resolved-plugin /Applications/Xcode-26.3.0.app/Contents/Developer/Platforms/WatchOS.platform/Developer/usr/lib/swift/host/plugins/libFoundationMacros.dylib\#/Applications/Xcode-26.3.0.app/Contents/Developer/Platforms/WatchOS.platform/Developer/usr/bin/swift-plugin-server\#FoundationMacros -load-resolved-plugin /Applications/Xcode-26.3.0.app/Contents/Developer/Platforms/WatchOS.platform/Developer/usr/lib/swift/host/plugins/libObservationMacros.dylib\#/Applications/Xcode-26.3.0.app/Contents/Developer/Platforms/WatchOS.platform/Developer/usr/bin/swift-plugin-server\#ObservationMacros -load-resolved-plugin /Applications/Xcode-26.3.0.app/Contents/Developer/Platforms/WatchOS.platform/Developer/usr/lib/swift/host/plugins/libSwiftMacros.dylib\#/Applications/Xcode-26.3.0.app/Contents/Developer/Platforms/WatchOS.platform/Developer/usr/bin/swift-plugin-server\#SwiftMacros -disable-implicit-swift-modules -Xcc -fno-implicit-modules -Xcc -fno-implicit-module-maps -explicit-swift-module-map-file /Users/admin/builder/spi-builder-workspace/.derivedData/Build/Intermediates.noindex/WindowKit.build/Debug-watchos/WindowKit.build/Objects-normal/armv7k/WindowKit-dependencies-3.json -enable-objc-interop -sdk /Applications/Xcode-26.3.0.app/Contents/Developer/Platforms/WatchOS.platform/Developer/SDKs/WatchOS26.2.sdk -I /Users/admin/builder/spi-builder-workspace/.derivedData/Build/Products/Debug-watchos -Isystem /Applications/Xcode-26.3.0.app/Contents/Developer/Platforms/WatchOS.platform/Developer/usr/lib -F /Users/admin/builder/spi-builder-workspace/.derivedData/Build/Products/Debug-watchos -F /Applications/Xcode-26.3.0.app/Contents/Developer/Platforms/WatchOS.platform/Developer/Library/Frameworks -F /Applications/Xcode-26.3.0.app/Contents/Developer/Platforms/WatchOS.platform/Developer/SDKs/WatchOS26.2.sdk/Developer/Library/Frameworks -no-color-diagnostics -Xcc -fno-color-diagnostics -enable-testing -g -debug-info-format\=dwarf -dwarf-version\=4 -module-cache-path /Users/admin/builder/spi-builder-workspace/.derivedData/Build/Intermediates.noindex/SwiftExplicitPrecompiledModules -profile-generate -profile-coverage-mapping -swift-version 6 -enforce-exclusivity\=checked -Onone -D SWIFT_PACKAGE -D DEBUG -D SWIFT_MODULE_RESOURCE_BUNDLE_UNAVAILABLE -D Xcode -serialize-debugging-options -const-gather-protocols-file /Users/admin/builder/spi-builder-workspace/.derivedData/Build/Intermediates.noindex/WindowKit.build/Debug-watchos/WindowKit.build/Objects-normal/armv7k/WindowKit_const_extract_protocols.json -enable-experimental-feature DebugDescriptionMacro -empty-abi-descriptor -validate-clang-modules-once -clang-build-session-file /Users/admin/builder/spi-builder-workspace/.derivedData/ModuleCache.noindex/Session.modulevalidation -Xcc -working-directory -Xcc /Users/admin/builder/spi-builder-workspace/.swiftpm/xcode -enable-anonymous-context-mangled-names -file-compilation-dir /Users/admin/builder/spi-builder-workspace/.swiftpm/xcode -Xcc -D_LIBCPP_HARDENING_MODE\=_LIBCPP_HARDENING_MODE_DEBUG -Xcc -ivfsstatcache -Xcc /Users/admin/builder/spi-builder-workspace/.derivedData/SDKStatCaches.noindex/watchos26.2-23S303-dc75598d0054f22ec865fa860f139d721753b489057de6bda919edfa1c59a62b.sdkstatcache -Xcc -I/Users/admin/builder/spi-builder-workspace/.derivedData/Build/Intermediates.noindex/WindowKit.build/Debug-watchos/WindowKit.build/swift-overrides.hmap -Xcc -I/Users/admin/builder/spi-builder-workspace/.derivedData/Build/Products/Debug-watchos/include -Xcc -I/Users/admin/builder/spi-builder-workspace/.derivedData/Build/Intermediates.noindex/WindowKit.build/Debug-watchos/WindowKit.build/DerivedSources-normal/armv7k -Xcc -I/Users/admin/builder/spi-builder-workspace/.derivedData/Build/Intermediates.noindex/WindowKit.build/Debug-watchos/WindowKit.build/DerivedSources/armv7k -Xcc -I/Users/admin/builder/spi-builder-workspace/.derivedData/Build/Intermediates.noindex/WindowKit.build/Debug-watchos/WindowKit.build/DerivedSources -Xcc -DSWIFT_PACKAGE -Xcc -DDEBUG\=1 -no-auto-bridging-header-chaining -module-name WindowKit -package-name spi_builder_workspace -frontend-parseable-output -disable-clang-spi -target-sdk-version 26.2 -target-sdk-name watchos26.2 -clang-target armv7k-apple-watchos26.2 -in-process-plugin-server-path /Applications/Xcode-26.3.0.app/Contents/Developer/Toolchains/XcodeDefault.xctoolchain/usr/lib/swift/host/libSwiftInProcPluginServer.dylib -emit-module-doc-path /Users/admin/builder/spi-builder-workspace/.derivedData/Build/Intermediates.noindex/WindowKit.build/Debug-watchos/WindowKit.build/Objects-normal/armv7k/WindowKit.swiftdoc -emit-module-source-info-path /Users/admin/builder/spi-builder-workspace/.derivedData/Build/Intermediates.noindex/WindowKit.build/Debug-watchos/WindowKit.build/Objects-normal/armv7k/WindowKit.swiftsourceinfo -emit-objc-header-path /Users/admin/builder/spi-builder-workspace/.derivedData/Build/Intermediates.noindex/WindowKit.build/Debug-watchos/WindowKit.build/Objects-normal/armv7k/WindowKit-Swift.h -serialize-diagnostics-path /Users/admin/builder/spi-builder-workspace/.derivedData/Build/Intermediates.noindex/WindowKit.build/Debug-watchos/WindowKit.build/Objects-normal/armv7k/WindowKit-primary-emit-module.dia -emit-dependencies-path /Users/admin/builder/spi-builder-workspace/.derivedData/Build/Intermediates.noindex/WindowKit.build/Debug-watchos/WindowKit.build/Objects-normal/armv7k/WindowKit-primary-emit-module.d -o /Users/admin/builder/spi-builder-workspace/.derivedData/Build/Intermediates.noindex/WindowKit.build/Debug-watchos/WindowKit.build/Objects-normal/armv7k/WindowKit.swiftmodule -emit-abi-descriptor-path /Users/admin/builder/spi-builder-workspace/.derivedData/Build/Intermediates.noindex/WindowKit.build/Debug-watchos/WindowKit.build/Objects-normal/armv7k/WindowKit.abi.json
EmitSwiftModule normal armv7k (in target 'WindowKit' from project 'WindowKit')
    cd /Users/admin/builder/spi-builder-workspace/.swiftpm/xcode

/Users/admin/builder/spi-builder-workspace/Sources/WindowKit/Control/WindowTarget.swift:8:25: error: cannot find type 'CGWindowID' in scope
  case windowIdentifier(CGWindowID)
                        ^~~~~~~~~~
/Users/admin/builder/spi-builder-workspace/Sources/WindowKit/Control/WindowTarget.swift:4:13: error: type 'WindowTarget' does not conform to protocol 'Hashable'
public enum WindowTarget: Equatable, Hashable, Sendable, Codable {
            ^
/Users/admin/builder/spi-builder-workspace/Sources/WindowKit/Control/WindowTarget.swift:8:25: note: associated value type '<<error type>>' does not conform to protocol 'Hashable', preventing synthesized conformance of 'WindowTarget' to 'Hashable'
  case windowIdentifier(CGWindowID)
                        ^
/Users/admin/builder/spi-builder-workspace/Sources/WindowKit/Control/WindowTarget.swift:4:13: error: type 'WindowTarget' does not conform to protocol 'Decodable'
public enum WindowTarget: Equatable, Hashable, Sendable, Codable {
            ^
Swift.Decodable.init:2:1: note: protocol requires initializer 'init(from:)' with type 'Decodable'
init(from decoder: any Decoder) throws}
^
WindowKit.WindowTarget.windowIdentifier._:2:1: note: cannot automatically synthesize 'Decodable' because 'CGWindowID' does not conform to 'Decodable'
_: CGWindowID}
^
/Users/admin/builder/spi-builder-workspace/Sources/WindowKit/Control/WindowTarget.swift:4:13: error: type 'WindowTarget' does not conform to protocol 'Encodable'
public enum WindowTarget: Equatable, Hashable, Sendable, Codable {
            ^
Swift.Encodable.encode:2:6: note: protocol requires function 'encode(to:)' with type 'Encodable'
func encode(to encoder: any Encoder) throws}
     ^
WindowKit.WindowTarget.windowIdentifier._:2:1: note: cannot automatically synthesize 'Encodable' because 'CGWindowID' does not conform to 'Encodable'
_: CGWindowID}
^
/Users/admin/builder/spi-builder-workspace/Sources/WindowKit/Control/WindowTarget.swift:4:13: error: type 'WindowTarget' does not conform to protocol 'Equatable'
public enum WindowTarget: Equatable, Hashable, Sendable, Codable {
            ^
/Users/admin/builder/spi-builder-workspace/Sources/WindowKit/Control/WindowTarget.swift:8:25: note: associated value type '<<error type>>' does not conform to protocol 'Equatable', preventing synthesized conformance of 'WindowTarget' to 'Equatable'
  case windowIdentifier(CGWindowID)
                        ^
Swift.==:1:24: note: candidate would match if 'WindowTarget' conformed to 'RawRepresentable'
@inlinable public func == <T>(lhs: T, rhs: T) -> Bool where T : RawRepresentable, T.RawValue : Equatable
                       ^
Swift.FloatingPoint.==:2:20: note: candidate would match if 'WindowTarget' conformed to 'FloatingPoint'
public static func == (lhs: Self, rhs: Self) -> Bool}
                   ^
Swift.BinaryInteger.==:2:20: note: candidate would match if 'WindowTarget' conformed to 'BinaryInteger'
public static func == <Other>(lhs: Self, rhs: Other) -> Bool where Other : BinaryInteger}
                   ^
Swift._Pointer.==:2:20: note: candidate would match if 'WindowTarget' conformed to '_Pointer'
public static func == (lhs: Self, rhs: Self) -> Bool}
                   ^
Swift._Pointer.==:2:31: note: candidate would match if 'WindowTarget' conformed to '_Pointer'
@inlinable public static func == <Other>(lhs: Self, rhs: Other) -> Bool where Other : _Pointer}
                              ^
Swift.Strideable.==:2:31: note: candidate would match if 'WindowTarget' conformed to 'Strideable'
@inlinable public static func == (x: Self, y: Self) -> Bool}
                              ^
Swift.StringProtocol.==:2:31: note: candidate would match if 'WindowTarget' conformed to 'StringProtocol'
@inlinable public static func == <RHS>(lhs: Self, rhs: RHS) -> Bool where RHS : StringProtocol}
                              ^
Swift.SIMD.==:2:20: note: candidate would match if 'WindowTarget' conformed to 'SIMD'
public static func == (a: Self, b: Self) -> Bool}
                   ^
CoreFoundation._CFObject.==:2:20: note: candidate would match if 'WindowTarget' conformed to '_CFObject'
public static func == (left: Self, right: Self) -> Bool}
                   ^
/Users/admin/builder/spi-builder-workspace/Sources/WindowKit/Control/WindowTarget.swift:4:13: note: add stubs for conformance
public enum WindowTarget: Equatable, Hashable, Sendable, Codable {
            ^
Swift.Equatable.==:2:13: note: protocol requires function '==' with type '(WindowTarget, WindowTarget) -> Bool'
static func == (lhs: Self, rhs: Self) -> Bool}
            ^
/Users/admin/builder/spi-builder-workspace/Sources/WindowKit/Snapshots/WindowSnapshot.swift:8:32: error: cannot find type 'CGWindowID' in scope
  public let windowIdentifier: CGWindowID
                               ^~~~~~~~~~
/Users/admin/builder/spi-builder-workspace/Sources/WindowKit/Screens/WindowScreen.swift:6:33: error: cannot find type 'CGDirectDisplayID' in scope
  public let displayIdentifier: CGDirectDisplayID?
                                ^~~~~~~~~~~~~~~~~
/Users/admin/builder/spi-builder-workspace/Sources/WindowKit/Screens/WindowScreen.swift:4:15: error: type 'WindowScreen' does not conform to protocol 'Decodable'
public struct WindowScreen: Equatable, Hashable, Sendable, Codable {
              ^
Swift.Decodable.init:2:1: note: protocol requires initializer 'init(from:)' with type 'Decodable'
init(from decoder: any Decoder) throws}
^
/Users/admin/builder/spi-builder-workspace/Sources/WindowKit/Screens/WindowScreen.swift:6:14: note: cannot automatically synthesize 'Decodable' because 'CGDirectDisplayID?' does not conform to 'Decodable'
  public let displayIdentifier: CGDirectDisplayID?
             ^
/Users/admin/builder/spi-builder-workspace/Sources/WindowKit/Screens/WindowScreen.swift:16:24: error: cannot find type 'CGDirectDisplayID' in scope
    displayIdentifier: CGDirectDisplayID? = nil,
                       ^~~~~~~~~~~~~~~~~
/Users/admin/builder/spi-builder-workspace/Sources/WindowKit/Screens/WindowScreen.swift:4:15: error: type 'WindowScreen' does not conform to protocol 'Hashable'
public struct WindowScreen: Equatable, Hashable, Sendable, Codable {
              ^
/Users/admin/builder/spi-builder-workspace/Sources/WindowKit/Screens/WindowScreen.swift:6:14: note: stored property type '<<error type>>' does not conform to protocol 'Hashable', preventing synthesized conformance of 'WindowScreen' to 'Hashable'
  public let displayIdentifier: CGDirectDisplayID?
             ^
/Users/admin/builder/spi-builder-workspace/Sources/WindowKit/Screens/WindowScreen.swift:4:15: error: type 'WindowScreen' does not conform to protocol 'Encodable'
public struct WindowScreen: Equatable, Hashable, Sendable, Codable {
              ^
Swift.Encodable.encode:2:6: note: protocol requires function 'encode(to:)' with type 'Encodable'
func encode(to encoder: any Encoder) throws}
     ^
/Users/admin/builder/spi-builder-workspace/Sources/WindowKit/Screens/WindowScreen.swift:6:14: note: cannot automatically synthesize 'Encodable' because 'CGDirectDisplayID?' does not conform to 'Encodable'
  public let displayIdentifier: CGDirectDisplayID?
             ^
/Users/admin/builder/spi-builder-workspace/Sources/WindowKit/Screens/WindowScreen.swift:4:15: error: type 'WindowScreen' does not conform to protocol 'Equatable'
public struct WindowScreen: Equatable, Hashable, Sendable, Codable {
              ^
/Users/admin/builder/spi-builder-workspace/Sources/WindowKit/Screens/WindowScreen.swift:6:14: note: stored property type '<<error type>>' does not conform to protocol 'Equatable', preventing synthesized conformance of 'WindowScreen' to 'Equatable'
  public let displayIdentifier: CGDirectDisplayID?
             ^
Swift.==:1:24: note: candidate would match if 'WindowScreen' conformed to 'RawRepresentable'
@inlinable public func == <T>(lhs: T, rhs: T) -> Bool where T : RawRepresentable, T.RawValue : Equatable
                       ^
Swift.FloatingPoint.==:2:20: note: candidate would match if 'WindowScreen' conformed to 'FloatingPoint'
public static func == (lhs: Self, rhs: Self) -> Bool}
                   ^
Swift.BinaryInteger.==:2:20: note: candidate would match if 'WindowScreen' conformed to 'BinaryInteger'
public static func == <Other>(lhs: Self, rhs: Other) -> Bool where Other : BinaryInteger}
                   ^
Swift._Pointer.==:2:20: note: candidate would match if 'WindowScreen' conformed to '_Pointer'
public static func == (lhs: Self, rhs: Self) -> Bool}
                   ^
Swift._Pointer.==:2:31: note: candidate would match if 'WindowScreen' conformed to '_Pointer'
@inlinable public static func == <Other>(lhs: Self, rhs: Other) -> Bool where Other : _Pointer}
                              ^
Swift.Strideable.==:2:31: note: candidate would match if 'WindowScreen' conformed to 'Strideable'
@inlinable public static func == (x: Self, y: Self) -> Bool}
                              ^
Swift.StringProtocol.==:2:31: note: candidate would match if 'WindowScreen' conformed to 'StringProtocol'
@inlinable public static func == <RHS>(lhs: Self, rhs: RHS) -> Bool where RHS : StringProtocol}
                              ^
Swift.SIMD.==:2:20: note: candidate would match if 'WindowScreen' conformed to 'SIMD'
public static func == (a: Self, b: Self) -> Bool}
                   ^
CoreFoundation._CFObject.==:2:20: note: candidate would match if 'WindowScreen' conformed to '_CFObject'
public static func == (left: Self, right: Self) -> Bool}
                   ^
/Users/admin/builder/spi-builder-workspace/Sources/WindowKit/Screens/WindowScreen.swift:4:15: note: add stubs for conformance
public struct WindowScreen: Equatable, Hashable, Sendable, Codable {
              ^
Swift.Equatable.==:2:13: note: protocol requires function '==' with type '(WindowScreen, WindowScreen) -> Bool'
static func == (lhs: Self, rhs: Self) -> Bool}
            ^
/Users/admin/builder/spi-builder-workspace/Sources/WindowKit/Screens/WindowScreenTarget.swift:12:26: error: cannot find type 'CGDirectDisplayID' in scope
  case displayIdentifier(CGDirectDisplayID)
                         ^~~~~~~~~~~~~~~~~
/Users/admin/builder/spi-builder-workspace/Sources/WindowKit/Screens/WindowScreenTarget.swift:4:13: error: type 'WindowScreenTarget' does not conform to protocol 'Hashable'
public enum WindowScreenTarget: Equatable, Hashable, Sendable, Codable {
            ^
/Users/admin/builder/spi-builder-workspace/Sources/WindowKit/Screens/WindowScreenTarget.swift:12:26: note: associated value type '<<error type>>' does not conform to protocol 'Hashable', preventing synthesized conformance of 'WindowScreenTarget' to 'Hashable'
  case displayIdentifier(CGDirectDisplayID)
                         ^
/Users/admin/builder/spi-builder-workspace/Sources/WindowKit/Screens/WindowScreenTarget.swift:4:13: error: type 'WindowScreenTarget' does not conform to protocol 'Decodable'
public enum WindowScreenTarget: Equatable, Hashable, Sendable, Codable {
            ^
Swift.Decodable.init:2:1: note: protocol requires initializer 'init(from:)' with type 'Decodable'
init(from decoder: any Decoder) throws}
^
WindowKit.WindowScreenTarget.displayIdentifier._:2:1: note: cannot automatically synthesize 'Decodable' because 'CGDirectDisplayID' does not conform to 'Decodable'
_: CGDirectDisplayID}
^
/Users/admin/builder/spi-builder-workspace/Sources/WindowKit/Screens/WindowScreenTarget.swift:4:13: error: type 'WindowScreenTarget' does not conform to protocol 'Encodable'
public enum WindowScreenTarget: Equatable, Hashable, Sendable, Codable {
            ^
Swift.Encodable.encode:2:6: note: protocol requires function 'encode(to:)' with type 'Encodable'
func encode(to encoder: any Encoder) throws}
     ^
WindowKit.WindowScreenTarget.displayIdentifier._:2:1: note: cannot automatically synthesize 'Encodable' because 'CGDirectDisplayID' does not conform to 'Encodable'
_: CGDirectDisplayID}
^
/Users/admin/builder/spi-builder-workspace/Sources/WindowKit/Screens/WindowScreenTarget.swift:4:13: error: type 'WindowScreenTarget' does not conform to protocol 'Equatable'
public enum WindowScreenTarget: Equatable, Hashable, Sendable, Codable {
            ^
/Users/admin/builder/spi-builder-workspace/Sources/WindowKit/Screens/WindowScreenTarget.swift:12:26: note: associated value type '<<error type>>' does not conform to protocol 'Equatable', preventing synthesized conformance of 'WindowScreenTarget' to 'Equatable'
  case displayIdentifier(CGDirectDisplayID)
                         ^
Swift.==:1:24: note: candidate would match if 'WindowScreenTarget' conformed to 'RawRepresentable'
@inlinable public func == <T>(lhs: T, rhs: T) -> Bool where T : RawRepresentable, T.RawValue : Equatable
                       ^
Swift.FloatingPoint.==:2:20: note: candidate would match if 'WindowScreenTarget' conformed to 'FloatingPoint'
public static func == (lhs: Self, rhs: Self) -> Bool}
                   ^
Swift.BinaryInteger.==:2:20: note: candidate would match if 'WindowScreenTarget' conformed to 'BinaryInteger'
public static func == <Other>(lhs: Self, rhs: Other) -> Bool where Other : BinaryInteger}
                   ^
Swift._Pointer.==:2:20: note: candidate would match if 'WindowScreenTarget' conformed to '_Pointer'
public static func == (lhs: Self, rhs: Self) -> Bool}
                   ^
Swift._Pointer.==:2:31: note: candidate would match if 'WindowScreenTarget' conformed to '_Pointer'
@inlinable public static func == <Other>(lhs: Self, rhs: Other) -> Bool where Other : _Pointer}
                              ^
Swift.Strideable.==:2:31: note: candidate would match if 'WindowScreenTarget' conformed to 'Strideable'
@inlinable public static func == (x: Self, y: Self) -> Bool}
                              ^
Swift.StringProtocol.==:2:31: note: candidate would match if 'WindowScreenTarget' conformed to 'StringProtocol'
@inlinable public static func == <RHS>(lhs: Self, rhs: RHS) -> Bool where RHS : StringProtocol}
                              ^
Swift.SIMD.==:2:20: note: candidate would match if 'WindowScreenTarget' conformed to 'SIMD'
public static func == (a: Self, b: Self) -> Bool}
                   ^
CoreFoundation._CFObject.==:2:20: note: candidate would match if 'WindowScreenTarget' conformed to '_CFObject'
public static func == (left: Self, right: Self) -> Bool}
                   ^
/Users/admin/builder/spi-builder-workspace/Sources/WindowKit/Screens/WindowScreenTarget.swift:4:13: note: add stubs for conformance
public enum WindowScreenTarget: Equatable, Hashable, Sendable, Codable {
            ^
Swift.Equatable.==:2:13: note: protocol requires function '==' with type '(WindowScreenTarget, WindowScreenTarget) -> Bool'
static func == (lhs: Self, rhs: Self) -> Bool}
            ^
/Users/admin/builder/spi-builder-workspace/Sources/WindowKit/Snapshots/WindowSnapshot.swift:4:15: error: type 'WindowSnapshot' does not conform to protocol 'Decodable'
public struct WindowSnapshot: Equatable, Hashable, Sendable, Codable {
              ^
Swift.Decodable.init:2:1: note: protocol requires initializer 'init(from:)' with type 'Decodable'
init(from decoder: any Decoder) throws}
^
/Users/admin/builder/spi-builder-workspace/Sources/WindowKit/Snapshots/WindowSnapshot.swift:8:14: note: cannot automatically synthesize 'Decodable' because 'CGWindowID' does not conform to 'Decodable'
  public let windowIdentifier: CGWindowID
             ^
/Users/admin/builder/spi-builder-workspace/Sources/WindowKit/Snapshots/WindowSnapshot.swift:22:23: error: cannot find type 'CGWindowID' in scope
    windowIdentifier: CGWindowID,
                      ^~~~~~~~~~
/Users/admin/builder/spi-builder-workspace/Sources/WindowKit/Snapshots/WindowSnapshot.swift:4:15: error: type 'WindowSnapshot' does not conform to protocol 'Hashable'
public struct WindowSnapshot: Equatable, Hashable, Sendable, Codable {
              ^
/Users/admin/builder/spi-builder-workspace/Sources/WindowKit/Snapshots/WindowSnapshot.swift:8:14: note: stored property type '<<error type>>' does not conform to protocol 'Hashable', preventing synthesized conformance of 'WindowSnapshot' to 'Hashable'
  public let windowIdentifier: CGWindowID
             ^
/Users/admin/builder/spi-builder-workspace/Sources/WindowKit/Snapshots/WindowSnapshot.swift:4:15: error: type 'WindowSnapshot' does not conform to protocol 'Encodable'
public struct WindowSnapshot: Equatable, Hashable, Sendable, Codable {
              ^
Swift.Encodable.encode:2:6: note: protocol requires function 'encode(to:)' with type 'Encodable'
func encode(to encoder: any Encoder) throws}
     ^
/Users/admin/builder/spi-builder-workspace/Sources/WindowKit/Snapshots/WindowSnapshot.swift:8:14: note: cannot automatically synthesize 'Encodable' because 'CGWindowID' does not conform to 'Encodable'
  public let windowIdentifier: CGWindowID
             ^
/Users/admin/builder/spi-builder-workspace/Sources/WindowKit/Snapshots/WindowSnapshot.swift:4:15: error: type 'WindowSnapshot' does not conform to protocol 'Equatable'
public struct WindowSnapshot: Equatable, Hashable, Sendable, Codable {
              ^
/Users/admin/builder/spi-builder-workspace/Sources/WindowKit/Snapshots/WindowSnapshot.swift:8:14: note: stored property type '<<error type>>' does not conform to protocol 'Equatable', preventing synthesized conformance of 'WindowSnapshot' to 'Equatable'
  public let windowIdentifier: CGWindowID
             ^
Swift.==:1:24: note: candidate would match if 'WindowSnapshot' conformed to 'RawRepresentable'
@inlinable public func == <T>(lhs: T, rhs: T) -> Bool where T : RawRepresentable, T.RawValue : Equatable
                       ^
Swift.FloatingPoint.==:2:20: note: candidate would match if 'WindowSnapshot' conformed to 'FloatingPoint'
public static func == (lhs: Self, rhs: Self) -> Bool}
                   ^
Swift.BinaryInteger.==:2:20: note: candidate would match if 'WindowSnapshot' conformed to 'BinaryInteger'
public static func == <Other>(lhs: Self, rhs: Other) -> Bool where Other : BinaryInteger}
                   ^
Swift._Pointer.==:2:20: note: candidate would match if 'WindowSnapshot' conformed to '_Pointer'
public static func == (lhs: Self, rhs: Self) -> Bool}
                   ^
Swift._Pointer.==:2:31: note: candidate would match if 'WindowSnapshot' conformed to '_Pointer'
@inlinable public static func == <Other>(lhs: Self, rhs: Other) -> Bool where Other : _Pointer}
                              ^
Swift.Strideable.==:2:31: note: candidate would match if 'WindowSnapshot' conformed to 'Strideable'
@inlinable public static func == (x: Self, y: Self) -> Bool}
                              ^
Swift.StringProtocol.==:2:31: note: candidate would match if 'WindowSnapshot' conformed to 'StringProtocol'
@inlinable public static func == <RHS>(lhs: Self, rhs: RHS) -> Bool where RHS : StringProtocol}
                              ^
Swift.SIMD.==:2:20: note: candidate would match if 'WindowSnapshot' conformed to 'SIMD'
public static func == (a: Self, b: Self) -> Bool}
                   ^
CoreFoundation._CFObject.==:2:20: note: candidate would match if 'WindowSnapshot' conformed to '_CFObject'
public static func == (left: Self, right: Self) -> Bool}
                   ^
/Users/admin/builder/spi-builder-workspace/Sources/WindowKit/Snapshots/WindowSnapshot.swift:4:15: note: add stubs for conformance
public struct WindowSnapshot: Equatable, Hashable, Sendable, Codable {
              ^
Swift.Equatable.==:2:13: note: protocol requires function '==' with type '(WindowSnapshot, WindowSnapshot) -> Bool'
static func == (lhs: Self, rhs: Self) -> Bool}
            ^
/Users/admin/builder/spi-builder-workspace/Sources/WindowKit/Snapshots/WindowSnapshotFilter.swift:16:45: error: cannot find type 'CGWindowID' in scope
  public let includedWindowIdentifiers: Set<CGWindowID>
                                            ^~~~~~~~~~
/Users/admin/builder/spi-builder-workspace/Sources/WindowKit/Snapshots/WindowSnapshotFilter.swift:22:45: error: cannot find type 'CGWindowID' in scope
  public let excludedWindowIdentifiers: Set<CGWindowID>
                                            ^~~~~~~~~~
/Users/admin/builder/spi-builder-workspace/Sources/WindowKit/Snapshots/WindowSnapshotFilter.swift:4:15: error: type 'WindowSnapshotFilter' does not conform to protocol 'Decodable'
public struct WindowSnapshotFilter: Equatable, Hashable, Sendable, Codable {
              ^
Swift.Decodable.init:2:1: note: protocol requires initializer 'init(from:)' with type 'Decodable'
init(from decoder: any Decoder) throws}
^
/Users/admin/builder/spi-builder-workspace/Sources/WindowKit/Snapshots/WindowSnapshotFilter.swift:16:14: note: cannot automatically synthesize 'Decodable' because 'Set<CGWindowID>' does not conform to 'Decodable'
  public let includedWindowIdentifiers: Set<CGWindowID>
             ^
/Users/admin/builder/spi-builder-workspace/Sources/WindowKit/Snapshots/WindowSnapshotFilter.swift:22:14: note: cannot automatically synthesize 'Decodable' because 'Set<CGWindowID>' does not conform to 'Decodable'
  public let excludedWindowIdentifiers: Set<CGWindowID>
             ^
/Users/admin/builder/spi-builder-workspace/Sources/WindowKit/Snapshots/WindowSnapshotFilter.swift:27:36: error: cannot find type 'CGWindowID' in scope
    includedWindowIdentifiers: Set<CGWindowID> = [],
                                   ^~~~~~~~~~
/Users/admin/builder/spi-builder-workspace/Sources/WindowKit/Snapshots/WindowSnapshotFilter.swift:30:36: error: cannot find type 'CGWindowID' in scope
    excludedWindowIdentifiers: Set<CGWindowID> = []
                                   ^~~~~~~~~~
/Users/admin/builder/spi-builder-workspace/Sources/WindowKit/Snapshots/WindowSnapshotFilter.swift:4:15: error: type 'WindowSnapshotFilter' does not conform to protocol 'Hashable'
public struct WindowSnapshotFilter: Equatable, Hashable, Sendable, Codable {
              ^
/Users/admin/builder/spi-builder-workspace/Sources/WindowKit/Snapshots/WindowSnapshotFilter.swift:16:14: note: stored property type '<<error type>>' does not conform to protocol 'Hashable', preventing synthesized conformance of 'WindowSnapshotFilter' to 'Hashable'
  public let includedWindowIdentifiers: Set<CGWindowID>
             ^
/Users/admin/builder/spi-builder-workspace/Sources/WindowKit/Snapshots/WindowSnapshotFilter.swift:22:14: note: stored property type '<<error type>>' does not conform to protocol 'Hashable', preventing synthesized conformance of 'WindowSnapshotFilter' to 'Hashable'
  public let excludedWindowIdentifiers: Set<CGWindowID>
             ^
/Users/admin/builder/spi-builder-workspace/Sources/WindowKit/Snapshots/WindowSnapshotFilter.swift:4:15: error: type 'WindowSnapshotFilter' does not conform to protocol 'Encodable'
public struct WindowSnapshotFilter: Equatable, Hashable, Sendable, Codable {
              ^
Swift.Encodable.encode:2:6: note: protocol requires function 'encode(to:)' with type 'Encodable'
func encode(to encoder: any Encoder) throws}
     ^
/Users/admin/builder/spi-builder-workspace/Sources/WindowKit/Snapshots/WindowSnapshotFilter.swift:16:14: note: cannot automatically synthesize 'Encodable' because 'Set<CGWindowID>' does not conform to 'Encodable'
  public let includedWindowIdentifiers: Set<CGWindowID>
             ^
/Users/admin/builder/spi-builder-workspace/Sources/WindowKit/Snapshots/WindowSnapshotFilter.swift:22:14: note: cannot automatically synthesize 'Encodable' because 'Set<CGWindowID>' does not conform to 'Encodable'
  public let excludedWindowIdentifiers: Set<CGWindowID>
             ^
/Users/admin/builder/spi-builder-workspace/Sources/WindowKit/Snapshots/WindowSnapshotFilter.swift:4:15: error: type 'WindowSnapshotFilter' does not conform to protocol 'Equatable'
public struct WindowSnapshotFilter: Equatable, Hashable, Sendable, Codable {
              ^
/Users/admin/builder/spi-builder-workspace/Sources/WindowKit/Snapshots/WindowSnapshotFilter.swift:16:14: note: stored property type '<<error type>>' does not conform to protocol 'Equatable', preventing synthesized conformance of 'WindowSnapshotFilter' to 'Equatable'
  public let includedWindowIdentifiers: Set<CGWindowID>
             ^
/Users/admin/builder/spi-builder-workspace/Sources/WindowKit/Snapshots/WindowSnapshotFilter.swift:22:14: note: stored property type '<<error type>>' does not conform to protocol 'Equatable', preventing synthesized conformance of 'WindowSnapshotFilter' to 'Equatable'
  public let excludedWindowIdentifiers: Set<CGWindowID>
             ^
Swift.==:1:24: note: candidate would match if 'WindowSnapshotFilter' conformed to 'RawRepresentable'
@inlinable public func == <T>(lhs: T, rhs: T) -> Bool where T : RawRepresentable, T.RawValue : Equatable
                       ^
Swift.FloatingPoint.==:2:20: note: candidate would match if 'WindowSnapshotFilter' conformed to 'FloatingPoint'
public static func == (lhs: Self, rhs: Self) -> Bool}
                   ^
Swift.BinaryInteger.==:2:20: note: candidate would match if 'WindowSnapshotFilter' conformed to 'BinaryInteger'
public static func == <Other>(lhs: Self, rhs: Other) -> Bool where Other : BinaryInteger}
                   ^
Swift._Pointer.==:2:20: note: candidate would match if 'WindowSnapshotFilter' conformed to '_Pointer'
public static func == (lhs: Self, rhs: Self) -> Bool}
                   ^
Swift._Pointer.==:2:31: note: candidate would match if 'WindowSnapshotFilter' conformed to '_Pointer'
@inlinable public static func == <Other>(lhs: Self, rhs: Other) -> Bool where Other : _Pointer}
                              ^
Swift.Strideable.==:2:31: note: candidate would match if 'WindowSnapshotFilter' conformed to 'Strideable'
@inlinable public static func == (x: Self, y: Self) -> Bool}
                              ^
Swift.StringProtocol.==:2:31: note: candidate would match if 'WindowSnapshotFilter' conformed to 'StringProtocol'
@inlinable public static func == <RHS>(lhs: Self, rhs: RHS) -> Bool where RHS : StringProtocol}
                              ^
Swift.SIMD.==:2:20: note: candidate would match if 'WindowSnapshotFilter' conformed to 'SIMD'
public static func == (a: Self, b: Self) -> Bool}
                   ^
CoreFoundation._CFObject.==:2:20: note: candidate would match if 'WindowSnapshotFilter' conformed to '_CFObject'
public static func == (left: Self, right: Self) -> Bool}
                   ^
/Users/admin/builder/spi-builder-workspace/Sources/WindowKit/Snapshots/WindowSnapshotFilter.swift:4:15: note: add stubs for conformance
public struct WindowSnapshotFilter: Equatable, Hashable, Sendable, Codable {
              ^
Swift.Equatable.==:2:13: note: protocol requires function '==' with type '(WindowSnapshotFilter, WindowSnapshotFilter) -> Bool'
static func == (lhs: Self, rhs: Self) -> Bool}
            ^
/Users/admin/builder/spi-builder-workspace/Sources/WindowKit/Snapshots/WindowSnapshotResolving.swift:6:39: error: cannot find type 'CGWindowID' in scope
  func snapshot(for windowIdentifier: CGWindowID) throws -> WindowSnapshot?
                                      ^~~~~~~~~~
SwiftEmitModule normal arm64_32 Emitting\ module\ for\ WindowKit (in target 'WindowKit' from project 'WindowKit')
EmitSwiftModule normal arm64_32 (in target 'WindowKit' from project 'WindowKit')
    cd /Users/admin/builder/spi-builder-workspace/.swiftpm/xcode

SwiftEmitModule normal arm64 Emitting\ module\ for\ WindowKit (in target 'WindowKit' from project 'WindowKit')
2026-10-18 04:34:17.084 xcodebuild[671:4225] [MT] IDERunDestination: Supported platforms for the buildables in the current scheme is empty.
** BUILD FAILED **
The following build commands failed:
	SwiftEmitModule normal armv7k Emitting\ module\ for\ WindowKit (in target 'WindowKit' from project 'WindowKit')
	EmitSwiftModule normal armv7k (in target 'WindowKit' from project 'WindowKit')
	Building workspace spi-builder-workspace with scheme WindowKit-Package
(3 failures)
Command line invocation:
    /Applications/Xcode-26.3.0.app/Contents/Developer/usr/bin/xcodebuild -IDEClonedSourcePackagesDirPathOverride=/Users/admin/builder/spi-builder-workspace/.dependencies -resolvePackageDependencies
Resolve Package Graph
Resolved source packages:
  WindowKit: /Users/admin/builder/spi-builder-workspace
resolved source packages: WindowKit
2026-10-18 04:34:22.962 xcodebuild[772:4639] [MT] IDERunDestination: Supported platforms for the buildables in the current scheme is empty.
{
  "dependencies" : [
  ],
  "manifest_display_name" : "WindowKit",
  "name" : "WindowKit",
  "path" : "/Users/admin/builder/spi-builder-workspace",
  "platforms" : [
    {
      "name" : "macos",
      "version" : "14.0"
    }
  ],
  "products" : [
    {
      "name" : "WindowKit",
      "targets" : [
        "WindowKit"
      ],
      "type" : {
        "library" : [
          "automatic"
        ]
      }
    },
    {
      "name" : "WindowKitAppKit",
      "targets" : [
        "WindowKitAppKit"
      ],
      "type" : {
        "library" : [
          "automatic"
        ]
      }
    }
  ],
  "targets" : [
    {
      "c99name" : "WindowKitTests",
      "module_type" : "SwiftTarget",
      "name" : "WindowKitTests",
      "path" : "Tests/WindowKitTests",
      "sources" : [
        "Control/WindowControlProtocolTests.swift",
        "Control/WindowStateTests.swift",
        "Control/WindowTargetTests.swift",
        "HitTesting/WindowHitTestResultTests.swift",
        "Placement/WindowPlacementCalculatorTests.swift",
        "Placement/WindowPlacementTests.swift",
        "Screens/WindowScreenAreaTests.swift",
        "Screens/WindowScreenCycleDirectionTests.swift",
        "Screens/WindowScreenFallbackTests.swift",
        "Screens/WindowScreenMovementTests.swift",
        "Screens/WindowScreenProvidingTests.swift",
        "Screens/WindowScreenSelectorTests.swift",
        "Screens/WindowScreenTargetTests.swift",
        "Screens/WindowScreenTests.swift",
        "Snapshots/WindowSnapshotFilterTests.swift",
        "Snapshots/WindowSnapshotTests.swift",
        "Support/SourceBoundarySupport.swift",
        "Support/ValueConformanceAssertions.swift",
        "WindowKitPublicAPITests.swift",
        "WindowKitSourceBoundaryTests.swift"
      ],
      "target_dependencies" : [
        "WindowKit"
      ],
      "type" : "test"
    },
    {
      "c99name" : "WindowKitAppKitTests",
      "module_type" : "SwiftTarget",
      "name" : "WindowKitAppKitTests",
      "path" : "Tests/WindowKitAppKitTests",
      "sources" : [
        "Accessibility/AXClientUIElementTests.swift",
        "Accessibility/AXValueConversionTests.swift",
        "Accessibility/AXWindowControllerCommandTests.swift",
        "Accessibility/AXWindowControllerFrameTests.swift",
        "Accessibility/AXWindowControllerRoleTests.swift",
        "Accessibility/AXWindowControllerStateTests.swift",
        "Accessibility/AXWindowElementResolverTests.swift",
        "Accessibility/AXWindowErrorTests.swift",
        "Accessibility/AXWindowNamesTests.swift",
        "Accessibility/WindowAccessibilityErrorTests.swift",
        "HitTesting/WindowHitTesterTests.swift",
        "Placement/WindowPlacerCoordinatesTests.swift",
        "Placement/WindowPlacerErrorTests.swift",
        "Placement/WindowPlacerTests.swift",
        "Roles/WindowRoleResolverTests.swift",
        "Roles/WindowRoleTests.swift",
        "RunningApplications/NSRunningApplicationBundleIdentifierProviderTests.swift",
        "RunningApplications/NSRunningApplicationCheckerTests.swift",
        "Screens/NSScreenProviderTests.swift",
        "Snapshots/WindowSnapshotQueryTests.swift",
        "Support/AXClient+Testing.swift",
        "Support/AccessibilityTestSupport.swift",
        "Support/ValueConformanceAssertions.swift",
        "Support/WindowListTestSupport.swift",
        "WindowKitAppKitPublicAPITests.swift"
      ],
      "target_dependencies" : [
        "WindowKitAppKit",
        "WindowKit"
      ],
      "type" : "test"
    },
    {
      "c99name" : "WindowKitAppKit",
      "module_type" : "SwiftTarget",
      "name" : "WindowKitAppKit",
      "path" : "Sources/WindowKitAppKit",
      "product_memberships" : [
        "WindowKitAppKit"
      ],
      "sources" : [
        "Accessibility/AXClient+UIElement.swift",
        "Accessibility/AXClient.swift",
        "Accessibility/AXValueConversion.swift",
        "Accessibility/AXWindowAccess.swift",
        "Accessibility/AXWindowController.swift",
        "Accessibility/AXWindowElementResolver.swift",
        "Accessibility/AXWindowError.swift",
        "Accessibility/AXWindowNames.swift",
        "Accessibility/WindowAccessibilityError.swift",
        "HitTesting/WindowHitTester.swift",
        "Placement/WindowPlacer.swift",
        "Placement/WindowPlacerError.swift",
        "Roles/WindowRole.swift",
        "Roles/WindowRoleProviding.swift",
        "Roles/WindowRoleResolver.swift",
        "RunningApplications/NSRunningApplicationBundleIdentifierProvider.swift",
        "RunningApplications/NSRunningApplicationChecker.swift",
        "Screens/AccessibilityScreenProvider.swift",
        "Screens/NSScreenProvider.swift",
        "Snapshots/WindowListEntry.swift",
        "Snapshots/WindowListProviding.swift",
        "Snapshots/WindowListRequest.swift",
        "Snapshots/WindowListSnapshotMapper.swift",
        "Snapshots/WindowOwnerBundleIdentifierProviding.swift",
        "Snapshots/WindowSnapshotQuery.swift",
        "Snapshots/WindowSnapshotQueryError.swift",
        "Snapshots/WindowSnapshotQueryLimit.swift"
      ],
      "target_dependencies" : [
        "WindowKit"
      ],
      "type" : "library"
    },
    {
      "c99name" : "WindowKit",
      "module_type" : "SwiftTarget",
      "name" : "WindowKit",
      "path" : "Sources/WindowKit",
      "product_memberships" : [
        "WindowKit",
        "WindowKitAppKit"
      ],
      "sources" : [
        "Control/WindowCommandControlling.swift",
        "Control/WindowControlling.swift",
        "Control/WindowFrameControlling.swift",
        "Control/WindowFrameProviding.swift",
        "Control/WindowState.swift",
        "Control/WindowStateProviding.swift",
        "Control/WindowTarget.swift",
        "Geometry/CGRect+FiniteStandardized.swift",
        "HitTesting/WindowHitTestMissReason.swift",
        "HitTesting/WindowHitTestResult.swift",
        "HitTesting/WindowHitTesting.swift",
        "Placement/WindowPlacement.swift",
        "Placement/WindowPlacementCalculator.swift",
        "Screens/WindowScreen.swift",
        "Screens/WindowScreenArea.swift",
        "Screens/WindowScreenCycleDirection.swift",
        "Screens/WindowScreenFallback.swift",
        "Screens/WindowScreenMovement.swift",
        "Screens/WindowScreenProviding.swift",
        "Screens/WindowScreenSelector.swift",
        "Screens/WindowScreenTarget.swift",
        "Snapshots/WindowSnapshot.swift",
        "Snapshots/WindowSnapshotFilter.swift",
        "Snapshots/WindowSnapshotProviding.swift",
        "Snapshots/WindowSnapshotResolving.swift"
      ],
      "type" : "library"
    }
  ],
  "tools_version" : "6.0"
}
{
  "workspace" : {
    "name" : "spi-builder-workspace",
    "schemes" : [
      "WindowKit",
      "WindowKit-Package",
      "WindowKitAppKit"
    ]
  }
}
2026-10-18 04:34:24.073 xcodebuild[780:4710] [MT] IDERunDestination: Supported platforms for the buildables in the current scheme is empty.
Running build ...
env DEVELOPER_DIR=/Applications/Xcode-26.3.0.app xcrun xcodebuild -IDEClonedSourcePackagesDirPathOverride=$PWD/.dependencies -skipMacroValidation -skipPackagePluginValidation -derivedDataPath $PWD/.derivedData build -scheme WindowKit-Package -destination generic/platform=watchOS
Command line invocation:
    /Applications/Xcode-26.3.0.app/Contents/Developer/usr/bin/xcodebuild -IDEClonedSourcePackagesDirPathOverride=/Users/admin/builder/spi-builder-workspace/.dependencies -skipMacroValidation -skipPackagePluginValidation -derivedDataPath /Users/admin/builder/spi-builder-workspace/.derivedData build -scheme WindowKit-Package -destination generic/platform=watchOS
Resolve Package Graph
Resolved source packages:
  WindowKit: /Users/admin/builder/spi-builder-workspace
ComputePackagePrebuildTargetDependencyGraph
Prepare packages
CreateBuildRequest
SendProjectDescription
CreateBuildOperation
ComputeTargetDependencyGraph
note: Building targets in dependency order
note: Target dependency graph (4 targets)
    Target 'WindowKitAppKit' in project 'WindowKit'
        ➜ Explicit dependency on target 'WindowKitAppKit' in project 'WindowKit'
        ➜ Explicit dependency on target 'WindowKit' in project 'WindowKit'
    Target 'WindowKitAppKit' in project 'WindowKit'
        ➜ Explicit dependency on target 'WindowKit' in project 'WindowKit'
    Target 'WindowKit' in project 'WindowKit'
        ➜ Explicit dependency on target 'WindowKit' in project 'WindowKit'
    Target 'WindowKit' in project 'WindowKit' (no dependencies)
GatherProvisioningInputs
CreateBuildDescription
ClangStatCache /Applications/Xcode-26.3.0.app/Contents/Developer/Toolchains/XcodeDefault.xctoolchain/usr/bin/clang-stat-cache /Applications/Xcode-26.3.0.app/Contents/Developer/Platforms/WatchOS.platform/Developer/SDKs/WatchOS26.2.sdk /Users/admin/builder/spi-builder-workspace/.derivedData/SDKStatCaches.noindex/watchos26.2-23S303-dc75598d0054f22ec865fa860f139d721753b489057de6bda919edfa1c59a62b.sdkstatcache
    cd /Users/admin/builder/spi-builder-workspace/.swiftpm/xcode
    /Applications/Xcode-26.3.0.app/Contents/Developer/Toolchains/XcodeDefault.xctoolchain/usr/bin/clang-stat-cache /Applications/Xcode-26.3.0.app/Contents/Developer/Platforms/WatchOS.platform/Developer/SDKs/WatchOS26.2.sdk -o /Users/admin/builder/spi-builder-workspace/.derivedData/SDKStatCaches.noindex/watchos26.2-23S303-dc75598d0054f22ec865fa860f139d721753b489057de6bda919edfa1c59a62b.sdkstatcache
SwiftDriver WindowKit normal arm64 com.apple.xcode.tools.swift.compiler (in target 'WindowKit' from project 'WindowKit')
    cd /Users/admin/builder/spi-builder-workspace/.swiftpm/xcode
    builtin-SwiftDriver -- /Applications/Xcode-26.3.0.app/Contents/Developer/Toolchains/XcodeDefault.xctoolchain/usr/bin/swiftc -module-name WindowKit -Onone -enforce-exclusivity\=checked @/Users/admin/builder/spi-builder-workspace/.derivedData/Build/Intermediates.noindex/WindowKit.build/Debug-watchos/WindowKit.build/Objects-normal/arm64/WindowKit.SwiftFileList -DSWIFT_PACKAGE -DDEBUG -DSWIFT_MODULE_RESOURCE_BUNDLE_UNAVAILABLE -DXcode -plugin-path /Applications/Xcode-26.3.0.app/Contents/Developer/Toolchains/XcodeDefault.xctoolchain/usr/lib/swift/host/plugins/testing -enable-experimental-feature DebugDescriptionMacro -sdk /Applications/Xcode-26.3.0.app/Contents/Developer/Platforms/WatchOS.platform/Developer/SDKs/WatchOS26.2.sdk -target arm64-apple-watchos5.0 -g -module-cache-path /Users/admin/builder/spi-builder-workspace/.derivedData/ModuleCache.noindex -Xfrontend -serialize-debugging-options -profile-coverage-mapping -profile-generate -enable-testing -index-store-path /Users/admin/builder/spi-builder-workspace/.derivedData/Index.noindex/DataStore -Xcc -D_LIBCPP_HARDENING_MODE\=_LIBCPP_HARDENING_MODE_DEBUG -swift-version 6 -I /Users/admin/builder/spi-builder-workspace/.derivedData/Build/Products/Debug-watchos -Isystem /Applications/Xcode-26.3.0.app/Contents/Developer/Platforms/WatchOS.platform/Developer/usr/lib -F /Users/admin/builder/spi-builder-workspace/.derivedData/Build/Products/Debug-watchos -F /Applications/Xcode-26.3.0.app/Contents/Developer/Platforms/WatchOS.platform/Developer/Library/Frameworks -F /Applications/Xcode-26.3.0.app/Contents/Developer/Platforms/WatchOS.platform/Developer/SDKs/WatchOS26.2.sdk/Developer/Library/Frameworks -c -j10 -enable-batch-mode -incremental -Xcc -ivfsstatcache -Xcc /Users/admin/builder/spi-builder-workspace/.derivedData/SDKStatCaches.noindex/watchos26.2-23S303-dc75598d0054f22ec865fa860f139d721753b489057de6bda919edfa1c59a62b.sdkstatcache -output-file-map /Users/admin/builder/spi-builder-workspace/.derivedData/Build/Intermediates.noindex/WindowKit.build/Debug-watchos/WindowKit.build/Objects-normal/arm64/WindowKit-OutputFileMap.json -use-frontend-parseable-output -save-temps -no-color-diagnostics -explicit-module-build -module-cache-path /Users/admin/builder/spi-builder-workspace/.derivedData/Build/Intermediates.noindex/SwiftExplicitPrecompiledModules -clang-scanner-module-cache-path /Users/admin/builder/spi-builder-workspace/.derivedData/ModuleCache.noindex -sdk-module-cache-path /Users/admin/builder/spi-builder-workspace/.derivedData/ModuleCache.noindex -serialize-diagnostics -emit-dependencies -emit-module -emit-module-path /Users/admin/builder/spi-builder-workspace/.derivedData/Build/Intermediates.noindex/WindowKit.build/Debug-watchos/WindowKit.build/Objects-normal/arm64/WindowKit.swiftmodule -validate-clang-modules-once -clang-build-session-file /Users/admin/builder/spi-builder-workspace/.derivedData/ModuleCache.noindex/Session.modulevalidation -package-name spi_builder_workspace -Xcc -I/Users/admin/builder/spi-builder-workspace/.derivedData/Build/Intermediates.noindex/WindowKit.build/Debug-watchos/WindowKit.build/swift-overrides.hmap -emit-const-values -Xfrontend -const-gather-protocols-file -Xfrontend /Users/admin/builder/spi-builder-workspace/.derivedData/Build/Intermediates.noindex/WindowKit.build/Debug-watchos/WindowKit.build/Objects-normal/arm64/WindowKit_const_extract_protocols.json -Xcc -I/Users/admin/builder/spi-builder-workspace/.derivedData/Build/Products/Debug-watchos/include -Xcc -I/Users/admin/builder/spi-builder-workspace/.derivedData/Build/Intermediates.noindex/WindowKit.build/Debug-watchos/WindowKit.build/DerivedSources-normal/arm64 -Xcc -I/Users/admin/builder/spi-builder-workspace/.derivedData/Build/Intermediates.noindex/WindowKit.build/Debug-watchos/WindowKit.build/DerivedSources/arm64 -Xcc -I/Users/admin/builder/spi-builder-workspace/.derivedData/Build/Intermediates.noindex/WindowKit.build/Debug-watchos/WindowKit.build/DerivedSources -Xcc -DSWIFT_PACKAGE -Xcc -DDEBUG\=1 -emit-objc-header -emit-objc-header-path /Users/admin/builder/spi-builder-workspace/.derivedData/Build/Intermediates.noindex/WindowKit.build/Debug-watchos/WindowKit.build/Objects-normal/arm64/WindowKit-Swift.h -working-directory /Users/admin/builder/spi-builder-workspace/.swiftpm/xcode -experimental-emit-module-separately -disable-cmo
SwiftDriver WindowKit normal armv7k com.apple.xcode.tools.swift.compiler (in target 'WindowKit' from project 'WindowKit')
    cd /Users/admin/builder/spi-builder-workspace/.swiftpm/xcode
    builtin-SwiftDriver -- /Applications/Xcode-26.3.0.app/Contents/Developer/Toolchains/XcodeDefault.xctoolchain/usr/bin/swiftc -module-name WindowKit -Onone -enforce-exclusivity\=checked @/Users/admin/builder/spi-builder-workspace/.derivedData/Build/Intermediates.noindex/WindowKit.build/Debug-watchos/WindowKit.build/Objects-normal/armv7k/WindowKit.SwiftFileList -DSWIFT_PACKAGE -DDEBUG -DSWIFT_MODULE_RESOURCE_BUNDLE_UNAVAILABLE -DXcode -plugin-path /Applications/Xcode-26.3.0.app/Contents/Developer/Toolchains/XcodeDefault.xctoolchain/usr/lib/swift/host/plugins/testing -enable-experimental-feature DebugDescriptionMacro -sdk /Applications/Xcode-26.3.0.app/Contents/Developer/Platforms/WatchOS.platform/Developer/SDKs/WatchOS26.2.sdk -target armv7k-apple-watchos5.0 -g -module-cache-path /Users/admin/builder/spi-builder-workspace/.derivedData/ModuleCache.noindex -Xfrontend -serialize-debugging-options -profile-coverage-mapping -profile-generate -enable-testing -index-store-path /Users/admin/builder/spi-builder-workspace/.derivedData/Index.noindex/DataStore -Xcc -D_LIBCPP_HARDENING_MODE\=_LIBCPP_HARDENING_MODE_DEBUG -swift-version 6 -I /Users/admin/builder/spi-builder-workspace/.derivedData/Build/Products/Debug-watchos -Isystem /Applications/Xcode-26.3.0.app/Contents/Developer/Platforms/WatchOS.platform/Developer/usr/lib -F /Users/admin/builder/spi-builder-workspace/.derivedData/Build/Products/Debug-watchos -F /Applications/Xcode-26.3.0.app/Contents/Developer/Platforms/WatchOS.platform/Developer/Library/Frameworks -F /Applications/Xcode-26.3.0.app/Contents/Developer/Platforms/WatchOS.platform/Developer/SDKs/WatchOS26.2.sdk/Developer/Library/Frameworks -c -j10 -enable-batch-mode -incremental -Xcc -ivfsstatcache -Xcc /Users/admin/builder/spi-builder-workspace/.derivedData/SDKStatCaches.noindex/watchos26.2-23S303-dc75598d0054f22ec865fa860f139d721753b489057de6bda919edfa1c59a62b.sdkstatcache -output-file-map /Users/admin/builder/spi-builder-workspace/.derivedData/Build/Intermediates.noindex/WindowKit.build/Debug-watchos/WindowKit.build/Objects-normal/armv7k/WindowKit-OutputFileMap.json -use-frontend-parseable-output -save-temps -no-color-diagnostics -explicit-module-build -module-cache-path /Users/admin/builder/spi-builder-workspace/.derivedData/Build/Intermediates.noindex/SwiftExplicitPrecompiledModules -clang-scanner-module-cache-path /Users/admin/builder/spi-builder-workspace/.derivedData/ModuleCache.noindex -sdk-module-cache-path /Users/admin/builder/spi-builder-workspace/.derivedData/ModuleCache.noindex -serialize-diagnostics -emit-dependencies -emit-module -emit-module-path /Users/admin/builder/spi-builder-workspace/.derivedData/Build/Intermediates.noindex/WindowKit.build/Debug-watchos/WindowKit.build/Objects-normal/armv7k/WindowKit.swiftmodule -validate-clang-modules-once -clang-build-session-file /Users/admin/builder/spi-builder-workspace/.derivedData/ModuleCache.noindex/Session.modulevalidation -package-name spi_builder_workspace -Xcc -I/Users/admin/builder/spi-builder-workspace/.derivedData/Build/Intermediates.noindex/WindowKit.build/Debug-watchos/WindowKit.build/swift-overrides.hmap -emit-const-values -Xfrontend -const-gather-protocols-file -Xfrontend /Users/admin/builder/spi-builder-workspace/.derivedData/Build/Intermediates.noindex/WindowKit.build/Debug-watchos/WindowKit.build/Objects-normal/armv7k/WindowKit_const_extract_protocols.json -Xcc -I/Users/admin/builder/spi-builder-workspace/.derivedData/Build/Products/Debug-watchos/include -Xcc -I/Users/admin/builder/spi-builder-workspace/.derivedData/Build/Intermediates.noindex/WindowKit.build/Debug-watchos/WindowKit.build/DerivedSources-normal/armv7k -Xcc -I/Users/admin/builder/spi-builder-workspace/.derivedData/Build/Intermediates.noindex/WindowKit.build/Debug-watchos/WindowKit.build/DerivedSources/armv7k -Xcc -I/Users/admin/builder/spi-builder-workspace/.derivedData/Build/Intermediates.noindex/WindowKit.build/Debug-watchos/WindowKit.build/DerivedSources -Xcc -DSWIFT_PACKAGE -Xcc -DDEBUG\=1 -emit-objc-header -emit-objc-header-path /Users/admin/builder/spi-builder-workspace/.derivedData/Build/Intermediates.noindex/WindowKit.build/Debug-watchos/WindowKit.build/Objects-normal/armv7k/WindowKit-Swift.h -working-directory /Users/admin/builder/spi-builder-workspace/.swiftpm/xcode -experimental-emit-module-separately -disable-cmo
SwiftDriver WindowKit normal arm64_32 com.apple.xcode.tools.swift.compiler (in target 'WindowKit' from project 'WindowKit')
    cd /Users/admin/builder/spi-builder-workspace/.swiftpm/xcode
    builtin-SwiftDriver -- /Applications/Xcode-26.3.0.app/Contents/Developer/Toolchains/XcodeDefault.xctoolchain/usr/bin/swiftc -module-name WindowKit -Onone -enforce-exclusivity\=checked @/Users/admin/builder/spi-builder-workspace/.derivedData/Build/Intermediates.noindex/WindowKit.build/Debug-watchos/WindowKit.build/Objects-normal/arm64_32/WindowKit.SwiftFileList -DSWIFT_PACKAGE -DDEBUG -DSWIFT_MODULE_RESOURCE_BUNDLE_UNAVAILABLE -DXcode -plugin-path /Applications/Xcode-26.3.0.app/Contents/Developer/Toolchains/XcodeDefault.xctoolchain/usr/lib/swift/host/plugins/testing -enable-experimental-feature DebugDescriptionMacro -sdk /Applications/Xcode-26.3.0.app/Contents/Developer/Platforms/WatchOS.platform/Developer/SDKs/WatchOS26.2.sdk -target arm64_32-apple-watchos5.0 -g -module-cache-path /Users/admin/builder/spi-builder-workspace/.derivedData/ModuleCache.noindex -Xfrontend -serialize-debugging-options -profile-coverage-mapping -profile-generate -enable-testing -index-store-path /Users/admin/builder/spi-builder-workspace/.derivedData/Index.noindex/DataStore -Xcc -D_LIBCPP_HARDENING_MODE\=_LIBCPP_HARDENING_MODE_DEBUG -swift-version 6 -I /Users/admin/builder/spi-builder-workspace/.derivedData/Build/Products/Debug-watchos -Isystem /Applications/Xcode-26.3.0.app/Contents/Developer/Platforms/WatchOS.platform/Developer/usr/lib -F /Users/admin/builder/spi-builder-workspace/.derivedData/Build/Products/Debug-watchos -F /Applications/Xcode-26.3.0.app/Contents/Developer/Platforms/WatchOS.platform/Developer/Library/Frameworks -F /Applications/Xcode-26.3.0.app/Contents/Developer/Platforms/WatchOS.platform/Developer/SDKs/WatchOS26.2.sdk/Developer/Library/Frameworks -c -j10 -enable-batch-mode -incremental -Xcc -ivfsstatcache -Xcc /Users/admin/builder/spi-builder-workspace/.derivedData/SDKStatCaches.noindex/watchos26.2-23S303-dc75598d0054f22ec865fa860f139d721753b489057de6bda919edfa1c59a62b.sdkstatcache -output-file-map /Users/admin/builder/spi-builder-workspace/.derivedData/Build/Intermediates.noindex/WindowKit.build/Debug-watchos/WindowKit.build/Objects-normal/arm64_32/WindowKit-OutputFileMap.json -use-frontend-parseable-output -save-temps -no-color-diagnostics -explicit-module-build -module-cache-path /Users/admin/builder/spi-builder-workspace/.derivedData/Build/Intermediates.noindex/SwiftExplicitPrecompiledModules -clang-scanner-module-cache-path /Users/admin/builder/spi-builder-workspace/.derivedData/ModuleCache.noindex -sdk-module-cache-path /Users/admin/builder/spi-builder-workspace/.derivedData/ModuleCache.noindex -serialize-diagnostics -emit-dependencies -emit-module -emit-module-path /Users/admin/builder/spi-builder-workspace/.derivedData/Build/Intermediates.noindex/WindowKit.build/Debug-watchos/WindowKit.build/Objects-normal/arm64_32/WindowKit.swiftmodule -validate-clang-modules-once -clang-build-session-file /Users/admin/builder/spi-builder-workspace/.derivedData/ModuleCache.noindex/Session.modulevalidation -package-name spi_builder_workspace -Xcc -I/Users/admin/builder/spi-builder-workspace/.derivedData/Build/Intermediates.noindex/WindowKit.build/Debug-watchos/WindowKit.build/swift-overrides.hmap -emit-const-values -Xfrontend -const-gather-protocols-file -Xfrontend /Users/admin/builder/spi-builder-workspace/.derivedData/Build/Intermediates.noindex/WindowKit.build/Debug-watchos/WindowKit.build/Objects-normal/arm64_32/WindowKit_const_extract_protocols.json -Xcc -I/Users/admin/builder/spi-builder-workspace/.derivedData/Build/Products/Debug-watchos/include -Xcc -I/Users/admin/builder/spi-builder-workspace/.derivedData/Build/Intermediates.noindex/WindowKit.build/Debug-watchos/WindowKit.build/DerivedSources-normal/arm64_32 -Xcc -I/Users/admin/builder/spi-builder-workspace/.derivedData/Build/Intermediates.noindex/WindowKit.build/Debug-watchos/WindowKit.build/DerivedSources/arm64_32 -Xcc -I/Users/admin/builder/spi-builder-workspace/.derivedData/Build/Intermediates.noindex/WindowKit.build/Debug-watchos/WindowKit.build/DerivedSources -Xcc -DSWIFT_PACKAGE -Xcc -DDEBUG\=1 -emit-objc-header -emit-objc-header-path /Users/admin/builder/spi-builder-workspace/.derivedData/Build/Intermediates.noindex/WindowKit.build/Debug-watchos/WindowKit.build/Objects-normal/arm64_32/WindowKit-Swift.h -working-directory /Users/admin/builder/spi-builder-workspace/.swiftpm/xcode -experimental-emit-module-separately -disable-cmo
SwiftEmitModule normal arm64_32 Emitting\ module\ for\ WindowKit (in target 'WindowKit' from project 'WindowKit')
EmitSwiftModule normal arm64_32 (in target 'WindowKit' from project 'WindowKit')
    cd /Users/admin/builder/spi-builder-workspace/.swiftpm/xcode

/Users/admin/builder/spi-builder-workspace/Sources/WindowKit/Control/WindowTarget.swift:8:25: error: cannot find type 'CGWindowID' in scope
  case windowIdentifier(CGWindowID)
                        ^~~~~~~~~~
/Users/admin/builder/spi-builder-workspace/Sources/WindowKit/Control/WindowTarget.swift:4:13: error: type 'WindowTarget' does not conform to protocol 'Hashable'
public enum WindowTarget: Equatable, Hashable, Sendable, Codable {
            ^
/Users/admin/builder/spi-builder-workspace/Sources/WindowKit/Control/WindowTarget.swift:8:25: note: associated value type '<<error type>>' does not conform to protocol 'Hashable', preventing synthesized conformance of 'WindowTarget' to 'Hashable'
  case windowIdentifier(CGWindowID)
                        ^
/Users/admin/builder/spi-builder-workspace/Sources/WindowKit/Control/WindowTarget.swift:4:13: error: type 'WindowTarget' does not conform to protocol 'Decodable'
public enum WindowTarget: Equatable, Hashable, Sendable, Codable {
            ^
Swift.Decodable.init:2:1: note: protocol requires initializer 'init(from:)' with type 'Decodable'
init(from decoder: any Decoder) throws}
^
WindowKit.WindowTarget.windowIdentifier._:2:1: note: cannot automatically synthesize 'Decodable' because 'CGWindowID' does not conform to 'Decodable'
_: CGWindowID}
^
/Users/admin/builder/spi-builder-workspace/Sources/WindowKit/Control/WindowTarget.swift:4:13: error: type 'WindowTarget' does not conform to protocol 'Encodable'
public enum WindowTarget: Equatable, Hashable, Sendable, Codable {
            ^
Swift.Encodable.encode:2:6: note: protocol requires function 'encode(to:)' with type 'Encodable'
func encode(to encoder: any Encoder) throws}
     ^
WindowKit.WindowTarget.windowIdentifier._:2:1: note: cannot automatically synthesize 'Encodable' because 'CGWindowID' does not conform to 'Encodable'
_: CGWindowID}
^
/Users/admin/builder/spi-builder-workspace/Sources/WindowKit/Control/WindowTarget.swift:4:13: error: type 'WindowTarget' does not conform to protocol 'Equatable'
public enum WindowTarget: Equatable, Hashable, Sendable, Codable {
            ^
/Users/admin/builder/spi-builder-workspace/Sources/WindowKit/Control/WindowTarget.swift:8:25: note: associated value type '<<error type>>' does not conform to protocol 'Equatable', preventing synthesized conformance of 'WindowTarget' to 'Equatable'
  case windowIdentifier(CGWindowID)
                        ^
Swift.==:1:24: note: candidate would match if 'WindowTarget' conformed to 'RawRepresentable'
@inlinable public func == <T>(lhs: T, rhs: T) -> Bool where T : RawRepresentable, T.RawValue : Equatable
                       ^
Swift.FloatingPoint.==:2:20: note: candidate would match if 'WindowTarget' conformed to 'FloatingPoint'
public static func == (lhs: Self, rhs: Self) -> Bool}
                   ^
Swift.BinaryInteger.==:2:20: note: candidate would match if 'WindowTarget' conformed to 'BinaryInteger'
public static func == <Other>(lhs: Self, rhs: Other) -> Bool where Other : BinaryInteger}
                   ^
Swift._Pointer.==:2:20: note: candidate would match if 'WindowTarget' conformed to '_Pointer'
public static func == (lhs: Self, rhs: Self) -> Bool}
                   ^
Swift._Pointer.==:2:31: note: candidate would match if 'WindowTarget' conformed to '_Pointer'
@inlinable public static func == <Other>(lhs: Self, rhs: Other) -> Bool where Other : _Pointer}
                              ^
Swift.Strideable.==:2:31: note: candidate would match if 'WindowTarget' conformed to 'Strideable'
@inlinable public static func == (x: Self, y: Self) -> Bool}
                              ^
Swift.StringProtocol.==:2:31: note: candidate would match if 'WindowTarget' conformed to 'StringProtocol'
@inlinable public static func == <RHS>(lhs: Self, rhs: RHS) -> Bool where RHS : StringProtocol}
                              ^
Swift.SIMD.==:2:20: note: candidate would match if 'WindowTarget' conformed to 'SIMD'
public static func == (a: Self, b: Self) -> Bool}
                   ^
CoreFoundation._CFObject.==:2:20: note: candidate would match if 'WindowTarget' conformed to '_CFObject'
public static func == (left: Self, right: Self) -> Bool}
                   ^
/Users/admin/builder/spi-builder-workspace/Sources/WindowKit/Control/WindowTarget.swift:4:13: note: add stubs for conformance
public enum WindowTarget: Equatable, Hashable, Sendable, Codable {
            ^
Swift.Equatable.==:2:13: note: protocol requires function '==' with type '(WindowTarget, WindowTarget) -> Bool'
static func == (lhs: Self, rhs: Self) -> Bool}
            ^
/Users/admin/builder/spi-builder-workspace/Sources/WindowKit/Snapshots/WindowSnapshot.swift:8:32: error: cannot find type 'CGWindowID' in scope
  public let windowIdentifier: CGWindowID
                               ^~~~~~~~~~
/Users/admin/builder/spi-builder-workspace/Sources/WindowKit/Screens/WindowScreen.swift:6:33: error: cannot find type 'CGDirectDisplayID' in scope
  public let displayIdentifier: CGDirectDisplayID?
                                ^~~~~~~~~~~~~~~~~
/Users/admin/builder/spi-builder-workspace/Sources/WindowKit/Screens/WindowScreen.swift:4:15: error: type 'WindowScreen' does not conform to protocol 'Decodable'
public struct WindowScreen: Equatable, Hashable, Sendable, Codable {
              ^
Swift.Decodable.init:2:1: note: protocol requires initializer 'init(from:)' with type 'Decodable'
init(from decoder: any Decoder) throws}
^
/Users/admin/builder/spi-builder-workspace/Sources/WindowKit/Screens/WindowScreen.swift:6:14: note: cannot automatically synthesize 'Decodable' because 'CGDirectDisplayID?' does not conform to 'Decodable'
  public let displayIdentifier: CGDirectDisplayID?
             ^
/Users/admin/builder/spi-builder-workspace/Sources/WindowKit/Screens/WindowScreen.swift:16:24: error: cannot find type 'CGDirectDisplayID' in scope
    displayIdentifier: CGDirectDisplayID? = nil,
                       ^~~~~~~~~~~~~~~~~
/Users/admin/builder/spi-builder-workspace/Sources/WindowKit/Screens/WindowScreen.swift:4:15: error: type 'WindowScreen' does not conform to protocol 'Hashable'
public struct WindowScreen: Equatable, Hashable, Sendable, Codable {
              ^
/Users/admin/builder/spi-builder-workspace/Sources/WindowKit/Screens/WindowScreen.swift:6:14: note: stored property type '<<error type>>' does not conform to protocol 'Hashable', preventing synthesized conformance of 'WindowScreen' to 'Hashable'
  public let displayIdentifier: CGDirectDisplayID?
             ^
/Users/admin/builder/spi-builder-workspace/Sources/WindowKit/Screens/WindowScreen.swift:4:15: error: type 'WindowScreen' does not conform to protocol 'Encodable'
public struct WindowScreen: Equatable, Hashable, Sendable, Codable {
              ^
Swift.Encodable.encode:2:6: note: protocol requires function 'encode(to:)' with type 'Encodable'
func encode(to encoder: any Encoder) throws}
     ^
/Users/admin/builder/spi-builder-workspace/Sources/WindowKit/Screens/WindowScreen.swift:6:14: note: cannot automatically synthesize 'Encodable' because 'CGDirectDisplayID?' does not conform to 'Encodable'
  public let displayIdentifier: CGDirectDisplayID?
             ^
/Users/admin/builder/spi-builder-workspace/Sources/WindowKit/Screens/WindowScreen.swift:4:15: error: type 'WindowScreen' does not conform to protocol 'Equatable'
public struct WindowScreen: Equatable, Hashable, Sendable, Codable {
              ^
/Users/admin/builder/spi-builder-workspace/Sources/WindowKit/Screens/WindowScreen.swift:6:14: note: stored property type '<<error type>>' does not conform to protocol 'Equatable', preventing synthesized conformance of 'WindowScreen' to 'Equatable'
  public let displayIdentifier: CGDirectDisplayID?
             ^
Swift.==:1:24: note: candidate would match if 'WindowScreen' conformed to 'RawRepresentable'
@inlinable public func == <T>(lhs: T, rhs: T) -> Bool where T : RawRepresentable, T.RawValue : Equatable
                       ^
Swift.FloatingPoint.==:2:20: note: candidate would match if 'WindowScreen' conformed to 'FloatingPoint'
public static func == (lhs: Self, rhs: Self) -> Bool}
                   ^
Swift.BinaryInteger.==:2:20: note: candidate would match if 'WindowScreen' conformed to 'BinaryInteger'
public static func == <Other>(lhs: Self, rhs: Other) -> Bool where Other : BinaryInteger}
                   ^
Swift._Pointer.==:2:20: note: candidate would match if 'WindowScreen' conformed to '_Pointer'
public static func == (lhs: Self, rhs: Self) -> Bool}
                   ^
Swift._Pointer.==:2:31: note: candidate would match if 'WindowScreen' conformed to '_Pointer'
@inlinable public static func == <Other>(lhs: Self, rhs: Other) -> Bool where Other : _Pointer}
                              ^
Swift.Strideable.==:2:31: note: candidate would match if 'WindowScreen' conformed to 'Strideable'
@inlinable public static func == (x: Self, y: Self) -> Bool}
                              ^
Swift.StringProtocol.==:2:31: note: candidate would match if 'WindowScreen' conformed to 'StringProtocol'
@inlinable public static func == <RHS>(lhs: Self, rhs: RHS) -> Bool where RHS : StringProtocol}
                              ^
Swift.SIMD.==:2:20: note: candidate would match if 'WindowScreen' conformed to 'SIMD'
public static func == (a: Self, b: Self) -> Bool}
                   ^
CoreFoundation._CFObject.==:2:20: note: candidate would match if 'WindowScreen' conformed to '_CFObject'
public static func == (left: Self, right: Self) -> Bool}
                   ^
/Users/admin/builder/spi-builder-workspace/Sources/WindowKit/Screens/WindowScreen.swift:4:15: note: add stubs for conformance
public struct WindowScreen: Equatable, Hashable, Sendable, Codable {
              ^
Swift.Equatable.==:2:13: note: protocol requires function '==' with type '(WindowScreen, WindowScreen) -> Bool'
static func == (lhs: Self, rhs: Self) -> Bool}
            ^
/Users/admin/builder/spi-builder-workspace/Sources/WindowKit/Screens/WindowScreenTarget.swift:12:26: error: cannot find type 'CGDirectDisplayID' in scope
  case displayIdentifier(CGDirectDisplayID)
                         ^~~~~~~~~~~~~~~~~
/Users/admin/builder/spi-builder-workspace/Sources/WindowKit/Screens/WindowScreenTarget.swift:4:13: error: type 'WindowScreenTarget' does not conform to protocol 'Hashable'
public enum WindowScreenTarget: Equatable, Hashable, Sendable, Codable {
            ^
/Users/admin/builder/spi-builder-workspace/Sources/WindowKit/Screens/WindowScreenTarget.swift:12:26: note: associated value type '<<error type>>' does not conform to protocol 'Hashable', preventing synthesized conformance of 'WindowScreenTarget' to 'Hashable'
  case displayIdentifier(CGDirectDisplayID)
                         ^
/Users/admin/builder/spi-builder-workspace/Sources/WindowKit/Screens/WindowScreenTarget.swift:4:13: error: type 'WindowScreenTarget' does not conform to protocol 'Decodable'
public enum WindowScreenTarget: Equatable, Hashable, Sendable, Codable {
            ^
Swift.Decodable.init:2:1: note: protocol requires initializer 'init(from:)' with type 'Decodable'
init(from decoder: any Decoder) throws}
^
WindowKit.WindowScreenTarget.displayIdentifier._:2:1: note: cannot automatically synthesize 'Decodable' because 'CGDirectDisplayID' does not conform to 'Decodable'
_: CGDirectDisplayID}
^
/Users/admin/builder/spi-builder-workspace/Sources/WindowKit/Screens/WindowScreenTarget.swift:4:13: error: type 'WindowScreenTarget' does not conform to protocol 'Encodable'
public enum WindowScreenTarget: Equatable, Hashable, Sendable, Codable {
            ^
Swift.Encodable.encode:2:6: note: protocol requires function 'encode(to:)' with type 'Encodable'
func encode(to encoder: any Encoder) throws}
     ^
WindowKit.WindowScreenTarget.displayIdentifier._:2:1: note: cannot automatically synthesize 'Encodable' because 'CGDirectDisplayID' does not conform to 'Encodable'
_: CGDirectDisplayID}
^
/Users/admin/builder/spi-builder-workspace/Sources/WindowKit/Screens/WindowScreenTarget.swift:4:13: error: type 'WindowScreenTarget' does not conform to protocol 'Equatable'
public enum WindowScreenTarget: Equatable, Hashable, Sendable, Codable {
            ^
/Users/admin/builder/spi-builder-workspace/Sources/WindowKit/Screens/WindowScreenTarget.swift:12:26: note: associated value type '<<error type>>' does not conform to protocol 'Equatable', preventing synthesized conformance of 'WindowScreenTarget' to 'Equatable'
  case displayIdentifier(CGDirectDisplayID)
                         ^
Swift.==:1:24: note: candidate would match if 'WindowScreenTarget' conformed to 'RawRepresentable'
@inlinable public func == <T>(lhs: T, rhs: T) -> Bool where T : RawRepresentable, T.RawValue : Equatable
                       ^
Swift.FloatingPoint.==:2:20: note: candidate would match if 'WindowScreenTarget' conformed to 'FloatingPoint'
public static func == (lhs: Self, rhs: Self) -> Bool}
                   ^
Swift.BinaryInteger.==:2:20: note: candidate would match if 'WindowScreenTarget' conformed to 'BinaryInteger'
public static func == <Other>(lhs: Self, rhs: Other) -> Bool where Other : BinaryInteger}
                   ^
Swift._Pointer.==:2:20: note: candidate would match if 'WindowScreenTarget' conformed to '_Pointer'
public static func == (lhs: Self, rhs: Self) -> Bool}
                   ^
Swift._Pointer.==:2:31: note: candidate would match if 'WindowScreenTarget' conformed to '_Pointer'
@inlinable public static func == <Other>(lhs: Self, rhs: Other) -> Bool where Other : _Pointer}
                              ^
Swift.Strideable.==:2:31: note: candidate would match if 'WindowScreenTarget' conformed to 'Strideable'
@inlinable public static func == (x: Self, y: Self) -> Bool}
                              ^
Swift.StringProtocol.==:2:31: note: candidate would match if 'WindowScreenTarget' conformed to 'StringProtocol'
@inlinable public static func == <RHS>(lhs: Self, rhs: RHS) -> Bool where RHS : StringProtocol}
                              ^
Swift.SIMD.==:2:20: note: candidate would match if 'WindowScreenTarget' conformed to 'SIMD'
public static func == (a: Self, b: Self) -> Bool}
                   ^
CoreFoundation._CFObject.==:2:20: note: candidate would match if 'WindowScreenTarget' conformed to '_CFObject'
public static func == (left: Self, right: Self) -> Bool}
                   ^
/Users/admin/builder/spi-builder-workspace/Sources/WindowKit/Screens/WindowScreenTarget.swift:4:13: note: add stubs for conformance
public enum WindowScreenTarget: Equatable, Hashable, Sendable, Codable {
            ^
Swift.Equatable.==:2:13: note: protocol requires function '==' with type '(WindowScreenTarget, WindowScreenTarget) -> Bool'
static func == (lhs: Self, rhs: Self) -> Bool}
            ^
/Users/admin/builder/spi-builder-workspace/Sources/WindowKit/Snapshots/WindowSnapshot.swift:4:15: error: type 'WindowSnapshot' does not conform to protocol 'Decodable'
public struct WindowSnapshot: Equatable, Hashable, Sendable, Codable {
              ^
Swift.Decodable.init:2:1: note: protocol requires initializer 'init(from:)' with type 'Decodable'
init(from decoder: any Decoder) throws}
^
/Users/admin/builder/spi-builder-workspace/Sources/WindowKit/Snapshots/WindowSnapshot.swift:8:14: note: cannot automatically synthesize 'Decodable' because 'CGWindowID' does not conform to 'Decodable'
  public let windowIdentifier: CGWindowID
             ^
/Users/admin/builder/spi-builder-workspace/Sources/WindowKit/Snapshots/WindowSnapshot.swift:22:23: error: cannot find type 'CGWindowID' in scope
    windowIdentifier: CGWindowID,
                      ^~~~~~~~~~
/Users/admin/builder/spi-builder-workspace/Sources/WindowKit/Snapshots/WindowSnapshot.swift:4:15: error: type 'WindowSnapshot' does not conform to protocol 'Hashable'
public struct WindowSnapshot: Equatable, Hashable, Sendable, Codable {
              ^
/Users/admin/builder/spi-builder-workspace/Sources/WindowKit/Snapshots/WindowSnapshot.swift:8:14: note: stored property type '<<error type>>' does not conform to protocol 'Hashable', preventing synthesized conformance of 'WindowSnapshot' to 'Hashable'
  public let windowIdentifier: CGWindowID
             ^
/Users/admin/builder/spi-builder-workspace/Sources/WindowKit/Snapshots/WindowSnapshot.swift:4:15: error: type 'WindowSnapshot' does not conform to protocol 'Encodable'
public struct WindowSnapshot: Equatable, Hashable, Sendable, Codable {
              ^
Swift.Encodable.encode:2:6: note: protocol requires function 'encode(to:)' with type 'Encodable'
func encode(to encoder: any Encoder) throws}
     ^
/Users/admin/builder/spi-builder-workspace/Sources/WindowKit/Snapshots/WindowSnapshot.swift:8:14: note: cannot automatically synthesize 'Encodable' because 'CGWindowID' does not conform to 'Encodable'
  public let windowIdentifier: CGWindowID
             ^
/Users/admin/builder/spi-builder-workspace/Sources/WindowKit/Snapshots/WindowSnapshot.swift:4:15: error: type 'WindowSnapshot' does not conform to protocol 'Equatable'
public struct WindowSnapshot: Equatable, Hashable, Sendable, Codable {
              ^
/Users/admin/builder/spi-builder-workspace/Sources/WindowKit/Snapshots/WindowSnapshot.swift:8:14: note: stored property type '<<error type>>' does not conform to protocol 'Equatable', preventing synthesized conformance of 'WindowSnapshot' to 'Equatable'
  public let windowIdentifier: CGWindowID
             ^
Swift.==:1:24: note: candidate would match if 'WindowSnapshot' conformed to 'RawRepresentable'
@inlinable public func == <T>(lhs: T, rhs: T) -> Bool where T : RawRepresentable, T.RawValue : Equatable
                       ^
Swift.FloatingPoint.==:2:20: note: candidate would match if 'WindowSnapshot' conformed to 'FloatingPoint'
public static func == (lhs: Self, rhs: Self) -> Bool}
                   ^
Swift.BinaryInteger.==:2:20: note: candidate would match if 'WindowSnapshot' conformed to 'BinaryInteger'
public static func == <Other>(lhs: Self, rhs: Other) -> Bool where Other : BinaryInteger}
                   ^
Swift._Pointer.==:2:20: note: candidate would match if 'WindowSnapshot' conformed to '_Pointer'
public static func == (lhs: Self, rhs: Self) -> Bool}
                   ^
Swift._Pointer.==:2:31: note: candidate would match if 'WindowSnapshot' conformed to '_Pointer'
@inlinable public static func == <Other>(lhs: Self, rhs: Other) -> Bool where Other : _Pointer}
                              ^
Swift.Strideable.==:2:31: note: candidate would match if 'WindowSnapshot' conformed to 'Strideable'
@inlinable public static func == (x: Self, y: Self) -> Bool}
                              ^
Swift.StringProtocol.==:2:31: note: candidate would match if 'WindowSnapshot' conformed to 'StringProtocol'
@inlinable public static func == <RHS>(lhs: Self, rhs: RHS) -> Bool where RHS : StringProtocol}
                              ^
Swift.SIMD.==:2:20: note: candidate would match if 'WindowSnapshot' conformed to 'SIMD'
public static func == (a: Self, b: Self) -> Bool}
                   ^
CoreFoundation._CFObject.==:2:20: note: candidate would match if 'WindowSnapshot' conformed to '_CFObject'
public static func == (left: Self, right: Self) -> Bool}
                   ^
/Users/admin/builder/spi-builder-workspace/Sources/WindowKit/Snapshots/WindowSnapshot.swift:4:15: note: add stubs for conformance
public struct WindowSnapshot: Equatable, Hashable, Sendable, Codable {
              ^
Swift.Equatable.==:2:13: note: protocol requires function '==' with type '(WindowSnapshot, WindowSnapshot) -> Bool'
static func == (lhs: Self, rhs: Self) -> Bool}
            ^
/Users/admin/builder/spi-builder-workspace/Sources/WindowKit/Snapshots/WindowSnapshotFilter.swift:16:45: error: cannot find type 'CGWindowID' in scope
  public let includedWindowIdentifiers: Set<CGWindowID>
                                            ^~~~~~~~~~
/Users/admin/builder/spi-builder-workspace/Sources/WindowKit/Snapshots/WindowSnapshotFilter.swift:22:45: error: cannot find type 'CGWindowID' in scope
  public let excludedWindowIdentifiers: Set<CGWindowID>
                                            ^~~~~~~~~~
/Users/admin/builder/spi-builder-workspace/Sources/WindowKit/Snapshots/WindowSnapshotFilter.swift:4:15: error: type 'WindowSnapshotFilter' does not conform to protocol 'Decodable'
public struct WindowSnapshotFilter: Equatable, Hashable, Sendable, Codable {
              ^
Swift.Decodable.init:2:1: note: protocol requires initializer 'init(from:)' with type 'Decodable'
init(from decoder: any Decoder) throws}
^
/Users/admin/builder/spi-builder-workspace/Sources/WindowKit/Snapshots/WindowSnapshotFilter.swift:16:14: note: cannot automatically synthesize 'Decodable' because 'Set<CGWindowID>' does not conform to 'Decodable'
  public let includedWindowIdentifiers: Set<CGWindowID>
             ^
/Users/admin/builder/spi-builder-workspace/Sources/WindowKit/Snapshots/WindowSnapshotFilter.swift:22:14: note: cannot automatically synthesize 'Decodable' because 'Set<CGWindowID>' does not conform to 'Decodable'
  public let excludedWindowIdentifiers: Set<CGWindowID>
             ^
/Users/admin/builder/spi-builder-workspace/Sources/WindowKit/Snapshots/WindowSnapshotFilter.swift:27:36: error: cannot find type 'CGWindowID' in scope
    includedWindowIdentifiers: Set<CGWindowID> = [],
                                   ^~~~~~~~~~
/Users/admin/builder/spi-builder-workspace/Sources/WindowKit/Snapshots/WindowSnapshotFilter.swift:30:36: error: cannot find type 'CGWindowID' in scope
    excludedWindowIdentifiers: Set<CGWindowID> = []
                                   ^~~~~~~~~~
/Users/admin/builder/spi-builder-workspace/Sources/WindowKit/Snapshots/WindowSnapshotFilter.swift:4:15: error: type 'WindowSnapshotFilter' does not conform to protocol 'Hashable'
public struct WindowSnapshotFilter: Equatable, Hashable, Sendable, Codable {
              ^
/Users/admin/builder/spi-builder-workspace/Sources/WindowKit/Snapshots/WindowSnapshotFilter.swift:16:14: note: stored property type '<<error type>>' does not conform to protocol 'Hashable', preventing synthesized conformance of 'WindowSnapshotFilter' to 'Hashable'
  public let includedWindowIdentifiers: Set<CGWindowID>
             ^
/Users/admin/builder/spi-builder-workspace/Sources/WindowKit/Snapshots/WindowSnapshotFilter.swift:22:14: note: stored property type '<<error type>>' does not conform to protocol 'Hashable', preventing synthesized conformance of 'WindowSnapshotFilter' to 'Hashable'
  public let excludedWindowIdentifiers: Set<CGWindowID>
             ^
/Users/admin/builder/spi-builder-workspace/Sources/WindowKit/Snapshots/WindowSnapshotFilter.swift:4:15: error: type 'WindowSnapshotFilter' does not conform to protocol 'Encodable'
public struct WindowSnapshotFilter: Equatable, Hashable, Sendable, Codable {
              ^
Swift.Encodable.encode:2:6: note: protocol requires function 'encode(to:)' with type 'Encodable'
func encode(to encoder: any Encoder) throws}
     ^
/Users/admin/builder/spi-builder-workspace/Sources/WindowKit/Snapshots/WindowSnapshotFilter.swift:16:14: note: cannot automatically synthesize 'Encodable' because 'Set<CGWindowID>' does not conform to 'Encodable'
  public let includedWindowIdentifiers: Set<CGWindowID>
             ^
/Users/admin/builder/spi-builder-workspace/Sources/WindowKit/Snapshots/WindowSnapshotFilter.swift:22:14: note: cannot automatically synthesize 'Encodable' because 'Set<CGWindowID>' does not conform to 'Encodable'
  public let excludedWindowIdentifiers: Set<CGWindowID>
             ^
/Users/admin/builder/spi-builder-workspace/Sources/WindowKit/Snapshots/WindowSnapshotFilter.swift:4:15: error: type 'WindowSnapshotFilter' does not conform to protocol 'Equatable'
public struct WindowSnapshotFilter: Equatable, Hashable, Sendable, Codable {
              ^
/Users/admin/builder/spi-builder-workspace/Sources/WindowKit/Snapshots/WindowSnapshotFilter.swift:16:14: note: stored property type '<<error type>>' does not conform to protocol 'Equatable', preventing synthesized conformance of 'WindowSnapshotFilter' to 'Equatable'
  public let includedWindowIdentifiers: Set<CGWindowID>
             ^
/Users/admin/builder/spi-builder-workspace/Sources/WindowKit/Snapshots/WindowSnapshotFilter.swift:22:14: note: stored property type '<<error type>>' does not conform to protocol 'Equatable', preventing synthesized conformance of 'WindowSnapshotFilter' to 'Equatable'
  public let excludedWindowIdentifiers: Set<CGWindowID>
             ^
Swift.==:1:24: note: candidate would match if 'WindowSnapshotFilter' conformed to 'RawRepresentable'
@inlinable public func == <T>(lhs: T, rhs: T) -> Bool where T : RawRepresentable, T.RawValue : Equatable
                       ^
Swift.FloatingPoint.==:2:20: note: candidate would match if 'WindowSnapshotFilter' conformed to 'FloatingPoint'
public static func == (lhs: Self, rhs: Self) -> Bool}
                   ^
Swift.BinaryInteger.==:2:20: note: candidate would match if 'WindowSnapshotFilter' conformed to 'BinaryInteger'
public static func == <Other>(lhs: Self, rhs: Other) -> Bool where Other : BinaryInteger}
                   ^
Swift._Pointer.==:2:20: note: candidate would match if 'WindowSnapshotFilter' conformed to '_Pointer'
public static func == (lhs: Self, rhs: Self) -> Bool}
                   ^
Swift._Pointer.==:2:31: note: candidate would match if 'WindowSnapshotFilter' conformed to '_Pointer'
@inlinable public static func == <Other>(lhs: Self, rhs: Other) -> Bool where Other : _Pointer}
                              ^
Swift.Strideable.==:2:31: note: candidate would match if 'WindowSnapshotFilter' conformed to 'Strideable'
@inlinable public static func == (x: Self, y: Self) -> Bool}
                              ^
Swift.StringProtocol.==:2:31: note: candidate would match if 'WindowSnapshotFilter' conformed to 'StringProtocol'
@inlinable public static func == <RHS>(lhs: Self, rhs: RHS) -> Bool where RHS : StringProtocol}
                              ^
Swift.SIMD.==:2:20: note: candidate would match if 'WindowSnapshotFilter' conformed to 'SIMD'
public static func == (a: Self, b: Self) -> Bool}
                   ^
CoreFoundation._CFObject.==:2:20: note: candidate would match if 'WindowSnapshotFilter' conformed to '_CFObject'
public static func == (left: Self, right: Self) -> Bool}
                   ^
/Users/admin/builder/spi-builder-workspace/Sources/WindowKit/Snapshots/WindowSnapshotFilter.swift:4:15: note: add stubs for conformance
public struct WindowSnapshotFilter: Equatable, Hashable, Sendable, Codable {
              ^
Swift.Equatable.==:2:13: note: protocol requires function '==' with type '(WindowSnapshotFilter, WindowSnapshotFilter) -> Bool'
static func == (lhs: Self, rhs: Self) -> Bool}
            ^
/Users/admin/builder/spi-builder-workspace/Sources/WindowKit/Snapshots/WindowSnapshotResolving.swift:6:39: error: cannot find type 'CGWindowID' in scope
  func snapshot(for windowIdentifier: CGWindowID) throws -> WindowSnapshot?
                                      ^~~~~~~~~~
Failed frontend command:
/Applications/Xcode-26.3.0.app/Contents/Developer/Toolchains/XcodeDefault.xctoolchain/usr/bin/swift-frontend -frontend -emit-module -experimental-skip-non-inlinable-function-bodies-without-types /Users/admin/builder/spi-builder-workspace/Sources/WindowKit/Control/WindowCommandControlling.swift /Users/admin/builder/spi-builder-workspace/Sources/WindowKit/Control/WindowControlling.swift /Users/admin/builder/spi-builder-workspace/Sources/WindowKit/Control/WindowFrameControlling.swift /Users/admin/builder/spi-builder-workspace/Sources/WindowKit/Control/WindowFrameProviding.swift /Users/admin/builder/spi-builder-workspace/Sources/WindowKit/Control/WindowState.swift /Users/admin/builder/spi-builder-workspace/Sources/WindowKit/Control/WindowStateProviding.swift /Users/admin/builder/spi-builder-workspace/Sources/WindowKit/Control/WindowTarget.swift /Users/admin/builder/spi-builder-workspace/Sources/WindowKit/Geometry/CGRect+FiniteStandardized.swift /Users/admin/builder/spi-builder-workspace/Sources/WindowKit/HitTesting/WindowHitTestMissReason.swift /Users/admin/builder/spi-builder-workspace/Sources/WindowKit/HitTesting/WindowHitTestResult.swift /Users/admin/builder/spi-builder-workspace/Sources/WindowKit/HitTesting/WindowHitTesting.swift /Users/admin/builder/spi-builder-workspace/Sources/WindowKit/Placement/WindowPlacement.swift /Users/admin/builder/spi-builder-workspace/Sources/WindowKit/Placement/WindowPlacementCalculator.swift /Users/admin/builder/spi-builder-workspace/Sources/WindowKit/Screens/WindowScreen.swift /Users/admin/builder/spi-builder-workspace/Sources/WindowKit/Screens/WindowScreenArea.swift /Users/admin/builder/spi-builder-workspace/Sources/WindowKit/Screens/WindowScreenCycleDirection.swift /Users/admin/builder/spi-builder-workspace/Sources/WindowKit/Screens/WindowScreenFallback.swift /Users/admin/builder/spi-builder-workspace/Sources/WindowKit/Screens/WindowScreenMovement.swift /Users/admin/builder/spi-builder-workspace/Sources/WindowKit/Screens/WindowScreenProviding.swift /Users/admin/builder/spi-builder-workspace/Sources/WindowKit/Screens/WindowScreenSelector.swift /Users/admin/builder/spi-builder-workspace/Sources/WindowKit/Screens/WindowScreenTarget.swift /Users/admin/builder/spi-builder-workspace/Sources/WindowKit/Snapshots/WindowSnapshot.swift /Users/admin/builder/spi-builder-workspace/Sources/WindowKit/Snapshots/WindowSnapshotFilter.swift /Users/admin/builder/spi-builder-workspace/Sources/WindowKit/Snapshots/WindowSnapshotProviding.swift /Users/admin/builder/spi-builder-workspace/Sources/WindowKit/Snapshots/WindowSnapshotResolving.swift -target arm64_32-apple-watchos5.0 -load-resolved-plugin /Applications/Xcode-26.3.0.app/Contents/Developer/Platforms/WatchOS.platform/Developer/usr/lib/swift/host/plugins/libFoundationMacros.dylib\#/Applications/Xcode-26.3.0.app/Contents/Developer/Platforms/WatchOS.platform/Developer/usr/bin/swift-plugin-server\#FoundationMacros -load-resolved-plugin /Applications/Xcode-26.3.0.app/Contents/Developer/Platforms/WatchOS.platform/Developer/usr/lib/swift/host/plugins/libObservationMacros.dylib\#/Applications/Xcode-26.3.0.app/Contents/Developer/Platforms/WatchOS.platform/Developer/usr/bin/swift-plugin-server\#ObservationMacros -load-resolved-plugin /Applications/Xcode-26.3.0.app/Contents/Developer/Platforms/WatchOS.platform/Developer/usr/lib/swift/host/plugins/libSwiftMacros.dylib\#/Applications/Xcode-26.3.0.app/Contents/Developer/Platforms/WatchOS.platform/Developer/usr/bin/swift-plugin-server\#SwiftMacros -disable-implicit-swift-modules -Xcc -fno-implicit-modules -Xcc -fno-implicit-module-maps -explicit-swift-module-map-file /Users/admin/builder/spi-builder-workspace/.derivedData/Build/Intermediates.noindex/WindowKit.build/Debug-watchos/WindowKit.build/Objects-normal/arm64_32/WindowKit-dependencies-1.json -enable-objc-interop -sdk /Applications/Xcode-26.3.0.app/Contents/Developer/Platforms/WatchOS.platform/Developer/SDKs/WatchOS26.2.sdk -I /Users/admin/builder/spi-builder-workspace/.derivedData/Build/Products/Debug-watchos -Isystem /Applications/Xcode-26.3.0.app/Contents/Developer/Platforms/WatchOS.platform/Developer/usr/lib -F /Users/admin/builder/spi-builder-workspace/.derivedData/Build/Products/Debug-watchos -F /Applications/Xcode-26.3.0.app/Contents/Developer/Platforms/WatchOS.platform/Developer/Library/Frameworks -F /Applications/Xcode-26.3.0.app/Contents/Developer/Platforms/WatchOS.platform/Developer/SDKs/WatchOS26.2.sdk/Developer/Library/Frameworks -no-color-diagnostics -Xcc -fno-color-diagnostics -enable-testing -g -debug-info-format\=dwarf -dwarf-version\=4 -module-cache-path /Users/admin/builder/spi-builder-workspace/.derivedData/Build/Intermediates.noindex/SwiftExplicitPrecompiledModules -profile-generate -profile-coverage-mapping -swift-version 6 -enforce-exclusivity\=checked -Onone -D SWIFT_PACKAGE -D DEBUG -D SWIFT_MODULE_RESOURCE_BUNDLE_UNAVAILABLE -D Xcode -serialize-debugging-options -const-gather-protocols-file /Users/admin/builder/spi-builder-workspace/.derivedData/Build/Intermediates.noindex/WindowKit.build/Debug-watchos/WindowKit.build/Objects-normal/arm64_32/WindowKit_const_extract_protocols.json -enable-experimental-feature DebugDescriptionMacro -empty-abi-descriptor -validate-clang-modules-once -clang-build-session-file /Users/admin/builder/spi-builder-workspace/.derivedData/ModuleCache.noindex/Session.modulevalidation -Xcc -working-directory -Xcc /Users/admin/builder/spi-builder-workspace/.swiftpm/xcode -enable-anonymous-context-mangled-names -file-compilation-dir /Users/admin/builder/spi-builder-workspace/.swiftpm/xcode -Xcc -D_LIBCPP_HARDENING_MODE\=_LIBCPP_HARDENING_MODE_DEBUG -Xcc -ivfsstatcache -Xcc /Users/admin/builder/spi-builder-workspace/.derivedData/SDKStatCaches.noindex/watchos26.2-23S303-dc75598d0054f22ec865fa860f139d721753b489057de6bda919edfa1c59a62b.sdkstatcache -Xcc -I/Users/admin/builder/spi-builder-workspace/.derivedData/Build/Intermediates.noindex/WindowKit.build/Debug-watchos/WindowKit.build/swift-overrides.hmap -Xcc -I/Users/admin/builder/spi-builder-workspace/.derivedData/Build/Products/Debug-watchos/include -Xcc -I/Users/admin/builder/spi-builder-workspace/.derivedData/Build/Intermediates.noindex/WindowKit.build/Debug-watchos/WindowKit.build/DerivedSources-normal/arm64_32 -Xcc -I/Users/admin/builder/spi-builder-workspace/.derivedData/Build/Intermediates.noindex/WindowKit.build/Debug-watchos/WindowKit.build/DerivedSources/arm64_32 -Xcc -I/Users/admin/builder/spi-builder-workspace/.derivedData/Build/Intermediates.noindex/WindowKit.build/Debug-watchos/WindowKit.build/DerivedSources -Xcc -DSWIFT_PACKAGE -Xcc -DDEBUG\=1 -no-auto-bridging-header-chaining -module-name WindowKit -package-name spi_builder_workspace -frontend-parseable-output -disable-clang-spi -target-sdk-version 26.2 -target-sdk-name watchos26.2 -clang-target arm64_32-apple-watchos26.2 -in-process-plugin-server-path /Applications/Xcode-26.3.0.app/Contents/Developer/Toolchains/XcodeDefault.xctoolchain/usr/lib/swift/host/libSwiftInProcPluginServer.dylib -emit-module-doc-path /Users/admin/builder/spi-builder-workspace/.derivedData/Build/Intermediates.noindex/WindowKit.build/Debug-watchos/WindowKit.build/Objects-normal/arm64_32/WindowKit.swiftdoc -emit-module-source-info-path /Users/admin/builder/spi-builder-workspace/.derivedData/Build/Intermediates.noindex/WindowKit.build/Debug-watchos/WindowKit.build/Objects-normal/arm64_32/WindowKit.swiftsourceinfo -emit-objc-header-path /Users/admin/builder/spi-builder-workspace/.derivedData/Build/Intermediates.noindex/WindowKit.build/Debug-watchos/WindowKit.build/Objects-normal/arm64_32/WindowKit-Swift.h -serialize-diagnostics-path /Users/admin/builder/spi-builder-workspace/.derivedData/Build/Intermediates.noindex/WindowKit.build/Debug-watchos/WindowKit.build/Objects-normal/arm64_32/WindowKit-primary-emit-module.dia -emit-dependencies-path /Users/admin/builder/spi-builder-workspace/.derivedData/Build/Intermediates.noindex/WindowKit.build/Debug-watchos/WindowKit.build/Objects-normal/arm64_32/WindowKit-primary-emit-module.d -o /Users/admin/builder/spi-builder-workspace/.derivedData/Build/Intermediates.noindex/WindowKit.build/Debug-watchos/WindowKit.build/Objects-normal/arm64_32/WindowKit.swiftmodule -emit-abi-descriptor-path /Users/admin/builder/spi-builder-workspace/.derivedData/Build/Intermediates.noindex/WindowKit.build/Debug-watchos/WindowKit.build/Objects-normal/arm64_32/WindowKit.abi.json
SwiftCompile normal arm64_32 Compiling\ WindowHitTestResult.swift,\ WindowHitTesting.swift,\ WindowPlacement.swift /Users/admin/builder/spi-builder-workspace/Sources/WindowKit/HitTesting/WindowHitTestResult.swift /Users/admin/builder/spi-builder-workspace/Sources/WindowKit/HitTesting/WindowHitTesting.swift /Users/admin/builder/spi-builder-workspace/Sources/WindowKit/Placement/WindowPlacement.swift (in target 'WindowKit' from project 'WindowKit')
SwiftCompile normal arm64_32 /Users/admin/builder/spi-builder-workspace/Sources/WindowKit/HitTesting/WindowHitTestResult.swift (in target 'WindowKit' from project 'WindowKit')
    cd /Users/admin/builder/spi-builder-workspace/.swiftpm/xcode

SwiftCompile normal arm64_32 /Users/admin/builder/spi-builder-workspace/Sources/WindowKit/HitTesting/WindowHitTesting.swift (in target 'WindowKit' from project 'WindowKit')
    cd /Users/admin/builder/spi-builder-workspace/.swiftpm/xcode

SwiftCompile normal arm64_32 /Users/admin/builder/spi-builder-workspace/Sources/WindowKit/Placement/WindowPlacement.swift (in target 'WindowKit' from project 'WindowKit')
    cd /Users/admin/builder/spi-builder-workspace/.swiftpm/xcode

SwiftCompile normal arm64_32 Compiling\ WindowTarget.swift,\ CGRect+FiniteStandardized.swift,\ WindowHitTestMissReason.swift /Users/admin/builder/spi-builder-workspace/Sources/WindowKit/Control/WindowTarget.swift /Users/admin/builder/spi-builder-workspace/Sources/WindowKit/Geometry/CGRect+FiniteStandardized.swift /Users/admin/builder/spi-builder-workspace/Sources/WindowKit/HitTesting/WindowHitTestMissReason.swift (in target 'WindowKit' from project 'WindowKit')
SwiftCompile normal arm64_32 /Users/admin/builder/spi-builder-workspace/Sources/WindowKit/Control/WindowTarget.swift (in target 'WindowKit' from project 'WindowKit')
    cd /Users/admin/builder/spi-builder-workspace/.swiftpm/xcode

SwiftCompile normal arm64_32 /Users/admin/builder/spi-builder-workspace/Sources/WindowKit/Geometry/CGRect+FiniteStandardized.swift (in target 'WindowKit' from project 'WindowKit')
    cd /Users/admin/builder/spi-builder-workspace/.swiftpm/xcode

SwiftCompile normal arm64_32 /Users/admin/builder/spi-builder-workspace/Sources/WindowKit/HitTesting/WindowHitTestMissReason.swift (in target 'WindowKit' from project 'WindowKit')
    cd /Users/admin/builder/spi-builder-workspace/.swiftpm/xcode

SwiftCompile normal arm64_32 Compiling\ WindowScreenCycleDirection.swift,\ WindowScreenFallback.swift /Users/admin/builder/spi-builder-workspace/Sources/WindowKit/Screens/WindowScreenCycleDirection.swift /Users/admin/builder/spi-builder-workspace/Sources/WindowKit/Screens/WindowScreenFallback.swift (in target 'WindowKit' from project 'WindowKit')
SwiftCompile normal arm64_32 /Users/admin/builder/spi-builder-workspace/Sources/WindowKit/Screens/WindowScreenCycleDirection.swift (in target 'WindowKit' from project 'WindowKit')
    cd /Users/admin/builder/spi-builder-workspace/.swiftpm/xcode

SwiftCompile normal arm64_32 /Users/admin/builder/spi-builder-workspace/Sources/WindowKit/Screens/WindowScreenFallback.swift (in target 'WindowKit' from project 'WindowKit')
    cd /Users/admin/builder/spi-builder-workspace/.swiftpm/xcode

SwiftCompile normal arm64_32 Compiling\ WindowScreenSelector.swift,\ WindowScreenTarget.swift /Users/admin/builder/spi-builder-workspace/Sources/WindowKit/Screens/WindowScreenSelector.swift /Users/admin/builder/spi-builder-workspace/Sources/WindowKit/Screens/WindowScreenTarget.swift (in target 'WindowKit' from project 'WindowKit')
SwiftCompile normal arm64_32 /Users/admin/builder/spi-builder-workspace/Sources/WindowKit/Screens/WindowScreenSelector.swift (in target 'WindowKit' from project 'WindowKit')
    cd /Users/admin/builder/spi-builder-workspace/.swiftpm/xcode

SwiftCompile normal arm64_32 /Users/admin/builder/spi-builder-workspace/Sources/WindowKit/Screens/WindowScreenTarget.swift (in target 'WindowKit' from project 'WindowKit')
    cd /Users/admin/builder/spi-builder-workspace/.swiftpm/xcode

SwiftCompile normal arm64_32 Compiling\ WindowScreenMovement.swift,\ WindowScreenProviding.swift /Users/admin/builder/spi-builder-workspace/Sources/WindowKit/Screens/WindowScreenMovement.swift /Users/admin/builder/spi-builder-workspace/Sources/WindowKit/Screens/WindowScreenProviding.swift (in target 'WindowKit' from project 'WindowKit')
SwiftCompile normal arm64_32 /Users/admin/builder/spi-builder-workspace/Sources/WindowKit/Screens/WindowScreenMovement.swift (in target 'WindowKit' from project 'WindowKit')
    cd /Users/admin/builder/spi-builder-workspace/.swiftpm/xcode

SwiftCompile normal arm64_32 /Users/admin/builder/spi-builder-workspace/Sources/WindowKit/Screens/WindowScreenProviding.swift (in target 'WindowKit' from project 'WindowKit')
    cd /Users/admin/builder/spi-builder-workspace/.swiftpm/xcode

SwiftCompile normal arm64_32 Compiling\ WindowSnapshotProviding.swift,\ WindowSnapshotResolving.swift /Users/admin/builder/spi-builder-workspace/Sources/WindowKit/Snapshots/WindowSnapshotProviding.swift /Users/admin/builder/spi-builder-workspace/Sources/WindowKit/Snapshots/WindowSnapshotResolving.swift (in target 'WindowKit' from project 'WindowKit')
SwiftCompile normal arm64_32 /Users/admin/builder/spi-builder-workspace/Sources/WindowKit/Snapshots/WindowSnapshotProviding.swift (in target 'WindowKit' from project 'WindowKit')
    cd /Users/admin/builder/spi-builder-workspace/.swiftpm/xcode

SwiftCompile normal arm64_32 /Users/admin/builder/spi-builder-workspace/Sources/WindowKit/Snapshots/WindowSnapshotResolving.swift (in target 'WindowKit' from project 'WindowKit')
    cd /Users/admin/builder/spi-builder-workspace/.swiftpm/xcode

SwiftCompile normal arm64_32 Compiling\ WindowFrameProviding.swift,\ WindowState.swift,\ WindowStateProviding.swift /Users/admin/builder/spi-builder-workspace/Sources/WindowKit/Control/WindowFrameProviding.swift /Users/admin/builder/spi-builder-workspace/Sources/WindowKit/Control/WindowState.swift /Users/admin/builder/spi-builder-workspace/Sources/WindowKit/Control/WindowStateProviding.swift (in target 'WindowKit' from project 'WindowKit')
SwiftCompile normal arm64_32 /Users/admin/builder/spi-builder-workspace/Sources/WindowKit/Control/WindowFrameProviding.swift (in target 'WindowKit' from project 'WindowKit')
    cd /Users/admin/builder/spi-builder-workspace/.swiftpm/xcode

SwiftCompile normal arm64_32 /Users/admin/builder/spi-builder-workspace/Sources/WindowKit/Control/WindowState.swift (in target 'WindowKit' from project 'WindowKit')
    cd /Users/admin/builder/spi-builder-workspace/.swiftpm/xcode

SwiftCompile normal arm64_32 /Users/admin/builder/spi-builder-workspace/Sources/WindowKit/Control/WindowStateProviding.swift (in target 'WindowKit' from project 'WindowKit')
    cd /Users/admin/builder/spi-builder-workspace/.swiftpm/xcode

SwiftCompile normal arm64_32 Compiling\ WindowSnapshot.swift,\ WindowSnapshotFilter.swift /Users/admin/builder/spi-builder-workspace/Sources/WindowKit/Snapshots/WindowSnapshot.swift /Users/admin/builder/spi-builder-workspace/Sources/WindowKit/Snapshots/WindowSnapshotFilter.swift (in target 'WindowKit' from project 'WindowKit')
SwiftCompile normal arm64_32 /Users/admin/builder/spi-builder-workspace/Sources/WindowKit/Snapshots/WindowSnapshot.swift (in target 'WindowKit' from project 'WindowKit')
    cd /Users/admin/builder/spi-builder-workspace/.swiftpm/xcode

SwiftCompile normal arm64_32 /Users/admin/builder/spi-builder-workspace/Sources/WindowKit/Snapshots/WindowSnapshotFilter.swift (in target 'WindowKit' from project 'WindowKit')
    cd /Users/admin/builder/spi-builder-workspace/.swiftpm/xcode

SwiftCompile normal arm64_32 Compiling\ WindowCommandControlling.swift,\ WindowControlling.swift,\ WindowFrameControlling.swift /Users/admin/builder/spi-builder-workspace/Sources/WindowKit/Control/WindowCommandControlling.swift /Users/admin/builder/spi-builder-workspace/Sources/WindowKit/Control/WindowControlling.swift /Users/admin/builder/spi-builder-workspace/Sources/WindowKit/Control/WindowFrameControlling.swift (in target 'WindowKit' from project 'WindowKit')
SwiftCompile normal arm64_32 /Users/admin/builder/spi-builder-workspace/Sources/WindowKit/Control/WindowCommandControlling.swift (in target 'WindowKit' from project 'WindowKit')
    cd /Users/admin/builder/spi-builder-workspace/.swiftpm/xcode

SwiftCompile normal arm64_32 /Users/admin/builder/spi-builder-workspace/Sources/WindowKit/Control/WindowControlling.swift (in target 'WindowKit' from project 'WindowKit')
    cd /Users/admin/builder/spi-builder-workspace/.swiftpm/xcode

SwiftCompile normal arm64_32 /Users/admin/builder/spi-builder-workspace/Sources/WindowKit/Control/WindowFrameControlling.swift (in target 'WindowKit' from project 'WindowKit')
    cd /Users/admin/builder/spi-builder-workspace/.swiftpm/xcode

SwiftEmitModule normal arm64 Emitting\ module\ for\ WindowKit (in target 'WindowKit' from project 'WindowKit')
2026-10-18 04:34:24.956 xcodebuild[782:4742] [MT] IDERunDestination: Supported platforms for the buildables in the current scheme is empty.
** BUILD FAILED **
The following build commands failed:
	EmitSwiftModule normal arm64_32 (in target 'WindowKit' from project 'WindowKit')
	SwiftEmitModule normal arm64_32 Emitting\ module\ for\ WindowKit (in target 'WindowKit' from project 'WindowKit')
	Building workspace spi-builder-workspace with scheme WindowKit-Package
(3 failures)
BUILD FAILURE 6.2 watchOS