The Swift Package Index logo.Swift Package Index

Build Information

Failed to build SwiftYFinance, reference 2.1.0 (08de10), with Swift 6.4 for Wasm on 21 Sep 2026 23:31:56 UTC.

Build Command

bash -c docker run --pull=always --rm -v "checkouts-53886770-0":/host -w "$PWD" -e JAVA_HOME="/root/.sdkman/candidates/java/current" -e SPI_BUILD="1" -e SPI_PROCESSING="1" registry.gitlab.com/saguaro1/spi-images:wasm-6.4-latest swift build --swift-sdk swift-6.4.x-DEVELOPMENT-SNAPSHOT-2026-09-04-a_wasm 2>&1

Build Log

========================================
RunAll
========================================
Builder version: 5.1.0
Interrupt handler set up.
========================================
Checkout
========================================
Clone URL: https://github.com/alexdremov/SwiftYFinance.git
Reference: 2.1.0
Initialized empty Git repository in /host/spi-builder-workspace/.git/
hint: Using 'master' as the name for the initial branch. This default branch name
hint: is subject to change. To configure the initial branch name to use in all
hint: of your new repositories, which will suppress this warning, call:
hint:
hint: 	git config --global init.defaultBranch <name>
hint:
hint: Names commonly chosen instead of 'master' are 'main', 'trunk' and
hint: 'development'. The just-created branch can be renamed via this command:
hint:
hint: 	git branch -m <name>
From https://github.com/alexdremov/SwiftYFinance
 * tag               2.1.0      -> FETCH_HEAD
HEAD is now at 08de109 Merge pull request #9 from mattrudin/feature/remove-alamofire
Cloned https://github.com/alexdremov/SwiftYFinance.git
Revision (git rev-parse @):
08de10916d40302d03c5220a03e8c083a221e613
SUCCESS checkout https://github.com/alexdremov/SwiftYFinance.git at 2.1.0
========================================
Build
========================================
Selected platform:         wasm
Swift version:             6.4
Building package at path:  $PWD
https://github.com/alexdremov/SwiftYFinance.git
Running build ...
bash -c docker run --pull=always --rm -v "checkouts-53886770-0":/host -w "$PWD" -e JAVA_HOME="/root/.sdkman/candidates/java/current" -e SPI_BUILD="1" -e SPI_PROCESSING="1" registry.gitlab.com/saguaro1/spi-images:wasm-6.4-latest swift build --swift-sdk swift-6.4.x-DEVELOPMENT-SNAPSHOT-2026-09-04-a_wasm 2>&1
wasm-6.4-latest: Pulling from saguaro1/spi-images
Digest: sha256:4328fdb43c680d205c1d6761b1e3267aa38277eefdda9ddfb17b6a0f1a77857a
Status: Image is up to date for registry.gitlab.com/saguaro1/spi-images:wasm-6.4-latest
Fetching https://github.com/SwiftyJSON/SwiftyJSON.git
[1/6303] Fetching swiftyjson
Fetched https://github.com/SwiftyJSON/SwiftyJSON.git (0.62s)
Computing version for https://github.com/SwiftyJSON/SwiftyJSON.git
Computed https://github.com/SwiftyJSON/SwiftyJSON.git at 4.3.0 (0.82s)
Creating working copy for https://github.com/SwiftyJSON/SwiftyJSON.git
Working copy of https://github.com/SwiftyJSON/SwiftyJSON.git resolved at 4.3.0
Building for debugging...
[Pre-planning 1 / 96]
[10 / 37] SwiftYFinance
[25 / 40] SwiftyJSON
error: SwiftCompile normal wasm32 failed with a nonzero exit code. Command line:     cd /host

[39 / 50] SwiftYFinance
/host/spi-builder-workspace/Sources/Processing/SwiftYFinance.swift:45:25: error: 'URLSession' is unavailable: This type has moved to the FoundationNetworking module. Import that module to use it.
 43 |      - Note: it is crucial as without httpShouldSetCookies parameter, sometimes, Yahoo sends invalid cookies that are saved. Then, all consequent requests corrupt.
 44 |      */
 45 |     static var session: URLSession = {
    |                         `- error: 'URLSession' is unavailable: This type has moved to the FoundationNetworking module. Import that module to use it.
 46 |         let configuration = URLSessionConfiguration.default
 47 |         configuration.httpShouldSetCookies = false
Foundation.URLSession:2:18: note: 'URLSession' has been explicitly marked unavailable here
1 | @available(*, unavailable, message: "This type has moved to the FoundationNetworking module. Import that module to use it.")
2 | public typealias URLSession = AnyObject
  |                  `- note: 'URLSession' has been explicitly marked unavailable here
/host/spi-builder-workspace/Sources/Processing/SwiftYFinance.swift:46:53: error: type 'URLSessionConfiguration' (aka 'AnyObject') has no member 'default'
 44 |      */
 45 |     static var session: URLSession = {
 46 |         let configuration = URLSessionConfiguration.default
    |                                                     `- error: type 'URLSessionConfiguration' (aka 'AnyObject') has no member 'default'
 47 |         configuration.httpShouldSetCookies = false
 48 |         configuration.requestCachePolicy = .reloadIgnoringCacheData
/host/spi-builder-workspace/Sources/Processing/SwiftYFinance.swift:125:91: error: cannot find type 'DispatchQueue' in scope
123 |      - callback: callback, two parameters will be passed
124 |      */
125 |     public class func fetchSearchDataBy(searchTerm: String, quotesCount: Int = 20, queue: DispatchQueue = .main, callback: @escaping ([YFQuoteSearchResult]?, Error?) -> Void) {
    |                                                                                           `- error: cannot find type 'DispatchQueue' in scope
126 |         /*
127 |          https://query1.finance.yahoo.com/v1/finance/search
/host/spi-builder-workspace/Sources/Processing/SwiftYFinance.swift:226:89: error: cannot find type 'DispatchQueue' in scope
224 |      The same as `SwiftYFinance.fetchSearchDataBy` except that it searches for news
225 |      */
226 |     public class func fetchSearchDataBy(searchNews: String, newsCount: Int = 20, queue: DispatchQueue = .main, callback: @escaping ([YFNewsSearchResult]?, Error?) -> Void) {
    |                                                                                         `- error: cannot find type 'DispatchQueue' in scope
227 |         /*
228 |          https://query1.finance.yahoo.com/v1/finance/search
/host/spi-builder-workspace/Sources/Processing/SwiftYFinance.swift:333:111: error: cannot find type 'DispatchQueue' in scope
331 |      - callback: callback, two parameters will be passed
332 |      */
333 |     public class func summaryDataBy(identifier: String, selection: QuoteSummarySelection = .supported, queue: DispatchQueue = .main, callback: @escaping (IdentifierSummary?, Error?) -> Void) {
    |                                                                                                               `- error: cannot find type 'DispatchQueue' in scope
334 |         summaryDataBy(identifier: identifier, selection: [selection], queue: queue, callback: callback)
335 |     }
/host/spi-builder-workspace/Sources/Processing/SwiftYFinance.swift:354:100: error: cannot find type 'DispatchQueue' in scope
352 |      - TODO: return not JSON but custom type
353 |      */
354 |     public class func summaryDataBy(identifier: String, selection: [QuoteSummarySelection], queue: DispatchQueue = .main, callback: @escaping (IdentifierSummary?, Error?) -> Void) {
    |                                                                                                    `- error: cannot find type 'DispatchQueue' in scope
355 |         if identifier.trimmingCharacters(in: .whitespacesAndNewlines) == "" {
356 |             callback(nil, YFinanceResponseError(message: "Empty identifier"))
/host/spi-builder-workspace/Sources/Processing/SwiftYFinance.swift:449:63: error: cannot find type 'DispatchQueue' in scope
447 |      - callback: callback, two parameters will be passed
448 |      */
449 |     public class func recentDataBy(identifier: String, queue: DispatchQueue = .main, callback: @escaping (RecentStockData?, Error?) -> Void) {
    |                                                               `- error: cannot find type 'DispatchQueue' in scope
450 |         if identifier.trimmingCharacters(in: .whitespacesAndNewlines) == ""{
451 |             callback(nil, YFinanceResponseError(message: "Empty identifier"))
/host/spi-builder-workspace/Sources/Processing/SwiftYFinance.swift:565:143: error: cannot find type 'DispatchQueue' in scope
563 |      - callback: callback, two parameters will be passed
564 |      */
565 |     public class func chartDataBy(identifier: String, start: Date = Date(), end: Date = Date(), interval: ChartTimeInterval = .oneday, queue: DispatchQueue = .main, callback: @escaping ([StockChartData]?, Error?) -> Void) {
    |                                                                                                                                               `- error: cannot find type 'DispatchQueue' in scope
566 |         if identifier.trimmingCharacters(in: .whitespacesAndNewlines) == "" {
567 |             callback(nil, YFinanceResponseError(message: "Empty identifier"))
/host/spi-builder-workspace/Sources/Processing/SwiftYFinance.swift:679:129: error: cannot find type 'DispatchQueue' in scope
677 |      - callback: callback, two parameters will be passed
678 |      */
679 |     public class func recentChartDataAtMoment(identifier: String, moment: Date = Date(), futureMargin: TimeInterval = 0, queue: DispatchQueue = .main, callback: @escaping (StockChartData?, Error?) -> Void) {
    |                                                                                                                                 `- error: cannot find type 'DispatchQueue' in scope
680 |         let momentWithMargin = Date(timeIntervalSince1970: moment.timeIntervalSince1970 + futureMargin)
681 |         self.chartDataBy(identifier: identifier, start: Date(timeIntervalSince1970: momentWithMargin.timeIntervalSince1970 - 7 * 24 * 60 * 60 + futureMargin), end: momentWithMargin, interval: .oneminute, queue: queue) {
Failed frontend command:
/usr/bin/swift-frontend -frontend -emit-module -experimental-skip-non-inlinable-function-bodies-without-types /host/spi-builder-workspace/Sources/DataTypes/CalendarEvents.swift /host/spi-builder-workspace/Sources/DataTypes/ChartTimeInterval.swift /host/spi-builder-workspace/Sources/DataTypes/IdentifierSummary.swift /host/spi-builder-workspace/Sources/DataTypes/IndexTrend.swift /host/spi-builder-workspace/Sources/DataTypes/Price.swift /host/spi-builder-workspace/Sources/DataTypes/QuoteSummarySelection.swift /host/spi-builder-workspace/Sources/DataTypes/QuoteType.swift /host/spi-builder-workspace/Sources/DataTypes/RecentStockData.swift /host/spi-builder-workspace/Sources/DataTypes/RecommendationTrend.swift /host/spi-builder-workspace/Sources/DataTypes/StockChartData.swift /host/spi-builder-workspace/Sources/DataTypes/SummaryDetail.swift /host/spi-builder-workspace/Sources/DataTypes/SummaryProfile.swift /host/spi-builder-workspace/Sources/DataTypes/YFNewsSearchResult.swift /host/spi-builder-workspace/Sources/DataTypes/YFQuoteSearchResult.swift /host/spi-builder-workspace/Sources/Exceptions/RequestError.swift /host/spi-builder-workspace/Sources/Exceptions/URLGenerationError.swift /host/spi-builder-workspace/Sources/Exceptions/YFinanceResponseError.swift /host/spi-builder-workspace/Sources/Processing/StringSearch.swift /host/spi-builder-workspace/Sources/Processing/SwiftYFinance.swift -target wasm32-unknown-wasip1 -disable-objc-interop -sdk /root/.swiftpm/swift-sdks/swift-6.4.x-DEVELOPMENT-SNAPSHOT-2026-09-04-a_wasm.artifactbundle/swift-6.4.x-DEVELOPMENT-SNAPSHOT-2026-09-04-a_wasm/wasm32-unknown-wasip1/WASI.sdk -sysroot /root/.swiftpm/swift-sdks/swift-6.4.x-DEVELOPMENT-SNAPSHOT-2026-09-04-a_wasm.artifactbundle/swift-6.4.x-DEVELOPMENT-SNAPSHOT-2026-09-04-a_wasm/wasm32-unknown-wasip1/WASI.sdk -I /host/spi-builder-workspace/.build/out/Products/Debug-webassembly-wasm32 -module-cache-path /host/spi-builder-workspace/.build/out/ModuleCache.noindex -color-diagnostics -Xcc -fcolor-diagnostics -enable-testing -g -debug-info-format\=dwarf -dwarf-version\=4 -swift-version 5 -Onone -D SWIFT_PACKAGE -D DEBUG -D SWIFT_MODULE_RESOURCE_BUNDLE_UNAVAILABLE -D Xcode -serialize-debugging-options -enable-experimental-feature DebugDescriptionMacro -empty-abi-descriptor -external-plugin-path /usr/lib/swift/host/plugins/testing\#/usr/bin/swift-plugin-server -validate-clang-modules-once -clang-build-session-file /host/spi-builder-workspace/.build/out/ModuleCache.noindex/Session.modulevalidation -Xcc -working-directory -Xcc /host -resource-dir /root/.swiftpm/swift-sdks/swift-6.4.x-DEVELOPMENT-SNAPSHOT-2026-09-04-a_wasm.artifactbundle/swift-6.4.x-DEVELOPMENT-SNAPSHOT-2026-09-04-a_wasm/wasm32-unknown-wasip1/swift.xctoolchain/usr/lib/swift_static -use-static-resource-dir -enable-anonymous-context-mangled-names -file-compilation-dir /host -Xcc -resource-dir -Xcc /root/.swiftpm/swift-sdks/swift-6.4.x-DEVELOPMENT-SNAPSHOT-2026-09-04-a_wasm.artifactbundle/swift-6.4.x-DEVELOPMENT-SNAPSHOT-2026-09-04-a_wasm/wasm32-unknown-wasip1/swift.xctoolchain/usr/lib/swift_static/clang -Xcc -D_LIBCPP_HARDENING_MODE\=_LIBCPP_HARDENING_MODE_DEBUG -Xcc -fmodules-prune-interval\=86400 -Xcc -fmodules-prune-after\=345600 -Xcc -I/host/spi-builder-workspace/.build/out/Products/Debug-webassembly-wasm32/include -Xcc -I/host/spi-builder-workspace/.build/out/Intermediates.noindex/SwiftYFinance.build/Debug-webassembly-wasm32/SwiftYFinance-t.build/DerivedSources-normal/wasm32 -Xcc -I/host/spi-builder-workspace/.build/out/Intermediates.noindex/SwiftYFinance.build/Debug-webassembly-wasm32/SwiftYFinance-t.build/DerivedSources/wasm32 -Xcc -I/host/spi-builder-workspace/.build/out/Intermediates.noindex/SwiftYFinance.build/Debug-webassembly-wasm32/SwiftYFinance-t.build/DerivedSources -Xcc -DSWIFT_PACKAGE -Xcc -DDEBUG\=1 -no-auto-bridging-header-chaining -module-name SwiftYFinance -const-gather-protocols-file /host/spi-builder-workspace/.build/out/Intermediates.noindex/SwiftYFinance.build/Debug-webassembly-wasm32/SwiftYFinance-t.build/Objects-normal/wasm32/SwiftYFinance_const_extract_protocols.json -in-process-plugin-server-path /usr/lib/swift/host/libSwiftInProcPluginServer.so -plugin-path /usr/lib/swift/host/plugins -plugin-path /usr/local/lib/swift/host/plugins -emit-module-doc-path /host/spi-builder-workspace/.build/out/Intermediates.noindex/SwiftYFinance.build/Debug-webassembly-wasm32/SwiftYFinance-t.build/Objects-normal/wasm32/Modules/SwiftYFinance.swiftdoc -emit-module-source-info-path /host/spi-builder-workspace/.build/out/Intermediates.noindex/SwiftYFinance.build/Debug-webassembly-wasm32/SwiftYFinance-t.build/Objects-normal/wasm32/Modules/SwiftYFinance.swiftsourceinfo -emit-objc-header-path /host/spi-builder-workspace/.build/out/Intermediates.noindex/SwiftYFinance.build/Debug-webassembly-wasm32/SwiftYFinance-t.build/Objects-normal/wasm32/SwiftYFinance-Swift.h -serialize-diagnostics-path /host/spi-builder-workspace/.build/out/Intermediates.noindex/SwiftYFinance.build/Debug-webassembly-wasm32/SwiftYFinance-t.build/Objects-normal/wasm32/SwiftYFinance-primary-emit-module.dia -emit-dependencies-path /host/spi-builder-workspace/.build/out/Intermediates.noindex/SwiftYFinance.build/Debug-webassembly-wasm32/SwiftYFinance-t.build/Objects-normal/wasm32/SwiftYFinance-primary-emit-module.d -parse-as-library -o /host/spi-builder-workspace/.build/out/Intermediates.noindex/SwiftYFinance.build/Debug-webassembly-wasm32/SwiftYFinance-t.build/Objects-normal/wasm32/Modules/SwiftYFinance.swiftmodule
error: Build failed
BUILD FAILURE 6.4 wasm