Build Information
Failed to build AppShowcaseKit, reference main (a7ff85), with Swift 6.2 for watchOS using Xcode 26.3 on 5 Oct 2026 01:11:53 UTC.
Build Command
env DEVELOPER_DIR=/Applications/Xcode-26.3.0.app xcrun xcodebuild -IDEClonedSourcePackagesDirPathOverride=$PWD/.dependencies -skipMacroValidation -skipPackagePluginValidation -derivedDataPath $PWD/.derivedData build -scheme AppShowcaseKit-Package -destination generic/platform=watchOSBuild Log
cd /Users/admin/builder/spi-builder-workspace
write-file /Users/admin/builder/spi-builder-workspace/.derivedData/Build/Intermediates.noindex/AppShowcaseKit.build/Debug-watchos/AppShowcaseStoreKit.build/Objects-normal/arm64/AppShowcaseStoreKit_const_extract_protocols.json
WriteAuxiliaryFile /Users/admin/builder/spi-builder-workspace/.derivedData/Build/Intermediates.noindex/AppShowcaseKit.build/Debug-watchos/AppShowcaseStoreKit.build/Objects-normal/arm64/AppShowcaseStoreKit.SwiftFileList (in target 'AppShowcaseStoreKit' from project 'AppShowcaseKit')
cd /Users/admin/builder/spi-builder-workspace
write-file /Users/admin/builder/spi-builder-workspace/.derivedData/Build/Intermediates.noindex/AppShowcaseKit.build/Debug-watchos/AppShowcaseStoreKit.build/Objects-normal/arm64/AppShowcaseStoreKit.SwiftFileList
Copy /Users/admin/builder/spi-builder-workspace/.derivedData/Build/Intermediates.noindex/GeneratedModuleMaps-watchos/AppShowcaseUI.modulemap /Users/admin/builder/spi-builder-workspace/.derivedData/Build/Intermediates.noindex/AppShowcaseKit.build/Debug-watchos/AppShowcaseUI.build/AppShowcaseUI.modulemap (in target 'AppShowcaseUI' from project 'AppShowcaseKit')
cd /Users/admin/builder/spi-builder-workspace
builtin-copy -exclude .DS_Store -exclude CVS -exclude .svn -exclude .git -exclude .hg -resolve-src-symlinks /Users/admin/builder/spi-builder-workspace/.derivedData/Build/Intermediates.noindex/AppShowcaseKit.build/Debug-watchos/AppShowcaseUI.build/AppShowcaseUI.modulemap /Users/admin/builder/spi-builder-workspace/.derivedData/Build/Intermediates.noindex/GeneratedModuleMaps-watchos
WriteAuxiliaryFile /Users/admin/builder/spi-builder-workspace/.derivedData/Build/Intermediates.noindex/AppShowcaseKit.build/Debug-watchos/AppShowcaseStoreKit.build/Objects-normal/arm64/AppShowcaseStoreKit.SwiftConstValuesFileList (in target 'AppShowcaseStoreKit' from project 'AppShowcaseKit')
cd /Users/admin/builder/spi-builder-workspace
write-file /Users/admin/builder/spi-builder-workspace/.derivedData/Build/Intermediates.noindex/AppShowcaseKit.build/Debug-watchos/AppShowcaseStoreKit.build/Objects-normal/arm64/AppShowcaseStoreKit.SwiftConstValuesFileList
WriteAuxiliaryFile /Users/admin/builder/spi-builder-workspace/.derivedData/Build/Intermediates.noindex/AppShowcaseKit.build/Debug-watchos/AppShowcaseStoreKit.build/Objects-normal/arm64/AppShowcaseStoreKit.LinkFileList (in target 'AppShowcaseStoreKit' from project 'AppShowcaseKit')
cd /Users/admin/builder/spi-builder-workspace
write-file /Users/admin/builder/spi-builder-workspace/.derivedData/Build/Intermediates.noindex/AppShowcaseKit.build/Debug-watchos/AppShowcaseStoreKit.build/Objects-normal/arm64/AppShowcaseStoreKit.LinkFileList
WriteAuxiliaryFile /Users/admin/builder/spi-builder-workspace/.derivedData/Build/Intermediates.noindex/AppShowcaseKit.build/Debug-watchos/AppShowcaseStoreKit.build/Objects-normal/arm64/AppShowcaseStoreKit-OutputFileMap.json (in target 'AppShowcaseStoreKit' from project 'AppShowcaseKit')
cd /Users/admin/builder/spi-builder-workspace
write-file /Users/admin/builder/spi-builder-workspace/.derivedData/Build/Intermediates.noindex/AppShowcaseKit.build/Debug-watchos/AppShowcaseStoreKit.build/Objects-normal/arm64/AppShowcaseStoreKit-OutputFileMap.json
WriteAuxiliaryFile /Users/admin/builder/spi-builder-workspace/.derivedData/Build/Intermediates.noindex/AppShowcaseKit.build/Debug-watchos/AppShowcaseStoreKit.build/DerivedSources/resource_bundle_accessor.swift (in target 'AppShowcaseStoreKit' from project 'AppShowcaseKit')
cd /Users/admin/builder/spi-builder-workspace
write-file /Users/admin/builder/spi-builder-workspace/.derivedData/Build/Intermediates.noindex/AppShowcaseKit.build/Debug-watchos/AppShowcaseStoreKit.build/DerivedSources/resource_bundle_accessor.swift
WriteAuxiliaryFile /Users/admin/builder/spi-builder-workspace/.derivedData/Build/Intermediates.noindex/AppShowcaseKit.build/Debug-watchos/AppShowcaseStoreKit.build/AppShowcaseStoreKit.modulemap (in target 'AppShowcaseStoreKit' from project 'AppShowcaseKit')
cd /Users/admin/builder/spi-builder-workspace
write-file /Users/admin/builder/spi-builder-workspace/.derivedData/Build/Intermediates.noindex/AppShowcaseKit.build/Debug-watchos/AppShowcaseStoreKit.build/AppShowcaseStoreKit.modulemap
WriteAuxiliaryFile /Users/admin/builder/spi-builder-workspace/.derivedData/Build/Intermediates.noindex/AppShowcaseKit.build/Debug-watchos/AppShowcaseStoreKit.build/AppShowcaseStoreKit.DependencyStaticMetadataFileList (in target 'AppShowcaseStoreKit' from project 'AppShowcaseKit')
cd /Users/admin/builder/spi-builder-workspace
write-file /Users/admin/builder/spi-builder-workspace/.derivedData/Build/Intermediates.noindex/AppShowcaseKit.build/Debug-watchos/AppShowcaseStoreKit.build/AppShowcaseStoreKit.DependencyStaticMetadataFileList
WriteAuxiliaryFile /Users/admin/builder/spi-builder-workspace/.derivedData/Build/Intermediates.noindex/AppShowcaseKit.build/Debug-watchos/AppShowcaseStoreKit.build/AppShowcaseStoreKit.DependencyMetadataFileList (in target 'AppShowcaseStoreKit' from project 'AppShowcaseKit')
cd /Users/admin/builder/spi-builder-workspace
write-file /Users/admin/builder/spi-builder-workspace/.derivedData/Build/Intermediates.noindex/AppShowcaseKit.build/Debug-watchos/AppShowcaseStoreKit.build/AppShowcaseStoreKit.DependencyMetadataFileList
WriteAuxiliaryFile /Users/admin/builder/spi-builder-workspace/.derivedData/Build/Intermediates.noindex/AppShowcaseKit.build/Debug-watchos/AppShowcaseKit_AppShowcaseUI.build/AppShowcaseKit_AppShowcaseUI.DependencyStaticMetadataFileList (in target 'AppShowcaseKit_AppShowcaseUI' from project 'AppShowcaseKit')
cd /Users/admin/builder/spi-builder-workspace
write-file /Users/admin/builder/spi-builder-workspace/.derivedData/Build/Intermediates.noindex/AppShowcaseKit.build/Debug-watchos/AppShowcaseKit_AppShowcaseUI.build/AppShowcaseKit_AppShowcaseUI.DependencyStaticMetadataFileList
WriteAuxiliaryFile /Users/admin/builder/spi-builder-workspace/.derivedData/Build/Intermediates.noindex/AppShowcaseKit.build/Debug-watchos/AppShowcaseKit_AppShowcaseUI.build/AppShowcaseKit_AppShowcaseUI.DependencyMetadataFileList (in target 'AppShowcaseKit_AppShowcaseUI' from project 'AppShowcaseKit')
cd /Users/admin/builder/spi-builder-workspace
write-file /Users/admin/builder/spi-builder-workspace/.derivedData/Build/Intermediates.noindex/AppShowcaseKit.build/Debug-watchos/AppShowcaseKit_AppShowcaseUI.build/AppShowcaseKit_AppShowcaseUI.DependencyMetadataFileList
WriteAuxiliaryFile /Users/admin/builder/spi-builder-workspace/.derivedData/Build/Intermediates.noindex/AppShowcaseKit.build/Debug-watchos/AppShowcaseKit_AppShowcaseStoreKit.build/empty-AppShowcaseKit_AppShowcaseStoreKit.plist (in target 'AppShowcaseKit_AppShowcaseStoreKit' from project 'AppShowcaseKit')
cd /Users/admin/builder/spi-builder-workspace
write-file /Users/admin/builder/spi-builder-workspace/.derivedData/Build/Intermediates.noindex/AppShowcaseKit.build/Debug-watchos/AppShowcaseKit_AppShowcaseStoreKit.build/empty-AppShowcaseKit_AppShowcaseStoreKit.plist
WriteAuxiliaryFile /Users/admin/builder/spi-builder-workspace/.derivedData/Build/Intermediates.noindex/AppShowcaseKit.build/Debug-watchos/AppShowcaseKit_AppShowcaseStoreKit.build/AppShowcaseKit_AppShowcaseStoreKit.DependencyStaticMetadataFileList (in target 'AppShowcaseKit_AppShowcaseStoreKit' from project 'AppShowcaseKit')
cd /Users/admin/builder/spi-builder-workspace
write-file /Users/admin/builder/spi-builder-workspace/.derivedData/Build/Intermediates.noindex/AppShowcaseKit.build/Debug-watchos/AppShowcaseKit_AppShowcaseStoreKit.build/AppShowcaseKit_AppShowcaseStoreKit.DependencyStaticMetadataFileList
WriteAuxiliaryFile /Users/admin/builder/spi-builder-workspace/.derivedData/Build/Intermediates.noindex/AppShowcaseKit.build/Debug-watchos/AppShowcaseKit_AppShowcaseStoreKit.build/AppShowcaseKit_AppShowcaseStoreKit.DependencyMetadataFileList (in target 'AppShowcaseKit_AppShowcaseStoreKit' from project 'AppShowcaseKit')
cd /Users/admin/builder/spi-builder-workspace
write-file /Users/admin/builder/spi-builder-workspace/.derivedData/Build/Intermediates.noindex/AppShowcaseKit.build/Debug-watchos/AppShowcaseKit_AppShowcaseStoreKit.build/AppShowcaseKit_AppShowcaseStoreKit.DependencyMetadataFileList
WriteAuxiliaryFile /Users/admin/builder/spi-builder-workspace/.derivedData/Build/Intermediates.noindex/AppShowcaseKit.build/Debug-watchos/AppShowcaseKit_AppShowcaseCore.build/empty-AppShowcaseKit_AppShowcaseCore.plist (in target 'AppShowcaseKit_AppShowcaseCore' from project 'AppShowcaseKit')
cd /Users/admin/builder/spi-builder-workspace
write-file /Users/admin/builder/spi-builder-workspace/.derivedData/Build/Intermediates.noindex/AppShowcaseKit.build/Debug-watchos/AppShowcaseKit_AppShowcaseCore.build/empty-AppShowcaseKit_AppShowcaseCore.plist
WriteAuxiliaryFile /Users/admin/builder/spi-builder-workspace/.derivedData/Build/Intermediates.noindex/AppShowcaseKit.build/Debug-watchos/AppShowcaseKit_AppShowcaseCore.build/AppShowcaseKit_AppShowcaseCore.DependencyStaticMetadataFileList (in target 'AppShowcaseKit_AppShowcaseCore' from project 'AppShowcaseKit')
cd /Users/admin/builder/spi-builder-workspace
write-file /Users/admin/builder/spi-builder-workspace/.derivedData/Build/Intermediates.noindex/AppShowcaseKit.build/Debug-watchos/AppShowcaseKit_AppShowcaseCore.build/AppShowcaseKit_AppShowcaseCore.DependencyStaticMetadataFileList
WriteAuxiliaryFile /Users/admin/builder/spi-builder-workspace/.derivedData/Build/Intermediates.noindex/AppShowcaseKit.build/Debug-watchos/AppShowcaseKit_AppShowcaseCore.build/AppShowcaseKit_AppShowcaseCore.DependencyMetadataFileList (in target 'AppShowcaseKit_AppShowcaseCore' from project 'AppShowcaseKit')
cd /Users/admin/builder/spi-builder-workspace
write-file /Users/admin/builder/spi-builder-workspace/.derivedData/Build/Intermediates.noindex/AppShowcaseKit.build/Debug-watchos/AppShowcaseKit_AppShowcaseCore.build/AppShowcaseKit_AppShowcaseCore.DependencyMetadataFileList
Copy /Users/admin/builder/spi-builder-workspace/.derivedData/Build/Intermediates.noindex/GeneratedModuleMaps-watchos/AppShowcaseStoreKit.modulemap /Users/admin/builder/spi-builder-workspace/.derivedData/Build/Intermediates.noindex/AppShowcaseKit.build/Debug-watchos/AppShowcaseStoreKit.build/AppShowcaseStoreKit.modulemap (in target 'AppShowcaseStoreKit' from project 'AppShowcaseKit')
cd /Users/admin/builder/spi-builder-workspace
builtin-copy -exclude .DS_Store -exclude CVS -exclude .svn -exclude .git -exclude .hg -resolve-src-symlinks /Users/admin/builder/spi-builder-workspace/.derivedData/Build/Intermediates.noindex/AppShowcaseKit.build/Debug-watchos/AppShowcaseStoreKit.build/AppShowcaseStoreKit.modulemap /Users/admin/builder/spi-builder-workspace/.derivedData/Build/Intermediates.noindex/GeneratedModuleMaps-watchos
MkDir /Users/admin/builder/spi-builder-workspace/.derivedData/Build/Products/Debug-watchos/AppShowcaseKit_AppShowcaseUI.bundle (in target 'AppShowcaseKit_AppShowcaseUI' from project 'AppShowcaseKit')
cd /Users/admin/builder/spi-builder-workspace
/bin/mkdir -p /Users/admin/builder/spi-builder-workspace/.derivedData/Build/Products/Debug-watchos/AppShowcaseKit_AppShowcaseUI.bundle
MkDir /Users/admin/builder/spi-builder-workspace/.derivedData/Build/Products/Debug-watchos/AppShowcaseKit_AppShowcaseStoreKit.bundle (in target 'AppShowcaseKit_AppShowcaseStoreKit' from project 'AppShowcaseKit')
cd /Users/admin/builder/spi-builder-workspace
/bin/mkdir -p /Users/admin/builder/spi-builder-workspace/.derivedData/Build/Products/Debug-watchos/AppShowcaseKit_AppShowcaseStoreKit.bundle
MkDir /Users/admin/builder/spi-builder-workspace/.derivedData/Build/Products/Debug-watchos/AppShowcaseKit_AppShowcaseCore.bundle (in target 'AppShowcaseKit_AppShowcaseCore' from project 'AppShowcaseKit')
cd /Users/admin/builder/spi-builder-workspace
/bin/mkdir -p /Users/admin/builder/spi-builder-workspace/.derivedData/Build/Products/Debug-watchos/AppShowcaseKit_AppShowcaseCore.bundle
WriteAuxiliaryFile /Users/admin/builder/spi-builder-workspace/.derivedData/Build/Intermediates.noindex/AppShowcaseKit.build/Debug-watchos/AppShowcaseCore.build/Objects-normal/arm64_32/AppShowcaseCore_const_extract_protocols.json (in target 'AppShowcaseCore' from project 'AppShowcaseKit')
cd /Users/admin/builder/spi-builder-workspace
write-file /Users/admin/builder/spi-builder-workspace/.derivedData/Build/Intermediates.noindex/AppShowcaseKit.build/Debug-watchos/AppShowcaseCore.build/Objects-normal/arm64_32/AppShowcaseCore_const_extract_protocols.json
WriteAuxiliaryFile /Users/admin/builder/spi-builder-workspace/.derivedData/Build/Intermediates.noindex/AppShowcaseKit.build/Debug-watchos/AppShowcaseCore.build/Objects-normal/arm64_32/AppShowcaseCore.SwiftFileList (in target 'AppShowcaseCore' from project 'AppShowcaseKit')
cd /Users/admin/builder/spi-builder-workspace
write-file /Users/admin/builder/spi-builder-workspace/.derivedData/Build/Intermediates.noindex/AppShowcaseKit.build/Debug-watchos/AppShowcaseCore.build/Objects-normal/arm64_32/AppShowcaseCore.SwiftFileList
WriteAuxiliaryFile /Users/admin/builder/spi-builder-workspace/.derivedData/Build/Intermediates.noindex/AppShowcaseKit.build/Debug-watchos/AppShowcaseCore.build/Objects-normal/arm64_32/AppShowcaseCore.SwiftConstValuesFileList (in target 'AppShowcaseCore' from project 'AppShowcaseKit')
cd /Users/admin/builder/spi-builder-workspace
write-file /Users/admin/builder/spi-builder-workspace/.derivedData/Build/Intermediates.noindex/AppShowcaseKit.build/Debug-watchos/AppShowcaseCore.build/Objects-normal/arm64_32/AppShowcaseCore.SwiftConstValuesFileList
WriteAuxiliaryFile /Users/admin/builder/spi-builder-workspace/.derivedData/Build/Intermediates.noindex/AppShowcaseKit.build/Debug-watchos/AppShowcaseCore.build/Objects-normal/arm64_32/AppShowcaseCore.LinkFileList (in target 'AppShowcaseCore' from project 'AppShowcaseKit')
cd /Users/admin/builder/spi-builder-workspace
write-file /Users/admin/builder/spi-builder-workspace/.derivedData/Build/Intermediates.noindex/AppShowcaseKit.build/Debug-watchos/AppShowcaseCore.build/Objects-normal/arm64_32/AppShowcaseCore.LinkFileList
WriteAuxiliaryFile /Users/admin/builder/spi-builder-workspace/.derivedData/Build/Intermediates.noindex/AppShowcaseKit.build/Debug-watchos/AppShowcaseCore.build/Objects-normal/arm64_32/AppShowcaseCore-OutputFileMap.json (in target 'AppShowcaseCore' from project 'AppShowcaseKit')
cd /Users/admin/builder/spi-builder-workspace
write-file /Users/admin/builder/spi-builder-workspace/.derivedData/Build/Intermediates.noindex/AppShowcaseKit.build/Debug-watchos/AppShowcaseCore.build/Objects-normal/arm64_32/AppShowcaseCore-OutputFileMap.json
WriteAuxiliaryFile /Users/admin/builder/spi-builder-workspace/.derivedData/Build/Intermediates.noindex/AppShowcaseKit.build/Debug-watchos/AppShowcaseCore.build/Objects-normal/arm64/AppShowcaseCore.SwiftFileList (in target 'AppShowcaseCore' from project 'AppShowcaseKit')
cd /Users/admin/builder/spi-builder-workspace
write-file /Users/admin/builder/spi-builder-workspace/.derivedData/Build/Intermediates.noindex/AppShowcaseKit.build/Debug-watchos/AppShowcaseCore.build/Objects-normal/arm64/AppShowcaseCore.SwiftFileList
WriteAuxiliaryFile /Users/admin/builder/spi-builder-workspace/.derivedData/Build/Intermediates.noindex/AppShowcaseKit.build/Debug-watchos/AppShowcaseCore.build/Objects-normal/arm64/AppShowcaseCore_const_extract_protocols.json (in target 'AppShowcaseCore' from project 'AppShowcaseKit')
cd /Users/admin/builder/spi-builder-workspace
write-file /Users/admin/builder/spi-builder-workspace/.derivedData/Build/Intermediates.noindex/AppShowcaseKit.build/Debug-watchos/AppShowcaseCore.build/Objects-normal/arm64/AppShowcaseCore_const_extract_protocols.json
WriteAuxiliaryFile /Users/admin/builder/spi-builder-workspace/.derivedData/Build/Intermediates.noindex/AppShowcaseKit.build/Debug-watchos/AppShowcaseCore.build/Objects-normal/arm64/AppShowcaseCore.SwiftConstValuesFileList (in target 'AppShowcaseCore' from project 'AppShowcaseKit')
cd /Users/admin/builder/spi-builder-workspace
write-file /Users/admin/builder/spi-builder-workspace/.derivedData/Build/Intermediates.noindex/AppShowcaseKit.build/Debug-watchos/AppShowcaseCore.build/Objects-normal/arm64/AppShowcaseCore.SwiftConstValuesFileList
WriteAuxiliaryFile /Users/admin/builder/spi-builder-workspace/.derivedData/Build/Intermediates.noindex/AppShowcaseKit.build/Debug-watchos/AppShowcaseCore.build/Objects-normal/arm64/AppShowcaseCore.LinkFileList (in target 'AppShowcaseCore' from project 'AppShowcaseKit')
cd /Users/admin/builder/spi-builder-workspace
write-file /Users/admin/builder/spi-builder-workspace/.derivedData/Build/Intermediates.noindex/AppShowcaseKit.build/Debug-watchos/AppShowcaseCore.build/Objects-normal/arm64/AppShowcaseCore.LinkFileList
WriteAuxiliaryFile /Users/admin/builder/spi-builder-workspace/.derivedData/Build/Intermediates.noindex/AppShowcaseKit.build/Debug-watchos/AppShowcaseCore.build/Objects-normal/arm64/AppShowcaseCore-OutputFileMap.json (in target 'AppShowcaseCore' from project 'AppShowcaseKit')
cd /Users/admin/builder/spi-builder-workspace
write-file /Users/admin/builder/spi-builder-workspace/.derivedData/Build/Intermediates.noindex/AppShowcaseKit.build/Debug-watchos/AppShowcaseCore.build/Objects-normal/arm64/AppShowcaseCore-OutputFileMap.json
WriteAuxiliaryFile /Users/admin/builder/spi-builder-workspace/.derivedData/Build/Intermediates.noindex/AppShowcaseKit.build/Debug-watchos/AppShowcaseCore.build/AppShowcaseCore.modulemap (in target 'AppShowcaseCore' from project 'AppShowcaseKit')
cd /Users/admin/builder/spi-builder-workspace
write-file /Users/admin/builder/spi-builder-workspace/.derivedData/Build/Intermediates.noindex/AppShowcaseKit.build/Debug-watchos/AppShowcaseCore.build/AppShowcaseCore.modulemap
WriteAuxiliaryFile /Users/admin/builder/spi-builder-workspace/.derivedData/Build/Intermediates.noindex/AppShowcaseKit.build/Debug-watchos/AppShowcaseCore.build/AppShowcaseCore.DependencyStaticMetadataFileList (in target 'AppShowcaseCore' from project 'AppShowcaseKit')
cd /Users/admin/builder/spi-builder-workspace
write-file /Users/admin/builder/spi-builder-workspace/.derivedData/Build/Intermediates.noindex/AppShowcaseKit.build/Debug-watchos/AppShowcaseCore.build/AppShowcaseCore.DependencyStaticMetadataFileList
WriteAuxiliaryFile /Users/admin/builder/spi-builder-workspace/.derivedData/Build/Intermediates.noindex/AppShowcaseKit.build/Debug-watchos/AppShowcaseCore.build/DerivedSources/resource_bundle_accessor.swift (in target 'AppShowcaseCore' from project 'AppShowcaseKit')
cd /Users/admin/builder/spi-builder-workspace
write-file /Users/admin/builder/spi-builder-workspace/.derivedData/Build/Intermediates.noindex/AppShowcaseKit.build/Debug-watchos/AppShowcaseCore.build/DerivedSources/resource_bundle_accessor.swift
WriteAuxiliaryFile /Users/admin/builder/spi-builder-workspace/.derivedData/Build/Intermediates.noindex/AppShowcaseKit.build/Debug-watchos/AppShowcaseCore.build/AppShowcaseCore.DependencyMetadataFileList (in target 'AppShowcaseCore' from project 'AppShowcaseKit')
cd /Users/admin/builder/spi-builder-workspace
write-file /Users/admin/builder/spi-builder-workspace/.derivedData/Build/Intermediates.noindex/AppShowcaseKit.build/Debug-watchos/AppShowcaseCore.build/AppShowcaseCore.DependencyMetadataFileList
Copy /Users/admin/builder/spi-builder-workspace/.derivedData/Build/Intermediates.noindex/GeneratedModuleMaps-watchos/AppShowcaseCore.modulemap /Users/admin/builder/spi-builder-workspace/.derivedData/Build/Intermediates.noindex/AppShowcaseKit.build/Debug-watchos/AppShowcaseCore.build/AppShowcaseCore.modulemap (in target 'AppShowcaseCore' from project 'AppShowcaseKit')
cd /Users/admin/builder/spi-builder-workspace
builtin-copy -exclude .DS_Store -exclude CVS -exclude .svn -exclude .git -exclude .hg -resolve-src-symlinks /Users/admin/builder/spi-builder-workspace/.derivedData/Build/Intermediates.noindex/AppShowcaseKit.build/Debug-watchos/AppShowcaseCore.build/AppShowcaseCore.modulemap /Users/admin/builder/spi-builder-workspace/.derivedData/Build/Intermediates.noindex/GeneratedModuleMaps-watchos
CpResource /Users/admin/builder/spi-builder-workspace/.derivedData/Build/Products/Debug-watchos/AppShowcaseKit_AppShowcaseStoreKit.bundle/PrivacyInfo.xcprivacy /Users/admin/builder/spi-builder-workspace/Sources/AppShowcaseStoreKit/PrivacyInfo.xcprivacy (in target 'AppShowcaseKit_AppShowcaseStoreKit' from project 'AppShowcaseKit')
cd /Users/admin/builder/spi-builder-workspace
builtin-copy -exclude .DS_Store -exclude CVS -exclude .svn -exclude .git -exclude .hg -resolve-src-symlinks /Users/admin/builder/spi-builder-workspace/Sources/AppShowcaseStoreKit/PrivacyInfo.xcprivacy /Users/admin/builder/spi-builder-workspace/.derivedData/Build/Products/Debug-watchos/AppShowcaseKit_AppShowcaseStoreKit.bundle
ProcessInfoPlistFile /Users/admin/builder/spi-builder-workspace/.derivedData/Build/Products/Debug-watchos/AppShowcaseKit_AppShowcaseStoreKit.bundle/Info.plist /Users/admin/builder/spi-builder-workspace/.derivedData/Build/Intermediates.noindex/AppShowcaseKit.build/Debug-watchos/AppShowcaseKit_AppShowcaseStoreKit.build/empty-AppShowcaseKit_AppShowcaseStoreKit.plist (in target 'AppShowcaseKit_AppShowcaseStoreKit' from project 'AppShowcaseKit')
cd /Users/admin/builder/spi-builder-workspace
builtin-infoPlistUtility /Users/admin/builder/spi-builder-workspace/.derivedData/Build/Intermediates.noindex/AppShowcaseKit.build/Debug-watchos/AppShowcaseKit_AppShowcaseStoreKit.build/empty-AppShowcaseKit_AppShowcaseStoreKit.plist -producttype com.apple.product-type.bundle -expandbuildsettings -format binary -platform watchos -o /Users/admin/builder/spi-builder-workspace/.derivedData/Build/Products/Debug-watchos/AppShowcaseKit_AppShowcaseStoreKit.bundle/Info.plist
ProcessInfoPlistFile /Users/admin/builder/spi-builder-workspace/.derivedData/Build/Products/Debug-watchos/AppShowcaseKit_AppShowcaseUI.bundle/Info.plist /Users/admin/builder/spi-builder-workspace/.derivedData/Build/Intermediates.noindex/AppShowcaseKit.build/Debug-watchos/AppShowcaseKit_AppShowcaseUI.build/empty-AppShowcaseKit_AppShowcaseUI.plist (in target 'AppShowcaseKit_AppShowcaseUI' from project 'AppShowcaseKit')
cd /Users/admin/builder/spi-builder-workspace
builtin-infoPlistUtility /Users/admin/builder/spi-builder-workspace/.derivedData/Build/Intermediates.noindex/AppShowcaseKit.build/Debug-watchos/AppShowcaseKit_AppShowcaseUI.build/empty-AppShowcaseKit_AppShowcaseUI.plist -producttype com.apple.product-type.bundle -expandbuildsettings -format binary -platform watchos -o /Users/admin/builder/spi-builder-workspace/.derivedData/Build/Products/Debug-watchos/AppShowcaseKit_AppShowcaseUI.bundle/Info.plist
CpResource /Users/admin/builder/spi-builder-workspace/.derivedData/Build/Products/Debug-watchos/AppShowcaseKit_AppShowcaseUI.bundle/PrivacyInfo.xcprivacy /Users/admin/builder/spi-builder-workspace/Sources/AppShowcaseUI/PrivacyInfo.xcprivacy (in target 'AppShowcaseKit_AppShowcaseUI' from project 'AppShowcaseKit')
cd /Users/admin/builder/spi-builder-workspace
builtin-copy -exclude .DS_Store -exclude CVS -exclude .svn -exclude .git -exclude .hg -resolve-src-symlinks /Users/admin/builder/spi-builder-workspace/Sources/AppShowcaseUI/PrivacyInfo.xcprivacy /Users/admin/builder/spi-builder-workspace/.derivedData/Build/Products/Debug-watchos/AppShowcaseKit_AppShowcaseUI.bundle
ProcessInfoPlistFile /Users/admin/builder/spi-builder-workspace/.derivedData/Build/Products/Debug-watchos/AppShowcaseKit_AppShowcaseCore.bundle/Info.plist /Users/admin/builder/spi-builder-workspace/.derivedData/Build/Intermediates.noindex/AppShowcaseKit.build/Debug-watchos/AppShowcaseKit_AppShowcaseCore.build/empty-AppShowcaseKit_AppShowcaseCore.plist (in target 'AppShowcaseKit_AppShowcaseCore' from project 'AppShowcaseKit')
cd /Users/admin/builder/spi-builder-workspace
builtin-infoPlistUtility /Users/admin/builder/spi-builder-workspace/.derivedData/Build/Intermediates.noindex/AppShowcaseKit.build/Debug-watchos/AppShowcaseKit_AppShowcaseCore.build/empty-AppShowcaseKit_AppShowcaseCore.plist -producttype com.apple.product-type.bundle -expandbuildsettings -format binary -platform watchos -o /Users/admin/builder/spi-builder-workspace/.derivedData/Build/Products/Debug-watchos/AppShowcaseKit_AppShowcaseCore.bundle/Info.plist
CpResource /Users/admin/builder/spi-builder-workspace/.derivedData/Build/Products/Debug-watchos/AppShowcaseKit_AppShowcaseCore.bundle/PrivacyInfo.xcprivacy /Users/admin/builder/spi-builder-workspace/Sources/AppShowcaseCore/PrivacyInfo.xcprivacy (in target 'AppShowcaseKit_AppShowcaseCore' from project 'AppShowcaseKit')
cd /Users/admin/builder/spi-builder-workspace
builtin-copy -exclude .DS_Store -exclude CVS -exclude .svn -exclude .git -exclude .hg -resolve-src-symlinks /Users/admin/builder/spi-builder-workspace/Sources/AppShowcaseCore/PrivacyInfo.xcprivacy /Users/admin/builder/spi-builder-workspace/.derivedData/Build/Products/Debug-watchos/AppShowcaseKit_AppShowcaseCore.bundle
RegisterExecutionPolicyException /Users/admin/builder/spi-builder-workspace/.derivedData/Build/Products/Debug-watchos/AppShowcaseKit_AppShowcaseStoreKit.bundle (in target 'AppShowcaseKit_AppShowcaseStoreKit' from project 'AppShowcaseKit')
cd /Users/admin/builder/spi-builder-workspace
builtin-RegisterExecutionPolicyException /Users/admin/builder/spi-builder-workspace/.derivedData/Build/Products/Debug-watchos/AppShowcaseKit_AppShowcaseStoreKit.bundle
RegisterExecutionPolicyException /Users/admin/builder/spi-builder-workspace/.derivedData/Build/Products/Debug-watchos/AppShowcaseKit_AppShowcaseUI.bundle (in target 'AppShowcaseKit_AppShowcaseUI' from project 'AppShowcaseKit')
cd /Users/admin/builder/spi-builder-workspace
builtin-RegisterExecutionPolicyException /Users/admin/builder/spi-builder-workspace/.derivedData/Build/Products/Debug-watchos/AppShowcaseKit_AppShowcaseUI.bundle
RegisterExecutionPolicyException /Users/admin/builder/spi-builder-workspace/.derivedData/Build/Products/Debug-watchos/AppShowcaseKit_AppShowcaseCore.bundle (in target 'AppShowcaseKit_AppShowcaseCore' from project 'AppShowcaseKit')
cd /Users/admin/builder/spi-builder-workspace
builtin-RegisterExecutionPolicyException /Users/admin/builder/spi-builder-workspace/.derivedData/Build/Products/Debug-watchos/AppShowcaseKit_AppShowcaseCore.bundle
Touch /Users/admin/builder/spi-builder-workspace/.derivedData/Build/Products/Debug-watchos/AppShowcaseKit_AppShowcaseCore.bundle (in target 'AppShowcaseKit_AppShowcaseCore' from project 'AppShowcaseKit')
cd /Users/admin/builder/spi-builder-workspace
/usr/bin/touch -c /Users/admin/builder/spi-builder-workspace/.derivedData/Build/Products/Debug-watchos/AppShowcaseKit_AppShowcaseCore.bundle
Touch /Users/admin/builder/spi-builder-workspace/.derivedData/Build/Products/Debug-watchos/AppShowcaseKit_AppShowcaseUI.bundle (in target 'AppShowcaseKit_AppShowcaseUI' from project 'AppShowcaseKit')
cd /Users/admin/builder/spi-builder-workspace
/usr/bin/touch -c /Users/admin/builder/spi-builder-workspace/.derivedData/Build/Products/Debug-watchos/AppShowcaseKit_AppShowcaseUI.bundle
Touch /Users/admin/builder/spi-builder-workspace/.derivedData/Build/Products/Debug-watchos/AppShowcaseKit_AppShowcaseStoreKit.bundle (in target 'AppShowcaseKit_AppShowcaseStoreKit' from project 'AppShowcaseKit')
cd /Users/admin/builder/spi-builder-workspace
/usr/bin/touch -c /Users/admin/builder/spi-builder-workspace/.derivedData/Build/Products/Debug-watchos/AppShowcaseKit_AppShowcaseStoreKit.bundle
SwiftDriver AppShowcaseCore normal arm64_32 com.apple.xcode.tools.swift.compiler (in target 'AppShowcaseCore' from project 'AppShowcaseKit')
cd /Users/admin/builder/spi-builder-workspace/.swiftpm/xcode
builtin-SwiftDriver -- /Applications/Xcode-26.3.0.app/Contents/Developer/Toolchains/XcodeDefault.xctoolchain/usr/bin/swiftc -module-name AppShowcaseCore -Onone -enforce-exclusivity\=checked @/Users/admin/builder/spi-builder-workspace/.derivedData/Build/Intermediates.noindex/AppShowcaseKit.build/Debug-watchos/AppShowcaseCore.build/Objects-normal/arm64_32/AppShowcaseCore.SwiftFileList -DSWIFT_PACKAGE -DDEBUG -DSWIFT_MODULE_RESOURCE_BUNDLE_AVAILABLE -DXcode -plugin-path /Applications/Xcode-26.3.0.app/Contents/Developer/Toolchains/XcodeDefault.xctoolchain/usr/lib/swift/host/plugins/testing -enable-experimental-feature DebugDescriptionMacro -sdk /Applications/Xcode-26.3.0.app/Contents/Developer/Platforms/WatchOS.platform/Developer/SDKs/WatchOS26.2.sdk -target arm64_32-apple-watchos11.0 -g -module-cache-path /Users/admin/builder/spi-builder-workspace/.derivedData/ModuleCache.noindex -Xfrontend -serialize-debugging-options -profile-coverage-mapping -profile-generate -enable-testing -index-store-path /Users/admin/builder/spi-builder-workspace/.derivedData/Index.noindex/DataStore -Xcc -D_LIBCPP_HARDENING_MODE\=_LIBCPP_HARDENING_MODE_DEBUG -swift-version 6 -I /Users/admin/builder/spi-builder-workspace/.derivedData/Build/Products/Debug-watchos -Isystem /Applications/Xcode-26.3.0.app/Contents/Developer/Platforms/WatchOS.platform/Developer/usr/lib -F /Users/admin/builder/spi-builder-workspace/.derivedData/Build/Products/Debug-watchos -F /Applications/Xcode-26.3.0.app/Contents/Developer/Platforms/WatchOS.platform/Developer/Library/Frameworks -F /Applications/Xcode-26.3.0.app/Contents/Developer/Platforms/WatchOS.platform/Developer/SDKs/WatchOS26.2.sdk/Developer/Library/Frameworks -c -j10 -enable-batch-mode -incremental -Xcc -ivfsstatcache -Xcc /Users/admin/builder/spi-builder-workspace/.derivedData/SDKStatCaches.noindex/watchos26.2-23S303-dc75598d0054f22ec865fa860f139d721753b489057de6bda919edfa1c59a62b.sdkstatcache -output-file-map /Users/admin/builder/spi-builder-workspace/.derivedData/Build/Intermediates.noindex/AppShowcaseKit.build/Debug-watchos/AppShowcaseCore.build/Objects-normal/arm64_32/AppShowcaseCore-OutputFileMap.json -use-frontend-parseable-output -save-temps -no-color-diagnostics -explicit-module-build -module-cache-path /Users/admin/builder/spi-builder-workspace/.derivedData/Build/Intermediates.noindex/SwiftExplicitPrecompiledModules -clang-scanner-module-cache-path /Users/admin/builder/spi-builder-workspace/.derivedData/ModuleCache.noindex -sdk-module-cache-path /Users/admin/builder/spi-builder-workspace/.derivedData/ModuleCache.noindex -serialize-diagnostics -emit-dependencies -emit-module -emit-module-path /Users/admin/builder/spi-builder-workspace/.derivedData/Build/Intermediates.noindex/AppShowcaseKit.build/Debug-watchos/AppShowcaseCore.build/Objects-normal/arm64_32/AppShowcaseCore.swiftmodule -validate-clang-modules-once -clang-build-session-file /Users/admin/builder/spi-builder-workspace/.derivedData/ModuleCache.noindex/Session.modulevalidation -package-name spi_builder_workspace -Xcc -I/Users/admin/builder/spi-builder-workspace/.derivedData/Build/Intermediates.noindex/AppShowcaseKit.build/Debug-watchos/AppShowcaseCore.build/swift-overrides.hmap -emit-const-values -Xfrontend -const-gather-protocols-file -Xfrontend /Users/admin/builder/spi-builder-workspace/.derivedData/Build/Intermediates.noindex/AppShowcaseKit.build/Debug-watchos/AppShowcaseCore.build/Objects-normal/arm64_32/AppShowcaseCore_const_extract_protocols.json -Xcc -I/Users/admin/builder/spi-builder-workspace/.derivedData/Build/Products/Debug-watchos/include -Xcc -I/Users/admin/builder/spi-builder-workspace/.derivedData/Build/Intermediates.noindex/AppShowcaseKit.build/Debug-watchos/AppShowcaseCore.build/DerivedSources-normal/arm64_32 -Xcc -I/Users/admin/builder/spi-builder-workspace/.derivedData/Build/Intermediates.noindex/AppShowcaseKit.build/Debug-watchos/AppShowcaseCore.build/DerivedSources/arm64_32 -Xcc -I/Users/admin/builder/spi-builder-workspace/.derivedData/Build/Intermediates.noindex/AppShowcaseKit.build/Debug-watchos/AppShowcaseCore.build/DerivedSources -Xcc -DSWIFT_PACKAGE -Xcc -DDEBUG\=1 -emit-objc-header -emit-objc-header-path /Users/admin/builder/spi-builder-workspace/.derivedData/Build/Intermediates.noindex/AppShowcaseKit.build/Debug-watchos/AppShowcaseCore.build/Objects-normal/arm64_32/AppShowcaseCore-Swift.h -working-directory /Users/admin/builder/spi-builder-workspace/.swiftpm/xcode -experimental-emit-module-separately -disable-cmo
SwiftDriver AppShowcaseCore normal arm64 com.apple.xcode.tools.swift.compiler (in target 'AppShowcaseCore' from project 'AppShowcaseKit')
cd /Users/admin/builder/spi-builder-workspace/.swiftpm/xcode
builtin-SwiftDriver -- /Applications/Xcode-26.3.0.app/Contents/Developer/Toolchains/XcodeDefault.xctoolchain/usr/bin/swiftc -module-name AppShowcaseCore -Onone -enforce-exclusivity\=checked @/Users/admin/builder/spi-builder-workspace/.derivedData/Build/Intermediates.noindex/AppShowcaseKit.build/Debug-watchos/AppShowcaseCore.build/Objects-normal/arm64/AppShowcaseCore.SwiftFileList -DSWIFT_PACKAGE -DDEBUG -DSWIFT_MODULE_RESOURCE_BUNDLE_AVAILABLE -DXcode -plugin-path /Applications/Xcode-26.3.0.app/Contents/Developer/Toolchains/XcodeDefault.xctoolchain/usr/lib/swift/host/plugins/testing -enable-experimental-feature DebugDescriptionMacro -sdk /Applications/Xcode-26.3.0.app/Contents/Developer/Platforms/WatchOS.platform/Developer/SDKs/WatchOS26.2.sdk -target arm64-apple-watchos11.0 -g -module-cache-path /Users/admin/builder/spi-builder-workspace/.derivedData/ModuleCache.noindex -Xfrontend -serialize-debugging-options -profile-coverage-mapping -profile-generate -enable-testing -index-store-path /Users/admin/builder/spi-builder-workspace/.derivedData/Index.noindex/DataStore -Xcc -D_LIBCPP_HARDENING_MODE\=_LIBCPP_HARDENING_MODE_DEBUG -swift-version 6 -I /Users/admin/builder/spi-builder-workspace/.derivedData/Build/Products/Debug-watchos -Isystem /Applications/Xcode-26.3.0.app/Contents/Developer/Platforms/WatchOS.platform/Developer/usr/lib -F /Users/admin/builder/spi-builder-workspace/.derivedData/Build/Products/Debug-watchos -F /Applications/Xcode-26.3.0.app/Contents/Developer/Platforms/WatchOS.platform/Developer/Library/Frameworks -F /Applications/Xcode-26.3.0.app/Contents/Developer/Platforms/WatchOS.platform/Developer/SDKs/WatchOS26.2.sdk/Developer/Library/Frameworks -c -j10 -enable-batch-mode -incremental -Xcc -ivfsstatcache -Xcc /Users/admin/builder/spi-builder-workspace/.derivedData/SDKStatCaches.noindex/watchos26.2-23S303-dc75598d0054f22ec865fa860f139d721753b489057de6bda919edfa1c59a62b.sdkstatcache -output-file-map /Users/admin/builder/spi-builder-workspace/.derivedData/Build/Intermediates.noindex/AppShowcaseKit.build/Debug-watchos/AppShowcaseCore.build/Objects-normal/arm64/AppShowcaseCore-OutputFileMap.json -use-frontend-parseable-output -save-temps -no-color-diagnostics -explicit-module-build -module-cache-path /Users/admin/builder/spi-builder-workspace/.derivedData/Build/Intermediates.noindex/SwiftExplicitPrecompiledModules -clang-scanner-module-cache-path /Users/admin/builder/spi-builder-workspace/.derivedData/ModuleCache.noindex -sdk-module-cache-path /Users/admin/builder/spi-builder-workspace/.derivedData/ModuleCache.noindex -serialize-diagnostics -emit-dependencies -emit-module -emit-module-path /Users/admin/builder/spi-builder-workspace/.derivedData/Build/Intermediates.noindex/AppShowcaseKit.build/Debug-watchos/AppShowcaseCore.build/Objects-normal/arm64/AppShowcaseCore.swiftmodule -validate-clang-modules-once -clang-build-session-file /Users/admin/builder/spi-builder-workspace/.derivedData/ModuleCache.noindex/Session.modulevalidation -package-name spi_builder_workspace -Xcc -I/Users/admin/builder/spi-builder-workspace/.derivedData/Build/Intermediates.noindex/AppShowcaseKit.build/Debug-watchos/AppShowcaseCore.build/swift-overrides.hmap -emit-const-values -Xfrontend -const-gather-protocols-file -Xfrontend /Users/admin/builder/spi-builder-workspace/.derivedData/Build/Intermediates.noindex/AppShowcaseKit.build/Debug-watchos/AppShowcaseCore.build/Objects-normal/arm64/AppShowcaseCore_const_extract_protocols.json -Xcc -I/Users/admin/builder/spi-builder-workspace/.derivedData/Build/Products/Debug-watchos/include -Xcc -I/Users/admin/builder/spi-builder-workspace/.derivedData/Build/Intermediates.noindex/AppShowcaseKit.build/Debug-watchos/AppShowcaseCore.build/DerivedSources-normal/arm64 -Xcc -I/Users/admin/builder/spi-builder-workspace/.derivedData/Build/Intermediates.noindex/AppShowcaseKit.build/Debug-watchos/AppShowcaseCore.build/DerivedSources/arm64 -Xcc -I/Users/admin/builder/spi-builder-workspace/.derivedData/Build/Intermediates.noindex/AppShowcaseKit.build/Debug-watchos/AppShowcaseCore.build/DerivedSources -Xcc -DSWIFT_PACKAGE -Xcc -DDEBUG\=1 -emit-objc-header -emit-objc-header-path /Users/admin/builder/spi-builder-workspace/.derivedData/Build/Intermediates.noindex/AppShowcaseKit.build/Debug-watchos/AppShowcaseCore.build/Objects-normal/arm64/AppShowcaseCore-Swift.h -working-directory /Users/admin/builder/spi-builder-workspace/.swiftpm/xcode -experimental-emit-module-separately -disable-cmo
SwiftExplicitDependencyGeneratePcm arm64 /Users/admin/builder/spi-builder-workspace/.derivedData/ModuleCache.noindex/_Builtin_stddef-85JH2ZGWLM4WGGJWD7P19JNV6.pcm
SwiftExplicitDependencyGeneratePcm arm64 /Users/admin/builder/spi-builder-workspace/.derivedData/ModuleCache.noindex/_Builtin_float-5QRDZB35Y522CLCFL7NT2LPUF.pcm
SwiftExplicitDependencyGeneratePcm arm64 /Users/admin/builder/spi-builder-workspace/.derivedData/ModuleCache.noindex/ptrauth-23V973HP08H1G8HHZ6OAJWG6Z.pcm
SwiftExplicitDependencyGeneratePcm arm64 /Users/admin/builder/spi-builder-workspace/.derivedData/ModuleCache.noindex/_Builtin_stdbool-6XT6P5XUZWCFLZBIHXXS8S9EV.pcm
SwiftExplicitDependencyGeneratePcm arm64 /Users/admin/builder/spi-builder-workspace/.derivedData/ModuleCache.noindex/ptrcheck-4YU0IIP3FXMEGKRFTVKLD8FLA.pcm
SwiftExplicitDependencyGeneratePcm arm64 /Users/admin/builder/spi-builder-workspace/.derivedData/ModuleCache.noindex/SwiftShims-7I20DMCTK17Q8T32LA04FWAMX.pcm
SwiftExplicitDependencyGeneratePcm arm64 /Users/admin/builder/spi-builder-workspace/.derivedData/ModuleCache.noindex/_SwiftConcurrencyShims-6I3LH2ITNOZQ7GZSIWV3YFHI2.pcm
SwiftExplicitDependencyGeneratePcm arm64 /Users/admin/builder/spi-builder-workspace/.derivedData/ModuleCache.noindex/_Builtin_stdarg-RZPX1L7HC0FE24QDJB88HMGH.pcm
SwiftExplicitDependencyGeneratePcm arm64 /Users/admin/builder/spi-builder-workspace/.derivedData/ModuleCache.noindex/_AvailabilityInternal-2O3RFBUGA1RPVNII2XIZ3QNC3.pcm
SwiftExplicitDependencyGeneratePcm arm64_32 /Users/admin/builder/spi-builder-workspace/.derivedData/ModuleCache.noindex/_Builtin_stdbool-5P7XRQ5AQ02CJZQOFJGPCI3TD.pcm
SwiftExplicitDependencyGeneratePcm arm64_32 /Users/admin/builder/spi-builder-workspace/.derivedData/ModuleCache.noindex/_SwiftConcurrencyShims-BE6OCM46C4HZFNWL8BR101QWH.pcm
SwiftExplicitDependencyGeneratePcm arm64_32 /Users/admin/builder/spi-builder-workspace/.derivedData/ModuleCache.noindex/_Builtin_stdarg-D40VS4Q2KALO38V4FLA1GBDYO.pcm
SwiftExplicitDependencyGeneratePcm arm64_32 /Users/admin/builder/spi-builder-workspace/.derivedData/ModuleCache.noindex/_Builtin_float-57NF6Z0LMY2BSAMQJ9NJ49CVA.pcm
SwiftExplicitDependencyGeneratePcm arm64_32 /Users/admin/builder/spi-builder-workspace/.derivedData/ModuleCache.noindex/SwiftShims-1KDDRF0T4GF3KEVBC8BQQ0CZ5.pcm
SwiftExplicitDependencyGeneratePcm arm64_32 /Users/admin/builder/spi-builder-workspace/.derivedData/ModuleCache.noindex/_Builtin_stddef-CVMDFD2LRC6J8Y1G2VDJIK5XT.pcm
SwiftExplicitDependencyGeneratePcm arm64_32 /Users/admin/builder/spi-builder-workspace/.derivedData/ModuleCache.noindex/ptrcheck-9AZUY5IS5PCZJH0IGF6KZ1CS4.pcm
SwiftExplicitDependencyGeneratePcm arm64_32 /Users/admin/builder/spi-builder-workspace/.derivedData/ModuleCache.noindex/ptrauth-625I4K1NIQYS1FZEGD4TBZD97.pcm
SwiftExplicitDependencyGeneratePcm arm64_32 /Users/admin/builder/spi-builder-workspace/.derivedData/ModuleCache.noindex/_AvailabilityInternal-2P7I2A0IHHWZTWSQ7YWZKAXBX.pcm
SwiftExplicitDependencyGeneratePcm arm64 /Users/admin/builder/spi-builder-workspace/.derivedData/ModuleCache.noindex/_DarwinFoundation1-9CHGZVG6Q11ZVI9VKIOS0DH8R.pcm
SwiftExplicitDependencyGeneratePcm arm64_32 /Users/admin/builder/spi-builder-workspace/.derivedData/ModuleCache.noindex/_DarwinFoundation1-B5IP3NLVAB98PUH6026E7IU3Z.pcm
SwiftExplicitDependencyGeneratePcm arm64 /Users/admin/builder/spi-builder-workspace/.derivedData/ModuleCache.noindex/_DarwinFoundation2-91AUNY1B00JVZZS04EHZ5P78E.pcm
SwiftExplicitDependencyGeneratePcm arm64 /Users/admin/builder/spi-builder-workspace/.derivedData/ModuleCache.noindex/_Builtin_limits-DDBVG65V69EW9COVSML9AW08G.pcm
SwiftExplicitDependencyGeneratePcm arm64_32 /Users/admin/builder/spi-builder-workspace/.derivedData/ModuleCache.noindex/_DarwinFoundation2-BE53KZ13PGS3ADMTR162NWOT8.pcm
SwiftExplicitDependencyGeneratePcm arm64_32 /Users/admin/builder/spi-builder-workspace/.derivedData/ModuleCache.noindex/_Builtin_limits-85C3GEXRWK1KZJSJYR1SLAHJZ.pcm
SwiftExplicitDependencyGeneratePcm arm64 /Users/admin/builder/spi-builder-workspace/.derivedData/ModuleCache.noindex/sys_types-3UK4M66LJG7B93KMPGCYXJLGJ.pcm
SwiftExplicitDependencyGeneratePcm arm64 /Users/admin/builder/spi-builder-workspace/.derivedData/ModuleCache.noindex/_Builtin_stdint-BFTPAV7DTJR0UZMVITWJ89G3Z.pcm
SwiftExplicitDependencyGeneratePcm arm64 /Users/admin/builder/spi-builder-workspace/.derivedData/ModuleCache.noindex/_DarwinFoundation3-5VMZVD9RI030DGKFFW74MIHMQ.pcm
SwiftExplicitDependencyGeneratePcm arm64_32 /Users/admin/builder/spi-builder-workspace/.derivedData/ModuleCache.noindex/sys_types-5220JAOP6QAKP1ZZSQXQIGT3N.pcm
SwiftExplicitDependencyGeneratePcm arm64_32 /Users/admin/builder/spi-builder-workspace/.derivedData/ModuleCache.noindex/_Builtin_stdint-DHK9W4154W1VADFICW26EF51A.pcm
SwiftExplicitDependencyGeneratePcm arm64_32 /Users/admin/builder/spi-builder-workspace/.derivedData/ModuleCache.noindex/_DarwinFoundation3-ECPZQXPEKKE17FVBYD1POXRMU.pcm
SwiftExplicitDependencyGeneratePcm arm64 /Users/admin/builder/spi-builder-workspace/.derivedData/ModuleCache.noindex/_Builtin_inttypes-EAYG1OYRDQ7HO6J9WI6WA5Y2M.pcm
SwiftExplicitDependencyGeneratePcm arm64 /Users/admin/builder/spi-builder-workspace/.derivedData/ModuleCache.noindex/Darwin-E1ZCMHXYOAUQKSA4QO0SMGPXA.pcm
SwiftExplicitDependencyGeneratePcm arm64_32 /Users/admin/builder/spi-builder-workspace/.derivedData/ModuleCache.noindex/_Builtin_inttypes-DVW4DAGN9X56OUK4E1BD9DBZ7.pcm
SwiftExplicitDependencyGeneratePcm arm64_32 /Users/admin/builder/spi-builder-workspace/.derivedData/ModuleCache.noindex/Darwin-C8WYVRDE1BASWGOHXGC15GM9F.pcm
SwiftExplicitDependencyGeneratePcm arm64 /Users/admin/builder/spi-builder-workspace/.derivedData/ModuleCache.noindex/ObjectiveC-2PU9OT47G6RBOHSXQR2STMWWR.pcm
SwiftExplicitDependencyGeneratePcm arm64_32 /Users/admin/builder/spi-builder-workspace/.derivedData/ModuleCache.noindex/ObjectiveC-AVYBQYXS0QCLOEQGWXNFUFJ0V.pcm
SwiftExplicitDependencyGeneratePcm arm64 /Users/admin/builder/spi-builder-workspace/.derivedData/ModuleCache.noindex/os_object-CIUJ5N1V1HWSGEK024IV96R1M.pcm
SwiftExplicitDependencyGeneratePcm arm64 /Users/admin/builder/spi-builder-workspace/.derivedData/ModuleCache.noindex/os_workgroup-5S02ISLSMHO6BA5HLY5UNJ6A3.pcm
SwiftExplicitDependencyGeneratePcm arm64_32 /Users/admin/builder/spi-builder-workspace/.derivedData/ModuleCache.noindex/os_object-8N6RR4J5VVS62U9VXHR1297AW.pcm
SwiftExplicitDependencyGeneratePcm arm64_32 /Users/admin/builder/spi-builder-workspace/.derivedData/ModuleCache.noindex/os_workgroup-EGGSTWNSSUGG124AQRBUF2J85.pcm
SwiftExplicitDependencyGeneratePcm arm64 /Users/admin/builder/spi-builder-workspace/.derivedData/ModuleCache.noindex/Dispatch-4KQN7RRX0L9C07MGTWHYRJGYM.pcm
SwiftExplicitDependencyGeneratePcm arm64_32 /Users/admin/builder/spi-builder-workspace/.derivedData/ModuleCache.noindex/Dispatch-DV1SP0JEXVJ6MTIWZ3XCJTXSW.pcm
SwiftExplicitDependencyGeneratePcm arm64 /Users/admin/builder/spi-builder-workspace/.derivedData/ModuleCache.noindex/CoreFoundation-C0JIKJUNM7J0IFUIZ8S5RWP5A.pcm
SwiftExplicitDependencyGeneratePcm arm64_32 /Users/admin/builder/spi-builder-workspace/.derivedData/ModuleCache.noindex/CoreFoundation-EN8GNA4ERP0UOK1XPZ1YRZKGF.pcm
SwiftExplicitDependencyGeneratePcm arm64 /Users/admin/builder/spi-builder-workspace/.derivedData/ModuleCache.noindex/Security-8WXKZYCC8N3IYZ7GEEYK1LTTC.pcm
SwiftExplicitDependencyGeneratePcm arm64_32 /Users/admin/builder/spi-builder-workspace/.derivedData/ModuleCache.noindex/Security-8KJEGVX0ECINJU374GLCNITFA.pcm
SwiftExplicitDependencyGeneratePcm arm64 /Users/admin/builder/spi-builder-workspace/.derivedData/ModuleCache.noindex/Foundation-188QGUU7PNEMS0JL2JNA4L9D.pcm
SwiftExplicitDependencyGeneratePcm arm64_32 /Users/admin/builder/spi-builder-workspace/.derivedData/ModuleCache.noindex/Foundation-1ZQJQ54U4TUPUQFY2U9YK0983.pcm
SwiftEmitModule normal arm64 Emitting\ module\ for\ AppShowcaseCore (in target 'AppShowcaseCore' from project 'AppShowcaseKit')
EmitSwiftModule normal arm64 (in target 'AppShowcaseCore' from project 'AppShowcaseKit')
cd /Users/admin/builder/spi-builder-workspace/.swiftpm/xcode
SwiftCompile normal arm64 Compiling\ ShowcaseOverlay.swift /Users/admin/builder/spi-builder-workspace/Sources/AppShowcaseCore/ShowcaseOverlay.swift (in target 'AppShowcaseCore' from project 'AppShowcaseKit')
SwiftCompile normal arm64 /Users/admin/builder/spi-builder-workspace/Sources/AppShowcaseCore/ShowcaseOverlay.swift (in target 'AppShowcaseCore' from project 'AppShowcaseKit')
cd /Users/admin/builder/spi-builder-workspace/.swiftpm/xcode
SwiftCompile normal arm64 Compiling\ ShowcaseCache.swift,\ ShowcaseHostOverride.swift /Users/admin/builder/spi-builder-workspace/Sources/AppShowcaseCore/ShowcaseCache.swift /Users/admin/builder/spi-builder-workspace/Sources/AppShowcaseCore/ShowcaseHostOverride.swift (in target 'AppShowcaseCore' from project 'AppShowcaseKit')
SwiftCompile normal arm64 /Users/admin/builder/spi-builder-workspace/Sources/AppShowcaseCore/ShowcaseCache.swift (in target 'AppShowcaseCore' from project 'AppShowcaseKit')
cd /Users/admin/builder/spi-builder-workspace/.swiftpm/xcode
SwiftCompile normal arm64 /Users/admin/builder/spi-builder-workspace/Sources/AppShowcaseCore/ShowcaseHostOverride.swift (in target 'AppShowcaseCore' from project 'AppShowcaseKit')
cd /Users/admin/builder/spi-builder-workspace/.swiftpm/xcode
SwiftCompile normal arm64 Compiling\ ShowcaseLoader.swift /Users/admin/builder/spi-builder-workspace/Sources/AppShowcaseCore/ShowcaseLoader.swift (in target 'AppShowcaseCore' from project 'AppShowcaseKit')
SwiftCompile normal arm64 /Users/admin/builder/spi-builder-workspace/Sources/AppShowcaseCore/ShowcaseLoader.swift (in target 'AppShowcaseCore' from project 'AppShowcaseKit')
cd /Users/admin/builder/spi-builder-workspace/.swiftpm/xcode
SwiftCompile normal arm64 Compiling\ ShowcaseTapStyle.swift /Users/admin/builder/spi-builder-workspace/Sources/AppShowcaseCore/ShowcaseTapStyle.swift (in target 'AppShowcaseCore' from project 'AppShowcaseKit')
SwiftCompile normal arm64 /Users/admin/builder/spi-builder-workspace/Sources/AppShowcaseCore/ShowcaseTapStyle.swift (in target 'AppShowcaseCore' from project 'AppShowcaseKit')
cd /Users/admin/builder/spi-builder-workspace/.swiftpm/xcode
SwiftCompile normal arm64 Compiling\ resource_bundle_accessor.swift,\ AppShowcaseCore.swift /Users/admin/builder/spi-builder-workspace/.derivedData/Build/Intermediates.noindex/AppShowcaseKit.build/Debug-watchos/AppShowcaseCore.build/DerivedSources/resource_bundle_accessor.swift /Users/admin/builder/spi-builder-workspace/Sources/AppShowcaseCore/AppShowcaseCore.swift (in target 'AppShowcaseCore' from project 'AppShowcaseKit')
SwiftCompile normal arm64 /Users/admin/builder/spi-builder-workspace/.derivedData/Build/Intermediates.noindex/AppShowcaseKit.build/Debug-watchos/AppShowcaseCore.build/DerivedSources/resource_bundle_accessor.swift (in target 'AppShowcaseCore' from project 'AppShowcaseKit')
cd /Users/admin/builder/spi-builder-workspace/.swiftpm/xcode
SwiftCompile normal arm64 /Users/admin/builder/spi-builder-workspace/Sources/AppShowcaseCore/AppShowcaseCore.swift (in target 'AppShowcaseCore' from project 'AppShowcaseKit')
cd /Users/admin/builder/spi-builder-workspace/.swiftpm/xcode
SwiftCompile normal arm64 Compiling\ ShowcasePlatform.swift /Users/admin/builder/spi-builder-workspace/Sources/AppShowcaseCore/ShowcasePlatform.swift (in target 'AppShowcaseCore' from project 'AppShowcaseKit')
SwiftCompile normal arm64 /Users/admin/builder/spi-builder-workspace/Sources/AppShowcaseCore/ShowcasePlatform.swift (in target 'AppShowcaseCore' from project 'AppShowcaseKit')
cd /Users/admin/builder/spi-builder-workspace/.swiftpm/xcode
SwiftCompile normal arm64 Compiling\ RosterResolver.swift,\ RunningOS.swift /Users/admin/builder/spi-builder-workspace/Sources/AppShowcaseCore/RosterResolver.swift /Users/admin/builder/spi-builder-workspace/Sources/AppShowcaseCore/RunningOS.swift (in target 'AppShowcaseCore' from project 'AppShowcaseKit')
SwiftCompile normal arm64 /Users/admin/builder/spi-builder-workspace/Sources/AppShowcaseCore/RosterResolver.swift (in target 'AppShowcaseCore' from project 'AppShowcaseKit')
cd /Users/admin/builder/spi-builder-workspace/.swiftpm/xcode
SwiftCompile normal arm64 /Users/admin/builder/spi-builder-workspace/Sources/AppShowcaseCore/RunningOS.swift (in target 'AppShowcaseCore' from project 'AppShowcaseKit')
cd /Users/admin/builder/spi-builder-workspace/.swiftpm/xcode
SwiftCompile normal arm64 Compiling\ ShowcaseApp.swift,\ ShowcaseAttribution.swift /Users/admin/builder/spi-builder-workspace/Sources/AppShowcaseCore/ShowcaseApp.swift /Users/admin/builder/spi-builder-workspace/Sources/AppShowcaseCore/ShowcaseAttribution.swift (in target 'AppShowcaseCore' from project 'AppShowcaseKit')
SwiftCompile normal arm64 /Users/admin/builder/spi-builder-workspace/Sources/AppShowcaseCore/ShowcaseApp.swift (in target 'AppShowcaseCore' from project 'AppShowcaseKit')
cd /Users/admin/builder/spi-builder-workspace/.swiftpm/xcode
SwiftCompile normal arm64 /Users/admin/builder/spi-builder-workspace/Sources/AppShowcaseCore/ShowcaseAttribution.swift (in target 'AppShowcaseCore' from project 'AppShowcaseKit')
cd /Users/admin/builder/spi-builder-workspace/.swiftpm/xcode
SwiftCompile normal arm64 Compiling\ LookupEndpoint.swift,\ LookupResponse.swift /Users/admin/builder/spi-builder-workspace/Sources/AppShowcaseCore/LookupEndpoint.swift /Users/admin/builder/spi-builder-workspace/Sources/AppShowcaseCore/LookupResponse.swift (in target 'AppShowcaseCore' from project 'AppShowcaseKit')
SwiftCompile normal arm64 /Users/admin/builder/spi-builder-workspace/Sources/AppShowcaseCore/LookupEndpoint.swift (in target 'AppShowcaseCore' from project 'AppShowcaseKit')
cd /Users/admin/builder/spi-builder-workspace/.swiftpm/xcode
SwiftCompile normal arm64 /Users/admin/builder/spi-builder-workspace/Sources/AppShowcaseCore/LookupResponse.swift (in target 'AppShowcaseCore' from project 'AppShowcaseKit')
cd /Users/admin/builder/spi-builder-workspace/.swiftpm/xcode
SwiftEmitModule normal arm64_32 Emitting\ module\ for\ AppShowcaseCore (in target 'AppShowcaseCore' from project 'AppShowcaseKit')
EmitSwiftModule normal arm64_32 (in target 'AppShowcaseCore' from project 'AppShowcaseKit')
cd /Users/admin/builder/spi-builder-workspace/.swiftpm/xcode
SwiftDriverJobDiscovery normal arm64 Emitting module for AppShowcaseCore (in target 'AppShowcaseCore' from project 'AppShowcaseKit')
SwiftDriver\ Compilation\ Requirements AppShowcaseCore normal arm64 com.apple.xcode.tools.swift.compiler (in target 'AppShowcaseCore' from project 'AppShowcaseKit')
cd /Users/admin/builder/spi-builder-workspace/.swiftpm/xcode
builtin-Swift-Compilation-Requirements -- /Applications/Xcode-26.3.0.app/Contents/Developer/Toolchains/XcodeDefault.xctoolchain/usr/bin/swiftc -module-name AppShowcaseCore -Onone -enforce-exclusivity\=checked @/Users/admin/builder/spi-builder-workspace/.derivedData/Build/Intermediates.noindex/AppShowcaseKit.build/Debug-watchos/AppShowcaseCore.build/Objects-normal/arm64/AppShowcaseCore.SwiftFileList -DSWIFT_PACKAGE -DDEBUG -DSWIFT_MODULE_RESOURCE_BUNDLE_AVAILABLE -DXcode -plugin-path /Applications/Xcode-26.3.0.app/Contents/Developer/Toolchains/XcodeDefault.xctoolchain/usr/lib/swift/host/plugins/testing -enable-experimental-feature DebugDescriptionMacro -sdk /Applications/Xcode-26.3.0.app/Contents/Developer/Platforms/WatchOS.platform/Developer/SDKs/WatchOS26.2.sdk -target arm64-apple-watchos11.0 -g -module-cache-path /Users/admin/builder/spi-builder-workspace/.derivedData/ModuleCache.noindex -Xfrontend -serialize-debugging-options -profile-coverage-mapping -profile-generate -enable-testing -index-store-path /Users/admin/builder/spi-builder-workspace/.derivedData/Index.noindex/DataStore -Xcc -D_LIBCPP_HARDENING_MODE\=_LIBCPP_HARDENING_MODE_DEBUG -swift-version 6 -I /Users/admin/builder/spi-builder-workspace/.derivedData/Build/Products/Debug-watchos -Isystem /Applications/Xcode-26.3.0.app/Contents/Developer/Platforms/WatchOS.platform/Developer/usr/lib -F /Users/admin/builder/spi-builder-workspace/.derivedData/Build/Products/Debug-watchos -F /Applications/Xcode-26.3.0.app/Contents/Developer/Platforms/WatchOS.platform/Developer/Library/Frameworks -F /Applications/Xcode-26.3.0.app/Contents/Developer/Platforms/WatchOS.platform/Developer/SDKs/WatchOS26.2.sdk/Developer/Library/Frameworks -c -j10 -enable-batch-mode -incremental -Xcc -ivfsstatcache -Xcc /Users/admin/builder/spi-builder-workspace/.derivedData/SDKStatCaches.noindex/watchos26.2-23S303-dc75598d0054f22ec865fa860f139d721753b489057de6bda919edfa1c59a62b.sdkstatcache -output-file-map /Users/admin/builder/spi-builder-workspace/.derivedData/Build/Intermediates.noindex/AppShowcaseKit.build/Debug-watchos/AppShowcaseCore.build/Objects-normal/arm64/AppShowcaseCore-OutputFileMap.json -use-frontend-parseable-output -save-temps -no-color-diagnostics -explicit-module-build -module-cache-path /Users/admin/builder/spi-builder-workspace/.derivedData/Build/Intermediates.noindex/SwiftExplicitPrecompiledModules -clang-scanner-module-cache-path /Users/admin/builder/spi-builder-workspace/.derivedData/ModuleCache.noindex -sdk-module-cache-path /Users/admin/builder/spi-builder-workspace/.derivedData/ModuleCache.noindex -serialize-diagnostics -emit-dependencies -emit-module -emit-module-path /Users/admin/builder/spi-builder-workspace/.derivedData/Build/Intermediates.noindex/AppShowcaseKit.build/Debug-watchos/AppShowcaseCore.build/Objects-normal/arm64/AppShowcaseCore.swiftmodule -validate-clang-modules-once -clang-build-session-file /Users/admin/builder/spi-builder-workspace/.derivedData/ModuleCache.noindex/Session.modulevalidation -package-name spi_builder_workspace -Xcc -I/Users/admin/builder/spi-builder-workspace/.derivedData/Build/Intermediates.noindex/AppShowcaseKit.build/Debug-watchos/AppShowcaseCore.build/swift-overrides.hmap -emit-const-values -Xfrontend -const-gather-protocols-file -Xfrontend /Users/admin/builder/spi-builder-workspace/.derivedData/Build/Intermediates.noindex/AppShowcaseKit.build/Debug-watchos/AppShowcaseCore.build/Objects-normal/arm64/AppShowcaseCore_const_extract_protocols.json -Xcc -I/Users/admin/builder/spi-builder-workspace/.derivedData/Build/Products/Debug-watchos/include -Xcc -I/Users/admin/builder/spi-builder-workspace/.derivedData/Build/Intermediates.noindex/AppShowcaseKit.build/Debug-watchos/AppShowcaseCore.build/DerivedSources-normal/arm64 -Xcc -I/Users/admin/builder/spi-builder-workspace/.derivedData/Build/Intermediates.noindex/AppShowcaseKit.build/Debug-watchos/AppShowcaseCore.build/DerivedSources/arm64 -Xcc -I/Users/admin/builder/spi-builder-workspace/.derivedData/Build/Intermediates.noindex/AppShowcaseKit.build/Debug-watchos/AppShowcaseCore.build/DerivedSources -Xcc -DSWIFT_PACKAGE -Xcc -DDEBUG\=1 -emit-objc-header -emit-objc-header-path /Users/admin/builder/spi-builder-workspace/.derivedData/Build/Intermediates.noindex/AppShowcaseKit.build/Debug-watchos/AppShowcaseCore.build/Objects-normal/arm64/AppShowcaseCore-Swift.h -working-directory /Users/admin/builder/spi-builder-workspace/.swiftpm/xcode -experimental-emit-module-separately -disable-cmo
SwiftDriverJobDiscovery normal arm64_32 Emitting module for AppShowcaseCore (in target 'AppShowcaseCore' from project 'AppShowcaseKit')
SwiftCompile normal arm64_32 Compiling\ StorefrontCode.swift /Users/admin/builder/spi-builder-workspace/Sources/AppShowcaseCore/StorefrontCode.swift (in target 'AppShowcaseCore' from project 'AppShowcaseKit')
SwiftCompile normal arm64_32 /Users/admin/builder/spi-builder-workspace/Sources/AppShowcaseCore/StorefrontCode.swift (in target 'AppShowcaseCore' from project 'AppShowcaseKit')
cd /Users/admin/builder/spi-builder-workspace/.swiftpm/xcode
SwiftDriver\ Compilation\ Requirements AppShowcaseCore normal arm64_32 com.apple.xcode.tools.swift.compiler (in target 'AppShowcaseCore' from project 'AppShowcaseKit')
cd /Users/admin/builder/spi-builder-workspace/.swiftpm/xcode
builtin-Swift-Compilation-Requirements -- /Applications/Xcode-26.3.0.app/Contents/Developer/Toolchains/XcodeDefault.xctoolchain/usr/bin/swiftc -module-name AppShowcaseCore -Onone -enforce-exclusivity\=checked @/Users/admin/builder/spi-builder-workspace/.derivedData/Build/Intermediates.noindex/AppShowcaseKit.build/Debug-watchos/AppShowcaseCore.build/Objects-normal/arm64_32/AppShowcaseCore.SwiftFileList -DSWIFT_PACKAGE -DDEBUG -DSWIFT_MODULE_RESOURCE_BUNDLE_AVAILABLE -DXcode -plugin-path /Applications/Xcode-26.3.0.app/Contents/Developer/Toolchains/XcodeDefault.xctoolchain/usr/lib/swift/host/plugins/testing -enable-experimental-feature DebugDescriptionMacro -sdk /Applications/Xcode-26.3.0.app/Contents/Developer/Platforms/WatchOS.platform/Developer/SDKs/WatchOS26.2.sdk -target arm64_32-apple-watchos11.0 -g -module-cache-path /Users/admin/builder/spi-builder-workspace/.derivedData/ModuleCache.noindex -Xfrontend -serialize-debugging-options -profile-coverage-mapping -profile-generate -enable-testing -index-store-path /Users/admin/builder/spi-builder-workspace/.derivedData/Index.noindex/DataStore -Xcc -D_LIBCPP_HARDENING_MODE\=_LIBCPP_HARDENING_MODE_DEBUG -swift-version 6 -I /Users/admin/builder/spi-builder-workspace/.derivedData/Build/Products/Debug-watchos -Isystem /Applications/Xcode-26.3.0.app/Contents/Developer/Platforms/WatchOS.platform/Developer/usr/lib -F /Users/admin/builder/spi-builder-workspace/.derivedData/Build/Products/Debug-watchos -F /Applications/Xcode-26.3.0.app/Contents/Developer/Platforms/WatchOS.platform/Developer/Library/Frameworks -F /Applications/Xcode-26.3.0.app/Contents/Developer/Platforms/WatchOS.platform/Developer/SDKs/WatchOS26.2.sdk/Developer/Library/Frameworks -c -j10 -enable-batch-mode -incremental -Xcc -ivfsstatcache -Xcc /Users/admin/builder/spi-builder-workspace/.derivedData/SDKStatCaches.noindex/watchos26.2-23S303-dc75598d0054f22ec865fa860f139d721753b489057de6bda919edfa1c59a62b.sdkstatcache -output-file-map /Users/admin/builder/spi-builder-workspace/.derivedData/Build/Intermediates.noindex/AppShowcaseKit.build/Debug-watchos/AppShowcaseCore.build/Objects-normal/arm64_32/AppShowcaseCore-OutputFileMap.json -use-frontend-parseable-output -save-temps -no-color-diagnostics -explicit-module-build -module-cache-path /Users/admin/builder/spi-builder-workspace/.derivedData/Build/Intermediates.noindex/SwiftExplicitPrecompiledModules -clang-scanner-module-cache-path /Users/admin/builder/spi-builder-workspace/.derivedData/ModuleCache.noindex -sdk-module-cache-path /Users/admin/builder/spi-builder-workspace/.derivedData/ModuleCache.noindex -serialize-diagnostics -emit-dependencies -emit-module -emit-module-path /Users/admin/builder/spi-builder-workspace/.derivedData/Build/Intermediates.noindex/AppShowcaseKit.build/Debug-watchos/AppShowcaseCore.build/Objects-normal/arm64_32/AppShowcaseCore.swiftmodule -validate-clang-modules-once -clang-build-session-file /Users/admin/builder/spi-builder-workspace/.derivedData/ModuleCache.noindex/Session.modulevalidation -package-name spi_builder_workspace -Xcc -I/Users/admin/builder/spi-builder-workspace/.derivedData/Build/Intermediates.noindex/AppShowcaseKit.build/Debug-watchos/AppShowcaseCore.build/swift-overrides.hmap -emit-const-values -Xfrontend -const-gather-protocols-file -Xfrontend /Users/admin/builder/spi-builder-workspace/.derivedData/Build/Intermediates.noindex/AppShowcaseKit.build/Debug-watchos/AppShowcaseCore.build/Objects-normal/arm64_32/AppShowcaseCore_const_extract_protocols.json -Xcc -I/Users/admin/builder/spi-builder-workspace/.derivedData/Build/Products/Debug-watchos/include -Xcc -I/Users/admin/builder/spi-builder-workspace/.derivedData/Build/Intermediates.noindex/AppShowcaseKit.build/Debug-watchos/AppShowcaseCore.build/DerivedSources-normal/arm64_32 -Xcc -I/Users/admin/builder/spi-builder-workspace/.derivedData/Build/Intermediates.noindex/AppShowcaseKit.build/Debug-watchos/AppShowcaseCore.build/DerivedSources/arm64_32 -Xcc -I/Users/admin/builder/spi-builder-workspace/.derivedData/Build/Intermediates.noindex/AppShowcaseKit.build/Debug-watchos/AppShowcaseCore.build/DerivedSources -Xcc -DSWIFT_PACKAGE -Xcc -DDEBUG\=1 -emit-objc-header -emit-objc-header-path /Users/admin/builder/spi-builder-workspace/.derivedData/Build/Intermediates.noindex/AppShowcaseKit.build/Debug-watchos/AppShowcaseCore.build/Objects-normal/arm64_32/AppShowcaseCore-Swift.h -working-directory /Users/admin/builder/spi-builder-workspace/.swiftpm/xcode -experimental-emit-module-separately -disable-cmo
SwiftDriverJobDiscovery normal arm64 Compiling ShowcaseTapStyle.swift (in target 'AppShowcaseCore' from project 'AppShowcaseKit')
Copy /Users/admin/builder/spi-builder-workspace/.derivedData/Build/Products/Debug-watchos/AppShowcaseCore.swiftmodule/arm64-apple-watchos.swiftmodule /Users/admin/builder/spi-builder-workspace/.derivedData/Build/Intermediates.noindex/AppShowcaseKit.build/Debug-watchos/AppShowcaseCore.build/Objects-normal/arm64/AppShowcaseCore.swiftmodule (in target 'AppShowcaseCore' from project 'AppShowcaseKit')
cd /Users/admin/builder/spi-builder-workspace
builtin-copy -exclude .DS_Store -exclude CVS -exclude .svn -exclude .git -exclude .hg -resolve-src-symlinks -rename /Users/admin/builder/spi-builder-workspace/.derivedData/Build/Intermediates.noindex/AppShowcaseKit.build/Debug-watchos/AppShowcaseCore.build/Objects-normal/arm64/AppShowcaseCore.swiftmodule /Users/admin/builder/spi-builder-workspace/.derivedData/Build/Products/Debug-watchos/AppShowcaseCore.swiftmodule/arm64-apple-watchos.swiftmodule
Copy /Users/admin/builder/spi-builder-workspace/.derivedData/Build/Products/Debug-watchos/AppShowcaseCore.swiftmodule/arm64-apple-watchos.swiftdoc /Users/admin/builder/spi-builder-workspace/.derivedData/Build/Intermediates.noindex/AppShowcaseKit.build/Debug-watchos/AppShowcaseCore.build/Objects-normal/arm64/AppShowcaseCore.swiftdoc (in target 'AppShowcaseCore' from project 'AppShowcaseKit')
cd /Users/admin/builder/spi-builder-workspace
builtin-copy -exclude .DS_Store -exclude CVS -exclude .svn -exclude .git -exclude .hg -resolve-src-symlinks -rename /Users/admin/builder/spi-builder-workspace/.derivedData/Build/Intermediates.noindex/AppShowcaseKit.build/Debug-watchos/AppShowcaseCore.build/Objects-normal/arm64/AppShowcaseCore.swiftdoc /Users/admin/builder/spi-builder-workspace/.derivedData/Build/Products/Debug-watchos/AppShowcaseCore.swiftmodule/arm64-apple-watchos.swiftdoc
Copy /Users/admin/builder/spi-builder-workspace/.derivedData/Build/Products/Debug-watchos/AppShowcaseCore.swiftmodule/arm64-apple-watchos.abi.json /Users/admin/builder/spi-builder-workspace/.derivedData/Build/Intermediates.noindex/AppShowcaseKit.build/Debug-watchos/AppShowcaseCore.build/Objects-normal/arm64/AppShowcaseCore.abi.json (in target 'AppShowcaseCore' from project 'AppShowcaseKit')
cd /Users/admin/builder/spi-builder-workspace
builtin-copy -exclude .DS_Store -exclude CVS -exclude .svn -exclude .git -exclude .hg -resolve-src-symlinks -rename /Users/admin/builder/spi-builder-workspace/.derivedData/Build/Intermediates.noindex/AppShowcaseKit.build/Debug-watchos/AppShowcaseCore.build/Objects-normal/arm64/AppShowcaseCore.abi.json /Users/admin/builder/spi-builder-workspace/.derivedData/Build/Products/Debug-watchos/AppShowcaseCore.swiftmodule/arm64-apple-watchos.abi.json
SwiftDriverJobDiscovery normal arm64 Compiling ShowcaseOverlay.swift (in target 'AppShowcaseCore' from project 'AppShowcaseKit')
Copy /Users/admin/builder/spi-builder-workspace/.derivedData/Build/Products/Debug-watchos/AppShowcaseCore.swiftmodule/Project/arm64-apple-watchos.swiftsourceinfo /Users/admin/builder/spi-builder-workspace/.derivedData/Build/Intermediates.noindex/AppShowcaseKit.build/Debug-watchos/AppShowcaseCore.build/Objects-normal/arm64/AppShowcaseCore.swiftsourceinfo (in target 'AppShowcaseCore' from project 'AppShowcaseKit')
cd /Users/admin/builder/spi-builder-workspace
builtin-copy -exclude .DS_Store -exclude CVS -exclude .svn -exclude .git -exclude .hg -resolve-src-symlinks -rename /Users/admin/builder/spi-builder-workspace/.derivedData/Build/Intermediates.noindex/AppShowcaseKit.build/Debug-watchos/AppShowcaseCore.build/Objects-normal/arm64/AppShowcaseCore.swiftsourceinfo /Users/admin/builder/spi-builder-workspace/.derivedData/Build/Products/Debug-watchos/AppShowcaseCore.swiftmodule/Project/arm64-apple-watchos.swiftsourceinfo
SwiftCompile normal arm64_32 Compiling\ ShowcasePlatform.swift /Users/admin/builder/spi-builder-workspace/Sources/AppShowcaseCore/ShowcasePlatform.swift (in target 'AppShowcaseCore' from project 'AppShowcaseKit')
SwiftCompile normal arm64_32 /Users/admin/builder/spi-builder-workspace/Sources/AppShowcaseCore/ShowcasePlatform.swift (in target 'AppShowcaseCore' from project 'AppShowcaseKit')
cd /Users/admin/builder/spi-builder-workspace/.swiftpm/xcode
SwiftCompile normal arm64_32 Compiling\ RosterResolver.swift,\ RunningOS.swift /Users/admin/builder/spi-builder-workspace/Sources/AppShowcaseCore/RosterResolver.swift /Users/admin/builder/spi-builder-workspace/Sources/AppShowcaseCore/RunningOS.swift (in target 'AppShowcaseCore' from project 'AppShowcaseKit')
SwiftCompile normal arm64_32 /Users/admin/builder/spi-builder-workspace/Sources/AppShowcaseCore/RosterResolver.swift (in target 'AppShowcaseCore' from project 'AppShowcaseKit')
cd /Users/admin/builder/spi-builder-workspace/.swiftpm/xcode
SwiftCompile normal arm64_32 /Users/admin/builder/spi-builder-workspace/Sources/AppShowcaseCore/RunningOS.swift (in target 'AppShowcaseCore' from project 'AppShowcaseKit')
cd /Users/admin/builder/spi-builder-workspace/.swiftpm/xcode
SwiftDriverJobDiscovery normal arm64 Compiling ShowcasePlatform.swift (in target 'AppShowcaseCore' from project 'AppShowcaseKit')
SwiftCompile normal arm64_32 Compiling\ LookupEndpoint.swift,\ LookupResponse.swift /Users/admin/builder/spi-builder-workspace/Sources/AppShowcaseCore/LookupEndpoint.swift /Users/admin/builder/spi-builder-workspace/Sources/AppShowcaseCore/LookupResponse.swift (in target 'AppShowcaseCore' from project 'AppShowcaseKit')
SwiftCompile normal arm64_32 /Users/admin/builder/spi-builder-workspace/Sources/AppShowcaseCore/LookupEndpoint.swift (in target 'AppShowcaseCore' from project 'AppShowcaseKit')
cd /Users/admin/builder/spi-builder-workspace/.swiftpm/xcode
SwiftCompile normal arm64_32 /Users/admin/builder/spi-builder-workspace/Sources/AppShowcaseCore/LookupResponse.swift (in target 'AppShowcaseCore' from project 'AppShowcaseKit')
cd /Users/admin/builder/spi-builder-workspace/.swiftpm/xcode
SwiftMergeGeneratedHeaders /Users/admin/builder/spi-builder-workspace/.derivedData/Build/Intermediates.noindex/GeneratedModuleMaps-watchos/AppShowcaseCore-Swift.h /Users/admin/builder/spi-builder-workspace/.derivedData/Build/Intermediates.noindex/AppShowcaseKit.build/Debug-watchos/AppShowcaseCore.build/Objects-normal/arm64/AppShowcaseCore-Swift.h /Users/admin/builder/spi-builder-workspace/.derivedData/Build/Intermediates.noindex/AppShowcaseKit.build/Debug-watchos/AppShowcaseCore.build/Objects-normal/arm64_32/AppShowcaseCore-Swift.h (in target 'AppShowcaseCore' from project 'AppShowcaseKit')
cd /Users/admin/builder/spi-builder-workspace
builtin-swiftHeaderTool -arch arm64 /Users/admin/builder/spi-builder-workspace/.derivedData/Build/Intermediates.noindex/AppShowcaseKit.build/Debug-watchos/AppShowcaseCore.build/Objects-normal/arm64/AppShowcaseCore-Swift.h -arch arm64_32 /Users/admin/builder/spi-builder-workspace/.derivedData/Build/Intermediates.noindex/AppShowcaseKit.build/Debug-watchos/AppShowcaseCore.build/Objects-normal/arm64_32/AppShowcaseCore-Swift.h -o /Users/admin/builder/spi-builder-workspace/.derivedData/Build/Intermediates.noindex/GeneratedModuleMaps-watchos/AppShowcaseCore-Swift.h
SwiftDriverJobDiscovery normal arm64_32 Compiling ShowcasePlatform.swift (in target 'AppShowcaseCore' from project 'AppShowcaseKit')
Copy /Users/admin/builder/spi-builder-workspace/.derivedData/Build/Products/Debug-watchos/AppShowcaseCore.swiftmodule/arm64_32-apple-watchos.swiftmodule /Users/admin/builder/spi-builder-workspace/.derivedData/Build/Intermediates.noindex/AppShowcaseKit.build/Debug-watchos/AppShowcaseCore.build/Objects-normal/arm64_32/AppShowcaseCore.swiftmodule (in target 'AppShowcaseCore' from project 'AppShowcaseKit')
cd /Users/admin/builder/spi-builder-workspace
builtin-copy -exclude .DS_Store -exclude CVS -exclude .svn -exclude .git -exclude .hg -resolve-src-symlinks -rename /Users/admin/builder/spi-builder-workspace/.derivedData/Build/Intermediates.noindex/AppShowcaseKit.build/Debug-watchos/AppShowcaseCore.build/Objects-normal/arm64_32/AppShowcaseCore.swiftmodule /Users/admin/builder/spi-builder-workspace/.derivedData/Build/Products/Debug-watchos/AppShowcaseCore.swiftmodule/arm64_32-apple-watchos.swiftmodule
Copy /Users/admin/builder/spi-builder-workspace/.derivedData/Build/Products/Debug-watchos/AppShowcaseCore.swiftmodule/arm64_32-apple-watchos.swiftdoc /Users/admin/builder/spi-builder-workspace/.derivedData/Build/Intermediates.noindex/AppShowcaseKit.build/Debug-watchos/AppShowcaseCore.build/Objects-normal/arm64_32/AppShowcaseCore.swiftdoc (in target 'AppShowcaseCore' from project 'AppShowcaseKit')
cd /Users/admin/builder/spi-builder-workspace
builtin-copy -exclude .DS_Store -exclude CVS -exclude .svn -exclude .git -exclude .hg -resolve-src-symlinks -rename /Users/admin/builder/spi-builder-workspace/.derivedData/Build/Intermediates.noindex/AppShowcaseKit.build/Debug-watchos/AppShowcaseCore.build/Objects-normal/arm64_32/AppShowcaseCore.swiftdoc /Users/admin/builder/spi-builder-workspace/.derivedData/Build/Products/Debug-watchos/AppShowcaseCore.swiftmodule/arm64_32-apple-watchos.swiftdoc
Copy /Users/admin/builder/spi-builder-workspace/.derivedData/Build/Products/Debug-watchos/AppShowcaseCore.swiftmodule/arm64_32-apple-watchos.abi.json /Users/admin/builder/spi-builder-workspace/.derivedData/Build/Intermediates.noindex/AppShowcaseKit.build/Debug-watchos/AppShowcaseCore.build/Objects-normal/arm64_32/AppShowcaseCore.abi.json (in target 'AppShowcaseCore' from project 'AppShowcaseKit')
cd /Users/admin/builder/spi-builder-workspace
builtin-copy -exclude .DS_Store -exclude CVS -exclude .svn -exclude .git -exclude .hg -resolve-src-symlinks -rename /Users/admin/builder/spi-builder-workspace/.derivedData/Build/Intermediates.noindex/AppShowcaseKit.build/Debug-watchos/AppShowcaseCore.build/Objects-normal/arm64_32/AppShowcaseCore.abi.json /Users/admin/builder/spi-builder-workspace/.derivedData/Build/Products/Debug-watchos/AppShowcaseCore.swiftmodule/arm64_32-apple-watchos.abi.json
Copy /Users/admin/builder/spi-builder-workspace/.derivedData/Build/Products/Debug-watchos/AppShowcaseCore.swiftmodule/Project/arm64_32-apple-watchos.swiftsourceinfo /Users/admin/builder/spi-builder-workspace/.derivedData/Build/Intermediates.noindex/AppShowcaseKit.build/Debug-watchos/AppShowcaseCore.build/Objects-normal/arm64_32/AppShowcaseCore.swiftsourceinfo (in target 'AppShowcaseCore' from project 'AppShowcaseKit')
cd /Users/admin/builder/spi-builder-workspace
builtin-copy -exclude .DS_Store -exclude CVS -exclude .svn -exclude .git -exclude .hg -resolve-src-symlinks -rename /Users/admin/builder/spi-builder-workspace/.derivedData/Build/Intermediates.noindex/AppShowcaseKit.build/Debug-watchos/AppShowcaseCore.build/Objects-normal/arm64_32/AppShowcaseCore.swiftsourceinfo /Users/admin/builder/spi-builder-workspace/.derivedData/Build/Products/Debug-watchos/AppShowcaseCore.swiftmodule/Project/arm64_32-apple-watchos.swiftsourceinfo
SwiftCompile normal arm64_32 Compiling\ ShowcaseOverlay.swift /Users/admin/builder/spi-builder-workspace/Sources/AppShowcaseCore/ShowcaseOverlay.swift (in target 'AppShowcaseCore' from project 'AppShowcaseKit')
SwiftCompile normal arm64_32 /Users/admin/builder/spi-builder-workspace/Sources/AppShowcaseCore/ShowcaseOverlay.swift (in target 'AppShowcaseCore' from project 'AppShowcaseKit')
cd /Users/admin/builder/spi-builder-workspace/.swiftpm/xcode
SwiftDriverJobDiscovery normal arm64_32 Compiling StorefrontCode.swift (in target 'AppShowcaseCore' from project 'AppShowcaseKit')
SwiftCompile normal arm64_32 Compiling\ resource_bundle_accessor.swift,\ AppShowcaseCore.swift /Users/admin/builder/spi-builder-workspace/.derivedData/Build/Intermediates.noindex/AppShowcaseKit.build/Debug-watchos/AppShowcaseCore.build/DerivedSources/resource_bundle_accessor.swift /Users/admin/builder/spi-builder-workspace/Sources/AppShowcaseCore/AppShowcaseCore.swift (in target 'AppShowcaseCore' from project 'AppShowcaseKit')
SwiftCompile normal arm64_32 /Users/admin/builder/spi-builder-workspace/.derivedData/Build/Intermediates.noindex/AppShowcaseKit.build/Debug-watchos/AppShowcaseCore.build/DerivedSources/resource_bundle_accessor.swift (in target 'AppShowcaseCore' from project 'AppShowcaseKit')
cd /Users/admin/builder/spi-builder-workspace/.swiftpm/xcode
SwiftCompile normal arm64_32 /Users/admin/builder/spi-builder-workspace/Sources/AppShowcaseCore/AppShowcaseCore.swift (in target 'AppShowcaseCore' from project 'AppShowcaseKit')
cd /Users/admin/builder/spi-builder-workspace/.swiftpm/xcode
SwiftDriverJobDiscovery normal arm64_32 Compiling ShowcaseOverlay.swift (in target 'AppShowcaseCore' from project 'AppShowcaseKit')
SwiftCompile normal arm64_32 Compiling\ ShowcaseApp.swift,\ ShowcaseAttribution.swift /Users/admin/builder/spi-builder-workspace/Sources/AppShowcaseCore/ShowcaseApp.swift /Users/admin/builder/spi-builder-workspace/Sources/AppShowcaseCore/ShowcaseAttribution.swift (in target 'AppShowcaseCore' from project 'AppShowcaseKit')
SwiftCompile normal arm64_32 /Users/admin/builder/spi-builder-workspace/Sources/AppShowcaseCore/ShowcaseApp.swift (in target 'AppShowcaseCore' from project 'AppShowcaseKit')
cd /Users/admin/builder/spi-builder-workspace/.swiftpm/xcode
SwiftCompile normal arm64_32 /Users/admin/builder/spi-builder-workspace/Sources/AppShowcaseCore/ShowcaseAttribution.swift (in target 'AppShowcaseCore' from project 'AppShowcaseKit')
cd /Users/admin/builder/spi-builder-workspace/.swiftpm/xcode
SwiftDriverJobDiscovery normal arm64 Compiling resource_bundle_accessor.swift, AppShowcaseCore.swift (in target 'AppShowcaseCore' from project 'AppShowcaseKit')
SwiftCompile normal arm64_32 Compiling\ ShowcaseCache.swift,\ ShowcaseHostOverride.swift /Users/admin/builder/spi-builder-workspace/Sources/AppShowcaseCore/ShowcaseCache.swift /Users/admin/builder/spi-builder-workspace/Sources/AppShowcaseCore/ShowcaseHostOverride.swift (in target 'AppShowcaseCore' from project 'AppShowcaseKit')
SwiftCompile normal arm64_32 /Users/admin/builder/spi-builder-workspace/Sources/AppShowcaseCore/ShowcaseCache.swift (in target 'AppShowcaseCore' from project 'AppShowcaseKit')
cd /Users/admin/builder/spi-builder-workspace/.swiftpm/xcode
SwiftCompile normal arm64_32 /Users/admin/builder/spi-builder-workspace/Sources/AppShowcaseCore/ShowcaseHostOverride.swift (in target 'AppShowcaseCore' from project 'AppShowcaseKit')
cd /Users/admin/builder/spi-builder-workspace/.swiftpm/xcode
SwiftCompile normal arm64 Compiling\ StorefrontCode.swift /Users/admin/builder/spi-builder-workspace/Sources/AppShowcaseCore/StorefrontCode.swift (in target 'AppShowcaseCore' from project 'AppShowcaseKit')
SwiftCompile normal arm64 /Users/admin/builder/spi-builder-workspace/Sources/AppShowcaseCore/StorefrontCode.swift (in target 'AppShowcaseCore' from project 'AppShowcaseKit')
cd /Users/admin/builder/spi-builder-workspace/.swiftpm/xcode
SwiftDriverJobDiscovery normal arm64 Compiling LookupEndpoint.swift, LookupResponse.swift (in target 'AppShowcaseCore' from project 'AppShowcaseKit')
SwiftCompile normal arm64_32 Compiling\ ShowcaseLoader.swift /Users/admin/builder/spi-builder-workspace/Sources/AppShowcaseCore/ShowcaseLoader.swift (in target 'AppShowcaseCore' from project 'AppShowcaseKit')
SwiftCompile normal arm64_32 /Users/admin/builder/spi-builder-workspace/Sources/AppShowcaseCore/ShowcaseLoader.swift (in target 'AppShowcaseCore' from project 'AppShowcaseKit')
cd /Users/admin/builder/spi-builder-workspace/.swiftpm/xcode
SwiftCompile normal arm64_32 Compiling\ ShowcaseTapStyle.swift /Users/admin/builder/spi-builder-workspace/Sources/AppShowcaseCore/ShowcaseTapStyle.swift (in target 'AppShowcaseCore' from project 'AppShowcaseKit')
SwiftCompile normal arm64_32 /Users/admin/builder/spi-builder-workspace/Sources/AppShowcaseCore/ShowcaseTapStyle.swift (in target 'AppShowcaseCore' from project 'AppShowcaseKit')
cd /Users/admin/builder/spi-builder-workspace/.swiftpm/xcode
SwiftDriverJobDiscovery normal arm64 Compiling ShowcaseApp.swift, ShowcaseAttribution.swift (in target 'AppShowcaseCore' from project 'AppShowcaseKit')
SwiftDriverJobDiscovery normal arm64 Compiling RosterResolver.swift, RunningOS.swift (in target 'AppShowcaseCore' from project 'AppShowcaseKit')
SwiftDriverJobDiscovery normal arm64 Compiling ShowcaseCache.swift, ShowcaseHostOverride.swift (in target 'AppShowcaseCore' from project 'AppShowcaseKit')
SwiftDriver AppShowcaseStoreKit normal arm64_32 com.apple.xcode.tools.swift.compiler (in target 'AppShowcaseStoreKit' from project 'AppShowcaseKit')
cd /Users/admin/builder/spi-builder-workspace/.swiftpm/xcode
builtin-SwiftDriver -- /Applications/Xcode-26.3.0.app/Contents/Developer/Toolchains/XcodeDefault.xctoolchain/usr/bin/swiftc -module-name AppShowcaseStoreKit -Onone -enforce-exclusivity\=checked @/Users/admin/builder/spi-builder-workspace/.derivedData/Build/Intermediates.noindex/AppShowcaseKit.build/Debug-watchos/AppShowcaseStoreKit.build/Objects-normal/arm64_32/AppShowcaseStoreKit.SwiftFileList -DSWIFT_PACKAGE -DDEBUG -DSWIFT_MODULE_RESOURCE_BUNDLE_AVAILABLE -DXcode -plugin-path /Applications/Xcode-26.3.0.app/Contents/Developer/Toolchains/XcodeDefault.xctoolchain/usr/lib/swift/host/plugins/testing -enable-experimental-feature DebugDescriptionMacro -sdk /Applications/Xcode-26.3.0.app/Contents/Developer/Platforms/WatchOS.platform/Developer/SDKs/WatchOS26.2.sdk -target arm64_32-apple-watchos11.0 -g -module-cache-path /Users/admin/builder/spi-builder-workspace/.derivedData/ModuleCache.noindex -Xfrontend -serialize-debugging-options -profile-coverage-mapping -profile-generate -enable-testing -index-store-path /Users/admin/builder/spi-builder-workspace/.derivedData/Index.noindex/DataStore -Xcc -D_LIBCPP_HARDENING_MODE\=_LIBCPP_HARDENING_MODE_DEBUG -swift-version 6 -I /Users/admin/builder/spi-builder-workspace/.derivedData/Build/Products/Debug-watchos -Isystem /Applications/Xcode-26.3.0.app/Contents/Developer/Platforms/WatchOS.platform/Developer/usr/lib -F /Users/admin/builder/spi-builder-workspace/.derivedData/Build/Products/Debug-watchos/PackageFrameworks -F /Users/admin/builder/spi-builder-workspace/.derivedData/Build/Products/Debug-watchos -F /Applications/Xcode-26.3.0.app/Contents/Developer/Platforms/WatchOS.platform/Developer/Library/Frameworks -F /Applications/Xcode-26.3.0.app/Contents/Developer/Platforms/WatchOS.platform/Developer/SDKs/WatchOS26.2.sdk/Developer/Library/Frameworks -c -j10 -enable-batch-mode -incremental -Xcc -ivfsstatcache -Xcc /Users/admin/builder/spi-builder-workspace/.derivedData/SDKStatCaches.noindex/watchos26.2-23S303-dc75598d0054f22ec865fa860f139d721753b489057de6bda919edfa1c59a62b.sdkstatcache -output-file-map /Users/admin/builder/spi-builder-workspace/.derivedData/Build/Intermediates.noindex/AppShowcaseKit.build/Debug-watchos/AppShowcaseStoreKit.build/Objects-normal/arm64_32/AppShowcaseStoreKit-OutputFileMap.json -use-frontend-parseable-output -save-temps -no-color-diagnostics -explicit-module-build -module-cache-path /Users/admin/builder/spi-builder-workspace/.derivedData/Build/Intermediates.noindex/SwiftExplicitPrecompiledModules -clang-scanner-module-cache-path /Users/admin/builder/spi-builder-workspace/.derivedData/ModuleCache.noindex -sdk-module-cache-path /Users/admin/builder/spi-builder-workspace/.derivedData/ModuleCache.noindex -serialize-diagnostics -emit-dependencies -emit-module -emit-module-path /Users/admin/builder/spi-builder-workspace/.derivedData/Build/Intermediates.noindex/AppShowcaseKit.build/Debug-watchos/AppShowcaseStoreKit.build/Objects-normal/arm64_32/AppShowcaseStoreKit.swiftmodule -validate-clang-modules-once -clang-build-session-file /Users/admin/builder/spi-builder-workspace/.derivedData/ModuleCache.noindex/Session.modulevalidation -package-name spi_builder_workspace -Xcc -I/Users/admin/builder/spi-builder-workspace/.derivedData/Build/Intermediates.noindex/AppShowcaseKit.build/Debug-watchos/AppShowcaseStoreKit.build/swift-overrides.hmap -emit-const-values -Xfrontend -const-gather-protocols-file -Xfrontend /Users/admin/builder/spi-builder-workspace/.derivedData/Build/Intermediates.noindex/AppShowcaseKit.build/Debug-watchos/AppShowcaseStoreKit.build/Objects-normal/arm64_32/AppShowcaseStoreKit_const_extract_protocols.json -Xcc -I/Users/admin/builder/spi-builder-workspace/.derivedData/Build/Products/Debug-watchos/include -Xcc -I/Users/admin/builder/spi-builder-workspace/.derivedData/Build/Intermediates.noindex/AppShowcaseKit.build/Debug-watchos/AppShowcaseStoreKit.build/DerivedSources-normal/arm64_32 -Xcc -I/Users/admin/builder/spi-builder-workspace/.derivedData/Build/Intermediates.noindex/AppShowcaseKit.build/Debug-watchos/AppShowcaseStoreKit.build/DerivedSources/arm64_32 -Xcc -I/Users/admin/builder/spi-builder-workspace/.derivedData/Build/Intermediates.noindex/AppShowcaseKit.build/Debug-watchos/AppShowcaseStoreKit.build/DerivedSources -Xcc -DSWIFT_PACKAGE -Xcc -DDEBUG\=1 -emit-objc-header -emit-objc-header-path /Users/admin/builder/spi-builder-workspace/.derivedData/Build/Intermediates.noindex/AppShowcaseKit.build/Debug-watchos/AppShowcaseStoreKit.build/Objects-normal/arm64_32/AppShowcaseStoreKit-Swift.h -working-directory /Users/admin/builder/spi-builder-workspace/.swiftpm/xcode -experimental-emit-module-separately -disable-cmo
SwiftDriver AppShowcaseStoreKit normal arm64 com.apple.xcode.tools.swift.compiler (in target 'AppShowcaseStoreKit' from project 'AppShowcaseKit')
cd /Users/admin/builder/spi-builder-workspace/.swiftpm/xcode
builtin-SwiftDriver -- /Applications/Xcode-26.3.0.app/Contents/Developer/Toolchains/XcodeDefault.xctoolchain/usr/bin/swiftc -module-name AppShowcaseStoreKit -Onone -enforce-exclusivity\=checked @/Users/admin/builder/spi-builder-workspace/.derivedData/Build/Intermediates.noindex/AppShowcaseKit.build/Debug-watchos/AppShowcaseStoreKit.build/Objects-normal/arm64/AppShowcaseStoreKit.SwiftFileList -DSWIFT_PACKAGE -DDEBUG -DSWIFT_MODULE_RESOURCE_BUNDLE_AVAILABLE -DXcode -plugin-path /Applications/Xcode-26.3.0.app/Contents/Developer/Toolchains/XcodeDefault.xctoolchain/usr/lib/swift/host/plugins/testing -enable-experimental-feature DebugDescriptionMacro -sdk /Applications/Xcode-26.3.0.app/Contents/Developer/Platforms/WatchOS.platform/Developer/SDKs/WatchOS26.2.sdk -target arm64-apple-watchos11.0 -g -module-cache-path /Users/admin/builder/spi-builder-workspace/.derivedData/ModuleCache.noindex -Xfrontend -serialize-debugging-options -profile-coverage-mapping -profile-generate -enable-testing -index-store-path /Users/admin/builder/spi-builder-workspace/.derivedData/Index.noindex/DataStore -Xcc -D_LIBCPP_HARDENING_MODE\=_LIBCPP_HARDENING_MODE_DEBUG -swift-version 6 -I /Users/admin/builder/spi-builder-workspace/.derivedData/Build/Products/Debug-watchos -Isystem /Applications/Xcode-26.3.0.app/Contents/Developer/Platforms/WatchOS.platform/Developer/usr/lib -F /Users/admin/builder/spi-builder-workspace/.derivedData/Build/Products/Debug-watchos/PackageFrameworks -F /Users/admin/builder/spi-builder-workspace/.derivedData/Build/Products/Debug-watchos -F /Applications/Xcode-26.3.0.app/Contents/Developer/Platforms/WatchOS.platform/Developer/Library/Frameworks -F /Applications/Xcode-26.3.0.app/Contents/Developer/Platforms/WatchOS.platform/Developer/SDKs/WatchOS26.2.sdk/Developer/Library/Frameworks -c -j10 -enable-batch-mode -incremental -Xcc -ivfsstatcache -Xcc /Users/admin/builder/spi-builder-workspace/.derivedData/SDKStatCaches.noindex/watchos26.2-23S303-dc75598d0054f22ec865fa860f139d721753b489057de6bda919edfa1c59a62b.sdkstatcache -output-file-map /Users/admin/builder/spi-builder-workspace/.derivedData/Build/Intermediates.noindex/AppShowcaseKit.build/Debug-watchos/AppShowcaseStoreKit.build/Objects-normal/arm64/AppShowcaseStoreKit-OutputFileMap.json -use-frontend-parseable-output -save-temps -no-color-diagnostics -explicit-module-build -module-cache-path /Users/admin/builder/spi-builder-workspace/.derivedData/Build/Intermediates.noindex/SwiftExplicitPrecompiledModules -clang-scanner-module-cache-path /Users/admin/builder/spi-builder-workspace/.derivedData/ModuleCache.noindex -sdk-module-cache-path /Users/admin/builder/spi-builder-workspace/.derivedData/ModuleCache.noindex -serialize-diagnostics -emit-dependencies -emit-module -emit-module-path /Users/admin/builder/spi-builder-workspace/.derivedData/Build/Intermediates.noindex/AppShowcaseKit.build/Debug-watchos/AppShowcaseStoreKit.build/Objects-normal/arm64/AppShowcaseStoreKit.swiftmodule -validate-clang-modules-once -clang-build-session-file /Users/admin/builder/spi-builder-workspace/.derivedData/ModuleCache.noindex/Session.modulevalidation -package-name spi_builder_workspace -Xcc -I/Users/admin/builder/spi-builder-workspace/.derivedData/Build/Intermediates.noindex/AppShowcaseKit.build/Debug-watchos/AppShowcaseStoreKit.build/swift-overrides.hmap -emit-const-values -Xfrontend -const-gather-protocols-file -Xfrontend /Users/admin/builder/spi-builder-workspace/.derivedData/Build/Intermediates.noindex/AppShowcaseKit.build/Debug-watchos/AppShowcaseStoreKit.build/Objects-normal/arm64/AppShowcaseStoreKit_const_extract_protocols.json -Xcc -I/Users/admin/builder/spi-builder-workspace/.derivedData/Build/Products/Debug-watchos/include -Xcc -I/Users/admin/builder/spi-builder-workspace/.derivedData/Build/Intermediates.noindex/AppShowcaseKit.build/Debug-watchos/AppShowcaseStoreKit.build/DerivedSources-normal/arm64 -Xcc -I/Users/admin/builder/spi-builder-workspace/.derivedData/Build/Intermediates.noindex/AppShowcaseKit.build/Debug-watchos/AppShowcaseStoreKit.build/DerivedSources/arm64 -Xcc -I/Users/admin/builder/spi-builder-workspace/.derivedData/Build/Intermediates.noindex/AppShowcaseKit.build/Debug-watchos/AppShowcaseStoreKit.build/DerivedSources -Xcc -DSWIFT_PACKAGE -Xcc -DDEBUG\=1 -emit-objc-header -emit-objc-header-path /Users/admin/builder/spi-builder-workspace/.derivedData/Build/Intermediates.noindex/AppShowcaseKit.build/Debug-watchos/AppShowcaseStoreKit.build/Objects-normal/arm64/AppShowcaseStoreKit-Swift.h -working-directory /Users/admin/builder/spi-builder-workspace/.swiftpm/xcode -experimental-emit-module-separately -disable-cmo
SwiftDriverJobDiscovery normal arm64 Compiling ShowcaseLoader.swift (in target 'AppShowcaseCore' from project 'AppShowcaseKit')
SwiftDriverJobDiscovery normal arm64_32 Compiling RosterResolver.swift, RunningOS.swift (in target 'AppShowcaseCore' from project 'AppShowcaseKit')
SwiftDriverJobDiscovery normal arm64_32 Compiling LookupEndpoint.swift, LookupResponse.swift (in target 'AppShowcaseCore' from project 'AppShowcaseKit')
SwiftDriverJobDiscovery normal arm64_32 Compiling resource_bundle_accessor.swift, AppShowcaseCore.swift (in target 'AppShowcaseCore' from project 'AppShowcaseKit')
SwiftDriverJobDiscovery normal arm64_32 Compiling ShowcaseTapStyle.swift (in target 'AppShowcaseCore' from project 'AppShowcaseKit')
SwiftDriverJobDiscovery normal arm64_32 Compiling ShowcaseApp.swift, ShowcaseAttribution.swift (in target 'AppShowcaseCore' from project 'AppShowcaseKit')
SwiftDriverJobDiscovery normal arm64 Compiling StorefrontCode.swift (in target 'AppShowcaseCore' from project 'AppShowcaseKit')
SwiftDriver\ Compilation AppShowcaseCore normal arm64 com.apple.xcode.tools.swift.compiler (in target 'AppShowcaseCore' from project 'AppShowcaseKit')
cd /Users/admin/builder/spi-builder-workspace/.swiftpm/xcode
builtin-Swift-Compilation -- /Applications/Xcode-26.3.0.app/Contents/Developer/Toolchains/XcodeDefault.xctoolchain/usr/bin/swiftc -module-name AppShowcaseCore -Onone -enforce-exclusivity\=checked @/Users/admin/builder/spi-builder-workspace/.derivedData/Build/Intermediates.noindex/AppShowcaseKit.build/Debug-watchos/AppShowcaseCore.build/Objects-normal/arm64/AppShowcaseCore.SwiftFileList -DSWIFT_PACKAGE -DDEBUG -DSWIFT_MODULE_RESOURCE_BUNDLE_AVAILABLE -DXcode -plugin-path /Applications/Xcode-26.3.0.app/Contents/Developer/Toolchains/XcodeDefault.xctoolchain/usr/lib/swift/host/plugins/testing -enable-experimental-feature DebugDescriptionMacro -sdk /Applications/Xcode-26.3.0.app/Contents/Developer/Platforms/WatchOS.platform/Developer/SDKs/WatchOS26.2.sdk -target arm64-apple-watchos11.0 -g -module-cache-path /Users/admin/builder/spi-builder-workspace/.derivedData/ModuleCache.noindex -Xfrontend -serialize-debugging-options -profile-coverage-mapping -profile-generate -enable-testing -index-store-path /Users/admin/builder/spi-builder-workspace/.derivedData/Index.noindex/DataStore -Xcc -D_LIBCPP_HARDENING_MODE\=_LIBCPP_HARDENING_MODE_DEBUG -swift-version 6 -I /Users/admin/builder/spi-builder-workspace/.derivedData/Build/Products/Debug-watchos -Isystem /Applications/Xcode-26.3.0.app/Contents/Developer/Platforms/WatchOS.platform/Developer/usr/lib -F /Users/admin/builder/spi-builder-workspace/.derivedData/Build/Products/Debug-watchos -F /Applications/Xcode-26.3.0.app/Contents/Developer/Platforms/WatchOS.platform/Developer/Library/Frameworks -F /Applications/Xcode-26.3.0.app/Contents/Developer/Platforms/WatchOS.platform/Developer/SDKs/WatchOS26.2.sdk/Developer/Library/Frameworks -c -j10 -enable-batch-mode -incremental -Xcc -ivfsstatcache -Xcc /Users/admin/builder/spi-builder-workspace/.derivedData/SDKStatCaches.noindex/watchos26.2-23S303-dc75598d0054f22ec865fa860f139d721753b489057de6bda919edfa1c59a62b.sdkstatcache -output-file-map /Users/admin/builder/spi-builder-workspace/.derivedData/Build/Intermediates.noindex/AppShowcaseKit.build/Debug-watchos/AppShowcaseCore.build/Objects-normal/arm64/AppShowcaseCore-OutputFileMap.json -use-frontend-parseable-output -save-temps -no-color-diagnostics -explicit-module-build -module-cache-path /Users/admin/builder/spi-builder-workspace/.derivedData/Build/Intermediates.noindex/SwiftExplicitPrecompiledModules -clang-scanner-module-cache-path /Users/admin/builder/spi-builder-workspace/.derivedData/ModuleCache.noindex -sdk-module-cache-path /Users/admin/builder/spi-builder-workspace/.derivedData/ModuleCache.noindex -serialize-diagnostics -emit-dependencies -emit-module -emit-module-path /Users/admin/builder/spi-builder-workspace/.derivedData/Build/Intermediates.noindex/AppShowcaseKit.build/Debug-watchos/AppShowcaseCore.build/Objects-normal/arm64/AppShowcaseCore.swiftmodule -validate-clang-modules-once -clang-build-session-file /Users/admin/builder/spi-builder-workspace/.derivedData/ModuleCache.noindex/Session.modulevalidation -package-name spi_builder_workspace -Xcc -I/Users/admin/builder/spi-builder-workspace/.derivedData/Build/Intermediates.noindex/AppShowcaseKit.build/Debug-watchos/AppShowcaseCore.build/swift-overrides.hmap -emit-const-values -Xfrontend -const-gather-protocols-file -Xfrontend /Users/admin/builder/spi-builder-workspace/.derivedData/Build/Intermediates.noindex/AppShowcaseKit.build/Debug-watchos/AppShowcaseCore.build/Objects-normal/arm64/AppShowcaseCore_const_extract_protocols.json -Xcc -I/Users/admin/builder/spi-builder-workspace/.derivedData/Build/Products/Debug-watchos/include -Xcc -I/Users/admin/builder/spi-builder-workspace/.derivedData/Build/Intermediates.noindex/AppShowcaseKit.build/Debug-watchos/AppShowcaseCore.build/DerivedSources-normal/arm64 -Xcc -I/Users/admin/builder/spi-builder-workspace/.derivedData/Build/Intermediates.noindex/AppShowcaseKit.build/Debug-watchos/AppShowcaseCore.build/DerivedSources/arm64 -Xcc -I/Users/admin/builder/spi-builder-workspace/.derivedData/Build/Intermediates.noindex/AppShowcaseKit.build/Debug-watchos/AppShowcaseCore.build/DerivedSources -Xcc -DSWIFT_PACKAGE -Xcc -DDEBUG\=1 -emit-objc-header -emit-objc-header-path /Users/admin/builder/spi-builder-workspace/.derivedData/Build/Intermediates.noindex/AppShowcaseKit.build/Debug-watchos/AppShowcaseCore.build/Objects-normal/arm64/AppShowcaseCore-Swift.h -working-directory /Users/admin/builder/spi-builder-workspace/.swiftpm/xcode -experimental-emit-module-separately -disable-cmo
Ld /Users/admin/builder/spi-builder-workspace/.derivedData/Build/Intermediates.noindex/AppShowcaseKit.build/Debug-watchos/AppShowcaseCore.build/Objects-normal/arm64/Binary/AppShowcaseCore.o normal arm64 (in target 'AppShowcaseCore' from project 'AppShowcaseKit')
cd /Users/admin/builder/spi-builder-workspace
/Applications/Xcode-26.3.0.app/Contents/Developer/Toolchains/XcodeDefault.xctoolchain/usr/bin/clang -Xlinker -reproducible -target arm64-apple-watchos11.0 -r -isysroot /Applications/Xcode-26.3.0.app/Contents/Developer/Platforms/WatchOS.platform/Developer/SDKs/WatchOS26.2.sdk -O0 -L/Users/admin/builder/spi-builder-workspace/.derivedData/Build/Intermediates.noindex/EagerLinkingTBDs/Debug-watchos -L/Users/admin/builder/spi-builder-workspace/.derivedData/Build/Products/Debug-watchos -L/Applications/Xcode-26.3.0.app/Contents/Developer/Platforms/WatchOS.platform/Developer/usr/lib -F/Users/admin/builder/spi-builder-workspace/.derivedData/Build/Intermediates.noindex/EagerLinkingTBDs/Debug-watchos -F/Users/admin/builder/spi-builder-workspace/.derivedData/Build/Products/Debug-watchos -iframework /Applications/Xcode-26.3.0.app/Contents/Developer/Platforms/WatchOS.platform/Developer/Library/Frameworks -iframework /Applications/Xcode-26.3.0.app/Contents/Developer/Platforms/WatchOS.platform/Developer/SDKs/WatchOS26.2.sdk/Developer/Library/Frameworks -filelist /Users/admin/builder/spi-builder-workspace/.derivedData/Build/Intermediates.noindex/AppShowcaseKit.build/Debug-watchos/AppShowcaseCore.build/Objects-normal/arm64/AppShowcaseCore.LinkFileList -nostdlib -Xlinker -object_path_lto -Xlinker /Users/admin/builder/spi-builder-workspace/.derivedData/Build/Intermediates.noindex/AppShowcaseKit.build/Debug-watchos/AppShowcaseCore.build/Objects-normal/arm64/AppShowcaseCore_lto.o -rdynamic -Xlinker -no_deduplicate -Xlinker -debug_variant -Xlinker -dependency_info -Xlinker /Users/admin/builder/spi-builder-workspace/.derivedData/Build/Intermediates.noindex/AppShowcaseKit.build/Debug-watchos/AppShowcaseCore.build/Objects-normal/arm64/AppShowcaseCore_dependency_info.dat -fobjc-link-runtime -L/Applications/Xcode-26.3.0.app/Contents/Developer/Toolchains/XcodeDefault.xctoolchain/usr/lib/swift/watchos -L/usr/lib/swift -Xlinker -add_ast_path -Xlinker /Users/admin/builder/spi-builder-workspace/.derivedData/Build/Intermediates.noindex/AppShowcaseKit.build/Debug-watchos/AppShowcaseCore.build/Objects-normal/arm64/AppShowcaseCore.swiftmodule @/Users/admin/builder/spi-builder-workspace/.derivedData/Build/Intermediates.noindex/AppShowcaseKit.build/Debug-watchos/AppShowcaseCore.build/Objects-normal/arm64/AppShowcaseCore-linker-args.resp -o /Users/admin/builder/spi-builder-workspace/.derivedData/Build/Intermediates.noindex/AppShowcaseKit.build/Debug-watchos/AppShowcaseCore.build/Objects-normal/arm64/Binary/AppShowcaseCore.o
SwiftDriverJobDiscovery normal arm64_32 Compiling ShowcaseLoader.swift (in target 'AppShowcaseCore' from project 'AppShowcaseKit')
SwiftDriverJobDiscovery normal arm64_32 Compiling ShowcaseCache.swift, ShowcaseHostOverride.swift (in target 'AppShowcaseCore' from project 'AppShowcaseKit')
SwiftDriver\ Compilation AppShowcaseCore normal arm64_32 com.apple.xcode.tools.swift.compiler (in target 'AppShowcaseCore' from project 'AppShowcaseKit')
cd /Users/admin/builder/spi-builder-workspace/.swiftpm/xcode
builtin-Swift-Compilation -- /Applications/Xcode-26.3.0.app/Contents/Developer/Toolchains/XcodeDefault.xctoolchain/usr/bin/swiftc -module-name AppShowcaseCore -Onone -enforce-exclusivity\=checked @/Users/admin/builder/spi-builder-workspace/.derivedData/Build/Intermediates.noindex/AppShowcaseKit.build/Debug-watchos/AppShowcaseCore.build/Objects-normal/arm64_32/AppShowcaseCore.SwiftFileList -DSWIFT_PACKAGE -DDEBUG -DSWIFT_MODULE_RESOURCE_BUNDLE_AVAILABLE -DXcode -plugin-path /Applications/Xcode-26.3.0.app/Contents/Developer/Toolchains/XcodeDefault.xctoolchain/usr/lib/swift/host/plugins/testing -enable-experimental-feature DebugDescriptionMacro -sdk /Applications/Xcode-26.3.0.app/Contents/Developer/Platforms/WatchOS.platform/Developer/SDKs/WatchOS26.2.sdk -target arm64_32-apple-watchos11.0 -g -module-cache-path /Users/admin/builder/spi-builder-workspace/.derivedData/ModuleCache.noindex -Xfrontend -serialize-debugging-options -profile-coverage-mapping -profile-generate -enable-testing -index-store-path /Users/admin/builder/spi-builder-workspace/.derivedData/Index.noindex/DataStore -Xcc -D_LIBCPP_HARDENING_MODE\=_LIBCPP_HARDENING_MODE_DEBUG -swift-version 6 -I /Users/admin/builder/spi-builder-workspace/.derivedData/Build/Products/Debug-watchos -Isystem /Applications/Xcode-26.3.0.app/Contents/Developer/Platforms/WatchOS.platform/Developer/usr/lib -F /Users/admin/builder/spi-builder-workspace/.derivedData/Build/Products/Debug-watchos -F /Applications/Xcode-26.3.0.app/Contents/Developer/Platforms/WatchOS.platform/Developer/Library/Frameworks -F /Applications/Xcode-26.3.0.app/Contents/Developer/Platforms/WatchOS.platform/Developer/SDKs/WatchOS26.2.sdk/Developer/Library/Frameworks -c -j10 -enable-batch-mode -incremental -Xcc -ivfsstatcache -Xcc /Users/admin/builder/spi-builder-workspace/.derivedData/SDKStatCaches.noindex/watchos26.2-23S303-dc75598d0054f22ec865fa860f139d721753b489057de6bda919edfa1c59a62b.sdkstatcache -output-file-map /Users/admin/builder/spi-builder-workspace/.derivedData/Build/Intermediates.noindex/AppShowcaseKit.build/Debug-watchos/AppShowcaseCore.build/Objects-normal/arm64_32/AppShowcaseCore-OutputFileMap.json -use-frontend-parseable-output -save-temps -no-color-diagnostics -explicit-module-build -module-cache-path /Users/admin/builder/spi-builder-workspace/.derivedData/Build/Intermediates.noindex/SwiftExplicitPrecompiledModules -clang-scanner-module-cache-path /Users/admin/builder/spi-builder-workspace/.derivedData/ModuleCache.noindex -sdk-module-cache-path /Users/admin/builder/spi-builder-workspace/.derivedData/ModuleCache.noindex -serialize-diagnostics -emit-dependencies -emit-module -emit-module-path /Users/admin/builder/spi-builder-workspace/.derivedData/Build/Intermediates.noindex/AppShowcaseKit.build/Debug-watchos/AppShowcaseCore.build/Objects-normal/arm64_32/AppShowcaseCore.swiftmodule -validate-clang-modules-once -clang-build-session-file /Users/admin/builder/spi-builder-workspace/.derivedData/ModuleCache.noindex/Session.modulevalidation -package-name spi_builder_workspace -Xcc -I/Users/admin/builder/spi-builder-workspace/.derivedData/Build/Intermediates.noindex/AppShowcaseKit.build/Debug-watchos/AppShowcaseCore.build/swift-overrides.hmap -emit-const-values -Xfrontend -const-gather-protocols-file -Xfrontend /Users/admin/builder/spi-builder-workspace/.derivedData/Build/Intermediates.noindex/AppShowcaseKit.build/Debug-watchos/AppShowcaseCore.build/Objects-normal/arm64_32/AppShowcaseCore_const_extract_protocols.json -Xcc -I/Users/admin/builder/spi-builder-workspace/.derivedData/Build/Products/Debug-watchos/include -Xcc -I/Users/admin/builder/spi-builder-workspace/.derivedData/Build/Intermediates.noindex/AppShowcaseKit.build/Debug-watchos/AppShowcaseCore.build/DerivedSources-normal/arm64_32 -Xcc -I/Users/admin/builder/spi-builder-workspace/.derivedData/Build/Intermediates.noindex/AppShowcaseKit.build/Debug-watchos/AppShowcaseCore.build/DerivedSources/arm64_32 -Xcc -I/Users/admin/builder/spi-builder-workspace/.derivedData/Build/Intermediates.noindex/AppShowcaseKit.build/Debug-watchos/AppShowcaseCore.build/DerivedSources -Xcc -DSWIFT_PACKAGE -Xcc -DDEBUG\=1 -emit-objc-header -emit-objc-header-path /Users/admin/builder/spi-builder-workspace/.derivedData/Build/Intermediates.noindex/AppShowcaseKit.build/Debug-watchos/AppShowcaseCore.build/Objects-normal/arm64_32/AppShowcaseCore-Swift.h -working-directory /Users/admin/builder/spi-builder-workspace/.swiftpm/xcode -experimental-emit-module-separately -disable-cmo
Ld /Users/admin/builder/spi-builder-workspace/.derivedData/Build/Intermediates.noindex/AppShowcaseKit.build/Debug-watchos/AppShowcaseCore.build/Objects-normal/arm64_32/Binary/AppShowcaseCore.o normal arm64_32 (in target 'AppShowcaseCore' from project 'AppShowcaseKit')
cd /Users/admin/builder/spi-builder-workspace
/Applications/Xcode-26.3.0.app/Contents/Developer/Toolchains/XcodeDefault.xctoolchain/usr/bin/clang -Xlinker -reproducible -target arm64_32-apple-watchos11.0 -r -isysroot /Applications/Xcode-26.3.0.app/Contents/Developer/Platforms/WatchOS.platform/Developer/SDKs/WatchOS26.2.sdk -O0 -L/Users/admin/builder/spi-builder-workspace/.derivedData/Build/Intermediates.noindex/EagerLinkingTBDs/Debug-watchos -L/Users/admin/builder/spi-builder-workspace/.derivedData/Build/Products/Debug-watchos -L/Applications/Xcode-26.3.0.app/Contents/Developer/Platforms/WatchOS.platform/Developer/usr/lib -F/Users/admin/builder/spi-builder-workspace/.derivedData/Build/Intermediates.noindex/EagerLinkingTBDs/Debug-watchos -F/Users/admin/builder/spi-builder-workspace/.derivedData/Build/Products/Debug-watchos -iframework /Applications/Xcode-26.3.0.app/Contents/Developer/Platforms/WatchOS.platform/Developer/Library/Frameworks -iframework /Applications/Xcode-26.3.0.app/Contents/Developer/Platforms/WatchOS.platform/Developer/SDKs/WatchOS26.2.sdk/Developer/Library/Frameworks -filelist /Users/admin/builder/spi-builder-workspace/.derivedData/Build/Intermediates.noindex/AppShowcaseKit.build/Debug-watchos/AppShowcaseCore.build/Objects-normal/arm64_32/AppShowcaseCore.LinkFileList -nostdlib -Xlinker -object_path_lto -Xlinker /Users/admin/builder/spi-builder-workspace/.derivedData/Build/Intermediates.noindex/AppShowcaseKit.build/Debug-watchos/AppShowcaseCore.build/Objects-normal/arm64_32/AppShowcaseCore_lto.o -rdynamic -Xlinker -no_deduplicate -Xlinker -debug_variant -Xlinker -dependency_info -Xlinker /Users/admin/builder/spi-builder-workspace/.derivedData/Build/Intermediates.noindex/AppShowcaseKit.build/Debug-watchos/AppShowcaseCore.build/Objects-normal/arm64_32/AppShowcaseCore_dependency_info.dat -fobjc-link-runtime -L/Applications/Xcode-26.3.0.app/Contents/Developer/Toolchains/XcodeDefault.xctoolchain/usr/lib/swift/watchos -L/usr/lib/swift -Xlinker -add_ast_path -Xlinker /Users/admin/builder/spi-builder-workspace/.derivedData/Build/Intermediates.noindex/AppShowcaseKit.build/Debug-watchos/AppShowcaseCore.build/Objects-normal/arm64_32/AppShowcaseCore.swiftmodule @/Users/admin/builder/spi-builder-workspace/.derivedData/Build/Intermediates.noindex/AppShowcaseKit.build/Debug-watchos/AppShowcaseCore.build/Objects-normal/arm64_32/AppShowcaseCore-linker-args.resp -o /Users/admin/builder/spi-builder-workspace/.derivedData/Build/Intermediates.noindex/AppShowcaseKit.build/Debug-watchos/AppShowcaseCore.build/Objects-normal/arm64_32/Binary/AppShowcaseCore.o
SwiftExplicitDependencyGeneratePcm arm64_32 /Users/admin/builder/spi-builder-workspace/.derivedData/ModuleCache.noindex/UIUtilities-CPB7RV7T2CQM4IT41KNK8WEPF.pcm
SwiftExplicitDependencyGeneratePcm arm64_32 /Users/admin/builder/spi-builder-workspace/.derivedData/ModuleCache.noindex/UserNotifications-CY8CZNOA4HZ4NXF0NT757OY1I.pcm
SwiftExplicitDependencyGeneratePcm arm64_32 /Users/admin/builder/spi-builder-workspace/.derivedData/ModuleCache.noindex/DeveloperToolsSupport-5Q1NLQJRRPLABYGN6NVKFXWY0.pcm
SwiftExplicitDependencyGeneratePcm arm64_32 /Users/admin/builder/spi-builder-workspace/.derivedData/ModuleCache.noindex/StoreKit-9EFKGHUCMKF2USZRFBX4HPTO2.pcm
SwiftExplicitDependencyGeneratePcm arm64_32 /Users/admin/builder/spi-builder-workspace/.derivedData/ModuleCache.noindex/DataDetection-9RZALVH3Q8QWPGVOXLJMRIMNJ.pcm
SwiftExplicitDependencyGeneratePcm arm64_32 /Users/admin/builder/spi-builder-workspace/.derivedData/ModuleCache.noindex/MachO-7QHSINQMXX9UYJSOISDF3NS24.pcm
SwiftExplicitDependencyGeneratePcm arm64_32 /Users/admin/builder/spi-builder-workspace/.derivedData/ModuleCache.noindex/CoreGraphics-54WAF0IQ8H82D87XJZCFRIVTY.pcm
SwiftExplicitDependencyGeneratePcm arm64_32 /Users/admin/builder/spi-builder-workspace/.derivedData/ModuleCache.noindex/Symbols-A1BAQZRA0IPQ1BAQPBXB0XLK.pcm
SwiftExplicitDependencyGeneratePcm arm64_32 /Users/admin/builder/spi-builder-workspace/.derivedData/ModuleCache.noindex/UniformTypeIdentifiers-6VZH7JUQRBGXCIXRY267O4LKC.pcm
SwiftExplicitDependencyGeneratePcm arm64 /Users/admin/builder/spi-builder-workspace/.derivedData/ModuleCache.noindex/CoreGraphics-2FMIK8L6NJMCE0PUQH3KNMGI3.pcm
SwiftExplicitDependencyGeneratePcm arm64 /Users/admin/builder/spi-builder-workspace/.derivedData/ModuleCache.noindex/UniformTypeIdentifiers-458KAXK374TXBBN52PBPJYRSJ.pcm
SwiftExplicitDependencyGeneratePcm arm64 /Users/admin/builder/spi-builder-workspace/.derivedData/ModuleCache.noindex/CoreTransferable-8REPBA8E7O6DTYSXERNLF5EVF.pcm
SwiftExplicitDependencyGeneratePcm arm64 /Users/admin/builder/spi-builder-workspace/.derivedData/ModuleCache.noindex/_Builtin_stdatomic-54VXVKINWJDUKUF1QQV7ZSY2R.pcm
SwiftExplicitDependencyGeneratePcm arm64 /Users/admin/builder/spi-builder-workspace/.derivedData/ModuleCache.noindex/DeveloperToolsSupport-4T92GXF0UX8LAOR19MDAZQ5FJ.pcm
SwiftExplicitDependencyGeneratePcm arm64 /Users/admin/builder/spi-builder-workspace/.derivedData/ModuleCache.noindex/UserNotifications-57VYXICVMN3EV36XAB1WHJZ2C.pcm
SwiftExplicitDependencyGeneratePcm arm64 /Users/admin/builder/spi-builder-workspace/.derivedData/ModuleCache.noindex/DataDetection-DGEIPFEY2NNDNAFGCE7B6ZZG5.pcm
SwiftExplicitDependencyGeneratePcm arm64 /Users/admin/builder/spi-builder-workspace/.derivedData/ModuleCache.noindex/MachO-CBB7CDJCGLJ1KAOBMESQJ6HN0.pcm
SwiftExplicitDependencyGeneratePcm arm64 /Users/admin/builder/spi-builder-workspace/.derivedData/ModuleCache.noindex/StoreKit-ADVMQQB02NJ1YYNY8SNYA4XQV.pcm
SwiftExplicitDependencyGeneratePcm arm64_32 /Users/admin/builder/spi-builder-workspace/.derivedData/ModuleCache.noindex/Accessibility-869BJBZ6Y0GHCSU4LZ2MMOG62.pcm
SwiftExplicitDependencyGeneratePcm arm64_32 /Users/admin/builder/spi-builder-workspace/.derivedData/ModuleCache.noindex/CoreText-69WFEC62YDTCXQEGLBFA7KKF1.pcm
SwiftExplicitDependencyGeneratePcm arm64_32 /Users/admin/builder/spi-builder-workspace/.derivedData/ModuleCache.noindex/CoreVideo-DAFM97GFIP18A85P7GYKWGVKF.pcm
SwiftExplicitDependencyGeneratePcm arm64 /Users/admin/builder/spi-builder-workspace/.derivedData/ModuleCache.noindex/LocalAuthentication-7OW89PR7M4C0NR91LQUNC1EB5.pcm
SwiftExplicitDependencyGeneratePcm arm64 /Users/admin/builder/spi-builder-workspace/.derivedData/ModuleCache.noindex/Symbols-2U9Y3ZW48EA4WDS5V00VYWP77.pcm
SwiftExplicitDependencyGeneratePcm arm64 /Users/admin/builder/spi-builder-workspace/.derivedData/ModuleCache.noindex/UIUtilities-2AT70EV9YA6Z5O1GGD8GO52CG.pcm
SwiftExplicitDependencyGeneratePcm arm64 /Users/admin/builder/spi-builder-workspace/.derivedData/ModuleCache.noindex/Accessibility-4HTSNVYGF3VC9YDCPC2MNOPN4.pcm
SwiftExplicitDependencyGeneratePcm arm64 /Users/admin/builder/spi-builder-workspace/.derivedData/ModuleCache.noindex/CoreText-2GN9EZ4ZQV3RJTZAUM2RAP0C5.pcm
SwiftExplicitDependencyGeneratePcm arm64 /Users/admin/builder/spi-builder-workspace/.derivedData/ModuleCache.noindex/os-AOK4LQ23MW2NBBUH2N8QOP52R.pcm
SwiftExplicitDependencyGeneratePcm arm64_32 /Users/admin/builder/spi-builder-workspace/.derivedData/ModuleCache.noindex/CoreTransferable-2CVORFL3L1ZOPK3KZBFUQTSQZ.pcm
SwiftExplicitDependencyGeneratePcm arm64_32 /Users/admin/builder/spi-builder-workspace/.derivedData/ModuleCache.noindex/LocalAuthentication-9P8F1TFD6RXHBK7I22BCFNNGO.pcm
SwiftExplicitDependencyGeneratePcm arm64_32 /Users/admin/builder/spi-builder-workspace/.derivedData/ModuleCache.noindex/QuartzCore-5EU9GG539SM7NV65MHB043EPG.pcm
SwiftExplicitDependencyGeneratePcm arm64_32 /Users/admin/builder/spi-builder-workspace/.derivedData/ModuleCache.noindex/_Builtin_stdatomic-PGCTE6MX7UMTDPK5E7L1WO9G.pcm
SwiftExplicitDependencyGeneratePcm arm64 /Users/admin/builder/spi-builder-workspace/.derivedData/ModuleCache.noindex/CoreVideo-15AO69LNM8QYOGDN9W7HMBMTS.pcm
SwiftExplicitDependencyGeneratePcm arm64_32 /Users/admin/builder/spi-builder-workspace/.derivedData/ModuleCache.noindex/os-1GWCV6O27DHF8WQFPLJNCFKK4.pcm
SwiftExplicitDependencyGeneratePcm arm64 /Users/admin/builder/spi-builder-workspace/.derivedData/ModuleCache.noindex/OSLog-15I59UMBV6CMH7II4GT8R5JED.pcm
CreateUniversalBinary /Users/admin/builder/spi-builder-workspace/.derivedData/Build/Products/Debug-watchos/AppShowcaseCore.o normal arm64\ arm64_32 (in target 'AppShowcaseCore' from project 'AppShowcaseKit')
cd /Users/admin/builder/spi-builder-workspace
/Applications/Xcode-26.3.0.app/Contents/Developer/Toolchains/XcodeDefault.xctoolchain/usr/bin/lipo -create /Users/admin/builder/spi-builder-workspace/.derivedData/Build/Intermediates.noindex/AppShowcaseKit.build/Debug-watchos/AppShowcaseCore.build/Objects-normal/arm64/Binary/AppShowcaseCore.o /Users/admin/builder/spi-builder-workspace/.derivedData/Build/Intermediates.noindex/AppShowcaseKit.build/Debug-watchos/AppShowcaseCore.build/Objects-normal/arm64_32/Binary/AppShowcaseCore.o -output /Users/admin/builder/spi-builder-workspace/.derivedData/Build/Products/Debug-watchos/AppShowcaseCore.o
SwiftExplicitDependencyGeneratePcm arm64 /Users/admin/builder/spi-builder-workspace/.derivedData/ModuleCache.noindex/QuartzCore-4KHS4Y6YPAFSDDCY9RNZPJHA3.pcm
SwiftExplicitDependencyGeneratePcm arm64_32 /Users/admin/builder/spi-builder-workspace/.derivedData/ModuleCache.noindex/UIKit-1I38H26G25LVQJZB353WOWH6.pcm
SwiftExplicitDependencyGeneratePcm arm64_32 /Users/admin/builder/spi-builder-workspace/.derivedData/ModuleCache.noindex/SwiftUICore-8ANRRAIL34VOSEU0OQX19CRW1.pcm
SwiftExplicitDependencyGeneratePcm arm64_32 /Users/admin/builder/spi-builder-workspace/.derivedData/ModuleCache.noindex/OSLog-BBMJB65CZBEAD54GKEVKN32T5.pcm
SwiftExplicitDependencyGeneratePcm arm64 /Users/admin/builder/spi-builder-workspace/.derivedData/ModuleCache.noindex/UIKit-8SKRF6O0G9HZH553M3C9EWWAU.pcm
SwiftExplicitDependencyGeneratePcm arm64 /Users/admin/builder/spi-builder-workspace/.derivedData/ModuleCache.noindex/SwiftUICore-21H2UE8E2AZCB7ZNBBCK88V6B.pcm
ExtractAppIntentsMetadata (in target 'AppShowcaseCore' from project 'AppShowcaseKit')
cd /Users/admin/builder/spi-builder-workspace
/Applications/Xcode-26.3.0.app/Contents/Developer/Toolchains/XcodeDefault.xctoolchain/usr/bin/appintentsmetadataprocessor --toolchain-dir /var/run/com.apple.security.cryptexd/mnt/com.apple.MobileAsset.MetalToolchain-v17.3.7003.10.KVzPUJ/Metal.xctoolchain --module-name AppShowcaseCore --sdk-root /Applications/Xcode-26.3.0.app/Contents/Developer/Platforms/WatchOS.platform/Developer/SDKs/WatchOS26.2.sdk --xcode-version 17C529 --platform-family watchOS --deployment-target 11.0 --bundle-identifier spi-builder-workspace.AppShowcaseCore --output /Users/admin/builder/spi-builder-workspace/.derivedData/Build/Products/Debug-watchos/AppShowcaseCore.appintents --target-triple arm64-apple-watchos11.0 --target-triple arm64_32-apple-watchos11.0 --binary-file /Users/admin/builder/spi-builder-workspace/.derivedData/Build/Products/Debug-watchos/AppShowcaseCore.o --dependency-file /Users/admin/builder/spi-builder-workspace/.derivedData/Build/Intermediates.noindex/AppShowcaseKit.build/Debug-watchos/AppShowcaseCore.build/Objects-normal/arm64/AppShowcaseCore_dependency_info.dat --dependency-file /Users/admin/builder/spi-builder-workspace/.derivedData/Build/Intermediates.noindex/AppShowcaseKit.build/Debug-watchos/AppShowcaseCore.build/Objects-normal/arm64_32/AppShowcaseCore_dependency_info.dat --stringsdata-file /Users/admin/builder/spi-builder-workspace/.derivedData/Build/Intermediates.noindex/AppShowcaseKit.build/Debug-watchos/AppShowcaseCore.build/Objects-normal/arm64/ExtractedAppShortcutsMetadata.stringsdata --stringsdata-file /Users/admin/builder/spi-builder-workspace/.derivedData/Build/Intermediates.noindex/AppShowcaseKit.build/Debug-watchos/AppShowcaseCore.build/Objects-normal/arm64_32/ExtractedAppShortcutsMetadata.stringsdata --source-file-list /Users/admin/builder/spi-builder-workspace/.derivedData/Build/Intermediates.noindex/AppShowcaseKit.build/Debug-watchos/AppShowcaseCore.build/Objects-normal/arm64/AppShowcaseCore.SwiftFileList --source-file-list /Users/admin/builder/spi-builder-workspace/.derivedData/Build/Intermediates.noindex/AppShowcaseKit.build/Debug-watchos/AppShowcaseCore.build/Objects-normal/arm64_32/AppShowcaseCore.SwiftFileList --metadata-file-list /Users/admin/builder/spi-builder-workspace/.derivedData/Build/Intermediates.noindex/AppShowcaseKit.build/Debug-watchos/AppShowcaseCore.build/AppShowcaseCore.DependencyMetadataFileList --static-metadata-file-list /Users/admin/builder/spi-builder-workspace/.derivedData/Build/Intermediates.noindex/AppShowcaseKit.build/Debug-watchos/AppShowcaseCore.build/AppShowcaseCore.DependencyStaticMetadataFileList --swift-const-vals-list /Users/admin/builder/spi-builder-workspace/.derivedData/Build/Intermediates.noindex/AppShowcaseKit.build/Debug-watchos/AppShowcaseCore.build/Objects-normal/arm64/AppShowcaseCore.SwiftConstValuesFileList --swift-const-vals-list /Users/admin/builder/spi-builder-workspace/.derivedData/Build/Intermediates.noindex/AppShowcaseKit.build/Debug-watchos/AppShowcaseCore.build/Objects-normal/arm64_32/AppShowcaseCore.SwiftConstValuesFileList --force --compile-time-extraction --deployment-aware-processing --validate-assistant-intents --no-app-shortcuts-localization
2026-10-04 21:11:48.507 appintentsmetadataprocessor[813:4845] Starting appintentsmetadataprocessor export
2026-10-04 21:11:48.714 appintentsmetadataprocessor[813:4845] Extracted no relevant App Intents symbols, skipping writing output
SwiftCompile normal arm64_32 Compiling\ AppShowcaseStoreKit.swift /Users/admin/builder/spi-builder-workspace/Sources/AppShowcaseStoreKit/AppShowcaseStoreKit.swift (in target 'AppShowcaseStoreKit' from project 'AppShowcaseKit')
SwiftCompile normal arm64_32 /Users/admin/builder/spi-builder-workspace/Sources/AppShowcaseStoreKit/AppShowcaseStoreKit.swift (in target 'AppShowcaseStoreKit' from project 'AppShowcaseKit')
cd /Users/admin/builder/spi-builder-workspace/.swiftpm/xcode
SwiftEmitModule normal arm64_32 Emitting\ module\ for\ AppShowcaseStoreKit (in target 'AppShowcaseStoreKit' from project 'AppShowcaseKit')
EmitSwiftModule normal arm64_32 (in target 'AppShowcaseStoreKit' from project 'AppShowcaseKit')
cd /Users/admin/builder/spi-builder-workspace/.swiftpm/xcode
SwiftCompile normal arm64_32 Compiling\ StorefrontCode+Current.swift /Users/admin/builder/spi-builder-workspace/Sources/AppShowcaseStoreKit/StorefrontCode+Current.swift (in target 'AppShowcaseStoreKit' from project 'AppShowcaseKit')
SwiftCompile normal arm64_32 /Users/admin/builder/spi-builder-workspace/Sources/AppShowcaseStoreKit/StorefrontCode+Current.swift (in target 'AppShowcaseStoreKit' from project 'AppShowcaseKit')
cd /Users/admin/builder/spi-builder-workspace/.swiftpm/xcode
SwiftCompile normal arm64_32 Compiling\ resource_bundle_accessor.swift /Users/admin/builder/spi-builder-workspace/.derivedData/Build/Intermediates.noindex/AppShowcaseKit.build/Debug-watchos/AppShowcaseStoreKit.build/DerivedSources/resource_bundle_accessor.swift (in target 'AppShowcaseStoreKit' from project 'AppShowcaseKit')
SwiftCompile normal arm64_32 /Users/admin/builder/spi-builder-workspace/.derivedData/Build/Intermediates.noindex/AppShowcaseKit.build/Debug-watchos/AppShowcaseStoreKit.build/DerivedSources/resource_bundle_accessor.swift (in target 'AppShowcaseStoreKit' from project 'AppShowcaseKit')
cd /Users/admin/builder/spi-builder-workspace/.swiftpm/xcode
SwiftCompile normal arm64_32 Compiling\ ShowcaseLoader+Resolved.swift /Users/admin/builder/spi-builder-workspace/Sources/AppShowcaseStoreKit/ShowcaseLoader+Resolved.swift (in target 'AppShowcaseStoreKit' from project 'AppShowcaseKit')
SwiftCompile normal arm64_32 /Users/admin/builder/spi-builder-workspace/Sources/AppShowcaseStoreKit/ShowcaseLoader+Resolved.swift (in target 'AppShowcaseStoreKit' from project 'AppShowcaseKit')
cd /Users/admin/builder/spi-builder-workspace/.swiftpm/xcode
SwiftEmitModule normal arm64 Emitting\ module\ for\ AppShowcaseStoreKit (in target 'AppShowcaseStoreKit' from project 'AppShowcaseKit')
EmitSwiftModule normal arm64 (in target 'AppShowcaseStoreKit' from project 'AppShowcaseKit')
cd /Users/admin/builder/spi-builder-workspace/.swiftpm/xcode
SwiftCompile normal arm64 Compiling\ resource_bundle_accessor.swift /Users/admin/builder/spi-builder-workspace/.derivedData/Build/Intermediates.noindex/AppShowcaseKit.build/Debug-watchos/AppShowcaseStoreKit.build/DerivedSources/resource_bundle_accessor.swift (in target 'AppShowcaseStoreKit' from project 'AppShowcaseKit')
SwiftCompile normal arm64 /Users/admin/builder/spi-builder-workspace/.derivedData/Build/Intermediates.noindex/AppShowcaseKit.build/Debug-watchos/AppShowcaseStoreKit.build/DerivedSources/resource_bundle_accessor.swift (in target 'AppShowcaseStoreKit' from project 'AppShowcaseKit')
cd /Users/admin/builder/spi-builder-workspace/.swiftpm/xcode
SwiftCompile normal arm64 Compiling\ ShowcaseLoader+Resolved.swift /Users/admin/builder/spi-builder-workspace/Sources/AppShowcaseStoreKit/ShowcaseLoader+Resolved.swift (in target 'AppShowcaseStoreKit' from project 'AppShowcaseKit')
SwiftCompile normal arm64 /Users/admin/builder/spi-builder-workspace/Sources/AppShowcaseStoreKit/ShowcaseLoader+Resolved.swift (in target 'AppShowcaseStoreKit' from project 'AppShowcaseKit')
cd /Users/admin/builder/spi-builder-workspace/.swiftpm/xcode
SwiftCompile normal arm64 Compiling\ StorefrontCode+Current.swift /Users/admin/builder/spi-builder-workspace/Sources/AppShowcaseStoreKit/StorefrontCode+Current.swift (in target 'AppShowcaseStoreKit' from project 'AppShowcaseKit')
SwiftCompile normal arm64 /Users/admin/builder/spi-builder-workspace/Sources/AppShowcaseStoreKit/StorefrontCode+Current.swift (in target 'AppShowcaseStoreKit' from project 'AppShowcaseKit')
cd /Users/admin/builder/spi-builder-workspace/.swiftpm/xcode
SwiftCompile normal arm64 Compiling\ AppShowcaseStoreKit.swift /Users/admin/builder/spi-builder-workspace/Sources/AppShowcaseStoreKit/AppShowcaseStoreKit.swift (in target 'AppShowcaseStoreKit' from project 'AppShowcaseKit')
SwiftCompile normal arm64 /Users/admin/builder/spi-builder-workspace/Sources/AppShowcaseStoreKit/AppShowcaseStoreKit.swift (in target 'AppShowcaseStoreKit' from project 'AppShowcaseKit')
cd /Users/admin/builder/spi-builder-workspace/.swiftpm/xcode
SwiftDriverJobDiscovery normal arm64_32 Compiling AppShowcaseStoreKit.swift (in target 'AppShowcaseStoreKit' from project 'AppShowcaseKit')
SwiftDriverJobDiscovery normal arm64_32 Emitting module for AppShowcaseStoreKit (in target 'AppShowcaseStoreKit' from project 'AppShowcaseKit')
SwiftDriver\ Compilation\ Requirements AppShowcaseStoreKit normal arm64_32 com.apple.xcode.tools.swift.compiler (in target 'AppShowcaseStoreKit' from project 'AppShowcaseKit')
cd /Users/admin/builder/spi-builder-workspace/.swiftpm/xcode
builtin-Swift-Compilation-Requirements -- /Applications/Xcode-26.3.0.app/Contents/Developer/Toolchains/XcodeDefault.xctoolchain/usr/bin/swiftc -module-name AppShowcaseStoreKit -Onone -enforce-exclusivity\=checked @/Users/admin/builder/spi-builder-workspace/.derivedData/Build/Intermediates.noindex/AppShowcaseKit.build/Debug-watchos/AppShowcaseStoreKit.build/Objects-normal/arm64_32/AppShowcaseStoreKit.SwiftFileList -DSWIFT_PACKAGE -DDEBUG -DSWIFT_MODULE_RESOURCE_BUNDLE_AVAILABLE -DXcode -plugin-path /Applications/Xcode-26.3.0.app/Contents/Developer/Toolchains/XcodeDefault.xctoolchain/usr/lib/swift/host/plugins/testing -enable-experimental-feature DebugDescriptionMacro -sdk /Applications/Xcode-26.3.0.app/Contents/Developer/Platforms/WatchOS.platform/Developer/SDKs/WatchOS26.2.sdk -target arm64_32-apple-watchos11.0 -g -module-cache-path /Users/admin/builder/spi-builder-workspace/.derivedData/ModuleCache.noindex -Xfrontend -serialize-debugging-options -profile-coverage-mapping -profile-generate -enable-testing -index-store-path /Users/admin/builder/spi-builder-workspace/.derivedData/Index.noindex/DataStore -Xcc -D_LIBCPP_HARDENING_MODE\=_LIBCPP_HARDENING_MODE_DEBUG -swift-version 6 -I /Users/admin/builder/spi-builder-workspace/.derivedData/Build/Products/Debug-watchos -Isystem /Applications/Xcode-26.3.0.app/Contents/Developer/Platforms/WatchOS.platform/Developer/usr/lib -F /Users/admin/builder/spi-builder-workspace/.derivedData/Build/Products/Debug-watchos/PackageFrameworks -F /Users/admin/builder/spi-builder-workspace/.derivedData/Build/Products/Debug-watchos -F /Applications/Xcode-26.3.0.app/Contents/Developer/Platforms/WatchOS.platform/Developer/Library/Frameworks -F /Applications/Xcode-26.3.0.app/Contents/Developer/Platforms/WatchOS.platform/Developer/SDKs/WatchOS26.2.sdk/Developer/Library/Frameworks -c -j10 -enable-batch-mode -incremental -Xcc -ivfsstatcache -Xcc /Users/admin/builder/spi-builder-workspace/.derivedData/SDKStatCaches.noindex/watchos26.2-23S303-dc75598d0054f22ec865fa860f139d721753b489057de6bda919edfa1c59a62b.sdkstatcache -output-file-map /Users/admin/builder/spi-builder-workspace/.derivedData/Build/Intermediates.noindex/AppShowcaseKit.build/Debug-watchos/AppShowcaseStoreKit.build/Objects-normal/arm64_32/AppShowcaseStoreKit-OutputFileMap.json -use-frontend-parseable-output -save-temps -no-color-diagnostics -explicit-module-build -module-cache-path /Users/admin/builder/spi-builder-workspace/.derivedData/Build/Intermediates.noindex/SwiftExplicitPrecompiledModules -clang-scanner-module-cache-path /Users/admin/builder/spi-builder-workspace/.derivedData/ModuleCache.noindex -sdk-module-cache-path /Users/admin/builder/spi-builder-workspace/.derivedData/ModuleCache.noindex -serialize-diagnostics -emit-dependencies -emit-module -emit-module-path /Users/admin/builder/spi-builder-workspace/.derivedData/Build/Intermediates.noindex/AppShowcaseKit.build/Debug-watchos/AppShowcaseStoreKit.build/Objects-normal/arm64_32/AppShowcaseStoreKit.swiftmodule -validate-clang-modules-once -clang-build-session-file /Users/admin/builder/spi-builder-workspace/.derivedData/ModuleCache.noindex/Session.modulevalidation -package-name spi_builder_workspace -Xcc -I/Users/admin/builder/spi-builder-workspace/.derivedData/Build/Intermediates.noindex/AppShowcaseKit.build/Debug-watchos/AppShowcaseStoreKit.build/swift-overrides.hmap -emit-const-values -Xfrontend -const-gather-protocols-file -Xfrontend /Users/admin/builder/spi-builder-workspace/.derivedData/Build/Intermediates.noindex/AppShowcaseKit.build/Debug-watchos/AppShowcaseStoreKit.build/Objects-normal/arm64_32/AppShowcaseStoreKit_const_extract_protocols.json -Xcc -I/Users/admin/builder/spi-builder-workspace/.derivedData/Build/Products/Debug-watchos/include -Xcc -I/Users/admin/builder/spi-builder-workspace/.derivedData/Build/Intermediates.noindex/AppShowcaseKit.build/Debug-watchos/AppShowcaseStoreKit.build/DerivedSources-normal/arm64_32 -Xcc -I/Users/admin/builder/spi-builder-workspace/.derivedData/Build/Intermediates.noindex/AppShowcaseKit.build/Debug-watchos/AppShowcaseStoreKit.build/DerivedSources/arm64_32 -Xcc -I/Users/admin/builder/spi-builder-workspace/.derivedData/Build/Intermediates.noindex/AppShowcaseKit.build/Debug-watchos/AppShowcaseStoreKit.build/DerivedSources -Xcc -DSWIFT_PACKAGE -Xcc -DDEBUG\=1 -emit-objc-header -emit-objc-header-path /Users/admin/builder/spi-builder-workspace/.derivedData/Build/Intermediates.noindex/AppShowcaseKit.build/Debug-watchos/AppShowcaseStoreKit.build/Objects-normal/arm64_32/AppShowcaseStoreKit-Swift.h -working-directory /Users/admin/builder/spi-builder-workspace/.swiftpm/xcode -experimental-emit-module-separately -disable-cmo
Copy /Users/admin/builder/spi-builder-workspace/.derivedData/Build/Products/Debug-watchos/AppShowcaseStoreKit.swiftmodule/arm64_32-apple-watchos.swiftmodule /Users/admin/builder/spi-builder-workspace/.derivedData/Build/Intermediates.noindex/AppShowcaseKit.build/Debug-watchos/AppShowcaseStoreKit.build/Objects-normal/arm64_32/AppShowcaseStoreKit.swiftmodule (in target 'AppShowcaseStoreKit' from project 'AppShowcaseKit')
cd /Users/admin/builder/spi-builder-workspace
builtin-copy -exclude .DS_Store -exclude CVS -exclude .svn -exclude .git -exclude .hg -resolve-src-symlinks -rename /Users/admin/builder/spi-builder-workspace/.derivedData/Build/Intermediates.noindex/AppShowcaseKit.build/Debug-watchos/AppShowcaseStoreKit.build/Objects-normal/arm64_32/AppShowcaseStoreKit.swiftmodule /Users/admin/builder/spi-builder-workspace/.derivedData/Build/Products/Debug-watchos/AppShowcaseStoreKit.swiftmodule/arm64_32-apple-watchos.swiftmodule
Copy /Users/admin/builder/spi-builder-workspace/.derivedData/Build/Products/Debug-watchos/AppShowcaseStoreKit.swiftmodule/arm64_32-apple-watchos.swiftdoc /Users/admin/builder/spi-builder-workspace/.derivedData/Build/Intermediates.noindex/AppShowcaseKit.build/Debug-watchos/AppShowcaseStoreKit.build/Objects-normal/arm64_32/AppShowcaseStoreKit.swiftdoc (in target 'AppShowcaseStoreKit' from project 'AppShowcaseKit')
cd /Users/admin/builder/spi-builder-workspace
builtin-copy -exclude .DS_Store -exclude CVS -exclude .svn -exclude .git -exclude .hg -resolve-src-symlinks -rename /Users/admin/builder/spi-builder-workspace/.derivedData/Build/Intermediates.noindex/AppShowcaseKit.build/Debug-watchos/AppShowcaseStoreKit.build/Objects-normal/arm64_32/AppShowcaseStoreKit.swiftdoc /Users/admin/builder/spi-builder-workspace/.derivedData/Build/Products/Debug-watchos/AppShowcaseStoreKit.swiftmodule/arm64_32-apple-watchos.swiftdoc
Copy /Users/admin/builder/spi-builder-workspace/.derivedData/Build/Products/Debug-watchos/AppShowcaseStoreKit.swiftmodule/arm64_32-apple-watchos.abi.json /Users/admin/builder/spi-builder-workspace/.derivedData/Build/Intermediates.noindex/AppShowcaseKit.build/Debug-watchos/AppShowcaseStoreKit.build/Objects-normal/arm64_32/AppShowcaseStoreKit.abi.json (in target 'AppShowcaseStoreKit' from project 'AppShowcaseKit')
cd /Users/admin/builder/spi-builder-workspace
builtin-copy -exclude .DS_Store -exclude CVS -exclude .svn -exclude .git -exclude .hg -resolve-src-symlinks -rename /Users/admin/builder/spi-builder-workspace/.derivedData/Build/Intermediates.noindex/AppShowcaseKit.build/Debug-watchos/AppShowcaseStoreKit.build/Objects-normal/arm64_32/AppShowcaseStoreKit.abi.json /Users/admin/builder/spi-builder-workspace/.derivedData/Build/Products/Debug-watchos/AppShowcaseStoreKit.swiftmodule/arm64_32-apple-watchos.abi.json
Copy /Users/admin/builder/spi-builder-workspace/.derivedData/Build/Products/Debug-watchos/AppShowcaseStoreKit.swiftmodule/Project/arm64_32-apple-watchos.swiftsourceinfo /Users/admin/builder/spi-builder-workspace/.derivedData/Build/Intermediates.noindex/AppShowcaseKit.build/Debug-watchos/AppShowcaseStoreKit.build/Objects-normal/arm64_32/AppShowcaseStoreKit.swiftsourceinfo (in target 'AppShowcaseStoreKit' from project 'AppShowcaseKit')
cd /Users/admin/builder/spi-builder-workspace
builtin-copy -exclude .DS_Store -exclude CVS -exclude .svn -exclude .git -exclude .hg -resolve-src-symlinks -rename /Users/admin/builder/spi-builder-workspace/.derivedData/Build/Intermediates.noindex/AppShowcaseKit.build/Debug-watchos/AppShowcaseStoreKit.build/Objects-normal/arm64_32/AppShowcaseStoreKit.swiftsourceinfo /Users/admin/builder/spi-builder-workspace/.derivedData/Build/Products/Debug-watchos/AppShowcaseStoreKit.swiftmodule/Project/arm64_32-apple-watchos.swiftsourceinfo
SwiftDriverJobDiscovery normal arm64_32 Compiling resource_bundle_accessor.swift (in target 'AppShowcaseStoreKit' from project 'AppShowcaseKit')
SwiftDriverJobDiscovery normal arm64_32 Compiling ShowcaseLoader+Resolved.swift (in target 'AppShowcaseStoreKit' from project 'AppShowcaseKit')
SwiftDriverJobDiscovery normal arm64 Compiling AppShowcaseStoreKit.swift (in target 'AppShowcaseStoreKit' from project 'AppShowcaseKit')
SwiftDriverJobDiscovery normal arm64 Emitting module for AppShowcaseStoreKit (in target 'AppShowcaseStoreKit' from project 'AppShowcaseKit')
SwiftDriver\ Compilation\ Requirements AppShowcaseStoreKit normal arm64 com.apple.xcode.tools.swift.compiler (in target 'AppShowcaseStoreKit' from project 'AppShowcaseKit')
cd /Users/admin/builder/spi-builder-workspace/.swiftpm/xcode
builtin-Swift-Compilation-Requirements -- /Applications/Xcode-26.3.0.app/Contents/Developer/Toolchains/XcodeDefault.xctoolchain/usr/bin/swiftc -module-name AppShowcaseStoreKit -Onone -enforce-exclusivity\=checked @/Users/admin/builder/spi-builder-workspace/.derivedData/Build/Intermediates.noindex/AppShowcaseKit.build/Debug-watchos/AppShowcaseStoreKit.build/Objects-normal/arm64/AppShowcaseStoreKit.SwiftFileList -DSWIFT_PACKAGE -DDEBUG -DSWIFT_MODULE_RESOURCE_BUNDLE_AVAILABLE -DXcode -plugin-path /Applications/Xcode-26.3.0.app/Contents/Developer/Toolchains/XcodeDefault.xctoolchain/usr/lib/swift/host/plugins/testing -enable-experimental-feature DebugDescriptionMacro -sdk /Applications/Xcode-26.3.0.app/Contents/Developer/Platforms/WatchOS.platform/Developer/SDKs/WatchOS26.2.sdk -target arm64-apple-watchos11.0 -g -module-cache-path /Users/admin/builder/spi-builder-workspace/.derivedData/ModuleCache.noindex -Xfrontend -serialize-debugging-options -profile-coverage-mapping -profile-generate -enable-testing -index-store-path /Users/admin/builder/spi-builder-workspace/.derivedData/Index.noindex/DataStore -Xcc -D_LIBCPP_HARDENING_MODE\=_LIBCPP_HARDENING_MODE_DEBUG -swift-version 6 -I /Users/admin/builder/spi-builder-workspace/.derivedData/Build/Products/Debug-watchos -Isystem /Applications/Xcode-26.3.0.app/Contents/Developer/Platforms/WatchOS.platform/Developer/usr/lib -F /Users/admin/builder/spi-builder-workspace/.derivedData/Build/Products/Debug-watchos/PackageFrameworks -F /Users/admin/builder/spi-builder-workspace/.derivedData/Build/Products/Debug-watchos -F /Applications/Xcode-26.3.0.app/Contents/Developer/Platforms/WatchOS.platform/Developer/Library/Frameworks -F /Applications/Xcode-26.3.0.app/Contents/Developer/Platforms/WatchOS.platform/Developer/SDKs/WatchOS26.2.sdk/Developer/Library/Frameworks -c -j10 -enable-batch-mode -incremental -Xcc -ivfsstatcache -Xcc /Users/admin/builder/spi-builder-workspace/.derivedData/SDKStatCaches.noindex/watchos26.2-23S303-dc75598d0054f22ec865fa860f139d721753b489057de6bda919edfa1c59a62b.sdkstatcache -output-file-map /Users/admin/builder/spi-builder-workspace/.derivedData/Build/Intermediates.noindex/AppShowcaseKit.build/Debug-watchos/AppShowcaseStoreKit.build/Objects-normal/arm64/AppShowcaseStoreKit-OutputFileMap.json -use-frontend-parseable-output -save-temps -no-color-diagnostics -explicit-module-build -module-cache-path /Users/admin/builder/spi-builder-workspace/.derivedData/Build/Intermediates.noindex/SwiftExplicitPrecompiledModules -clang-scanner-module-cache-path /Users/admin/builder/spi-builder-workspace/.derivedData/ModuleCache.noindex -sdk-module-cache-path /Users/admin/builder/spi-builder-workspace/.derivedData/ModuleCache.noindex -serialize-diagnostics -emit-dependencies -emit-module -emit-module-path /Users/admin/builder/spi-builder-workspace/.derivedData/Build/Intermediates.noindex/AppShowcaseKit.build/Debug-watchos/AppShowcaseStoreKit.build/Objects-normal/arm64/AppShowcaseStoreKit.swiftmodule -validate-clang-modules-once -clang-build-session-file /Users/admin/builder/spi-builder-workspace/.derivedData/ModuleCache.noindex/Session.modulevalidation -package-name spi_builder_workspace -Xcc -I/Users/admin/builder/spi-builder-workspace/.derivedData/Build/Intermediates.noindex/AppShowcaseKit.build/Debug-watchos/AppShowcaseStoreKit.build/swift-overrides.hmap -emit-const-values -Xfrontend -const-gather-protocols-file -Xfrontend /Users/admin/builder/spi-builder-workspace/.derivedData/Build/Intermediates.noindex/AppShowcaseKit.build/Debug-watchos/AppShowcaseStoreKit.build/Objects-normal/arm64/AppShowcaseStoreKit_const_extract_protocols.json -Xcc -I/Users/admin/builder/spi-builder-workspace/.derivedData/Build/Products/Debug-watchos/include -Xcc -I/Users/admin/builder/spi-builder-workspace/.derivedData/Build/Intermediates.noindex/AppShowcaseKit.build/Debug-watchos/AppShowcaseStoreKit.build/DerivedSources-normal/arm64 -Xcc -I/Users/admin/builder/spi-builder-workspace/.derivedData/Build/Intermediates.noindex/AppShowcaseKit.build/Debug-watchos/AppShowcaseStoreKit.build/DerivedSources/arm64 -Xcc -I/Users/admin/builder/spi-builder-workspace/.derivedData/Build/Intermediates.noindex/AppShowcaseKit.build/Debug-watchos/AppShowcaseStoreKit.build/DerivedSources -Xcc -DSWIFT_PACKAGE -Xcc -DDEBUG\=1 -emit-objc-header -emit-objc-header-path /Users/admin/builder/spi-builder-workspace/.derivedData/Build/Intermediates.noindex/AppShowcaseKit.build/Debug-watchos/AppShowcaseStoreKit.build/Objects-normal/arm64/AppShowcaseStoreKit-Swift.h -working-directory /Users/admin/builder/spi-builder-workspace/.swiftpm/xcode -experimental-emit-module-separately -disable-cmo
Copy /Users/admin/builder/spi-builder-workspace/.derivedData/Build/Products/Debug-watchos/AppShowcaseStoreKit.swiftmodule/arm64-apple-watchos.abi.json /Users/admin/builder/spi-builder-workspace/.derivedData/Build/Intermediates.noindex/AppShowcaseKit.build/Debug-watchos/AppShowcaseStoreKit.build/Objects-normal/arm64/AppShowcaseStoreKit.abi.json (in target 'AppShowcaseStoreKit' from project 'AppShowcaseKit')
cd /Users/admin/builder/spi-builder-workspace
builtin-copy -exclude .DS_Store -exclude CVS -exclude .svn -exclude .git -exclude .hg -resolve-src-symlinks -rename /Users/admin/builder/spi-builder-workspace/.derivedData/Build/Intermediates.noindex/AppShowcaseKit.build/Debug-watchos/AppShowcaseStoreKit.build/Objects-normal/arm64/AppShowcaseStoreKit.abi.json /Users/admin/builder/spi-builder-workspace/.derivedData/Build/Products/Debug-watchos/AppShowcaseStoreKit.swiftmodule/arm64-apple-watchos.abi.json
Copy /Users/admin/builder/spi-builder-workspace/.derivedData/Build/Products/Debug-watchos/AppShowcaseStoreKit.swiftmodule/arm64-apple-watchos.swiftmodule /Users/admin/builder/spi-builder-workspace/.derivedData/Build/Intermediates.noindex/AppShowcaseKit.build/Debug-watchos/AppShowcaseStoreKit.build/Objects-normal/arm64/AppShowcaseStoreKit.swiftmodule (in target 'AppShowcaseStoreKit' from project 'AppShowcaseKit')
cd /Users/admin/builder/spi-builder-workspace
builtin-copy -exclude .DS_Store -exclude CVS -exclude .svn -exclude .git -exclude .hg -resolve-src-symlinks -rename /Users/admin/builder/spi-builder-workspace/.derivedData/Build/Intermediates.noindex/AppShowcaseKit.build/Debug-watchos/AppShowcaseStoreKit.build/Objects-normal/arm64/AppShowcaseStoreKit.swiftmodule /Users/admin/builder/spi-builder-workspace/.derivedData/Build/Products/Debug-watchos/AppShowcaseStoreKit.swiftmodule/arm64-apple-watchos.swiftmodule
Copy /Users/admin/builder/spi-builder-workspace/.derivedData/Build/Products/Debug-watchos/AppShowcaseStoreKit.swiftmodule/Project/arm64-apple-watchos.swiftsourceinfo /Users/admin/builder/spi-builder-workspace/.derivedData/Build/Intermediates.noindex/AppShowcaseKit.build/Debug-watchos/AppShowcaseStoreKit.build/Objects-normal/arm64/AppShowcaseStoreKit.swiftsourceinfo (in target 'AppShowcaseStoreKit' from project 'AppShowcaseKit')
cd /Users/admin/builder/spi-builder-workspace
builtin-copy -exclude .DS_Store -exclude CVS -exclude .svn -exclude .git -exclude .hg -resolve-src-symlinks -rename /Users/admin/builder/spi-builder-workspace/.derivedData/Build/Intermediates.noindex/AppShowcaseKit.build/Debug-watchos/AppShowcaseStoreKit.build/Objects-normal/arm64/AppShowcaseStoreKit.swiftsourceinfo /Users/admin/builder/spi-builder-workspace/.derivedData/Build/Products/Debug-watchos/AppShowcaseStoreKit.swiftmodule/Project/arm64-apple-watchos.swiftsourceinfo
Copy /Users/admin/builder/spi-builder-workspace/.derivedData/Build/Products/Debug-watchos/AppShowcaseStoreKit.swiftmodule/arm64-apple-watchos.swiftdoc /Users/admin/builder/spi-builder-workspace/.derivedData/Build/Intermediates.noindex/AppShowcaseKit.build/Debug-watchos/AppShowcaseStoreKit.build/Objects-normal/arm64/AppShowcaseStoreKit.swiftdoc (in target 'AppShowcaseStoreKit' from project 'AppShowcaseKit')
cd /Users/admin/builder/spi-builder-workspace
builtin-copy -exclude .DS_Store -exclude CVS -exclude .svn -exclude .git -exclude .hg -resolve-src-symlinks -rename /Users/admin/builder/spi-builder-workspace/.derivedData/Build/Intermediates.noindex/AppShowcaseKit.build/Debug-watchos/AppShowcaseStoreKit.build/Objects-normal/arm64/AppShowcaseStoreKit.swiftdoc /Users/admin/builder/spi-builder-workspace/.derivedData/Build/Products/Debug-watchos/AppShowcaseStoreKit.swiftmodule/arm64-apple-watchos.swiftdoc
SwiftMergeGeneratedHeaders /Users/admin/builder/spi-builder-workspace/.derivedData/Build/Intermediates.noindex/GeneratedModuleMaps-watchos/AppShowcaseStoreKit-Swift.h /Users/admin/builder/spi-builder-workspace/.derivedData/Build/Intermediates.noindex/AppShowcaseKit.build/Debug-watchos/AppShowcaseStoreKit.build/Objects-normal/arm64/AppShowcaseStoreKit-Swift.h /Users/admin/builder/spi-builder-workspace/.derivedData/Build/Intermediates.noindex/AppShowcaseKit.build/Debug-watchos/AppShowcaseStoreKit.build/Objects-normal/arm64_32/AppShowcaseStoreKit-Swift.h (in target 'AppShowcaseStoreKit' from project 'AppShowcaseKit')
cd /Users/admin/builder/spi-builder-workspace
builtin-swiftHeaderTool -arch arm64 /Users/admin/builder/spi-builder-workspace/.derivedData/Build/Intermediates.noindex/AppShowcaseKit.build/Debug-watchos/AppShowcaseStoreKit.build/Objects-normal/arm64/AppShowcaseStoreKit-Swift.h -arch arm64_32 /Users/admin/builder/spi-builder-workspace/.derivedData/Build/Intermediates.noindex/AppShowcaseKit.build/Debug-watchos/AppShowcaseStoreKit.build/Objects-normal/arm64_32/AppShowcaseStoreKit-Swift.h -o /Users/admin/builder/spi-builder-workspace/.derivedData/Build/Intermediates.noindex/GeneratedModuleMaps-watchos/AppShowcaseStoreKit-Swift.h
SwiftDriver AppShowcaseUI normal arm64 com.apple.xcode.tools.swift.compiler (in target 'AppShowcaseUI' from project 'AppShowcaseKit')
cd /Users/admin/builder/spi-builder-workspace/.swiftpm/xcode
builtin-SwiftDriver -- /Applications/Xcode-26.3.0.app/Contents/Developer/Toolchains/XcodeDefault.xctoolchain/usr/bin/swiftc -module-name AppShowcaseUI -Onone -enforce-exclusivity\=checked @/Users/admin/builder/spi-builder-workspace/.derivedData/Build/Intermediates.noindex/AppShowcaseKit.build/Debug-watchos/AppShowcaseUI.build/Objects-normal/arm64/AppShowcaseUI.SwiftFileList -DSWIFT_PACKAGE -DDEBUG -DSWIFT_MODULE_RESOURCE_BUNDLE_AVAILABLE -DXcode -plugin-path /Applications/Xcode-26.3.0.app/Contents/Developer/Toolchains/XcodeDefault.xctoolchain/usr/lib/swift/host/plugins/testing -enable-experimental-feature DebugDescriptionMacro -sdk /Applications/Xcode-26.3.0.app/Contents/Developer/Platforms/WatchOS.platform/Developer/SDKs/WatchOS26.2.sdk -target arm64-apple-watchos11.0 -g -module-cache-path /Users/admin/builder/spi-builder-workspace/.derivedData/ModuleCache.noindex -Xfrontend -serialize-debugging-options -profile-coverage-mapping -profile-generate -enable-testing -index-store-path /Users/admin/builder/spi-builder-workspace/.derivedData/Index.noindex/DataStore -Xcc -D_LIBCPP_HARDENING_MODE\=_LIBCPP_HARDENING_MODE_DEBUG -swift-version 6 -I /Users/admin/builder/spi-builder-workspace/.derivedData/Build/Products/Debug-watchos -Isystem /Applications/Xcode-26.3.0.app/Contents/Developer/Platforms/WatchOS.platform/Developer/usr/lib -F /Users/admin/builder/spi-builder-workspace/.derivedData/Build/Products/Debug-watchos/PackageFrameworks -F /Users/admin/builder/spi-builder-workspace/.derivedData/Build/Products/Debug-watchos/PackageFrameworks -F /Users/admin/builder/spi-builder-workspace/.derivedData/Build/Products/Debug-watchos -F /Applications/Xcode-26.3.0.app/Contents/Developer/Platforms/WatchOS.platform/Developer/Library/Frameworks -F /Applications/Xcode-26.3.0.app/Contents/Developer/Platforms/WatchOS.platform/Developer/SDKs/WatchOS26.2.sdk/Developer/Library/Frameworks -c -j10 -enable-batch-mode -incremental -Xcc -ivfsstatcache -Xcc /Users/admin/builder/spi-builder-workspace/.derivedData/SDKStatCaches.noindex/watchos26.2-23S303-dc75598d0054f22ec865fa860f139d721753b489057de6bda919edfa1c59a62b.sdkstatcache -output-file-map /Users/admin/builder/spi-builder-workspace/.derivedData/Build/Intermediates.noindex/AppShowcaseKit.build/Debug-watchos/AppShowcaseUI.build/Objects-normal/arm64/AppShowcaseUI-OutputFileMap.json -use-frontend-parseable-output -save-temps -no-color-diagnostics -explicit-module-build -module-cache-path /Users/admin/builder/spi-builder-workspace/.derivedData/Build/Intermediates.noindex/SwiftExplicitPrecompiledModules -clang-scanner-module-cache-path /Users/admin/builder/spi-builder-workspace/.derivedData/ModuleCache.noindex -sdk-module-cache-path /Users/admin/builder/spi-builder-workspace/.derivedData/ModuleCache.noindex -serialize-diagnostics -emit-dependencies -emit-module -emit-module-path /Users/admin/builder/spi-builder-workspace/.derivedData/Build/Intermediates.noindex/AppShowcaseKit.build/Debug-watchos/AppShowcaseUI.build/Objects-normal/arm64/AppShowcaseUI.swiftmodule -validate-clang-modules-once -clang-build-session-file /Users/admin/builder/spi-builder-workspace/.derivedData/ModuleCache.noindex/Session.modulevalidation -package-name spi_builder_workspace -Xcc -I/Users/admin/builder/spi-builder-workspace/.derivedData/Build/Intermediates.noindex/AppShowcaseKit.build/Debug-watchos/AppShowcaseUI.build/swift-overrides.hmap -emit-const-values -Xfrontend -const-gather-protocols-file -Xfrontend /Users/admin/builder/spi-builder-workspace/.derivedData/Build/Intermediates.noindex/AppShowcaseKit.build/Debug-watchos/AppShowcaseUI.build/Objects-normal/arm64/AppShowcaseUI_const_extract_protocols.json -Xcc -I/Users/admin/builder/spi-builder-workspace/.derivedData/Build/Products/Debug-watchos/include -Xcc -I/Users/admin/builder/spi-builder-workspace/.derivedData/Build/Intermediates.noindex/AppShowcaseKit.build/Debug-watchos/AppShowcaseUI.build/DerivedSources-normal/arm64 -Xcc -I/Users/admin/builder/spi-builder-workspace/.derivedData/Build/Intermediates.noindex/AppShowcaseKit.build/Debug-watchos/AppShowcaseUI.build/DerivedSources/arm64 -Xcc -I/Users/admin/builder/spi-builder-workspace/.derivedData/Build/Intermediates.noindex/AppShowcaseKit.build/Debug-watchos/AppShowcaseUI.build/DerivedSources -Xcc -DSWIFT_PACKAGE -Xcc -DDEBUG\=1 -emit-objc-header -emit-objc-header-path /Users/admin/builder/spi-builder-workspace/.derivedData/Build/Intermediates.noindex/AppShowcaseKit.build/Debug-watchos/AppShowcaseUI.build/Objects-normal/arm64/AppShowcaseUI-Swift.h -working-directory /Users/admin/builder/spi-builder-workspace/.swiftpm/xcode -experimental-emit-module-separately -disable-cmo
/Users/admin/builder/spi-builder-workspace/Sources/AppShowcaseUI/Presenters.swift:144:20: error: StoreLinkPresenter has no way to open a URL on this platform
#error("StoreLinkPresenter has no way to open a URL on this platform")
^~~~~~~~~~~~~~~~~~~~~~~~~~~~~~~~~~~~~~~~~~~~~~~~~~~~~~~~~~~~~~ (in target 'AppShowcaseUI' from project 'AppShowcaseKit')
SwiftDriver AppShowcaseUI normal arm64_32 com.apple.xcode.tools.swift.compiler (in target 'AppShowcaseUI' from project 'AppShowcaseKit')
cd /Users/admin/builder/spi-builder-workspace/.swiftpm/xcode
builtin-SwiftDriver -- /Applications/Xcode-26.3.0.app/Contents/Developer/Toolchains/XcodeDefault.xctoolchain/usr/bin/swiftc -module-name AppShowcaseUI -Onone -enforce-exclusivity\=checked @/Users/admin/builder/spi-builder-workspace/.derivedData/Build/Intermediates.noindex/AppShowcaseKit.build/Debug-watchos/AppShowcaseUI.build/Objects-normal/arm64_32/AppShowcaseUI.SwiftFileList -DSWIFT_PACKAGE -DDEBUG -DSWIFT_MODULE_RESOURCE_BUNDLE_AVAILABLE -DXcode -plugin-path /Applications/Xcode-26.3.0.app/Contents/Developer/Toolchains/XcodeDefault.xctoolchain/usr/lib/swift/host/plugins/testing -enable-experimental-feature DebugDescriptionMacro -sdk /Applications/Xcode-26.3.0.app/Contents/Developer/Platforms/WatchOS.platform/Developer/SDKs/WatchOS26.2.sdk -target arm64_32-apple-watchos11.0 -g -module-cache-path /Users/admin/builder/spi-builder-workspace/.derivedData/ModuleCache.noindex -Xfrontend -serialize-debugging-options -profile-coverage-mapping -profile-generate -enable-testing -index-store-path /Users/admin/builder/spi-builder-workspace/.derivedData/Index.noindex/DataStore -Xcc -D_LIBCPP_HARDENING_MODE\=_LIBCPP_HARDENING_MODE_DEBUG -swift-version 6 -I /Users/admin/builder/spi-builder-workspace/.derivedData/Build/Products/Debug-watchos -Isystem /Applications/Xcode-26.3.0.app/Contents/Developer/Platforms/WatchOS.platform/Developer/usr/lib -F /Users/admin/builder/spi-builder-workspace/.derivedData/Build/Products/Debug-watchos/PackageFrameworks -F /Users/admin/builder/spi-builder-workspace/.derivedData/Build/Products/Debug-watchos/PackageFrameworks -F /Users/admin/builder/spi-builder-workspace/.derivedData/Build/Products/Debug-watchos -F /Applications/Xcode-26.3.0.app/Contents/Developer/Platforms/WatchOS.platform/Developer/Library/Frameworks -F /Applications/Xcode-26.3.0.app/Contents/Developer/Platforms/WatchOS.platform/Developer/SDKs/WatchOS26.2.sdk/Developer/Library/Frameworks -c -j10 -enable-batch-mode -incremental -Xcc -ivfsstatcache -Xcc /Users/admin/builder/spi-builder-workspace/.derivedData/SDKStatCaches.noindex/watchos26.2-23S303-dc75598d0054f22ec865fa860f139d721753b489057de6bda919edfa1c59a62b.sdkstatcache -output-file-map /Users/admin/builder/spi-builder-workspace/.derivedData/Build/Intermediates.noindex/AppShowcaseKit.build/Debug-watchos/AppShowcaseUI.build/Objects-normal/arm64_32/AppShowcaseUI-OutputFileMap.json -use-frontend-parseable-output -save-temps -no-color-diagnostics -explicit-module-build -module-cache-path /Users/admin/builder/spi-builder-workspace/.derivedData/Build/Intermediates.noindex/SwiftExplicitPrecompiledModules -clang-scanner-module-cache-path /Users/admin/builder/spi-builder-workspace/.derivedData/ModuleCache.noindex -sdk-module-cache-path /Users/admin/builder/spi-builder-workspace/.derivedData/ModuleCache.noindex -serialize-diagnostics -emit-dependencies -emit-module -emit-module-path /Users/admin/builder/spi-builder-workspace/.derivedData/Build/Intermediates.noindex/AppShowcaseKit.build/Debug-watchos/AppShowcaseUI.build/Objects-normal/arm64_32/AppShowcaseUI.swiftmodule -validate-clang-modules-once -clang-build-session-file /Users/admin/builder/spi-builder-workspace/.derivedData/ModuleCache.noindex/Session.modulevalidation -package-name spi_builder_workspace -Xcc -I/Users/admin/builder/spi-builder-workspace/.derivedData/Build/Intermediates.noindex/AppShowcaseKit.build/Debug-watchos/AppShowcaseUI.build/swift-overrides.hmap -emit-const-values -Xfrontend -const-gather-protocols-file -Xfrontend /Users/admin/builder/spi-builder-workspace/.derivedData/Build/Intermediates.noindex/AppShowcaseKit.build/Debug-watchos/AppShowcaseUI.build/Objects-normal/arm64_32/AppShowcaseUI_const_extract_protocols.json -Xcc -I/Users/admin/builder/spi-builder-workspace/.derivedData/Build/Products/Debug-watchos/include -Xcc -I/Users/admin/builder/spi-builder-workspace/.derivedData/Build/Intermediates.noindex/AppShowcaseKit.build/Debug-watchos/AppShowcaseUI.build/DerivedSources-normal/arm64_32 -Xcc -I/Users/admin/builder/spi-builder-workspace/.derivedData/Build/Intermediates.noindex/AppShowcaseKit.build/Debug-watchos/AppShowcaseUI.build/DerivedSources/arm64_32 -Xcc -I/Users/admin/builder/spi-builder-workspace/.derivedData/Build/Intermediates.noindex/AppShowcaseKit.build/Debug-watchos/AppShowcaseUI.build/DerivedSources -Xcc -DSWIFT_PACKAGE -Xcc -DDEBUG\=1 -emit-objc-header -emit-objc-header-path /Users/admin/builder/spi-builder-workspace/.derivedData/Build/Intermediates.noindex/AppShowcaseKit.build/Debug-watchos/AppShowcaseUI.build/Objects-normal/arm64_32/AppShowcaseUI-Swift.h -working-directory /Users/admin/builder/spi-builder-workspace/.swiftpm/xcode -experimental-emit-module-separately -disable-cmo
/Users/admin/builder/spi-builder-workspace/Sources/AppShowcaseUI/Presenters.swift:144:20: error: StoreLinkPresenter has no way to open a URL on this platform
#error("StoreLinkPresenter has no way to open a URL on this platform")
^~~~~~~~~~~~~~~~~~~~~~~~~~~~~~~~~~~~~~~~~~~~~~~~~~~~~~~~~~~~~~ (in target 'AppShowcaseUI' from project 'AppShowcaseKit')
SwiftDriverJobDiscovery normal arm64 Compiling ShowcaseLoader+Resolved.swift (in target 'AppShowcaseStoreKit' from project 'AppShowcaseKit')
SwiftDriverJobDiscovery normal arm64 Compiling resource_bundle_accessor.swift (in target 'AppShowcaseStoreKit' from project 'AppShowcaseKit')
RegisterExecutionPolicyException /Users/admin/builder/spi-builder-workspace/.derivedData/Build/Products/Debug-watchos/AppShowcaseCore.o (in target 'AppShowcaseCore' from project 'AppShowcaseKit')
cd /Users/admin/builder/spi-builder-workspace
builtin-RegisterExecutionPolicyException /Users/admin/builder/spi-builder-workspace/.derivedData/Build/Products/Debug-watchos/AppShowcaseCore.o
SwiftDriverJobDiscovery normal arm64_32 Compiling StorefrontCode+Current.swift (in target 'AppShowcaseStoreKit' from project 'AppShowcaseKit')
SwiftDriver\ Compilation AppShowcaseStoreKit normal arm64_32 com.apple.xcode.tools.swift.compiler (in target 'AppShowcaseStoreKit' from project 'AppShowcaseKit')
cd /Users/admin/builder/spi-builder-workspace/.swiftpm/xcode
builtin-Swift-Compilation -- /Applications/Xcode-26.3.0.app/Contents/Developer/Toolchains/XcodeDefault.xctoolchain/usr/bin/swiftc -module-name AppShowcaseStoreKit -Onone -enforce-exclusivity\=checked @/Users/admin/builder/spi-builder-workspace/.derivedData/Build/Intermediates.noindex/AppShowcaseKit.build/Debug-watchos/AppShowcaseStoreKit.build/Objects-normal/arm64_32/AppShowcaseStoreKit.SwiftFileList -DSWIFT_PACKAGE -DDEBUG -DSWIFT_MODULE_RESOURCE_BUNDLE_AVAILABLE -DXcode -plugin-path /Applications/Xcode-26.3.0.app/Contents/Developer/Toolchains/XcodeDefault.xctoolchain/usr/lib/swift/host/plugins/testing -enable-experimental-feature DebugDescriptionMacro -sdk /Applications/Xcode-26.3.0.app/Contents/Developer/Platforms/WatchOS.platform/Developer/SDKs/WatchOS26.2.sdk -target arm64_32-apple-watchos11.0 -g -module-cache-path /Users/admin/builder/spi-builder-workspace/.derivedData/ModuleCache.noindex -Xfrontend -serialize-debugging-options -profile-coverage-mapping -profile-generate -enable-testing -index-store-path /Users/admin/builder/spi-builder-workspace/.derivedData/Index.noindex/DataStore -Xcc -D_LIBCPP_HARDENING_MODE\=_LIBCPP_HARDENING_MODE_DEBUG -swift-version 6 -I /Users/admin/builder/spi-builder-workspace/.derivedData/Build/Products/Debug-watchos -Isystem /Applications/Xcode-26.3.0.app/Contents/Developer/Platforms/WatchOS.platform/Developer/usr/lib -F /Users/admin/builder/spi-builder-workspace/.derivedData/Build/Products/Debug-watchos/PackageFrameworks -F /Users/admin/builder/spi-builder-workspace/.derivedData/Build/Products/Debug-watchos -F /Applications/Xcode-26.3.0.app/Contents/Developer/Platforms/WatchOS.platform/Developer/Library/Frameworks -F /Applications/Xcode-26.3.0.app/Contents/Developer/Platforms/WatchOS.platform/Developer/SDKs/WatchOS26.2.sdk/Developer/Library/Frameworks -c -j10 -enable-batch-mode -incremental -Xcc -ivfsstatcache -Xcc /Users/admin/builder/spi-builder-workspace/.derivedData/SDKStatCaches.noindex/watchos26.2-23S303-dc75598d0054f22ec865fa860f139d721753b489057de6bda919edfa1c59a62b.sdkstatcache -output-file-map /Users/admin/builder/spi-builder-workspace/.derivedData/Build/Intermediates.noindex/AppShowcaseKit.build/Debug-watchos/AppShowcaseStoreKit.build/Objects-normal/arm64_32/AppShowcaseStoreKit-OutputFileMap.json -use-frontend-parseable-output -save-temps -no-color-diagnostics -explicit-module-build -module-cache-path /Users/admin/builder/spi-builder-workspace/.derivedData/Build/Intermediates.noindex/SwiftExplicitPrecompiledModules -clang-scanner-module-cache-path /Users/admin/builder/spi-builder-workspace/.derivedData/ModuleCache.noindex -sdk-module-cache-path /Users/admin/builder/spi-builder-workspace/.derivedData/ModuleCache.noindex -serialize-diagnostics -emit-dependencies -emit-module -emit-module-path /Users/admin/builder/spi-builder-workspace/.derivedData/Build/Intermediates.noindex/AppShowcaseKit.build/Debug-watchos/AppShowcaseStoreKit.build/Objects-normal/arm64_32/AppShowcaseStoreKit.swiftmodule -validate-clang-modules-once -clang-build-session-file /Users/admin/builder/spi-builder-workspace/.derivedData/ModuleCache.noindex/Session.modulevalidation -package-name spi_builder_workspace -Xcc -I/Users/admin/builder/spi-builder-workspace/.derivedData/Build/Intermediates.noindex/AppShowcaseKit.build/Debug-watchos/AppShowcaseStoreKit.build/swift-overrides.hmap -emit-const-values -Xfrontend -const-gather-protocols-file -Xfrontend /Users/admin/builder/spi-builder-workspace/.derivedData/Build/Intermediates.noindex/AppShowcaseKit.build/Debug-watchos/AppShowcaseStoreKit.build/Objects-normal/arm64_32/AppShowcaseStoreKit_const_extract_protocols.json -Xcc -I/Users/admin/builder/spi-builder-workspace/.derivedData/Build/Products/Debug-watchos/include -Xcc -I/Users/admin/builder/spi-builder-workspace/.derivedData/Build/Intermediates.noindex/AppShowcaseKit.build/Debug-watchos/AppShowcaseStoreKit.build/DerivedSources-normal/arm64_32 -Xcc -I/Users/admin/builder/spi-builder-workspace/.derivedData/Build/Intermediates.noindex/AppShowcaseKit.build/Debug-watchos/AppShowcaseStoreKit.build/DerivedSources/arm64_32 -Xcc -I/Users/admin/builder/spi-builder-workspace/.derivedData/Build/Intermediates.noindex/AppShowcaseKit.build/Debug-watchos/AppShowcaseStoreKit.build/DerivedSources -Xcc -DSWIFT_PACKAGE -Xcc -DDEBUG\=1 -emit-objc-header -emit-objc-header-path /Users/admin/builder/spi-builder-workspace/.derivedData/Build/Intermediates.noindex/AppShowcaseKit.build/Debug-watchos/AppShowcaseStoreKit.build/Objects-normal/arm64_32/AppShowcaseStoreKit-Swift.h -working-directory /Users/admin/builder/spi-builder-workspace/.swiftpm/xcode -experimental-emit-module-separately -disable-cmo
Ld /Users/admin/builder/spi-builder-workspace/.derivedData/Build/Intermediates.noindex/AppShowcaseKit.build/Debug-watchos/AppShowcaseStoreKit.build/Objects-normal/arm64_32/Binary/AppShowcaseStoreKit.o normal arm64_32 (in target 'AppShowcaseStoreKit' from project 'AppShowcaseKit')
cd /Users/admin/builder/spi-builder-workspace
/Applications/Xcode-26.3.0.app/Contents/Developer/Toolchains/XcodeDefault.xctoolchain/usr/bin/clang -Xlinker -reproducible -target arm64_32-apple-watchos11.0 -r -isysroot /Applications/Xcode-26.3.0.app/Contents/Developer/Platforms/WatchOS.platform/Developer/SDKs/WatchOS26.2.sdk -O0 -L/Users/admin/builder/spi-builder-workspace/.derivedData/Build/Intermediates.noindex/EagerLinkingTBDs/Debug-watchos -L/Users/admin/builder/spi-builder-workspace/.derivedData/Build/Products/Debug-watchos -L/Applications/Xcode-26.3.0.app/Contents/Developer/Platforms/WatchOS.platform/Developer/usr/lib -F/Users/admin/builder/spi-builder-workspace/.derivedData/Build/Intermediates.noindex/EagerLinkingTBDs/Debug-watchos -F/Users/admin/builder/spi-builder-workspace/.derivedData/Build/Products/Debug-watchos/PackageFrameworks -F/Users/admin/builder/spi-builder-workspace/.derivedData/Build/Products/Debug-watchos -iframework /Applications/Xcode-26.3.0.app/Contents/Developer/Platforms/WatchOS.platform/Developer/Library/Frameworks -iframework /Applications/Xcode-26.3.0.app/Contents/Developer/Platforms/WatchOS.platform/Developer/SDKs/WatchOS26.2.sdk/Developer/Library/Frameworks -filelist /Users/admin/builder/spi-builder-workspace/.derivedData/Build/Intermediates.noindex/AppShowcaseKit.build/Debug-watchos/AppShowcaseStoreKit.build/Objects-normal/arm64_32/AppShowcaseStoreKit.LinkFileList -nostdlib -Xlinker -object_path_lto -Xlinker /Users/admin/builder/spi-builder-workspace/.derivedData/Build/Intermediates.noindex/AppShowcaseKit.build/Debug-watchos/AppShowcaseStoreKit.build/Objects-normal/arm64_32/AppShowcaseStoreKit_lto.o -rdynamic -Xlinker -no_deduplicate -Xlinker -debug_variant -Xlinker -dependency_info -Xlinker /Users/admin/builder/spi-builder-workspace/.derivedData/Build/Intermediates.noindex/AppShowcaseKit.build/Debug-watchos/AppShowcaseStoreKit.build/Objects-normal/arm64_32/AppShowcaseStoreKit_dependency_info.dat -fobjc-link-runtime -L/Applications/Xcode-26.3.0.app/Contents/Developer/Toolchains/XcodeDefault.xctoolchain/usr/lib/swift/watchos -L/usr/lib/swift -Xlinker -add_ast_path -Xlinker /Users/admin/builder/spi-builder-workspace/.derivedData/Build/Intermediates.noindex/AppShowcaseKit.build/Debug-watchos/AppShowcaseStoreKit.build/Objects-normal/arm64_32/AppShowcaseStoreKit.swiftmodule @/Users/admin/builder/spi-builder-workspace/.derivedData/Build/Intermediates.noindex/AppShowcaseKit.build/Debug-watchos/AppShowcaseStoreKit.build/Objects-normal/arm64_32/AppShowcaseStoreKit-linker-args.resp -o /Users/admin/builder/spi-builder-workspace/.derivedData/Build/Intermediates.noindex/AppShowcaseKit.build/Debug-watchos/AppShowcaseStoreKit.build/Objects-normal/arm64_32/Binary/AppShowcaseStoreKit.o
SwiftDriverJobDiscovery normal arm64 Compiling StorefrontCode+Current.swift (in target 'AppShowcaseStoreKit' from project 'AppShowcaseKit')
SwiftDriver\ Compilation AppShowcaseStoreKit normal arm64 com.apple.xcode.tools.swift.compiler (in target 'AppShowcaseStoreKit' from project 'AppShowcaseKit')
cd /Users/admin/builder/spi-builder-workspace/.swiftpm/xcode
builtin-Swift-Compilation -- /Applications/Xcode-26.3.0.app/Contents/Developer/Toolchains/XcodeDefault.xctoolchain/usr/bin/swiftc -module-name AppShowcaseStoreKit -Onone -enforce-exclusivity\=checked @/Users/admin/builder/spi-builder-workspace/.derivedData/Build/Intermediates.noindex/AppShowcaseKit.build/Debug-watchos/AppShowcaseStoreKit.build/Objects-normal/arm64/AppShowcaseStoreKit.SwiftFileList -DSWIFT_PACKAGE -DDEBUG -DSWIFT_MODULE_RESOURCE_BUNDLE_AVAILABLE -DXcode -plugin-path /Applications/Xcode-26.3.0.app/Contents/Developer/Toolchains/XcodeDefault.xctoolchain/usr/lib/swift/host/plugins/testing -enable-experimental-feature DebugDescriptionMacro -sdk /Applications/Xcode-26.3.0.app/Contents/Developer/Platforms/WatchOS.platform/Developer/SDKs/WatchOS26.2.sdk -target arm64-apple-watchos11.0 -g -module-cache-path /Users/admin/builder/spi-builder-workspace/.derivedData/ModuleCache.noindex -Xfrontend -serialize-debugging-options -profile-coverage-mapping -profile-generate -enable-testing -index-store-path /Users/admin/builder/spi-builder-workspace/.derivedData/Index.noindex/DataStore -Xcc -D_LIBCPP_HARDENING_MODE\=_LIBCPP_HARDENING_MODE_DEBUG -swift-version 6 -I /Users/admin/builder/spi-builder-workspace/.derivedData/Build/Products/Debug-watchos -Isystem /Applications/Xcode-26.3.0.app/Contents/Developer/Platforms/WatchOS.platform/Developer/usr/lib -F /Users/admin/builder/spi-builder-workspace/.derivedData/Build/Products/Debug-watchos/PackageFrameworks -F /Users/admin/builder/spi-builder-workspace/.derivedData/Build/Products/Debug-watchos -F /Applications/Xcode-26.3.0.app/Contents/Developer/Platforms/WatchOS.platform/Developer/Library/Frameworks -F /Applications/Xcode-26.3.0.app/Contents/Developer/Platforms/WatchOS.platform/Developer/SDKs/WatchOS26.2.sdk/Developer/Library/Frameworks -c -j10 -enable-batch-mode -incremental -Xcc -ivfsstatcache -Xcc /Users/admin/builder/spi-builder-workspace/.derivedData/SDKStatCaches.noindex/watchos26.2-23S303-dc75598d0054f22ec865fa860f139d721753b489057de6bda919edfa1c59a62b.sdkstatcache -output-file-map /Users/admin/builder/spi-builder-workspace/.derivedData/Build/Intermediates.noindex/AppShowcaseKit.build/Debug-watchos/AppShowcaseStoreKit.build/Objects-normal/arm64/AppShowcaseStoreKit-OutputFileMap.json -use-frontend-parseable-output -save-temps -no-color-diagnostics -explicit-module-build -module-cache-path /Users/admin/builder/spi-builder-workspace/.derivedData/Build/Intermediates.noindex/SwiftExplicitPrecompiledModules -clang-scanner-module-cache-path /Users/admin/builder/spi-builder-workspace/.derivedData/ModuleCache.noindex -sdk-module-cache-path /Users/admin/builder/spi-builder-workspace/.derivedData/ModuleCache.noindex -serialize-diagnostics -emit-dependencies -emit-module -emit-module-path /Users/admin/builder/spi-builder-workspace/.derivedData/Build/Intermediates.noindex/AppShowcaseKit.build/Debug-watchos/AppShowcaseStoreKit.build/Objects-normal/arm64/AppShowcaseStoreKit.swiftmodule -validate-clang-modules-once -clang-build-session-file /Users/admin/builder/spi-builder-workspace/.derivedData/ModuleCache.noindex/Session.modulevalidation -package-name spi_builder_workspace -Xcc -I/Users/admin/builder/spi-builder-workspace/.derivedData/Build/Intermediates.noindex/AppShowcaseKit.build/Debug-watchos/AppShowcaseStoreKit.build/swift-overrides.hmap -emit-const-values -Xfrontend -const-gather-protocols-file -Xfrontend /Users/admin/builder/spi-builder-workspace/.derivedData/Build/Intermediates.noindex/AppShowcaseKit.build/Debug-watchos/AppShowcaseStoreKit.build/Objects-normal/arm64/AppShowcaseStoreKit_const_extract_protocols.json -Xcc -I/Users/admin/builder/spi-builder-workspace/.derivedData/Build/Products/Debug-watchos/include -Xcc -I/Users/admin/builder/spi-builder-workspace/.derivedData/Build/Intermediates.noindex/AppShowcaseKit.build/Debug-watchos/AppShowcaseStoreKit.build/DerivedSources-normal/arm64 -Xcc -I/Users/admin/builder/spi-builder-workspace/.derivedData/Build/Intermediates.noindex/AppShowcaseKit.build/Debug-watchos/AppShowcaseStoreKit.build/DerivedSources/arm64 -Xcc -I/Users/admin/builder/spi-builder-workspace/.derivedData/Build/Intermediates.noindex/AppShowcaseKit.build/Debug-watchos/AppShowcaseStoreKit.build/DerivedSources -Xcc -DSWIFT_PACKAGE -Xcc -DDEBUG\=1 -emit-objc-header -emit-objc-header-path /Users/admin/builder/spi-builder-workspace/.derivedData/Build/Intermediates.noindex/AppShowcaseKit.build/Debug-watchos/AppShowcaseStoreKit.build/Objects-normal/arm64/AppShowcaseStoreKit-Swift.h -working-directory /Users/admin/builder/spi-builder-workspace/.swiftpm/xcode -experimental-emit-module-separately -disable-cmo
Ld /Users/admin/builder/spi-builder-workspace/.derivedData/Build/Intermediates.noindex/AppShowcaseKit.build/Debug-watchos/AppShowcaseStoreKit.build/Objects-normal/arm64/Binary/AppShowcaseStoreKit.o normal arm64 (in target 'AppShowcaseStoreKit' from project 'AppShowcaseKit')
cd /Users/admin/builder/spi-builder-workspace
/Applications/Xcode-26.3.0.app/Contents/Developer/Toolchains/XcodeDefault.xctoolchain/usr/bin/clang -Xlinker -reproducible -target arm64-apple-watchos11.0 -r -isysroot /Applications/Xcode-26.3.0.app/Contents/Developer/Platforms/WatchOS.platform/Developer/SDKs/WatchOS26.2.sdk -O0 -L/Users/admin/builder/spi-builder-workspace/.derivedData/Build/Intermediates.noindex/EagerLinkingTBDs/Debug-watchos -L/Users/admin/builder/spi-builder-workspace/.derivedData/Build/Products/Debug-watchos -L/Applications/Xcode-26.3.0.app/Contents/Developer/Platforms/WatchOS.platform/Developer/usr/lib -F/Users/admin/builder/spi-builder-workspace/.derivedData/Build/Intermediates.noindex/EagerLinkingTBDs/Debug-watchos -F/Users/admin/builder/spi-builder-workspace/.derivedData/Build/Products/Debug-watchos/PackageFrameworks -F/Users/admin/builder/spi-builder-workspace/.derivedData/Build/Products/Debug-watchos -iframework /Applications/Xcode-26.3.0.app/Contents/Developer/Platforms/WatchOS.platform/Developer/Library/Frameworks -iframework /Applications/Xcode-26.3.0.app/Contents/Developer/Platforms/WatchOS.platform/Developer/SDKs/WatchOS26.2.sdk/Developer/Library/Frameworks -filelist /Users/admin/builder/spi-builder-workspace/.derivedData/Build/Intermediates.noindex/AppShowcaseKit.build/Debug-watchos/AppShowcaseStoreKit.build/Objects-normal/arm64/AppShowcaseStoreKit.LinkFileList -nostdlib -Xlinker -object_path_lto -Xlinker /Users/admin/builder/spi-builder-workspace/.derivedData/Build/Intermediates.noindex/AppShowcaseKit.build/Debug-watchos/AppShowcaseStoreKit.build/Objects-normal/arm64/AppShowcaseStoreKit_lto.o -rdynamic -Xlinker -no_deduplicate -Xlinker -debug_variant -Xlinker -dependency_info -Xlinker /Users/admin/builder/spi-builder-workspace/.derivedData/Build/Intermediates.noindex/AppShowcaseKit.build/Debug-watchos/AppShowcaseStoreKit.build/Objects-normal/arm64/AppShowcaseStoreKit_dependency_info.dat -fobjc-link-runtime -L/Applications/Xcode-26.3.0.app/Contents/Developer/Toolchains/XcodeDefault.xctoolchain/usr/lib/swift/watchos -L/usr/lib/swift -Xlinker -add_ast_path -Xlinker /Users/admin/builder/spi-builder-workspace/.derivedData/Build/Intermediates.noindex/AppShowcaseKit.build/Debug-watchos/AppShowcaseStoreKit.build/Objects-normal/arm64/AppShowcaseStoreKit.swiftmodule @/Users/admin/builder/spi-builder-workspace/.derivedData/Build/Intermediates.noindex/AppShowcaseKit.build/Debug-watchos/AppShowcaseStoreKit.build/Objects-normal/arm64/AppShowcaseStoreKit-linker-args.resp -o /Users/admin/builder/spi-builder-workspace/.derivedData/Build/Intermediates.noindex/AppShowcaseKit.build/Debug-watchos/AppShowcaseStoreKit.build/Objects-normal/arm64/Binary/AppShowcaseStoreKit.o
CreateUniversalBinary /Users/admin/builder/spi-builder-workspace/.derivedData/Build/Products/Debug-watchos/AppShowcaseStoreKit.o normal arm64\ arm64_32 (in target 'AppShowcaseStoreKit' from project 'AppShowcaseKit')
cd /Users/admin/builder/spi-builder-workspace
/Applications/Xcode-26.3.0.app/Contents/Developer/Toolchains/XcodeDefault.xctoolchain/usr/bin/lipo -create /Users/admin/builder/spi-builder-workspace/.derivedData/Build/Intermediates.noindex/AppShowcaseKit.build/Debug-watchos/AppShowcaseStoreKit.build/Objects-normal/arm64/Binary/AppShowcaseStoreKit.o /Users/admin/builder/spi-builder-workspace/.derivedData/Build/Intermediates.noindex/AppShowcaseKit.build/Debug-watchos/AppShowcaseStoreKit.build/Objects-normal/arm64_32/Binary/AppShowcaseStoreKit.o -output /Users/admin/builder/spi-builder-workspace/.derivedData/Build/Products/Debug-watchos/AppShowcaseStoreKit.o
ExtractAppIntentsMetadata (in target 'AppShowcaseStoreKit' from project 'AppShowcaseKit')
cd /Users/admin/builder/spi-builder-workspace
/Applications/Xcode-26.3.0.app/Contents/Developer/Toolchains/XcodeDefault.xctoolchain/usr/bin/appintentsmetadataprocessor --toolchain-dir /var/run/com.apple.security.cryptexd/mnt/com.apple.MobileAsset.MetalToolchain-v17.3.7003.10.KVzPUJ/Metal.xctoolchain --module-name AppShowcaseStoreKit --sdk-root /Applications/Xcode-26.3.0.app/Contents/Developer/Platforms/WatchOS.platform/Developer/SDKs/WatchOS26.2.sdk --xcode-version 17C529 --platform-family watchOS --deployment-target 11.0 --bundle-identifier spi-builder-workspace.AppShowcaseStoreKit --output /Users/admin/builder/spi-builder-workspace/.derivedData/Build/Products/Debug-watchos/AppShowcaseStoreKit.appintents --target-triple arm64-apple-watchos11.0 --target-triple arm64_32-apple-watchos11.0 --binary-file /Users/admin/builder/spi-builder-workspace/.derivedData/Build/Products/Debug-watchos/AppShowcaseStoreKit.o --dependency-file /Users/admin/builder/spi-builder-workspace/.derivedData/Build/Intermediates.noindex/AppShowcaseKit.build/Debug-watchos/AppShowcaseStoreKit.build/Objects-normal/arm64/AppShowcaseStoreKit_dependency_info.dat --dependency-file /Users/admin/builder/spi-builder-workspace/.derivedData/Build/Intermediates.noindex/AppShowcaseKit.build/Debug-watchos/AppShowcaseStoreKit.build/Objects-normal/arm64_32/AppShowcaseStoreKit_dependency_info.dat --stringsdata-file /Users/admin/builder/spi-builder-workspace/.derivedData/Build/Intermediates.noindex/AppShowcaseKit.build/Debug-watchos/AppShowcaseStoreKit.build/Objects-normal/arm64/ExtractedAppShortcutsMetadata.stringsdata --stringsdata-file /Users/admin/builder/spi-builder-workspace/.derivedData/Build/Intermediates.noindex/AppShowcaseKit.build/Debug-watchos/AppShowcaseStoreKit.build/Objects-normal/arm64_32/ExtractedAppShortcutsMetadata.stringsdata --source-file-list /Users/admin/builder/spi-builder-workspace/.derivedData/Build/Intermediates.noindex/AppShowcaseKit.build/Debug-watchos/AppShowcaseStoreKit.build/Objects-normal/arm64/AppShowcaseStoreKit.SwiftFileList --source-file-list /Users/admin/builder/spi-builder-workspace/.derivedData/Build/Intermediates.noindex/AppShowcaseKit.build/Debug-watchos/AppShowcaseStoreKit.build/Objects-normal/arm64_32/AppShowcaseStoreKit.SwiftFileList --metadata-file-list /Users/admin/builder/spi-builder-workspace/.derivedData/Build/Intermediates.noindex/AppShowcaseKit.build/Debug-watchos/AppShowcaseStoreKit.build/AppShowcaseStoreKit.DependencyMetadataFileList --static-metadata-file-list /Users/admin/builder/spi-builder-workspace/.derivedData/Build/Intermediates.noindex/AppShowcaseKit.build/Debug-watchos/AppShowcaseStoreKit.build/AppShowcaseStoreKit.DependencyStaticMetadataFileList --swift-const-vals-list /Users/admin/builder/spi-builder-workspace/.derivedData/Build/Intermediates.noindex/AppShowcaseKit.build/Debug-watchos/AppShowcaseStoreKit.build/Objects-normal/arm64/AppShowcaseStoreKit.SwiftConstValuesFileList --swift-const-vals-list /Users/admin/builder/spi-builder-workspace/.derivedData/Build/Intermediates.noindex/AppShowcaseKit.build/Debug-watchos/AppShowcaseStoreKit.build/Objects-normal/arm64_32/AppShowcaseStoreKit.SwiftConstValuesFileList --force --compile-time-extraction --deployment-aware-processing --validate-assistant-intents --no-app-shortcuts-localization
2026-10-04 21:11:49.319 appintentsmetadataprocessor[829:5039] Starting appintentsmetadataprocessor export
2026-10-04 21:11:39.947 xcodebuild[679:4266] [MT] IDERunDestination: Supported platforms for the buildables in the current scheme is empty.
/Users/admin/builder/spi-builder-workspace/Sources/AppShowcaseUI/Presenters.swift:144:20: error: StoreLinkPresenter has no way to open a URL on this platform
#error("StoreLinkPresenter has no way to open a URL on this platform")
^~~~~~~~~~~~~~~~~~~~~~~~~~~~~~~~~~~~~~~~~~~~~~~~~~~~~~~~~~~~~~
/Users/admin/builder/spi-builder-workspace/Sources/AppShowcaseUI/Presenters.swift:144:20: error: StoreLinkPresenter has no way to open a URL on this platform
#error("StoreLinkPresenter has no way to open a URL on this platform")
^~~~~~~~~~~~~~~~~~~~~~~~~~~~~~~~~~~~~~~~~~~~~~~~~~~~~~~~~~~~~~
** BUILD FAILED **
The following build commands failed:
SwiftDriver AppShowcaseUI normal arm64 com.apple.xcode.tools.swift.compiler (in target 'AppShowcaseUI' from project 'AppShowcaseKit')
SwiftDriver AppShowcaseUI normal arm64_32 com.apple.xcode.tools.swift.compiler (in target 'AppShowcaseUI' from project 'AppShowcaseKit')
Building workspace spi-builder-workspace with scheme AppShowcaseKit-Package
(3 failures)
Command line invocation:
/Applications/Xcode-26.3.0.app/Contents/Developer/usr/bin/xcodebuild -IDEClonedSourcePackagesDirPathOverride=/Users/admin/builder/spi-builder-workspace/.dependencies -resolvePackageDependencies
Resolve Package Graph
Resolved source packages:
AppShowcaseKit: /Users/admin/builder/spi-builder-workspace
resolved source packages: AppShowcaseKit
2026-10-04 21:11:50.276 xcodebuild[830:5063] [MT] IDERunDestination: Supported platforms for the buildables in the current scheme is empty.
{
"dependencies" : [
],
"manifest_display_name" : "AppShowcaseKit",
"name" : "AppShowcaseKit",
"path" : "/Users/admin/builder/spi-builder-workspace",
"platforms" : [
{
"name" : "ios",
"version" : "18.0"
},
{
"name" : "macos",
"version" : "15.0"
}
],
"products" : [
{
"name" : "AppShowcaseCore",
"targets" : [
"AppShowcaseCore"
],
"type" : {
"library" : [
"automatic"
]
}
},
{
"name" : "AppShowcaseStoreKit",
"targets" : [
"AppShowcaseStoreKit"
],
"type" : {
"library" : [
"automatic"
]
}
},
{
"name" : "AppShowcaseUI",
"targets" : [
"AppShowcaseUI"
],
"type" : {
"library" : [
"automatic"
]
}
}
],
"targets" : [
{
"c99name" : "AppShowcaseUITests",
"module_type" : "SwiftTarget",
"name" : "AppShowcaseUITests",
"path" : "Tests/AppShowcaseUITests",
"sources" : [
"HostOverrideEnvironmentTests.swift",
"PresenterMappingTests.swift",
"StoreSheetDismisserTests.swift"
],
"target_dependencies" : [
"AppShowcaseUI",
"AppShowcaseCore"
],
"type" : "test"
},
{
"c99name" : "AppShowcaseUI",
"module_type" : "SwiftTarget",
"name" : "AppShowcaseUI",
"path" : "Sources/AppShowcaseUI",
"product_memberships" : [
"AppShowcaseUI"
],
"resources" : [
{
"path" : "/Users/admin/builder/spi-builder-workspace/Sources/AppShowcaseUI/PrivacyInfo.xcprivacy",
"rule" : {
"copy" : {
}
}
}
],
"sources" : [
"AppShowcaseSection.swift",
"Presenters.swift",
"ShowcaseHostOverrideKey.swift",
"ShowcasePresenter.swift"
],
"target_dependencies" : [
"AppShowcaseCore",
"AppShowcaseStoreKit"
],
"type" : "library"
},
{
"c99name" : "AppShowcaseStoreKitTests",
"module_type" : "SwiftTarget",
"name" : "AppShowcaseStoreKitTests",
"path" : "Tests/AppShowcaseStoreKitTests",
"sources" : [
"ResolvedRosterTests.swift"
],
"target_dependencies" : [
"AppShowcaseStoreKit",
"AppShowcaseCore"
],
"type" : "test"
},
{
"c99name" : "AppShowcaseStoreKit",
"module_type" : "SwiftTarget",
"name" : "AppShowcaseStoreKit",
"path" : "Sources/AppShowcaseStoreKit",
"product_memberships" : [
"AppShowcaseStoreKit",
"AppShowcaseUI"
],
"resources" : [
{
"path" : "/Users/admin/builder/spi-builder-workspace/Sources/AppShowcaseStoreKit/PrivacyInfo.xcprivacy",
"rule" : {
"copy" : {
}
}
}
],
"sources" : [
"AppShowcaseStoreKit.swift",
"ShowcaseLoader+Resolved.swift",
"StorefrontCode+Current.swift"
],
"target_dependencies" : [
"AppShowcaseCore"
],
"type" : "library"
},
{
"c99name" : "AppShowcaseCoreTests",
"module_type" : "SwiftTarget",
"name" : "AppShowcaseCoreTests",
"path" : "Tests/AppShowcaseCoreTests",
"resources" : [
{
"path" : "/Users/admin/builder/spi-builder-workspace/Tests/AppShowcaseCoreTests/Fixtures/artist-no-entity.json",
"rule" : {
"process" : {
}
}
},
{
"path" : "/Users/admin/builder/spi-builder-workspace/Tests/AppShowcaseCoreTests/Fixtures/artist-roster-jp.json",
"rule" : {
"process" : {
}
}
},
{
"path" : "/Users/admin/builder/spi-builder-workspace/Tests/AppShowcaseCoreTests/Fixtures/artist-roster-mixed-platform.json",
"rule" : {
"process" : {
}
}
},
{
"path" : "/Users/admin/builder/spi-builder-workspace/Tests/AppShowcaseCoreTests/Fixtures/artist-roster-us.json",
"rule" : {
"process" : {
}
}
},
{
"path" : "/Users/admin/builder/spi-builder-workspace/Tests/AppShowcaseCoreTests/Fixtures/bundleid-brewsmart.json",
"rule" : {
"process" : {
}
}
},
{
"path" : "/Users/admin/builder/spi-builder-workspace/Tests/AppShowcaseCoreTests/Fixtures/empty.json",
"rule" : {
"process" : {
}
}
},
{
"path" : "/Users/admin/builder/spi-builder-workspace/Tests/AppShowcaseCoreTests/Fixtures/malformed.json",
"rule" : {
"process" : {
}
}
}
],
"sources" : [
"FixtureLoading.swift",
"LiveSmokeTests.swift",
"LookupEndpointTests.swift",
"LookupResponseTests.swift",
"RosterResolverTests.swift",
"RunningOSTests.swift",
"ShowcaseCacheTests.swift",
"ShowcaseHostOverrideTests.swift",
"ShowcaseLoaderTests.swift",
"ShowcaseOverlayTests.swift",
"StorefrontCodeTests.swift",
"TapStyleTests.swift",
"TestSupport.swift",
"URLSessionTransportTests.swift"
],
"target_dependencies" : [
"AppShowcaseCore"
],
"type" : "test"
},
{
"c99name" : "AppShowcaseCore",
"module_type" : "SwiftTarget",
"name" : "AppShowcaseCore",
"path" : "Sources/AppShowcaseCore",
"product_memberships" : [
"AppShowcaseCore",
"AppShowcaseStoreKit",
"AppShowcaseUI"
],
"resources" : [
{
"path" : "/Users/admin/builder/spi-builder-workspace/Sources/AppShowcaseCore/PrivacyInfo.xcprivacy",
"rule" : {
"copy" : {
}
}
}
],
"sources" : [
"AppShowcaseCore.swift",
"LookupEndpoint.swift",
"LookupResponse.swift",
"RosterResolver.swift",
"RunningOS.swift",
"ShowcaseApp.swift",
"ShowcaseAttribution.swift",
"ShowcaseCache.swift",
"ShowcaseHostOverride.swift",
"ShowcaseLoader.swift",
"ShowcaseOverlay.swift",
"ShowcasePlatform.swift",
"ShowcaseTapStyle.swift",
"StorefrontCode.swift"
],
"type" : "library"
}
],
"tools_version" : "6.2"
}
{
"workspace" : {
"name" : "spi-builder-workspace",
"schemes" : [
"AppShowcaseCore",
"AppShowcaseKit-Package",
"AppShowcaseStoreKit",
"AppShowcaseUI"
]
}
}
2026-10-04 21:11:51.440 xcodebuild[838:5142] [MT] IDERunDestination: Supported platforms for the buildables in the current scheme is empty.
Running build ...
env DEVELOPER_DIR=/Applications/Xcode-26.3.0.app xcrun xcodebuild -IDEClonedSourcePackagesDirPathOverride=$PWD/.dependencies -skipMacroValidation -skipPackagePluginValidation -derivedDataPath $PWD/.derivedData build -scheme AppShowcaseKit-Package -destination generic/platform=watchOS
Command line invocation:
/Applications/Xcode-26.3.0.app/Contents/Developer/usr/bin/xcodebuild -IDEClonedSourcePackagesDirPathOverride=/Users/admin/builder/spi-builder-workspace/.dependencies -skipMacroValidation -skipPackagePluginValidation -derivedDataPath /Users/admin/builder/spi-builder-workspace/.derivedData build -scheme AppShowcaseKit-Package -destination generic/platform=watchOS
Resolve Package Graph
Resolved source packages:
AppShowcaseKit: /Users/admin/builder/spi-builder-workspace
ComputePackagePrebuildTargetDependencyGraph
Prepare packages
CreateBuildRequest
SendProjectDescription
CreateBuildOperation
ComputeTargetDependencyGraph
note: Building targets in dependency order
note: Target dependency graph (9 targets)
Target 'AppShowcaseUI' in project 'AppShowcaseKit'
➜ Explicit dependency on target 'AppShowcaseUI' in project 'AppShowcaseKit'
➜ Explicit dependency on target 'AppShowcaseKit_AppShowcaseUI' in project 'AppShowcaseKit'
➜ Explicit dependency on target 'AppShowcaseCore' in project 'AppShowcaseKit'
➜ Explicit dependency on target 'AppShowcaseStoreKit' in project 'AppShowcaseKit'
Target 'AppShowcaseUI' in project 'AppShowcaseKit'
➜ Explicit dependency on target 'AppShowcaseKit_AppShowcaseUI' in project 'AppShowcaseKit'
➜ Explicit dependency on target 'AppShowcaseCore' in project 'AppShowcaseKit'
➜ Explicit dependency on target 'AppShowcaseStoreKit' in project 'AppShowcaseKit'
Target 'AppShowcaseKit_AppShowcaseUI' in project 'AppShowcaseKit' (no dependencies)
Target 'AppShowcaseStoreKit' in project 'AppShowcaseKit'
➜ Explicit dependency on target 'AppShowcaseStoreKit' in project 'AppShowcaseKit'
➜ Explicit dependency on target 'AppShowcaseKit_AppShowcaseStoreKit' in project 'AppShowcaseKit'
➜ Explicit dependency on target 'AppShowcaseCore' in project 'AppShowcaseKit'
Target 'AppShowcaseStoreKit' in project 'AppShowcaseKit'
➜ Explicit dependency on target 'AppShowcaseKit_AppShowcaseStoreKit' in project 'AppShowcaseKit'
➜ Explicit dependency on target 'AppShowcaseCore' in project 'AppShowcaseKit'
Target 'AppShowcaseKit_AppShowcaseStoreKit' in project 'AppShowcaseKit' (no dependencies)
Target 'AppShowcaseCore' in project 'AppShowcaseKit'
➜ Explicit dependency on target 'AppShowcaseCore' in project 'AppShowcaseKit'
➜ Explicit dependency on target 'AppShowcaseKit_AppShowcaseCore' in project 'AppShowcaseKit'
Target 'AppShowcaseCore' in project 'AppShowcaseKit'
➜ Explicit dependency on target 'AppShowcaseKit_AppShowcaseCore' in project 'AppShowcaseKit'
Target 'AppShowcaseKit_AppShowcaseCore' in project 'AppShowcaseKit' (no dependencies)
GatherProvisioningInputs
CreateBuildDescription
ClangStatCache /Applications/Xcode-26.3.0.app/Contents/Developer/Toolchains/XcodeDefault.xctoolchain/usr/bin/clang-stat-cache /Applications/Xcode-26.3.0.app/Contents/Developer/Platforms/WatchOS.platform/Developer/SDKs/WatchOS26.2.sdk /Users/admin/builder/spi-builder-workspace/.derivedData/SDKStatCaches.noindex/watchos26.2-23S303-dc75598d0054f22ec865fa860f139d721753b489057de6bda919edfa1c59a62b.sdkstatcache
cd /Users/admin/builder/spi-builder-workspace/.swiftpm/xcode
/Applications/Xcode-26.3.0.app/Contents/Developer/Toolchains/XcodeDefault.xctoolchain/usr/bin/clang-stat-cache /Applications/Xcode-26.3.0.app/Contents/Developer/Platforms/WatchOS.platform/Developer/SDKs/WatchOS26.2.sdk -o /Users/admin/builder/spi-builder-workspace/.derivedData/SDKStatCaches.noindex/watchos26.2-23S303-dc75598d0054f22ec865fa860f139d721753b489057de6bda919edfa1c59a62b.sdkstatcache
ExtractAppIntentsMetadata (in target 'AppShowcaseStoreKit' from project 'AppShowcaseKit')
cd /Users/admin/builder/spi-builder-workspace
/Applications/Xcode-26.3.0.app/Contents/Developer/Toolchains/XcodeDefault.xctoolchain/usr/bin/appintentsmetadataprocessor --toolchain-dir /var/run/com.apple.security.cryptexd/mnt/com.apple.MobileAsset.MetalToolchain-v17.3.7003.10.KVzPUJ/Metal.xctoolchain --module-name AppShowcaseStoreKit --sdk-root /Applications/Xcode-26.3.0.app/Contents/Developer/Platforms/WatchOS.platform/Developer/SDKs/WatchOS26.2.sdk --xcode-version 17C529 --platform-family watchOS --deployment-target 11.0 --bundle-identifier spi-builder-workspace.AppShowcaseStoreKit --output /Users/admin/builder/spi-builder-workspace/.derivedData/Build/Products/Debug-watchos/AppShowcaseStoreKit.appintents --target-triple arm64-apple-watchos11.0 --target-triple arm64_32-apple-watchos11.0 --binary-file /Users/admin/builder/spi-builder-workspace/.derivedData/Build/Products/Debug-watchos/AppShowcaseStoreKit.o --dependency-file /Users/admin/builder/spi-builder-workspace/.derivedData/Build/Intermediates.noindex/AppShowcaseKit.build/Debug-watchos/AppShowcaseStoreKit.build/Objects-normal/arm64/AppShowcaseStoreKit_dependency_info.dat --dependency-file /Users/admin/builder/spi-builder-workspace/.derivedData/Build/Intermediates.noindex/AppShowcaseKit.build/Debug-watchos/AppShowcaseStoreKit.build/Objects-normal/arm64_32/AppShowcaseStoreKit_dependency_info.dat --stringsdata-file /Users/admin/builder/spi-builder-workspace/.derivedData/Build/Intermediates.noindex/AppShowcaseKit.build/Debug-watchos/AppShowcaseStoreKit.build/Objects-normal/arm64/ExtractedAppShortcutsMetadata.stringsdata --stringsdata-file /Users/admin/builder/spi-builder-workspace/.derivedData/Build/Intermediates.noindex/AppShowcaseKit.build/Debug-watchos/AppShowcaseStoreKit.build/Objects-normal/arm64_32/ExtractedAppShortcutsMetadata.stringsdata --source-file-list /Users/admin/builder/spi-builder-workspace/.derivedData/Build/Intermediates.noindex/AppShowcaseKit.build/Debug-watchos/AppShowcaseStoreKit.build/Objects-normal/arm64/AppShowcaseStoreKit.SwiftFileList --source-file-list /Users/admin/builder/spi-builder-workspace/.derivedData/Build/Intermediates.noindex/AppShowcaseKit.build/Debug-watchos/AppShowcaseStoreKit.build/Objects-normal/arm64_32/AppShowcaseStoreKit.SwiftFileList --metadata-file-list /Users/admin/builder/spi-builder-workspace/.derivedData/Build/Intermediates.noindex/AppShowcaseKit.build/Debug-watchos/AppShowcaseStoreKit.build/AppShowcaseStoreKit.DependencyMetadataFileList --static-metadata-file-list /Users/admin/builder/spi-builder-workspace/.derivedData/Build/Intermediates.noindex/AppShowcaseKit.build/Debug-watchos/AppShowcaseStoreKit.build/AppShowcaseStoreKit.DependencyStaticMetadataFileList --swift-const-vals-list /Users/admin/builder/spi-builder-workspace/.derivedData/Build/Intermediates.noindex/AppShowcaseKit.build/Debug-watchos/AppShowcaseStoreKit.build/Objects-normal/arm64/AppShowcaseStoreKit.SwiftConstValuesFileList --swift-const-vals-list /Users/admin/builder/spi-builder-workspace/.derivedData/Build/Intermediates.noindex/AppShowcaseKit.build/Debug-watchos/AppShowcaseStoreKit.build/Objects-normal/arm64_32/AppShowcaseStoreKit.SwiftConstValuesFileList --force --compile-time-extraction --deployment-aware-processing --validate-assistant-intents --no-app-shortcuts-localization
2026-10-04 21:11:52.952 appintentsmetadataprocessor[844:5227] Starting appintentsmetadataprocessor export
2026-10-04 21:11:53.087 appintentsmetadataprocessor[844:5227] Extracted no relevant App Intents symbols, skipping writing output
SwiftDriver AppShowcaseUI normal arm64 com.apple.xcode.tools.swift.compiler (in target 'AppShowcaseUI' from project 'AppShowcaseKit')
cd /Users/admin/builder/spi-builder-workspace/.swiftpm/xcode
builtin-SwiftDriver -- /Applications/Xcode-26.3.0.app/Contents/Developer/Toolchains/XcodeDefault.xctoolchain/usr/bin/swiftc -module-name AppShowcaseUI -Onone -enforce-exclusivity\=checked @/Users/admin/builder/spi-builder-workspace/.derivedData/Build/Intermediates.noindex/AppShowcaseKit.build/Debug-watchos/AppShowcaseUI.build/Objects-normal/arm64/AppShowcaseUI.SwiftFileList -DSWIFT_PACKAGE -DDEBUG -DSWIFT_MODULE_RESOURCE_BUNDLE_AVAILABLE -DXcode -plugin-path /Applications/Xcode-26.3.0.app/Contents/Developer/Toolchains/XcodeDefault.xctoolchain/usr/lib/swift/host/plugins/testing -enable-experimental-feature DebugDescriptionMacro -sdk /Applications/Xcode-26.3.0.app/Contents/Developer/Platforms/WatchOS.platform/Developer/SDKs/WatchOS26.2.sdk -target arm64-apple-watchos11.0 -g -module-cache-path /Users/admin/builder/spi-builder-workspace/.derivedData/ModuleCache.noindex -Xfrontend -serialize-debugging-options -profile-coverage-mapping -profile-generate -enable-testing -index-store-path /Users/admin/builder/spi-builder-workspace/.derivedData/Index.noindex/DataStore -Xcc -D_LIBCPP_HARDENING_MODE\=_LIBCPP_HARDENING_MODE_DEBUG -swift-version 6 -I /Users/admin/builder/spi-builder-workspace/.derivedData/Build/Products/Debug-watchos -Isystem /Applications/Xcode-26.3.0.app/Contents/Developer/Platforms/WatchOS.platform/Developer/usr/lib -F /Users/admin/builder/spi-builder-workspace/.derivedData/Build/Products/Debug-watchos/PackageFrameworks -F /Users/admin/builder/spi-builder-workspace/.derivedData/Build/Products/Debug-watchos/PackageFrameworks -F /Users/admin/builder/spi-builder-workspace/.derivedData/Build/Products/Debug-watchos -F /Applications/Xcode-26.3.0.app/Contents/Developer/Platforms/WatchOS.platform/Developer/Library/Frameworks -F /Applications/Xcode-26.3.0.app/Contents/Developer/Platforms/WatchOS.platform/Developer/SDKs/WatchOS26.2.sdk/Developer/Library/Frameworks -c -j10 -enable-batch-mode -incremental -Xcc -ivfsstatcache -Xcc /Users/admin/builder/spi-builder-workspace/.derivedData/SDKStatCaches.noindex/watchos26.2-23S303-dc75598d0054f22ec865fa860f139d721753b489057de6bda919edfa1c59a62b.sdkstatcache -output-file-map /Users/admin/builder/spi-builder-workspace/.derivedData/Build/Intermediates.noindex/AppShowcaseKit.build/Debug-watchos/AppShowcaseUI.build/Objects-normal/arm64/AppShowcaseUI-OutputFileMap.json -use-frontend-parseable-output -save-temps -no-color-diagnostics -explicit-module-build -module-cache-path /Users/admin/builder/spi-builder-workspace/.derivedData/Build/Intermediates.noindex/SwiftExplicitPrecompiledModules -clang-scanner-module-cache-path /Users/admin/builder/spi-builder-workspace/.derivedData/ModuleCache.noindex -sdk-module-cache-path /Users/admin/builder/spi-builder-workspace/.derivedData/ModuleCache.noindex -serialize-diagnostics -emit-dependencies -emit-module -emit-module-path /Users/admin/builder/spi-builder-workspace/.derivedData/Build/Intermediates.noindex/AppShowcaseKit.build/Debug-watchos/AppShowcaseUI.build/Objects-normal/arm64/AppShowcaseUI.swiftmodule -validate-clang-modules-once -clang-build-session-file /Users/admin/builder/spi-builder-workspace/.derivedData/ModuleCache.noindex/Session.modulevalidation -package-name spi_builder_workspace -Xcc -I/Users/admin/builder/spi-builder-workspace/.derivedData/Build/Intermediates.noindex/AppShowcaseKit.build/Debug-watchos/AppShowcaseUI.build/swift-overrides.hmap -emit-const-values -Xfrontend -const-gather-protocols-file -Xfrontend /Users/admin/builder/spi-builder-workspace/.derivedData/Build/Intermediates.noindex/AppShowcaseKit.build/Debug-watchos/AppShowcaseUI.build/Objects-normal/arm64/AppShowcaseUI_const_extract_protocols.json -Xcc -I/Users/admin/builder/spi-builder-workspace/.derivedData/Build/Products/Debug-watchos/include -Xcc -I/Users/admin/builder/spi-builder-workspace/.derivedData/Build/Intermediates.noindex/AppShowcaseKit.build/Debug-watchos/AppShowcaseUI.build/DerivedSources-normal/arm64 -Xcc -I/Users/admin/builder/spi-builder-workspace/.derivedData/Build/Intermediates.noindex/AppShowcaseKit.build/Debug-watchos/AppShowcaseUI.build/DerivedSources/arm64 -Xcc -I/Users/admin/builder/spi-builder-workspace/.derivedData/Build/Intermediates.noindex/AppShowcaseKit.build/Debug-watchos/AppShowcaseUI.build/DerivedSources -Xcc -DSWIFT_PACKAGE -Xcc -DDEBUG\=1 -emit-objc-header -emit-objc-header-path /Users/admin/builder/spi-builder-workspace/.derivedData/Build/Intermediates.noindex/AppShowcaseKit.build/Debug-watchos/AppShowcaseUI.build/Objects-normal/arm64/AppShowcaseUI-Swift.h -working-directory /Users/admin/builder/spi-builder-workspace/.swiftpm/xcode -experimental-emit-module-separately -disable-cmo
/Users/admin/builder/spi-builder-workspace/Sources/AppShowcaseUI/Presenters.swift:144:20: error: StoreLinkPresenter has no way to open a URL on this platform
#error("StoreLinkPresenter has no way to open a URL on this platform")
^~~~~~~~~~~~~~~~~~~~~~~~~~~~~~~~~~~~~~~~~~~~~~~~~~~~~~~~~~~~~~ (in target 'AppShowcaseUI' from project 'AppShowcaseKit')
SwiftDriver AppShowcaseUI normal arm64_32 com.apple.xcode.tools.swift.compiler (in target 'AppShowcaseUI' from project 'AppShowcaseKit')
cd /Users/admin/builder/spi-builder-workspace/.swiftpm/xcode
builtin-SwiftDriver -- /Applications/Xcode-26.3.0.app/Contents/Developer/Toolchains/XcodeDefault.xctoolchain/usr/bin/swiftc -module-name AppShowcaseUI -Onone -enforce-exclusivity\=checked @/Users/admin/builder/spi-builder-workspace/.derivedData/Build/Intermediates.noindex/AppShowcaseKit.build/Debug-watchos/AppShowcaseUI.build/Objects-normal/arm64_32/AppShowcaseUI.SwiftFileList -DSWIFT_PACKAGE -DDEBUG -DSWIFT_MODULE_RESOURCE_BUNDLE_AVAILABLE -DXcode -plugin-path /Applications/Xcode-26.3.0.app/Contents/Developer/Toolchains/XcodeDefault.xctoolchain/usr/lib/swift/host/plugins/testing -enable-experimental-feature DebugDescriptionMacro -sdk /Applications/Xcode-26.3.0.app/Contents/Developer/Platforms/WatchOS.platform/Developer/SDKs/WatchOS26.2.sdk -target arm64_32-apple-watchos11.0 -g -module-cache-path /Users/admin/builder/spi-builder-workspace/.derivedData/ModuleCache.noindex -Xfrontend -serialize-debugging-options -profile-coverage-mapping -profile-generate -enable-testing -index-store-path /Users/admin/builder/spi-builder-workspace/.derivedData/Index.noindex/DataStore -Xcc -D_LIBCPP_HARDENING_MODE\=_LIBCPP_HARDENING_MODE_DEBUG -swift-version 6 -I /Users/admin/builder/spi-builder-workspace/.derivedData/Build/Products/Debug-watchos -Isystem /Applications/Xcode-26.3.0.app/Contents/Developer/Platforms/WatchOS.platform/Developer/usr/lib -F /Users/admin/builder/spi-builder-workspace/.derivedData/Build/Products/Debug-watchos/PackageFrameworks -F /Users/admin/builder/spi-builder-workspace/.derivedData/Build/Products/Debug-watchos/PackageFrameworks -F /Users/admin/builder/spi-builder-workspace/.derivedData/Build/Products/Debug-watchos -F /Applications/Xcode-26.3.0.app/Contents/Developer/Platforms/WatchOS.platform/Developer/Library/Frameworks -F /Applications/Xcode-26.3.0.app/Contents/Developer/Platforms/WatchOS.platform/Developer/SDKs/WatchOS26.2.sdk/Developer/Library/Frameworks -c -j10 -enable-batch-mode -incremental -Xcc -ivfsstatcache -Xcc /Users/admin/builder/spi-builder-workspace/.derivedData/SDKStatCaches.noindex/watchos26.2-23S303-dc75598d0054f22ec865fa860f139d721753b489057de6bda919edfa1c59a62b.sdkstatcache -output-file-map /Users/admin/builder/spi-builder-workspace/.derivedData/Build/Intermediates.noindex/AppShowcaseKit.build/Debug-watchos/AppShowcaseUI.build/Objects-normal/arm64_32/AppShowcaseUI-OutputFileMap.json -use-frontend-parseable-output -save-temps -no-color-diagnostics -explicit-module-build -module-cache-path /Users/admin/builder/spi-builder-workspace/.derivedData/Build/Intermediates.noindex/SwiftExplicitPrecompiledModules -clang-scanner-module-cache-path /Users/admin/builder/spi-builder-workspace/.derivedData/ModuleCache.noindex -sdk-module-cache-path /Users/admin/builder/spi-builder-workspace/.derivedData/ModuleCache.noindex -serialize-diagnostics -emit-dependencies -emit-module -emit-module-path /Users/admin/builder/spi-builder-workspace/.derivedData/Build/Intermediates.noindex/AppShowcaseKit.build/Debug-watchos/AppShowcaseUI.build/Objects-normal/arm64_32/AppShowcaseUI.swiftmodule -validate-clang-modules-once -clang-build-session-file /Users/admin/builder/spi-builder-workspace/.derivedData/ModuleCache.noindex/Session.modulevalidation -package-name spi_builder_workspace -Xcc -I/Users/admin/builder/spi-builder-workspace/.derivedData/Build/Intermediates.noindex/AppShowcaseKit.build/Debug-watchos/AppShowcaseUI.build/swift-overrides.hmap -emit-const-values -Xfrontend -const-gather-protocols-file -Xfrontend /Users/admin/builder/spi-builder-workspace/.derivedData/Build/Intermediates.noindex/AppShowcaseKit.build/Debug-watchos/AppShowcaseUI.build/Objects-normal/arm64_32/AppShowcaseUI_const_extract_protocols.json -Xcc -I/Users/admin/builder/spi-builder-workspace/.derivedData/Build/Products/Debug-watchos/include -Xcc -I/Users/admin/builder/spi-builder-workspace/.derivedData/Build/Intermediates.noindex/AppShowcaseKit.build/Debug-watchos/AppShowcaseUI.build/DerivedSources-normal/arm64_32 -Xcc -I/Users/admin/builder/spi-builder-workspace/.derivedData/Build/Intermediates.noindex/AppShowcaseKit.build/Debug-watchos/AppShowcaseUI.build/DerivedSources/arm64_32 -Xcc -I/Users/admin/builder/spi-builder-workspace/.derivedData/Build/Intermediates.noindex/AppShowcaseKit.build/Debug-watchos/AppShowcaseUI.build/DerivedSources -Xcc -DSWIFT_PACKAGE -Xcc -DDEBUG\=1 -emit-objc-header -emit-objc-header-path /Users/admin/builder/spi-builder-workspace/.derivedData/Build/Intermediates.noindex/AppShowcaseKit.build/Debug-watchos/AppShowcaseUI.build/Objects-normal/arm64_32/AppShowcaseUI-Swift.h -working-directory /Users/admin/builder/spi-builder-workspace/.swiftpm/xcode -experimental-emit-module-separately -disable-cmo
/Users/admin/builder/spi-builder-workspace/Sources/AppShowcaseUI/Presenters.swift:144:20: error: StoreLinkPresenter has no way to open a URL on this platform
#error("StoreLinkPresenter has no way to open a URL on this platform")
^~~~~~~~~~~~~~~~~~~~~~~~~~~~~~~~~~~~~~~~~~~~~~~~~~~~~~~~~~~~~~ (in target 'AppShowcaseUI' from project 'AppShowcaseKit')
RegisterExecutionPolicyException /Users/admin/builder/spi-builder-workspace/.derivedData/Build/Products/Debug-watchos/AppShowcaseStoreKit.o (in target 'AppShowcaseStoreKit' from project 'AppShowcaseKit')
cd /Users/admin/builder/spi-builder-workspace
builtin-RegisterExecutionPolicyException /Users/admin/builder/spi-builder-workspace/.derivedData/Build/Products/Debug-watchos/AppShowcaseStoreKit.o
2026-10-04 21:11:52.364 xcodebuild[840:5173] [MT] IDERunDestination: Supported platforms for the buildables in the current scheme is empty.
/Users/admin/builder/spi-builder-workspace/Sources/AppShowcaseUI/Presenters.swift:144:20: error: StoreLinkPresenter has no way to open a URL on this platform
#error("StoreLinkPresenter has no way to open a URL on this platform")
^~~~~~~~~~~~~~~~~~~~~~~~~~~~~~~~~~~~~~~~~~~~~~~~~~~~~~~~~~~~~~
/Users/admin/builder/spi-builder-workspace/Sources/AppShowcaseUI/Presenters.swift:144:20: error: StoreLinkPresenter has no way to open a URL on this platform
#error("StoreLinkPresenter has no way to open a URL on this platform")
^~~~~~~~~~~~~~~~~~~~~~~~~~~~~~~~~~~~~~~~~~~~~~~~~~~~~~~~~~~~~~
** BUILD FAILED **
The following build commands failed:
SwiftDriver AppShowcaseUI normal arm64 com.apple.xcode.tools.swift.compiler (in target 'AppShowcaseUI' from project 'AppShowcaseKit')
SwiftDriver AppShowcaseUI normal arm64_32 com.apple.xcode.tools.swift.compiler (in target 'AppShowcaseUI' from project 'AppShowcaseKit')
Building workspace spi-builder-workspace with scheme AppShowcaseKit-Package
(3 failures)
BUILD FAILURE 6.2 watchOS