Build Information
Failed to build SlideKit, reference 0.7.0 (ee71d2), with Swift 6.4 for watchOS using Xcode 27.0 on 22 Sep 2026 10:51:07 UTC.
Build Command
No build command. This typically means the build failed at an early stage where we determine the build command.Build Log
========================================
RunAll
========================================
Builder version: 5.1.0
Interrupt handler set up.
========================================
Checkout
========================================
Clone URL: https://github.com/mtj0928/SlideKit.git
Reference: 0.7.0
Initialized empty Git repository in /Users/admin/builder/spi-builder-workspace/.git/
From https://github.com/mtj0928/SlideKit
* tag 0.7.0 -> FETCH_HEAD
HEAD is now at ee71d2a Merge pull request #45 from fromkk/feature/transition
Cloned https://github.com/mtj0928/SlideKit.git
Revision (git rev-parse @):
ee71d2a687da199bf04d42a3ff13b9a1810fe4f1
SUCCESS checkout https://github.com/mtj0928/SlideKit.git at 0.7.0
========================================
Build
========================================
Selected platform: watchOS
Swift version: 6.4
Building package at path: $PWD
https://github.com/mtj0928/SlideKit.git
Command line invocation:
/Applications/Xcode-27.0.0-Release.Candidate.app/Contents/Developer/usr/bin/xcodebuild -IDEClonedSourcePackagesDirPathOverride=/Users/admin/builder/spi-builder-workspace/.dependencies -resolvePackageDependencies
Resolve Package Graph
the package at '/Users/admin/builder/SlideKit' cannot be accessed (/Users/admin/builder/SlideKit doesn't exist in file system)
Resolve Package Graph
the package at '/Users/admin/builder/SlideKit' cannot be accessed (/Users/admin/builder/SlideKit doesn't exist in file system)
Resolved source packages:
spi-builder-workspace: (null)
2026-09-22 06:51:00.254 xcodebuild[525:3003] [MT] IDERunDestination: Supported platforms for the buildables in the current scheme is empty.
2026-09-22 06:51:00.425 xcodebuild[525:3003] [MT] IDERunDestination: Supported platforms for the buildables in the current scheme is empty.
2026-09-22 06:51:02.138 xcodebuild[525:3003] [MT] IDERunDestination: Supported platforms for the buildables in the current scheme is empty.
2026-09-22 06:51:06.542 xcodebuild[525:3003] Writing error result bundle to /var/folders/xq/y_g06wb113726d38xsyx71_h0000gn/T/ResultBundle_2026-22-09_06-51-0006.xcresult
xcodebuild: error: Could not resolve package dependencies:
the package at '/Users/admin/builder/SlideKit' cannot be accessed (/Users/admin/builder/SlideKit doesn't exist in file system)
Command line invocation:
/Applications/Xcode-27.0.0-Release.Candidate.app/Contents/Developer/usr/bin/xcodebuild -IDEClonedSourcePackagesDirPathOverride=/Users/admin/builder/spi-builder-workspace/.dependencies -resolvePackageDependencies
Resolve Package Graph
the package at '/Users/admin/builder/SlideKit' cannot be accessed (/Users/admin/builder/SlideKit doesn't exist in file system)
Resolved source packages:
spi-builder-workspace: (null)
2026-09-22 06:51:07.524 xcodebuild[593:3606] [MT] IDERunDestination: Supported platforms for the buildables in the current scheme is empty.
2026-09-22 06:51:07.628 xcodebuild[593:3606] [MT] IDERunDestination: Supported platforms for the buildables in the current scheme is empty.
2026-09-22 06:51:07.685 xcodebuild[593:3606] Writing error result bundle to /var/folders/xq/y_g06wb113726d38xsyx71_h0000gn/T/ResultBundle_2026-22-09_06-51-0007.xcresult
xcodebuild: error: Could not resolve package dependencies:
the package at '/Users/admin/builder/SlideKit' cannot be accessed (/Users/admin/builder/SlideKit doesn't exist in file system)
BUILD FAILURE 6.4 watchOS