Build Information
Failed to build ActionKit, reference 2.0.0 (d467c6), with Swift 6.3 for watchOS using Xcode 26.4 on 18 Jul 2026 00:00:51 UTC.
Build Command
env DEVELOPER_DIR=/Applications/Xcode-26.4.0.app xcrun xcodebuild -IDEClonedSourcePackagesDirPathOverride=$PWD/.dependencies -skipMacroValidation -skipPackagePluginValidation -derivedDataPath $PWD/.derivedData build -scheme ActionKit-Package -destination generic/platform=watchOSBuild Log
SwiftDriver ActionKit normal armv7k com.apple.xcode.tools.swift.compiler (in target 'ActionKit' from project 'ActionKit')
cd /Users/admin/builder/spi-builder-workspace/.swiftpm/xcode
builtin-SwiftDriver -- /Applications/Xcode-26.4.0.app/Contents/Developer/Toolchains/XcodeDefault.xctoolchain/usr/bin/swiftc -module-name ActionKit -Onone @/Users/admin/builder/spi-builder-workspace/.derivedData/Build/Intermediates.noindex/ActionKit.build/Debug-watchos/ActionKit.build/Objects-normal/armv7k/ActionKit.SwiftFileList -DSWIFT_PACKAGE -DDEBUG -DSWIFT_MODULE_RESOURCE_BUNDLE_UNAVAILABLE -DXcode -plugin-path /Applications/Xcode-26.4.0.app/Contents/Developer/Toolchains/XcodeDefault.xctoolchain/usr/lib/swift/host/plugins/testing -enable-experimental-feature DebugDescriptionMacro -sdk /Applications/Xcode-26.4.0.app/Contents/Developer/Platforms/WatchOS.platform/Developer/SDKs/WatchOS26.4.sdk -target armv7k-apple-watchos5.0 -g -module-cache-path /Users/admin/builder/spi-builder-workspace/.derivedData/ModuleCache.noindex -Xfrontend -serialize-debugging-options -profile-coverage-mapping -profile-generate -enable-testing -index-store-path /Users/admin/builder/spi-builder-workspace/.derivedData/Index.noindex/DataStore -Xcc -D_LIBCPP_HARDENING_MODE\=_LIBCPP_HARDENING_MODE_DEBUG -swift-version 6 -I /Users/admin/builder/spi-builder-workspace/.derivedData/Build/Products/Debug-watchos -Isystem /Applications/Xcode-26.4.0.app/Contents/Developer/Platforms/WatchOS.platform/Developer/usr/lib -F /Users/admin/builder/spi-builder-workspace/.derivedData/Build/Products/Debug-watchos -F /Applications/Xcode-26.4.0.app/Contents/Developer/Platforms/WatchOS.platform/Developer/Library/Frameworks -F /Applications/Xcode-26.4.0.app/Contents/Developer/Platforms/WatchOS.platform/Developer/SDKs/WatchOS26.4.sdk/Developer/Library/Frameworks -c -j10 -enable-batch-mode -incremental -Xcc -ivfsstatcache -Xcc /Users/admin/builder/spi-builder-workspace/.derivedData/SDKStatCaches.noindex/watchos26.4-23T238-688ef53f1462e2c8f657fdc38a81448f9e51884a582f42380855760c9d4cc599.sdkstatcache -output-file-map /Users/admin/builder/spi-builder-workspace/.derivedData/Build/Intermediates.noindex/ActionKit.build/Debug-watchos/ActionKit.build/Objects-normal/armv7k/ActionKit-OutputFileMap.json -use-frontend-parseable-output -save-temps -no-color-diagnostics -explicit-module-build -module-cache-path /Users/admin/builder/spi-builder-workspace/.derivedData/Build/Intermediates.noindex/SwiftExplicitPrecompiledModules -clang-scanner-module-cache-path /Users/admin/builder/spi-builder-workspace/.derivedData/ModuleCache.noindex -sdk-module-cache-path /Users/admin/builder/spi-builder-workspace/.derivedData/ModuleCache.noindex -serialize-diagnostics -emit-dependencies -emit-module -emit-module-path /Users/admin/builder/spi-builder-workspace/.derivedData/Build/Intermediates.noindex/ActionKit.build/Debug-watchos/ActionKit.build/Objects-normal/armv7k/ActionKit.swiftmodule -validate-clang-modules-once -clang-build-session-file /Users/admin/builder/spi-builder-workspace/.derivedData/ModuleCache.noindex/Session.modulevalidation -package-name spi_builder_workspace -Xcc -I/Users/admin/builder/spi-builder-workspace/.derivedData/Build/Intermediates.noindex/ActionKit.build/Debug-watchos/ActionKit.build/swift-overrides.hmap -emit-const-values -Xfrontend -const-gather-protocols-file -Xfrontend /Users/admin/builder/spi-builder-workspace/.derivedData/Build/Intermediates.noindex/ActionKit.build/Debug-watchos/ActionKit.build/Objects-normal/armv7k/ActionKit_const_extract_protocols.json -Xcc -I/Users/admin/builder/spi-builder-workspace/.derivedData/Build/Products/Debug-watchos/include -Xcc -I/Users/admin/builder/spi-builder-workspace/.derivedData/Build/Intermediates.noindex/ActionKit.build/Debug-watchos/ActionKit.build/DerivedSources-normal/armv7k -Xcc -I/Users/admin/builder/spi-builder-workspace/.derivedData/Build/Intermediates.noindex/ActionKit.build/Debug-watchos/ActionKit.build/DerivedSources/armv7k -Xcc -I/Users/admin/builder/spi-builder-workspace/.derivedData/Build/Intermediates.noindex/ActionKit.build/Debug-watchos/ActionKit.build/DerivedSources -Xcc -DSWIFT_PACKAGE -Xcc -DDEBUG\=1 -emit-objc-header -emit-objc-header-path /Users/admin/builder/spi-builder-workspace/.derivedData/Build/Intermediates.noindex/ActionKit.build/Debug-watchos/ActionKit.build/Objects-normal/armv7k/ActionKit-Swift.h -working-directory /Users/admin/builder/spi-builder-workspace/.swiftpm/xcode -experimental-emit-module-separately -disable-cmo
SwiftExplicitDependencyGeneratePcm armv7k /Users/admin/builder/spi-builder-workspace/.derivedData/ModuleCache.noindex/_Builtin_stdbool-856YA4XCT9VDWQMTOUI1NVU2.pcm
SwiftExplicitDependencyGeneratePcm armv7k /Users/admin/builder/spi-builder-workspace/.derivedData/ModuleCache.noindex/ptrcheck-DEOEBV79WBI36EAEV0AOG0GKL.pcm
SwiftExplicitDependencyGeneratePcm armv7k /Users/admin/builder/spi-builder-workspace/.derivedData/ModuleCache.noindex/_AvailabilityInternal-QJ78F7IJG568G1O466A8X3NB.pcm
SwiftExplicitDependencyGeneratePcm armv7k /Users/admin/builder/spi-builder-workspace/.derivedData/ModuleCache.noindex/_Builtin_stdarg-A6301BTRI5ZX5EDBTBW37E6IM.pcm
SwiftExplicitDependencyGeneratePcm armv7k /Users/admin/builder/spi-builder-workspace/.derivedData/ModuleCache.noindex/_Builtin_float-AI92T2A5LSX8RA8IKBL1CXDZL.pcm
SwiftExplicitDependencyGeneratePcm armv7k /Users/admin/builder/spi-builder-workspace/.derivedData/ModuleCache.noindex/_SwiftConcurrencyShims-8XLZ2TS80YAL53Q0Q3A6ZS6ZT.pcm
SwiftExplicitDependencyGeneratePcm armv7k /Users/admin/builder/spi-builder-workspace/.derivedData/ModuleCache.noindex/_Builtin_stddef-9MVLLGAH7IBICW3NYCD73F8QA.pcm
SwiftExplicitDependencyGeneratePcm armv7k /Users/admin/builder/spi-builder-workspace/.derivedData/ModuleCache.noindex/ptrauth-CS7PFDO9VO42X1AIZ6EWBVDQ2.pcm
SwiftExplicitDependencyGeneratePcm armv7k /Users/admin/builder/spi-builder-workspace/.derivedData/ModuleCache.noindex/SwiftShims-2ZR2MNDQXQDAOMRAQZ45CE81G.pcm
SwiftExplicitDependencyGeneratePcm arm64_32 /Users/admin/builder/spi-builder-workspace/.derivedData/ModuleCache.noindex/_Builtin_float-32WBVDB5Y1RJ3SQX5PTMTSJGL.pcm
SwiftExplicitDependencyGeneratePcm arm64 /Users/admin/builder/spi-builder-workspace/.derivedData/ModuleCache.noindex/ptrcheck-D9WKCDD8BROY62AW3B8MFPIXL.pcm
SwiftExplicitDependencyGeneratePcm arm64_32 /Users/admin/builder/spi-builder-workspace/.derivedData/ModuleCache.noindex/ptrcheck-266NT1P7D1LMWVI1EJLP0L9GE.pcm
SwiftExplicitDependencyGeneratePcm arm64 /Users/admin/builder/spi-builder-workspace/.derivedData/ModuleCache.noindex/ptrauth-8NZTOI4T0VWLZ8LCHBTWOV0U.pcm
SwiftExplicitDependencyGeneratePcm arm64_32 /Users/admin/builder/spi-builder-workspace/.derivedData/ModuleCache.noindex/_AvailabilityInternal-3FGS91GJTSCVBQWF0AZ8RDWIB.pcm
SwiftExplicitDependencyGeneratePcm arm64 /Users/admin/builder/spi-builder-workspace/.derivedData/ModuleCache.noindex/_Builtin_float-1SCPK6D91G9GTJ123R4QFENF6.pcm
SwiftExplicitDependencyGeneratePcm arm64_32 /Users/admin/builder/spi-builder-workspace/.derivedData/ModuleCache.noindex/_SwiftConcurrencyShims-CS37TA6S5T8WO941F1Y6KPTPB.pcm
SwiftExplicitDependencyGeneratePcm arm64 /Users/admin/builder/spi-builder-workspace/.derivedData/ModuleCache.noindex/_Builtin_stdbool-EZGCYJSMQH3DYOXQY29AVGE07.pcm
SwiftExplicitDependencyGeneratePcm arm64_32 /Users/admin/builder/spi-builder-workspace/.derivedData/ModuleCache.noindex/_Builtin_stdbool-32VS6E3RJ2GW9HCKVH7N8W3I1.pcm
SwiftExplicitDependencyGeneratePcm arm64_32 /Users/admin/builder/spi-builder-workspace/.derivedData/ModuleCache.noindex/SwiftShims-EDJTPVI58WEN65KIWCAS19P47.pcm
SwiftExplicitDependencyGeneratePcm arm64 /Users/admin/builder/spi-builder-workspace/.derivedData/ModuleCache.noindex/_Builtin_stdarg-9C1VDMTMAA0JCC5F9EDHMU7LC.pcm
SwiftExplicitDependencyGeneratePcm armv7k /Users/admin/builder/spi-builder-workspace/.derivedData/ModuleCache.noindex/_DarwinFoundation1-7JDHPVGJXIV0F0QT0TMFHPDJ1.pcm
SwiftExplicitDependencyGeneratePcm arm64 /Users/admin/builder/spi-builder-workspace/.derivedData/ModuleCache.noindex/SwiftShims-3F71YKAFPIL4I12A9PF0U6XHE.pcm
SwiftExplicitDependencyGeneratePcm arm64_32 /Users/admin/builder/spi-builder-workspace/.derivedData/ModuleCache.noindex/_Builtin_stdarg-9QJQ6YF71IBBNARH6DJ15ECUA.pcm
SwiftExplicitDependencyGeneratePcm arm64 /Users/admin/builder/spi-builder-workspace/.derivedData/ModuleCache.noindex/_SwiftConcurrencyShims-4ZAELXTE2GG4SZFDXPWPT7O9.pcm
SwiftExplicitDependencyGeneratePcm arm64 /Users/admin/builder/spi-builder-workspace/.derivedData/ModuleCache.noindex/_AvailabilityInternal-VGXHWQD1X9HM4Q2T00E645TO.pcm
SwiftExplicitDependencyGeneratePcm arm64_32 /Users/admin/builder/spi-builder-workspace/.derivedData/ModuleCache.noindex/_Builtin_stddef-5FZDPVDXD2HPLM78ZOM9N03SU.pcm
SwiftExplicitDependencyGeneratePcm arm64 /Users/admin/builder/spi-builder-workspace/.derivedData/ModuleCache.noindex/_Builtin_stddef-23GVZO3J60TK1907VB9EHEBV9.pcm
SwiftExplicitDependencyGeneratePcm arm64_32 /Users/admin/builder/spi-builder-workspace/.derivedData/ModuleCache.noindex/ptrauth-86SG3KWN2416SP1TV07QXWLZJ.pcm
SwiftExplicitDependencyGeneratePcm arm64_32 /Users/admin/builder/spi-builder-workspace/.derivedData/ModuleCache.noindex/_DarwinFoundation1-6O6RHGGQ8I02TIQLYBL6S0W5Y.pcm
SwiftExplicitDependencyGeneratePcm armv7k /Users/admin/builder/spi-builder-workspace/.derivedData/ModuleCache.noindex/_DarwinFoundation2-CL2MZM3NQ4A4YTBAJBGDKOLWP.pcm
SwiftExplicitDependencyGeneratePcm armv7k /Users/admin/builder/spi-builder-workspace/.derivedData/ModuleCache.noindex/_Builtin_limits-BEX4R8967RNOTRUYZ7EFL984V.pcm
SwiftExplicitDependencyGeneratePcm arm64 /Users/admin/builder/spi-builder-workspace/.derivedData/ModuleCache.noindex/_DarwinFoundation1-1DTQYY9UU66023I0ATSGWG7ZE.pcm
SwiftExplicitDependencyGeneratePcm arm64_32 /Users/admin/builder/spi-builder-workspace/.derivedData/ModuleCache.noindex/_DarwinFoundation2-BWJ8WVXJZ6T37PQKKMKQAIQ22.pcm
SwiftExplicitDependencyGeneratePcm arm64_32 /Users/admin/builder/spi-builder-workspace/.derivedData/ModuleCache.noindex/_Builtin_limits-EU5DPB0SJLR7RBL14Y02NSQS1.pcm
SwiftExplicitDependencyGeneratePcm arm64 /Users/admin/builder/spi-builder-workspace/.derivedData/ModuleCache.noindex/_Builtin_limits-EL9Q6E0RP2I23KV7GOAH9UASG.pcm
SwiftExplicitDependencyGeneratePcm arm64 /Users/admin/builder/spi-builder-workspace/.derivedData/ModuleCache.noindex/_DarwinFoundation2-9HF0QGHXY3KFYNL697MDX2JFV.pcm
SwiftExplicitDependencyGeneratePcm armv7k /Users/admin/builder/spi-builder-workspace/.derivedData/ModuleCache.noindex/_Builtin_stdint-74HTET9XAL0O1QM2B6UDOBYSG.pcm
SwiftExplicitDependencyGeneratePcm armv7k /Users/admin/builder/spi-builder-workspace/.derivedData/ModuleCache.noindex/sys_types-BZOSF4DTRUSRKFFX4T0BLR890.pcm
SwiftExplicitDependencyGeneratePcm arm64_32 /Users/admin/builder/spi-builder-workspace/.derivedData/ModuleCache.noindex/_Builtin_stdint-ANMRWEGXQF51I6TK574L4FTFE.pcm
SwiftExplicitDependencyGeneratePcm arm64_32 /Users/admin/builder/spi-builder-workspace/.derivedData/ModuleCache.noindex/sys_types-D49PZOP3LYQFTFQ3ZWU4CUWLY.pcm
SwiftExplicitDependencyGeneratePcm armv7k /Users/admin/builder/spi-builder-workspace/.derivedData/ModuleCache.noindex/_DarwinFoundation3-3B8XHA0UANDWBT6BMXZAS4JL5.pcm
SwiftExplicitDependencyGeneratePcm arm64 /Users/admin/builder/spi-builder-workspace/.derivedData/ModuleCache.noindex/_Builtin_stdint-7P8EAMJHII1Y13KPDIO6OPE85.pcm
SwiftExplicitDependencyGeneratePcm arm64 /Users/admin/builder/spi-builder-workspace/.derivedData/ModuleCache.noindex/sys_types-5N90L5D6IYIYT6DRYMU0H0V03.pcm
SwiftExplicitDependencyGeneratePcm arm64_32 /Users/admin/builder/spi-builder-workspace/.derivedData/ModuleCache.noindex/_DarwinFoundation3-BKK5BSQWGF92KVELOAWQ749XO.pcm
SwiftExplicitDependencyGeneratePcm arm64 /Users/admin/builder/spi-builder-workspace/.derivedData/ModuleCache.noindex/_DarwinFoundation3-2GWRARA6K993RJ88V1Y96KEJJ.pcm
SwiftExplicitDependencyGeneratePcm armv7k /Users/admin/builder/spi-builder-workspace/.derivedData/ModuleCache.noindex/_Builtin_inttypes-4Y8S3D2NV6ZO6MOFCA1EFD9PM.pcm
SwiftExplicitDependencyGeneratePcm arm64_32 /Users/admin/builder/spi-builder-workspace/.derivedData/ModuleCache.noindex/_Builtin_inttypes-8SQHK6BHD7C805PBQL0T3FF2V.pcm
SwiftExplicitDependencyGeneratePcm armv7k /Users/admin/builder/spi-builder-workspace/.derivedData/ModuleCache.noindex/Darwin-1H8PZKOXK69WCY0KBMB7R7BOJ.pcm
SwiftExplicitDependencyGeneratePcm arm64_32 /Users/admin/builder/spi-builder-workspace/.derivedData/ModuleCache.noindex/Darwin-EXSLV4FZ23ACOHESV6HN242JF.pcm
SwiftExplicitDependencyGeneratePcm arm64 /Users/admin/builder/spi-builder-workspace/.derivedData/ModuleCache.noindex/_Builtin_inttypes-9IKAGRULHBU3C82MV2Y7ETRR9.pcm
SwiftExplicitDependencyGeneratePcm arm64 /Users/admin/builder/spi-builder-workspace/.derivedData/ModuleCache.noindex/Darwin-D1BA92JP0VXKAOKXR6B6MZJZO.pcm
SwiftExplicitDependencyGeneratePcm armv7k /Users/admin/builder/spi-builder-workspace/.derivedData/ModuleCache.noindex/ObjectiveC-1TC7M1HBWDPP5XW1MSG61DOCN.pcm
SwiftExplicitDependencyGeneratePcm arm64_32 /Users/admin/builder/spi-builder-workspace/.derivedData/ModuleCache.noindex/ObjectiveC-7UUR49QAGO7D92C84DCGJCQ92.pcm
SwiftExplicitDependencyGeneratePcm armv7k /Users/admin/builder/spi-builder-workspace/.derivedData/ModuleCache.noindex/os_object-6EYEGDCTXJQGYDTB9IGBGDHR7.pcm
SwiftExplicitDependencyGeneratePcm arm64 /Users/admin/builder/spi-builder-workspace/.derivedData/ModuleCache.noindex/ObjectiveC-E9GNV3GPGTFX3JG66LQF1QW75.pcm
SwiftExplicitDependencyGeneratePcm arm64_32 /Users/admin/builder/spi-builder-workspace/.derivedData/ModuleCache.noindex/os_object-7E7HKSKAV5AQ47IQSCMCCSI5V.pcm
SwiftExplicitDependencyGeneratePcm armv7k /Users/admin/builder/spi-builder-workspace/.derivedData/ModuleCache.noindex/os_workgroup-325O7SVUGRSTNN7338Z6L40LL.pcm
SwiftExplicitDependencyGeneratePcm arm64 /Users/admin/builder/spi-builder-workspace/.derivedData/ModuleCache.noindex/os_object-ABHR2RPZAPKKRPEZKN1VS3U62.pcm
SwiftExplicitDependencyGeneratePcm arm64_32 /Users/admin/builder/spi-builder-workspace/.derivedData/ModuleCache.noindex/os_workgroup-4432WEOWGS1BJEUBC5UJRUFI3.pcm
SwiftExplicitDependencyGeneratePcm armv7k /Users/admin/builder/spi-builder-workspace/.derivedData/ModuleCache.noindex/Dispatch-6164Z87B6NSJD9LEHMISCPJJB.pcm
SwiftExplicitDependencyGeneratePcm arm64 /Users/admin/builder/spi-builder-workspace/.derivedData/ModuleCache.noindex/os_workgroup-57SK7T5TWBSHOGKKP26ZBGOZ9.pcm
SwiftExplicitDependencyGeneratePcm arm64_32 /Users/admin/builder/spi-builder-workspace/.derivedData/ModuleCache.noindex/Dispatch-4G9M6BOQAKJFT396RD8IL8IUF.pcm
SwiftExplicitDependencyGeneratePcm armv7k /Users/admin/builder/spi-builder-workspace/.derivedData/ModuleCache.noindex/XPC-QNSWNE0992RTVJN316A9C3HN.pcm
SwiftExplicitDependencyGeneratePcm armv7k /Users/admin/builder/spi-builder-workspace/.derivedData/ModuleCache.noindex/CoreFoundation-5YU3N6OE9QRR2JL2WJTZKKGPG.pcm
SwiftExplicitDependencyGeneratePcm arm64 /Users/admin/builder/spi-builder-workspace/.derivedData/ModuleCache.noindex/Dispatch-B36SMAPOXYMQNNNBLHT80G2FZ.pcm
SwiftExplicitDependencyGeneratePcm arm64_32 /Users/admin/builder/spi-builder-workspace/.derivedData/ModuleCache.noindex/CoreFoundation-BJL619DGQVH96DCT9RMEYS271.pcm
SwiftExplicitDependencyGeneratePcm arm64_32 /Users/admin/builder/spi-builder-workspace/.derivedData/ModuleCache.noindex/XPC-EF0P0CB81D8MM9HSY5UO4BF4M.pcm
SwiftExplicitDependencyGeneratePcm arm64 /Users/admin/builder/spi-builder-workspace/.derivedData/ModuleCache.noindex/CoreFoundation-84YPE2UAZHTV4F627ZS1DADPK.pcm
SwiftExplicitDependencyGeneratePcm arm64 /Users/admin/builder/spi-builder-workspace/.derivedData/ModuleCache.noindex/XPC-Y7I7SAWGZK3XSFY29XNYOFQY.pcm
SwiftExplicitDependencyGeneratePcm armv7k /Users/admin/builder/spi-builder-workspace/.derivedData/ModuleCache.noindex/CoreGraphics-T25XCDAX1ZRNP5GIAOJCRIV2.pcm
SwiftExplicitDependencyGeneratePcm armv7k /Users/admin/builder/spi-builder-workspace/.derivedData/ModuleCache.noindex/Security-E43LMQGE2B01RGJOII4K5CTAX.pcm
SwiftExplicitDependencyGeneratePcm arm64_32 /Users/admin/builder/spi-builder-workspace/.derivedData/ModuleCache.noindex/CoreGraphics-7PZPGEIU06ZLG1N4R7CBZS0QH.pcm
SwiftExplicitDependencyGeneratePcm arm64_32 /Users/admin/builder/spi-builder-workspace/.derivedData/ModuleCache.noindex/Security-71DXGL209Y0POA2RI0VLBU7FT.pcm
SwiftExplicitDependencyGeneratePcm armv7k /Users/admin/builder/spi-builder-workspace/.derivedData/ModuleCache.noindex/Foundation-63TQ62HBDYSK5FU3X07B5IB91.pcm
SwiftExplicitDependencyGeneratePcm arm64 /Users/admin/builder/spi-builder-workspace/.derivedData/ModuleCache.noindex/Security-8P4ROWVRZKZVZOL4S233P5SIA.pcm
SwiftExplicitDependencyGeneratePcm arm64 /Users/admin/builder/spi-builder-workspace/.derivedData/ModuleCache.noindex/CoreGraphics-CJF9S1GD17SUTG2N02F5NUAQM.pcm
SwiftExplicitDependencyGeneratePcm arm64_32 /Users/admin/builder/spi-builder-workspace/.derivedData/ModuleCache.noindex/Foundation-31UN2CX7CUTVJGRDSF1GJVT2O.pcm
SwiftExplicitDependencyGeneratePcm arm64 /Users/admin/builder/spi-builder-workspace/.derivedData/ModuleCache.noindex/Foundation-7BDO0EMJRHS1THDHPCHC04IUO.pcm
SwiftCompile normal armv7k Compiling\ ActionPreflight+Planning.swift,\ ActionPreflight+System.swift,\ ActionPreflight+Windowing.swift,\ ActionPreflight+Workspace.swift,\ ActionPreflight.swift /Users/admin/builder/spi-builder-workspace/Sources/ActionKit/Preflight/ActionPreflight+Planning.swift /Users/admin/builder/spi-builder-workspace/Sources/ActionKit/Preflight/ActionPreflight+System.swift /Users/admin/builder/spi-builder-workspace/Sources/ActionKit/Preflight/ActionPreflight+Windowing.swift /Users/admin/builder/spi-builder-workspace/Sources/ActionKit/Preflight/ActionPreflight+Workspace.swift /Users/admin/builder/spi-builder-workspace/Sources/ActionKit/Preflight/ActionPreflight.swift (in target 'ActionKit' from project 'ActionKit')
SwiftCompile normal armv7k /Users/admin/builder/spi-builder-workspace/Sources/ActionKit/Preflight/ActionPreflight+Planning.swift (in target 'ActionKit' from project 'ActionKit')
cd /Users/admin/builder/spi-builder-workspace/.swiftpm/xcode
SwiftCompile normal armv7k /Users/admin/builder/spi-builder-workspace/Sources/ActionKit/Preflight/ActionPreflight+System.swift (in target 'ActionKit' from project 'ActionKit')
cd /Users/admin/builder/spi-builder-workspace/.swiftpm/xcode
SwiftCompile normal armv7k /Users/admin/builder/spi-builder-workspace/Sources/ActionKit/Preflight/ActionPreflight+Windowing.swift (in target 'ActionKit' from project 'ActionKit')
cd /Users/admin/builder/spi-builder-workspace/.swiftpm/xcode
SwiftCompile normal armv7k /Users/admin/builder/spi-builder-workspace/Sources/ActionKit/Preflight/ActionPreflight+Workspace.swift (in target 'ActionKit' from project 'ActionKit')
cd /Users/admin/builder/spi-builder-workspace/.swiftpm/xcode
SwiftCompile normal armv7k /Users/admin/builder/spi-builder-workspace/Sources/ActionKit/Preflight/ActionPreflight.swift (in target 'ActionKit' from project 'ActionKit')
cd /Users/admin/builder/spi-builder-workspace/.swiftpm/xcode
SwiftCompile normal armv7k Compiling\ ActionWindowScreenTarget.swift,\ WindowMoveRequest.swift,\ WindowPlacementRequest+Codable.swift,\ WindowPlacementRequest.swift /Users/admin/builder/spi-builder-workspace/Sources/ActionKit/Windowing/ActionWindowScreenTarget.swift /Users/admin/builder/spi-builder-workspace/Sources/ActionKit/Windowing/WindowMoveRequest.swift /Users/admin/builder/spi-builder-workspace/Sources/ActionKit/Windowing/WindowPlacementRequest+Codable.swift /Users/admin/builder/spi-builder-workspace/Sources/ActionKit/Windowing/WindowPlacementRequest.swift (in target 'ActionKit' from project 'ActionKit')
SwiftCompile normal armv7k /Users/admin/builder/spi-builder-workspace/Sources/ActionKit/Windowing/ActionWindowScreenTarget.swift (in target 'ActionKit' from project 'ActionKit')
cd /Users/admin/builder/spi-builder-workspace/.swiftpm/xcode
SwiftCompile normal armv7k /Users/admin/builder/spi-builder-workspace/Sources/ActionKit/Windowing/WindowMoveRequest.swift (in target 'ActionKit' from project 'ActionKit')
cd /Users/admin/builder/spi-builder-workspace/.swiftpm/xcode
SwiftCompile normal armv7k /Users/admin/builder/spi-builder-workspace/Sources/ActionKit/Windowing/WindowPlacementRequest+Codable.swift (in target 'ActionKit' from project 'ActionKit')
cd /Users/admin/builder/spi-builder-workspace/.swiftpm/xcode
SwiftCompile normal armv7k /Users/admin/builder/spi-builder-workspace/Sources/ActionKit/Windowing/WindowPlacementRequest.swift (in target 'ActionKit' from project 'ActionKit')
cd /Users/admin/builder/spi-builder-workspace/.swiftpm/xcode
SwiftCompile normal armv7k Compiling\ ActionInput+Codable.swift,\ ActionKind+Codable.swift,\ KeyedDecodingContainer+StrictOptional.swift,\ ActionPermission.swift,\ ActionPermissionHint.swift /Users/admin/builder/spi-builder-workspace/Sources/ActionKit/Coding/ActionInput+Codable.swift /Users/admin/builder/spi-builder-workspace/Sources/ActionKit/Coding/ActionKind+Codable.swift /Users/admin/builder/spi-builder-workspace/Sources/ActionKit/Coding/KeyedDecodingContainer+StrictOptional.swift /Users/admin/builder/spi-builder-workspace/Sources/ActionKit/Permissions/ActionPermission.swift /Users/admin/builder/spi-builder-workspace/Sources/ActionKit/Permissions/ActionPermissionHint.swift (in target 'ActionKit' from project 'ActionKit')
SwiftCompile normal armv7k /Users/admin/builder/spi-builder-workspace/Sources/ActionKit/Coding/ActionInput+Codable.swift (in target 'ActionKit' from project 'ActionKit')
cd /Users/admin/builder/spi-builder-workspace/.swiftpm/xcode
SwiftCompile normal armv7k /Users/admin/builder/spi-builder-workspace/Sources/ActionKit/Coding/ActionKind+Codable.swift (in target 'ActionKit' from project 'ActionKit')
cd /Users/admin/builder/spi-builder-workspace/.swiftpm/xcode
SwiftCompile normal armv7k /Users/admin/builder/spi-builder-workspace/Sources/ActionKit/Coding/KeyedDecodingContainer+StrictOptional.swift (in target 'ActionKit' from project 'ActionKit')
cd /Users/admin/builder/spi-builder-workspace/.swiftpm/xcode
SwiftCompile normal armv7k /Users/admin/builder/spi-builder-workspace/Sources/ActionKit/Permissions/ActionPermission.swift (in target 'ActionKit' from project 'ActionKit')
cd /Users/admin/builder/spi-builder-workspace/.swiftpm/xcode
SwiftCompile normal armv7k /Users/admin/builder/spi-builder-workspace/Sources/ActionKit/Permissions/ActionPermissionHint.swift (in target 'ActionKit' from project 'ActionKit')
cd /Users/admin/builder/spi-builder-workspace/.swiftpm/xcode
SwiftCompile normal armv7k Compiling\ ActionAttempt.swift,\ ActionError.swift,\ ActionErrorCode.swift,\ ActionOutcome.swift,\ ActionResult.swift /Users/admin/builder/spi-builder-workspace/Sources/ActionKit/Results/ActionAttempt.swift /Users/admin/builder/spi-builder-workspace/Sources/ActionKit/Results/ActionError.swift /Users/admin/builder/spi-builder-workspace/Sources/ActionKit/Results/ActionErrorCode.swift /Users/admin/builder/spi-builder-workspace/Sources/ActionKit/Results/ActionOutcome.swift /Users/admin/builder/spi-builder-workspace/Sources/ActionKit/Results/ActionResult.swift (in target 'ActionKit' from project 'ActionKit')
SwiftCompile normal armv7k /Users/admin/builder/spi-builder-workspace/Sources/ActionKit/Results/ActionAttempt.swift (in target 'ActionKit' from project 'ActionKit')
cd /Users/admin/builder/spi-builder-workspace/.swiftpm/xcode
SwiftCompile normal armv7k /Users/admin/builder/spi-builder-workspace/Sources/ActionKit/Results/ActionError.swift (in target 'ActionKit' from project 'ActionKit')
cd /Users/admin/builder/spi-builder-workspace/.swiftpm/xcode
SwiftCompile normal armv7k /Users/admin/builder/spi-builder-workspace/Sources/ActionKit/Results/ActionErrorCode.swift (in target 'ActionKit' from project 'ActionKit')
cd /Users/admin/builder/spi-builder-workspace/.swiftpm/xcode
SwiftCompile normal armv7k /Users/admin/builder/spi-builder-workspace/Sources/ActionKit/Results/ActionOutcome.swift (in target 'ActionKit' from project 'ActionKit')
cd /Users/admin/builder/spi-builder-workspace/.swiftpm/xcode
SwiftCompile normal armv7k /Users/admin/builder/spi-builder-workspace/Sources/ActionKit/Results/ActionResult.swift (in target 'ActionKit' from project 'ActionKit')
cd /Users/admin/builder/spi-builder-workspace/.swiftpm/xcode
SwiftCompile normal armv7k Compiling\ ActionPermissionReason.swift,\ ActionPermissionSet.swift,\ ActionMethod.swift,\ ActionPlan.swift,\ ActionPreflight+Editing.swift /Users/admin/builder/spi-builder-workspace/Sources/ActionKit/Permissions/ActionPermissionReason.swift /Users/admin/builder/spi-builder-workspace/Sources/ActionKit/Permissions/ActionPermissionSet.swift /Users/admin/builder/spi-builder-workspace/Sources/ActionKit/Planning/ActionMethod.swift /Users/admin/builder/spi-builder-workspace/Sources/ActionKit/Planning/ActionPlan.swift /Users/admin/builder/spi-builder-workspace/Sources/ActionKit/Preflight/ActionPreflight+Editing.swift (in target 'ActionKit' from project 'ActionKit')
SwiftCompile normal armv7k /Users/admin/builder/spi-builder-workspace/Sources/ActionKit/Permissions/ActionPermissionReason.swift (in target 'ActionKit' from project 'ActionKit')
cd /Users/admin/builder/spi-builder-workspace/.swiftpm/xcode
SwiftCompile normal armv7k /Users/admin/builder/spi-builder-workspace/Sources/ActionKit/Permissions/ActionPermissionSet.swift (in target 'ActionKit' from project 'ActionKit')
cd /Users/admin/builder/spi-builder-workspace/.swiftpm/xcode
SwiftCompile normal armv7k /Users/admin/builder/spi-builder-workspace/Sources/ActionKit/Planning/ActionMethod.swift (in target 'ActionKit' from project 'ActionKit')
cd /Users/admin/builder/spi-builder-workspace/.swiftpm/xcode
SwiftCompile normal armv7k /Users/admin/builder/spi-builder-workspace/Sources/ActionKit/Planning/ActionPlan.swift (in target 'ActionKit' from project 'ActionKit')
cd /Users/admin/builder/spi-builder-workspace/.swiftpm/xcode
SwiftCompile normal armv7k /Users/admin/builder/spi-builder-workspace/Sources/ActionKit/Preflight/ActionPreflight+Editing.swift (in target 'ActionKit' from project 'ActionKit')
cd /Users/admin/builder/spi-builder-workspace/.swiftpm/xcode
SwiftCompile normal armv7k Compiling\ ActionSkipReason.swift,\ ActionWindowPlacement.swift,\ ActionWindowScreenArea.swift,\ ActionWindowScreenCycleDirection.swift /Users/admin/builder/spi-builder-workspace/Sources/ActionKit/Results/ActionSkipReason.swift /Users/admin/builder/spi-builder-workspace/Sources/ActionKit/Windowing/ActionWindowPlacement.swift /Users/admin/builder/spi-builder-workspace/Sources/ActionKit/Windowing/ActionWindowScreenArea.swift /Users/admin/builder/spi-builder-workspace/Sources/ActionKit/Windowing/ActionWindowScreenCycleDirection.swift (in target 'ActionKit' from project 'ActionKit')
SwiftCompile normal armv7k /Users/admin/builder/spi-builder-workspace/Sources/ActionKit/Results/ActionSkipReason.swift (in target 'ActionKit' from project 'ActionKit')
cd /Users/admin/builder/spi-builder-workspace/.swiftpm/xcode
SwiftCompile normal armv7k /Users/admin/builder/spi-builder-workspace/Sources/ActionKit/Windowing/ActionWindowPlacement.swift (in target 'ActionKit' from project 'ActionKit')
cd /Users/admin/builder/spi-builder-workspace/.swiftpm/xcode
SwiftCompile normal armv7k /Users/admin/builder/spi-builder-workspace/Sources/ActionKit/Windowing/ActionWindowScreenArea.swift (in target 'ActionKit' from project 'ActionKit')
cd /Users/admin/builder/spi-builder-workspace/.swiftpm/xcode
SwiftCompile normal armv7k /Users/admin/builder/spi-builder-workspace/Sources/ActionKit/Windowing/ActionWindowScreenCycleDirection.swift (in target 'ActionKit' from project 'ActionKit')
cd /Users/admin/builder/spi-builder-workspace/.swiftpm/xcode
SwiftEmitModule normal armv7k Emitting\ module\ for\ WindowKit (in target 'WindowKit' from project 'WindowKit')
Failed frontend command:
/Applications/Xcode-26.4.0.app/Contents/Developer/Toolchains/XcodeDefault.xctoolchain/usr/bin/swift-frontend -frontend -emit-module -experimental-skip-non-inlinable-function-bodies-without-types /Users/admin/builder/spi-builder-workspace/.dependencies/checkouts/window-kit/Sources/WindowKit/Control/WindowCommandControlling.swift /Users/admin/builder/spi-builder-workspace/.dependencies/checkouts/window-kit/Sources/WindowKit/Control/WindowControlling.swift /Users/admin/builder/spi-builder-workspace/.dependencies/checkouts/window-kit/Sources/WindowKit/Control/WindowFrameControlling.swift /Users/admin/builder/spi-builder-workspace/.dependencies/checkouts/window-kit/Sources/WindowKit/Control/WindowFrameProviding.swift /Users/admin/builder/spi-builder-workspace/.dependencies/checkouts/window-kit/Sources/WindowKit/Control/WindowState.swift /Users/admin/builder/spi-builder-workspace/.dependencies/checkouts/window-kit/Sources/WindowKit/Control/WindowStateProviding.swift /Users/admin/builder/spi-builder-workspace/.dependencies/checkouts/window-kit/Sources/WindowKit/Control/WindowTarget.swift /Users/admin/builder/spi-builder-workspace/.dependencies/checkouts/window-kit/Sources/WindowKit/Geometry/CGRect+FiniteStandardized.swift /Users/admin/builder/spi-builder-workspace/.dependencies/checkouts/window-kit/Sources/WindowKit/HitTesting/WindowHitTestMissReason.swift /Users/admin/builder/spi-builder-workspace/.dependencies/checkouts/window-kit/Sources/WindowKit/HitTesting/WindowHitTestResult.swift /Users/admin/builder/spi-builder-workspace/.dependencies/checkouts/window-kit/Sources/WindowKit/HitTesting/WindowHitTesting.swift /Users/admin/builder/spi-builder-workspace/.dependencies/checkouts/window-kit/Sources/WindowKit/Placement/WindowPlacement.swift /Users/admin/builder/spi-builder-workspace/.dependencies/checkouts/window-kit/Sources/WindowKit/Placement/WindowPlacementCalculator.swift /Users/admin/builder/spi-builder-workspace/.dependencies/checkouts/window-kit/Sources/WindowKit/Screens/WindowScreen.swift /Users/admin/builder/spi-builder-workspace/.dependencies/checkouts/window-kit/Sources/WindowKit/Screens/WindowScreenArea.swift /Users/admin/builder/spi-builder-workspace/.dependencies/checkouts/window-kit/Sources/WindowKit/Screens/WindowScreenCycleDirection.swift /Users/admin/builder/spi-builder-workspace/.dependencies/checkouts/window-kit/Sources/WindowKit/Screens/WindowScreenFallback.swift /Users/admin/builder/spi-builder-workspace/.dependencies/checkouts/window-kit/Sources/WindowKit/Screens/WindowScreenMovement.swift /Users/admin/builder/spi-builder-workspace/.dependencies/checkouts/window-kit/Sources/WindowKit/Screens/WindowScreenProviding.swift /Users/admin/builder/spi-builder-workspace/.dependencies/checkouts/window-kit/Sources/WindowKit/Screens/WindowScreenSelector.swift /Users/admin/builder/spi-builder-workspace/.dependencies/checkouts/window-kit/Sources/WindowKit/Screens/WindowScreenTarget.swift /Users/admin/builder/spi-builder-workspace/.dependencies/checkouts/window-kit/Sources/WindowKit/Snapshots/WindowSnapshot.swift /Users/admin/builder/spi-builder-workspace/.dependencies/checkouts/window-kit/Sources/WindowKit/Snapshots/WindowSnapshotFilter.swift /Users/admin/builder/spi-builder-workspace/.dependencies/checkouts/window-kit/Sources/WindowKit/Snapshots/WindowSnapshotProviding.swift /Users/admin/builder/spi-builder-workspace/.dependencies/checkouts/window-kit/Sources/WindowKit/Snapshots/WindowSnapshotResolving.swift -target armv7k-apple-watchos5.0 -load-resolved-plugin /Applications/Xcode-26.4.0.app/Contents/Developer/Platforms/WatchOS.platform/Developer/usr/lib/swift/host/plugins/libFoundationMacros.dylib\#/Applications/Xcode-26.4.0.app/Contents/Developer/Platforms/WatchOS.platform/Developer/usr/bin/swift-plugin-server\#FoundationMacros -load-resolved-plugin /Applications/Xcode-26.4.0.app/Contents/Developer/Platforms/WatchOS.platform/Developer/usr/lib/swift/host/plugins/libObservationMacros.dylib\#/Applications/Xcode-26.4.0.app/Contents/Developer/Platforms/WatchOS.platform/Developer/usr/bin/swift-plugin-server\#ObservationMacros -load-resolved-plugin /Applications/Xcode-26.4.0.app/Contents/Developer/Platforms/WatchOS.platform/Developer/usr/lib/swift/host/plugins/libSwiftMacros.dylib\#/Applications/Xcode-26.4.0.app/Contents/Developer/Platforms/WatchOS.platform/Developer/usr/bin/swift-plugin-server\#SwiftMacros -disable-implicit-swift-modules -Xcc -fno-implicit-modules -Xcc -fno-implicit-module-maps -explicit-swift-module-map-file /Users/admin/builder/spi-builder-workspace/.derivedData/Build/Intermediates.noindex/WindowKit.build/Debug-watchos/WindowKit.build/Objects-normal/armv7k/WindowKit-dependencies-2.json -enable-objc-interop -sdk /Applications/Xcode-26.4.0.app/Contents/Developer/Platforms/WatchOS.platform/Developer/SDKs/WatchOS26.4.sdk -I /Users/admin/builder/spi-builder-workspace/.derivedData/Build/Products/Debug-watchos -Isystem /Applications/Xcode-26.4.0.app/Contents/Developer/Platforms/WatchOS.platform/Developer/usr/lib -F /Users/admin/builder/spi-builder-workspace/.derivedData/Build/Products/Debug-watchos -F /Applications/Xcode-26.4.0.app/Contents/Developer/Platforms/WatchOS.platform/Developer/Library/Frameworks -F /Applications/Xcode-26.4.0.app/Contents/Developer/Platforms/WatchOS.platform/Developer/SDKs/WatchOS26.4.sdk/Developer/Library/Frameworks -no-color-diagnostics -Xcc -fno-color-diagnostics -enable-testing -g -debug-info-format\=dwarf -dwarf-version\=4 -module-cache-path /Users/admin/builder/spi-builder-workspace/.derivedData/Build/Intermediates.noindex/SwiftExplicitPrecompiledModules -suppress-warnings -profile-generate -profile-coverage-mapping -swift-version 6 -Onone -D SWIFT_PACKAGE -D DEBUG -D SWIFT_MODULE_RESOURCE_BUNDLE_UNAVAILABLE -D Xcode -serialize-debugging-options -const-gather-protocols-file /Users/admin/builder/spi-builder-workspace/.derivedData/Build/Intermediates.noindex/WindowKit.build/Debug-watchos/WindowKit.build/Objects-normal/armv7k/WindowKit_const_extract_protocols.json -enable-experimental-feature DebugDescriptionMacro -empty-abi-descriptor -user-module-version 2.0.0 -validate-clang-modules-once -clang-build-session-file /Users/admin/builder/spi-builder-workspace/.derivedData/ModuleCache.noindex/Session.modulevalidation -Xcc -working-directory -Xcc /Users/admin/builder/spi-builder-workspace/.swiftpm/xcode -enable-anonymous-context-mangled-names -file-compilation-dir /Users/admin/builder/spi-builder-workspace/.swiftpm/xcode -Xcc -D_LIBCPP_HARDENING_MODE\=_LIBCPP_HARDENING_MODE_DEBUG -Xcc -ivfsstatcache -Xcc /Users/admin/builder/spi-builder-workspace/.derivedData/SDKStatCaches.noindex/watchos26.4-23T238-688ef53f1462e2c8f657fdc38a81448f9e51884a582f42380855760c9d4cc599.sdkstatcache -Xcc -I/Users/admin/builder/spi-builder-workspace/.derivedData/Build/Intermediates.noindex/WindowKit.build/Debug-watchos/WindowKit.build/swift-overrides.hmap -Xcc -I/Users/admin/builder/spi-builder-workspace/.derivedData/Build/Products/Debug-watchos/include -Xcc -I/Users/admin/builder/spi-builder-workspace/.derivedData/Build/Intermediates.noindex/WindowKit.build/Debug-watchos/WindowKit.build/DerivedSources-normal/armv7k -Xcc -I/Users/admin/builder/spi-builder-workspace/.derivedData/Build/Intermediates.noindex/WindowKit.build/Debug-watchos/WindowKit.build/DerivedSources/armv7k -Xcc -I/Users/admin/builder/spi-builder-workspace/.derivedData/Build/Intermediates.noindex/WindowKit.build/Debug-watchos/WindowKit.build/DerivedSources -Xcc -DSWIFT_PACKAGE -Xcc -DDEBUG\=1 -no-auto-bridging-header-chaining -module-name WindowKit -package-name window_kit -frontend-parseable-output -disable-clang-spi -clang-target armv7k-apple-watchos26.4 -target-sdk-version 26.4 -target-sdk-name watchos26.4 -in-process-plugin-server-path /Applications/Xcode-26.4.0.app/Contents/Developer/Toolchains/XcodeDefault.xctoolchain/usr/lib/swift/host/libSwiftInProcPluginServer.dylib -emit-module-doc-path /Users/admin/builder/spi-builder-workspace/.derivedData/Build/Intermediates.noindex/WindowKit.build/Debug-watchos/WindowKit.build/Objects-normal/armv7k/WindowKit.swiftdoc -emit-module-source-info-path /Users/admin/builder/spi-builder-workspace/.derivedData/Build/Intermediates.noindex/WindowKit.build/Debug-watchos/WindowKit.build/Objects-normal/armv7k/WindowKit.swiftsourceinfo -emit-objc-header-path /Users/admin/builder/spi-builder-workspace/.derivedData/Build/Intermediates.noindex/WindowKit.build/Debug-watchos/WindowKit.build/Objects-normal/armv7k/WindowKit-Swift.h -serialize-diagnostics-path /Users/admin/builder/spi-builder-workspace/.derivedData/Build/Intermediates.noindex/WindowKit.build/Debug-watchos/WindowKit.build/Objects-normal/armv7k/WindowKit-primary-emit-module.dia -emit-dependencies-path /Users/admin/builder/spi-builder-workspace/.derivedData/Build/Intermediates.noindex/WindowKit.build/Debug-watchos/WindowKit.build/Objects-normal/armv7k/WindowKit-primary-emit-module.d -o /Users/admin/builder/spi-builder-workspace/.derivedData/Build/Intermediates.noindex/WindowKit.build/Debug-watchos/WindowKit.build/Objects-normal/armv7k/WindowKit.swiftmodule -emit-abi-descriptor-path /Users/admin/builder/spi-builder-workspace/.derivedData/Build/Intermediates.noindex/WindowKit.build/Debug-watchos/WindowKit.build/Objects-normal/armv7k/WindowKit.abi.json
EmitSwiftModule normal armv7k (in target 'WindowKit' from project 'WindowKit')
cd /Users/admin/builder/spi-builder-workspace/.swiftpm/xcode
/Users/admin/builder/spi-builder-workspace/.dependencies/checkouts/window-kit/Sources/WindowKit/Control/WindowTarget.swift:8:25: error: cannot find type 'CGWindowID' in scope
case windowIdentifier(CGWindowID)
^~~~~~~~~~
/Users/admin/builder/spi-builder-workspace/.dependencies/checkouts/window-kit/Sources/WindowKit/Control/WindowTarget.swift:4:13: error: type 'WindowTarget' does not conform to protocol 'Hashable'
public enum WindowTarget: Equatable, Hashable, Sendable, Codable {
^
/Users/admin/builder/spi-builder-workspace/.dependencies/checkouts/window-kit/Sources/WindowKit/Control/WindowTarget.swift:8:25: note: associated value type '_' does not conform to protocol 'Hashable', preventing synthesized conformance of 'WindowTarget' to 'Hashable'
case windowIdentifier(CGWindowID)
^
/Users/admin/builder/spi-builder-workspace/.dependencies/checkouts/window-kit/Sources/WindowKit/Control/WindowTarget.swift:4:13: error: type 'WindowTarget' does not conform to protocol 'Decodable'
public enum WindowTarget: Equatable, Hashable, Sendable, Codable {
^
Swift.Decodable.init:2:1: note: protocol requires initializer 'init(from:)' with type 'Decodable'
init(from decoder: any Decoder) throws}
^
/Users/admin/builder/spi-builder-workspace/.dependencies/checkouts/window-kit/Sources/WindowKit/Control/WindowTarget.swift:8:25: note: cannot automatically synthesize 'Decodable' because 'CGWindowID' does not conform to 'Decodable'
case windowIdentifier(CGWindowID)
^
/Users/admin/builder/spi-builder-workspace/.dependencies/checkouts/window-kit/Sources/WindowKit/Control/WindowTarget.swift:4:13: error: type 'WindowTarget' does not conform to protocol 'Encodable'
public enum WindowTarget: Equatable, Hashable, Sendable, Codable {
^
Swift.Encodable.encode:2:6: note: protocol requires function 'encode(to:)' with type 'Encodable'
func encode(to encoder: any Encoder) throws}
^
/Users/admin/builder/spi-builder-workspace/.dependencies/checkouts/window-kit/Sources/WindowKit/Control/WindowTarget.swift:8:25: note: cannot automatically synthesize 'Encodable' because 'CGWindowID' does not conform to 'Encodable'
case windowIdentifier(CGWindowID)
^
/Users/admin/builder/spi-builder-workspace/.dependencies/checkouts/window-kit/Sources/WindowKit/Control/WindowTarget.swift:4:13: error: type 'WindowTarget' does not conform to protocol 'Equatable'
public enum WindowTarget: Equatable, Hashable, Sendable, Codable {
^
/Users/admin/builder/spi-builder-workspace/.dependencies/checkouts/window-kit/Sources/WindowKit/Control/WindowTarget.swift:8:25: note: associated value type '_' does not conform to protocol 'Equatable', preventing synthesized conformance of 'WindowTarget' to 'Equatable'
case windowIdentifier(CGWindowID)
^
Swift.==:1:24: note: candidate would match if 'WindowTarget' conformed to 'RawRepresentable'
@inlinable public func == <T>(lhs: T, rhs: T) -> Bool where T : RawRepresentable, T.RawValue : Equatable
^
Swift.FloatingPoint.==:2:20: note: candidate would match if 'WindowTarget' conformed to 'FloatingPoint'
public static func == (lhs: Self, rhs: Self) -> Bool}
^
Swift.BinaryInteger.==:2:20: note: candidate would match if 'WindowTarget' conformed to 'BinaryInteger'
public static func == <Other>(lhs: Self, rhs: Other) -> Bool where Other : BinaryInteger}
^
Swift._Pointer.==:2:20: note: candidate would match if 'WindowTarget' conformed to '_Pointer'
public static func == (lhs: Self, rhs: Self) -> Bool}
^
Swift._Pointer.==:2:31: note: candidate would match if 'WindowTarget' conformed to '_Pointer'
@inlinable public static func == <Other>(lhs: Self, rhs: Other) -> Bool where Other : _Pointer}
^
Swift.Strideable.==:2:31: note: candidate would match if 'WindowTarget' conformed to 'Strideable'
@inlinable public static func == (x: Self, y: Self) -> Bool}
^
Swift.StringProtocol.==:2:31: note: candidate would match if 'WindowTarget' conformed to 'StringProtocol'
@inlinable public static func == <RHS>(lhs: Self, rhs: RHS) -> Bool where RHS : StringProtocol}
^
Swift.SIMD.==:2:20: note: candidate would match if 'WindowTarget' conformed to 'SIMD'
public static func == (a: Self, b: Self) -> Bool}
^
CoreFoundation._CFObject.==:2:20: note: candidate would match if 'WindowTarget' conformed to '_CFObject'
public static func == (left: Self, right: Self) -> Bool}
^
/Users/admin/builder/spi-builder-workspace/.dependencies/checkouts/window-kit/Sources/WindowKit/Control/WindowTarget.swift:4:13: note: add stubs for conformance
public enum WindowTarget: Equatable, Hashable, Sendable, Codable {
^
Swift.Equatable.==:2:13: note: protocol requires function '==' with type '(WindowTarget, WindowTarget) -> Bool'
static func == (lhs: Self, rhs: Self) -> Bool}
^
/Users/admin/builder/spi-builder-workspace/.dependencies/checkouts/window-kit/Sources/WindowKit/Snapshots/WindowSnapshot.swift:8:32: error: cannot find type 'CGWindowID' in scope
public let windowIdentifier: CGWindowID
^~~~~~~~~~
/Users/admin/builder/spi-builder-workspace/.dependencies/checkouts/window-kit/Sources/WindowKit/Screens/WindowScreen.swift:6:33: error: cannot find type 'CGDirectDisplayID' in scope
public let displayIdentifier: CGDirectDisplayID?
^~~~~~~~~~~~~~~~~
/Users/admin/builder/spi-builder-workspace/.dependencies/checkouts/window-kit/Sources/WindowKit/Screens/WindowScreen.swift:4:15: error: type 'WindowScreen' does not conform to protocol 'Decodable'
public struct WindowScreen: Equatable, Hashable, Sendable, Codable {
^
Swift.Decodable.init:2:1: note: protocol requires initializer 'init(from:)' with type 'Decodable'
init(from decoder: any Decoder) throws}
^
/Users/admin/builder/spi-builder-workspace/.dependencies/checkouts/window-kit/Sources/WindowKit/Screens/WindowScreen.swift:6:14: note: cannot automatically synthesize 'Decodable' because 'CGDirectDisplayID?' does not conform to 'Decodable'
public let displayIdentifier: CGDirectDisplayID?
^
/Users/admin/builder/spi-builder-workspace/.dependencies/checkouts/window-kit/Sources/WindowKit/Screens/WindowScreen.swift:16:24: error: cannot find type 'CGDirectDisplayID' in scope
displayIdentifier: CGDirectDisplayID? = nil,
^~~~~~~~~~~~~~~~~
/Users/admin/builder/spi-builder-workspace/.dependencies/checkouts/window-kit/Sources/WindowKit/Screens/WindowScreen.swift:4:15: error: type 'WindowScreen' does not conform to protocol 'Hashable'
public struct WindowScreen: Equatable, Hashable, Sendable, Codable {
^
/Users/admin/builder/spi-builder-workspace/.dependencies/checkouts/window-kit/Sources/WindowKit/Screens/WindowScreen.swift:6:14: note: stored property type '_' does not conform to protocol 'Hashable', preventing synthesized conformance of 'WindowScreen' to 'Hashable'
public let displayIdentifier: CGDirectDisplayID?
^
/Users/admin/builder/spi-builder-workspace/.dependencies/checkouts/window-kit/Sources/WindowKit/Screens/WindowScreen.swift:4:15: error: type 'WindowScreen' does not conform to protocol 'Encodable'
public struct WindowScreen: Equatable, Hashable, Sendable, Codable {
^
Swift.Encodable.encode:2:6: note: protocol requires function 'encode(to:)' with type 'Encodable'
func encode(to encoder: any Encoder) throws}
^
/Users/admin/builder/spi-builder-workspace/.dependencies/checkouts/window-kit/Sources/WindowKit/Screens/WindowScreen.swift:6:14: note: cannot automatically synthesize 'Encodable' because 'CGDirectDisplayID?' does not conform to 'Encodable'
public let displayIdentifier: CGDirectDisplayID?
^
/Users/admin/builder/spi-builder-workspace/.dependencies/checkouts/window-kit/Sources/WindowKit/Screens/WindowScreen.swift:4:15: error: type 'WindowScreen' does not conform to protocol 'Equatable'
public struct WindowScreen: Equatable, Hashable, Sendable, Codable {
^
/Users/admin/builder/spi-builder-workspace/.dependencies/checkouts/window-kit/Sources/WindowKit/Screens/WindowScreen.swift:6:14: note: stored property type '_' does not conform to protocol 'Equatable', preventing synthesized conformance of 'WindowScreen' to 'Equatable'
public let displayIdentifier: CGDirectDisplayID?
^
Swift.==:1:24: note: candidate would match if 'WindowScreen' conformed to 'RawRepresentable'
@inlinable public func == <T>(lhs: T, rhs: T) -> Bool where T : RawRepresentable, T.RawValue : Equatable
^
Swift.FloatingPoint.==:2:20: note: candidate would match if 'WindowScreen' conformed to 'FloatingPoint'
public static func == (lhs: Self, rhs: Self) -> Bool}
^
Swift.BinaryInteger.==:2:20: note: candidate would match if 'WindowScreen' conformed to 'BinaryInteger'
public static func == <Other>(lhs: Self, rhs: Other) -> Bool where Other : BinaryInteger}
^
Swift._Pointer.==:2:20: note: candidate would match if 'WindowScreen' conformed to '_Pointer'
public static func == (lhs: Self, rhs: Self) -> Bool}
^
Swift._Pointer.==:2:31: note: candidate would match if 'WindowScreen' conformed to '_Pointer'
@inlinable public static func == <Other>(lhs: Self, rhs: Other) -> Bool where Other : _Pointer}
^
Swift.Strideable.==:2:31: note: candidate would match if 'WindowScreen' conformed to 'Strideable'
@inlinable public static func == (x: Self, y: Self) -> Bool}
^
Swift.StringProtocol.==:2:31: note: candidate would match if 'WindowScreen' conformed to 'StringProtocol'
@inlinable public static func == <RHS>(lhs: Self, rhs: RHS) -> Bool where RHS : StringProtocol}
^
Swift.SIMD.==:2:20: note: candidate would match if 'WindowScreen' conformed to 'SIMD'
public static func == (a: Self, b: Self) -> Bool}
^
CoreFoundation._CFObject.==:2:20: note: candidate would match if 'WindowScreen' conformed to '_CFObject'
public static func == (left: Self, right: Self) -> Bool}
^
/Users/admin/builder/spi-builder-workspace/.dependencies/checkouts/window-kit/Sources/WindowKit/Screens/WindowScreen.swift:4:15: note: add stubs for conformance
public struct WindowScreen: Equatable, Hashable, Sendable, Codable {
^
Swift.Equatable.==:2:13: note: protocol requires function '==' with type '(WindowScreen, WindowScreen) -> Bool'
static func == (lhs: Self, rhs: Self) -> Bool}
^
/Users/admin/builder/spi-builder-workspace/.dependencies/checkouts/window-kit/Sources/WindowKit/Screens/WindowScreenTarget.swift:12:26: error: cannot find type 'CGDirectDisplayID' in scope
case displayIdentifier(CGDirectDisplayID)
^~~~~~~~~~~~~~~~~
/Users/admin/builder/spi-builder-workspace/.dependencies/checkouts/window-kit/Sources/WindowKit/Screens/WindowScreenTarget.swift:4:13: error: type 'WindowScreenTarget' does not conform to protocol 'Hashable'
public enum WindowScreenTarget: Equatable, Hashable, Sendable, Codable {
^
/Users/admin/builder/spi-builder-workspace/.dependencies/checkouts/window-kit/Sources/WindowKit/Screens/WindowScreenTarget.swift:12:26: note: associated value type '_' does not conform to protocol 'Hashable', preventing synthesized conformance of 'WindowScreenTarget' to 'Hashable'
case displayIdentifier(CGDirectDisplayID)
^
/Users/admin/builder/spi-builder-workspace/.dependencies/checkouts/window-kit/Sources/WindowKit/Screens/WindowScreenTarget.swift:4:13: error: type 'WindowScreenTarget' does not conform to protocol 'Decodable'
public enum WindowScreenTarget: Equatable, Hashable, Sendable, Codable {
^
Swift.Decodable.init:2:1: note: protocol requires initializer 'init(from:)' with type 'Decodable'
init(from decoder: any Decoder) throws}
^
/Users/admin/builder/spi-builder-workspace/.dependencies/checkouts/window-kit/Sources/WindowKit/Screens/WindowScreenTarget.swift:12:26: note: cannot automatically synthesize 'Decodable' because 'CGDirectDisplayID' does not conform to 'Decodable'
case displayIdentifier(CGDirectDisplayID)
^
/Users/admin/builder/spi-builder-workspace/.dependencies/checkouts/window-kit/Sources/WindowKit/Screens/WindowScreenTarget.swift:4:13: error: type 'WindowScreenTarget' does not conform to protocol 'Encodable'
public enum WindowScreenTarget: Equatable, Hashable, Sendable, Codable {
^
Swift.Encodable.encode:2:6: note: protocol requires function 'encode(to:)' with type 'Encodable'
func encode(to encoder: any Encoder) throws}
^
/Users/admin/builder/spi-builder-workspace/.dependencies/checkouts/window-kit/Sources/WindowKit/Screens/WindowScreenTarget.swift:12:26: note: cannot automatically synthesize 'Encodable' because 'CGDirectDisplayID' does not conform to 'Encodable'
case displayIdentifier(CGDirectDisplayID)
^
/Users/admin/builder/spi-builder-workspace/.dependencies/checkouts/window-kit/Sources/WindowKit/Screens/WindowScreenTarget.swift:4:13: error: type 'WindowScreenTarget' does not conform to protocol 'Equatable'
public enum WindowScreenTarget: Equatable, Hashable, Sendable, Codable {
^
/Users/admin/builder/spi-builder-workspace/.dependencies/checkouts/window-kit/Sources/WindowKit/Screens/WindowScreenTarget.swift:12:26: note: associated value type '_' does not conform to protocol 'Equatable', preventing synthesized conformance of 'WindowScreenTarget' to 'Equatable'
case displayIdentifier(CGDirectDisplayID)
^
Swift.==:1:24: note: candidate would match if 'WindowScreenTarget' conformed to 'RawRepresentable'
@inlinable public func == <T>(lhs: T, rhs: T) -> Bool where T : RawRepresentable, T.RawValue : Equatable
^
Swift.FloatingPoint.==:2:20: note: candidate would match if 'WindowScreenTarget' conformed to 'FloatingPoint'
public static func == (lhs: Self, rhs: Self) -> Bool}
^
Swift.BinaryInteger.==:2:20: note: candidate would match if 'WindowScreenTarget' conformed to 'BinaryInteger'
public static func == <Other>(lhs: Self, rhs: Other) -> Bool where Other : BinaryInteger}
^
Swift._Pointer.==:2:20: note: candidate would match if 'WindowScreenTarget' conformed to '_Pointer'
public static func == (lhs: Self, rhs: Self) -> Bool}
^
Swift._Pointer.==:2:31: note: candidate would match if 'WindowScreenTarget' conformed to '_Pointer'
@inlinable public static func == <Other>(lhs: Self, rhs: Other) -> Bool where Other : _Pointer}
^
Swift.Strideable.==:2:31: note: candidate would match if 'WindowScreenTarget' conformed to 'Strideable'
@inlinable public static func == (x: Self, y: Self) -> Bool}
^
Swift.StringProtocol.==:2:31: note: candidate would match if 'WindowScreenTarget' conformed to 'StringProtocol'
@inlinable public static func == <RHS>(lhs: Self, rhs: RHS) -> Bool where RHS : StringProtocol}
^
Swift.SIMD.==:2:20: note: candidate would match if 'WindowScreenTarget' conformed to 'SIMD'
public static func == (a: Self, b: Self) -> Bool}
^
CoreFoundation._CFObject.==:2:20: note: candidate would match if 'WindowScreenTarget' conformed to '_CFObject'
public static func == (left: Self, right: Self) -> Bool}
^
/Users/admin/builder/spi-builder-workspace/.dependencies/checkouts/window-kit/Sources/WindowKit/Screens/WindowScreenTarget.swift:4:13: note: add stubs for conformance
public enum WindowScreenTarget: Equatable, Hashable, Sendable, Codable {
^
Swift.Equatable.==:2:13: note: protocol requires function '==' with type '(WindowScreenTarget, WindowScreenTarget) -> Bool'
static func == (lhs: Self, rhs: Self) -> Bool}
^
/Users/admin/builder/spi-builder-workspace/.dependencies/checkouts/window-kit/Sources/WindowKit/Snapshots/WindowSnapshot.swift:4:15: error: type 'WindowSnapshot' does not conform to protocol 'Decodable'
public struct WindowSnapshot: Equatable, Hashable, Sendable, Codable {
^
Swift.Decodable.init:2:1: note: protocol requires initializer 'init(from:)' with type 'Decodable'
init(from decoder: any Decoder) throws}
^
/Users/admin/builder/spi-builder-workspace/.dependencies/checkouts/window-kit/Sources/WindowKit/Snapshots/WindowSnapshot.swift:8:14: note: cannot automatically synthesize 'Decodable' because 'CGWindowID' does not conform to 'Decodable'
public let windowIdentifier: CGWindowID
^
/Users/admin/builder/spi-builder-workspace/.dependencies/checkouts/window-kit/Sources/WindowKit/Snapshots/WindowSnapshot.swift:22:23: error: cannot find type 'CGWindowID' in scope
windowIdentifier: CGWindowID,
^~~~~~~~~~
/Users/admin/builder/spi-builder-workspace/.dependencies/checkouts/window-kit/Sources/WindowKit/Snapshots/WindowSnapshot.swift:4:15: error: type 'WindowSnapshot' does not conform to protocol 'Hashable'
public struct WindowSnapshot: Equatable, Hashable, Sendable, Codable {
^
/Users/admin/builder/spi-builder-workspace/.dependencies/checkouts/window-kit/Sources/WindowKit/Snapshots/WindowSnapshot.swift:8:14: note: stored property type '_' does not conform to protocol 'Hashable', preventing synthesized conformance of 'WindowSnapshot' to 'Hashable'
public let windowIdentifier: CGWindowID
^
/Users/admin/builder/spi-builder-workspace/.dependencies/checkouts/window-kit/Sources/WindowKit/Snapshots/WindowSnapshot.swift:4:15: error: type 'WindowSnapshot' does not conform to protocol 'Encodable'
public struct WindowSnapshot: Equatable, Hashable, Sendable, Codable {
^
Swift.Encodable.encode:2:6: note: protocol requires function 'encode(to:)' with type 'Encodable'
func encode(to encoder: any Encoder) throws}
^
/Users/admin/builder/spi-builder-workspace/.dependencies/checkouts/window-kit/Sources/WindowKit/Snapshots/WindowSnapshot.swift:8:14: note: cannot automatically synthesize 'Encodable' because 'CGWindowID' does not conform to 'Encodable'
public let windowIdentifier: CGWindowID
^
/Users/admin/builder/spi-builder-workspace/.dependencies/checkouts/window-kit/Sources/WindowKit/Snapshots/WindowSnapshot.swift:4:15: error: type 'WindowSnapshot' does not conform to protocol 'Equatable'
public struct WindowSnapshot: Equatable, Hashable, Sendable, Codable {
^
/Users/admin/builder/spi-builder-workspace/.dependencies/checkouts/window-kit/Sources/WindowKit/Snapshots/WindowSnapshot.swift:8:14: note: stored property type '_' does not conform to protocol 'Equatable', preventing synthesized conformance of 'WindowSnapshot' to 'Equatable'
public let windowIdentifier: CGWindowID
^
Swift.==:1:24: note: candidate would match if 'WindowSnapshot' conformed to 'RawRepresentable'
@inlinable public func == <T>(lhs: T, rhs: T) -> Bool where T : RawRepresentable, T.RawValue : Equatable
^
Swift.FloatingPoint.==:2:20: note: candidate would match if 'WindowSnapshot' conformed to 'FloatingPoint'
public static func == (lhs: Self, rhs: Self) -> Bool}
^
Swift.BinaryInteger.==:2:20: note: candidate would match if 'WindowSnapshot' conformed to 'BinaryInteger'
public static func == <Other>(lhs: Self, rhs: Other) -> Bool where Other : BinaryInteger}
^
Swift._Pointer.==:2:20: note: candidate would match if 'WindowSnapshot' conformed to '_Pointer'
public static func == (lhs: Self, rhs: Self) -> Bool}
^
Swift._Pointer.==:2:31: note: candidate would match if 'WindowSnapshot' conformed to '_Pointer'
@inlinable public static func == <Other>(lhs: Self, rhs: Other) -> Bool where Other : _Pointer}
^
Swift.Strideable.==:2:31: note: candidate would match if 'WindowSnapshot' conformed to 'Strideable'
@inlinable public static func == (x: Self, y: Self) -> Bool}
^
Swift.StringProtocol.==:2:31: note: candidate would match if 'WindowSnapshot' conformed to 'StringProtocol'
@inlinable public static func == <RHS>(lhs: Self, rhs: RHS) -> Bool where RHS : StringProtocol}
^
Swift.SIMD.==:2:20: note: candidate would match if 'WindowSnapshot' conformed to 'SIMD'
public static func == (a: Self, b: Self) -> Bool}
^
CoreFoundation._CFObject.==:2:20: note: candidate would match if 'WindowSnapshot' conformed to '_CFObject'
public static func == (left: Self, right: Self) -> Bool}
^
/Users/admin/builder/spi-builder-workspace/.dependencies/checkouts/window-kit/Sources/WindowKit/Snapshots/WindowSnapshot.swift:4:15: note: add stubs for conformance
public struct WindowSnapshot: Equatable, Hashable, Sendable, Codable {
^
Swift.Equatable.==:2:13: note: protocol requires function '==' with type '(WindowSnapshot, WindowSnapshot) -> Bool'
static func == (lhs: Self, rhs: Self) -> Bool}
^
/Users/admin/builder/spi-builder-workspace/.dependencies/checkouts/window-kit/Sources/WindowKit/Snapshots/WindowSnapshotFilter.swift:16:45: error: cannot find type 'CGWindowID' in scope
public let includedWindowIdentifiers: Set<CGWindowID>
^~~~~~~~~~
/Users/admin/builder/spi-builder-workspace/.dependencies/checkouts/window-kit/Sources/WindowKit/Snapshots/WindowSnapshotFilter.swift:22:45: error: cannot find type 'CGWindowID' in scope
public let excludedWindowIdentifiers: Set<CGWindowID>
^~~~~~~~~~
/Users/admin/builder/spi-builder-workspace/.dependencies/checkouts/window-kit/Sources/WindowKit/Snapshots/WindowSnapshotFilter.swift:4:15: error: type 'WindowSnapshotFilter' does not conform to protocol 'Decodable'
public struct WindowSnapshotFilter: Equatable, Hashable, Sendable, Codable {
^
Swift.Decodable.init:2:1: note: protocol requires initializer 'init(from:)' with type 'Decodable'
init(from decoder: any Decoder) throws}
^
/Users/admin/builder/spi-builder-workspace/.dependencies/checkouts/window-kit/Sources/WindowKit/Snapshots/WindowSnapshotFilter.swift:16:14: note: cannot automatically synthesize 'Decodable' because 'Set<CGWindowID>' does not conform to 'Decodable'
public let includedWindowIdentifiers: Set<CGWindowID>
^
/Users/admin/builder/spi-builder-workspace/.dependencies/checkouts/window-kit/Sources/WindowKit/Snapshots/WindowSnapshotFilter.swift:22:14: note: cannot automatically synthesize 'Decodable' because 'Set<CGWindowID>' does not conform to 'Decodable'
public let excludedWindowIdentifiers: Set<CGWindowID>
^
/Users/admin/builder/spi-builder-workspace/.dependencies/checkouts/window-kit/Sources/WindowKit/Snapshots/WindowSnapshotFilter.swift:27:36: error: cannot find type 'CGWindowID' in scope
includedWindowIdentifiers: Set<CGWindowID> = [],
^~~~~~~~~~
/Users/admin/builder/spi-builder-workspace/.dependencies/checkouts/window-kit/Sources/WindowKit/Snapshots/WindowSnapshotFilter.swift:30:36: error: cannot find type 'CGWindowID' in scope
excludedWindowIdentifiers: Set<CGWindowID> = []
^~~~~~~~~~
/Users/admin/builder/spi-builder-workspace/.dependencies/checkouts/window-kit/Sources/WindowKit/Snapshots/WindowSnapshotFilter.swift:4:15: error: type 'WindowSnapshotFilter' does not conform to protocol 'Hashable'
public struct WindowSnapshotFilter: Equatable, Hashable, Sendable, Codable {
^
/Users/admin/builder/spi-builder-workspace/.dependencies/checkouts/window-kit/Sources/WindowKit/Snapshots/WindowSnapshotFilter.swift:16:14: note: stored property type '_' does not conform to protocol 'Hashable', preventing synthesized conformance of 'WindowSnapshotFilter' to 'Hashable'
public let includedWindowIdentifiers: Set<CGWindowID>
^
/Users/admin/builder/spi-builder-workspace/.dependencies/checkouts/window-kit/Sources/WindowKit/Snapshots/WindowSnapshotFilter.swift:22:14: note: stored property type '_' does not conform to protocol 'Hashable', preventing synthesized conformance of 'WindowSnapshotFilter' to 'Hashable'
public let excludedWindowIdentifiers: Set<CGWindowID>
^
/Users/admin/builder/spi-builder-workspace/.dependencies/checkouts/window-kit/Sources/WindowKit/Snapshots/WindowSnapshotFilter.swift:4:15: error: type 'WindowSnapshotFilter' does not conform to protocol 'Encodable'
public struct WindowSnapshotFilter: Equatable, Hashable, Sendable, Codable {
^
Swift.Encodable.encode:2:6: note: protocol requires function 'encode(to:)' with type 'Encodable'
func encode(to encoder: any Encoder) throws}
^
/Users/admin/builder/spi-builder-workspace/.dependencies/checkouts/window-kit/Sources/WindowKit/Snapshots/WindowSnapshotFilter.swift:16:14: note: cannot automatically synthesize 'Encodable' because 'Set<CGWindowID>' does not conform to 'Encodable'
public let includedWindowIdentifiers: Set<CGWindowID>
^
/Users/admin/builder/spi-builder-workspace/.dependencies/checkouts/window-kit/Sources/WindowKit/Snapshots/WindowSnapshotFilter.swift:22:14: note: cannot automatically synthesize 'Encodable' because 'Set<CGWindowID>' does not conform to 'Encodable'
public let excludedWindowIdentifiers: Set<CGWindowID>
^
/Users/admin/builder/spi-builder-workspace/.dependencies/checkouts/window-kit/Sources/WindowKit/Snapshots/WindowSnapshotFilter.swift:4:15: error: type 'WindowSnapshotFilter' does not conform to protocol 'Equatable'
public struct WindowSnapshotFilter: Equatable, Hashable, Sendable, Codable {
^
/Users/admin/builder/spi-builder-workspace/.dependencies/checkouts/window-kit/Sources/WindowKit/Snapshots/WindowSnapshotFilter.swift:16:14: note: stored property type '_' does not conform to protocol 'Equatable', preventing synthesized conformance of 'WindowSnapshotFilter' to 'Equatable'
public let includedWindowIdentifiers: Set<CGWindowID>
^
/Users/admin/builder/spi-builder-workspace/.dependencies/checkouts/window-kit/Sources/WindowKit/Snapshots/WindowSnapshotFilter.swift:22:14: note: stored property type '_' does not conform to protocol 'Equatable', preventing synthesized conformance of 'WindowSnapshotFilter' to 'Equatable'
public let excludedWindowIdentifiers: Set<CGWindowID>
^
Swift.==:1:24: note: candidate would match if 'WindowSnapshotFilter' conformed to 'RawRepresentable'
@inlinable public func == <T>(lhs: T, rhs: T) -> Bool where T : RawRepresentable, T.RawValue : Equatable
^
Swift.FloatingPoint.==:2:20: note: candidate would match if 'WindowSnapshotFilter' conformed to 'FloatingPoint'
public static func == (lhs: Self, rhs: Self) -> Bool}
^
Swift.BinaryInteger.==:2:20: note: candidate would match if 'WindowSnapshotFilter' conformed to 'BinaryInteger'
public static func == <Other>(lhs: Self, rhs: Other) -> Bool where Other : BinaryInteger}
^
Swift._Pointer.==:2:20: note: candidate would match if 'WindowSnapshotFilter' conformed to '_Pointer'
public static func == (lhs: Self, rhs: Self) -> Bool}
^
Swift._Pointer.==:2:31: note: candidate would match if 'WindowSnapshotFilter' conformed to '_Pointer'
@inlinable public static func == <Other>(lhs: Self, rhs: Other) -> Bool where Other : _Pointer}
^
Swift.Strideable.==:2:31: note: candidate would match if 'WindowSnapshotFilter' conformed to 'Strideable'
@inlinable public static func == (x: Self, y: Self) -> Bool}
^
Swift.StringProtocol.==:2:31: note: candidate would match if 'WindowSnapshotFilter' conformed to 'StringProtocol'
@inlinable public static func == <RHS>(lhs: Self, rhs: RHS) -> Bool where RHS : StringProtocol}
^
Swift.SIMD.==:2:20: note: candidate would match if 'WindowSnapshotFilter' conformed to 'SIMD'
public static func == (a: Self, b: Self) -> Bool}
^
CoreFoundation._CFObject.==:2:20: note: candidate would match if 'WindowSnapshotFilter' conformed to '_CFObject'
public static func == (left: Self, right: Self) -> Bool}
^
/Users/admin/builder/spi-builder-workspace/.dependencies/checkouts/window-kit/Sources/WindowKit/Snapshots/WindowSnapshotFilter.swift:4:15: note: add stubs for conformance
public struct WindowSnapshotFilter: Equatable, Hashable, Sendable, Codable {
^
Swift.Equatable.==:2:13: note: protocol requires function '==' with type '(WindowSnapshotFilter, WindowSnapshotFilter) -> Bool'
static func == (lhs: Self, rhs: Self) -> Bool}
^
/Users/admin/builder/spi-builder-workspace/.dependencies/checkouts/window-kit/Sources/WindowKit/Snapshots/WindowSnapshotResolving.swift:6:39: error: cannot find type 'CGWindowID' in scope
func snapshot(for windowIdentifier: CGWindowID) throws -> WindowSnapshot?
^~~~~~~~~~
SwiftCompile normal armv7k Compiling\ ActionPreflight+FrontmostApplication.swift,\ ActionPreflight+KeyCode.swift,\ ActionPreflight+Keyboard.swift,\ ActionPreflight+Media.swift,\ ActionPreflight+PermissionHints.swift /Users/admin/builder/spi-builder-workspace/Sources/ActionKit/Preflight/ActionPreflight+FrontmostApplication.swift /Users/admin/builder/spi-builder-workspace/Sources/ActionKit/Preflight/ActionPreflight+KeyCode.swift /Users/admin/builder/spi-builder-workspace/Sources/ActionKit/Preflight/ActionPreflight+Keyboard.swift /Users/admin/builder/spi-builder-workspace/Sources/ActionKit/Preflight/ActionPreflight+Media.swift /Users/admin/builder/spi-builder-workspace/Sources/ActionKit/Preflight/ActionPreflight+PermissionHints.swift (in target 'ActionKit' from project 'ActionKit')
SwiftCompile normal armv7k /Users/admin/builder/spi-builder-workspace/Sources/ActionKit/Preflight/ActionPreflight+FrontmostApplication.swift (in target 'ActionKit' from project 'ActionKit')
cd /Users/admin/builder/spi-builder-workspace/.swiftpm/xcode
SwiftCompile normal armv7k /Users/admin/builder/spi-builder-workspace/Sources/ActionKit/Preflight/ActionPreflight+KeyCode.swift (in target 'ActionKit' from project 'ActionKit')
cd /Users/admin/builder/spi-builder-workspace/.swiftpm/xcode
SwiftCompile normal armv7k /Users/admin/builder/spi-builder-workspace/Sources/ActionKit/Preflight/ActionPreflight+Keyboard.swift (in target 'ActionKit' from project 'ActionKit')
cd /Users/admin/builder/spi-builder-workspace/.swiftpm/xcode
SwiftCompile normal armv7k /Users/admin/builder/spi-builder-workspace/Sources/ActionKit/Preflight/ActionPreflight+Media.swift (in target 'ActionKit' from project 'ActionKit')
cd /Users/admin/builder/spi-builder-workspace/.swiftpm/xcode
SwiftCompile normal armv7k /Users/admin/builder/spi-builder-workspace/Sources/ActionKit/Preflight/ActionPreflight+PermissionHints.swift (in target 'ActionKit' from project 'ActionKit')
cd /Users/admin/builder/spi-builder-workspace/.swiftpm/xcode
SwiftEmitModule normal armv7k Emitting\ module\ for\ ActionKit (in target 'ActionKit' from project 'ActionKit')
EmitSwiftModule normal armv7k (in target 'ActionKit' from project 'ActionKit')
cd /Users/admin/builder/spi-builder-workspace/.swiftpm/xcode
SwiftEmitModule normal arm64_32 Emitting\ module\ for\ WindowKit (in target 'WindowKit' from project 'WindowKit')
SwiftEmitModule normal arm64 Emitting\ module\ for\ WindowKit (in target 'WindowKit' from project 'WindowKit')
2026-07-17 20:00:40.802 xcodebuild[795:4762] [MT] IDERunDestination: Supported platforms for the buildables in the current scheme is empty.
** BUILD FAILED **
The following build commands failed:
SwiftEmitModule normal armv7k Emitting\ module\ for\ WindowKit (in target 'WindowKit' from project 'WindowKit')
EmitSwiftModule normal armv7k (in target 'WindowKit' from project 'WindowKit')
Building workspace spi-builder-workspace with scheme ActionKit-Package
(3 failures)
Command line invocation:
/Applications/Xcode-26.4.0.app/Contents/Developer/usr/bin/xcodebuild -IDEClonedSourcePackagesDirPathOverride=/Users/admin/builder/spi-builder-workspace/.dependencies -resolvePackageDependencies
Resolve Package Graph
Resolved source packages:
WindowKit: https://github.com/naviapps/window-kit.git @ 2.0.0
ActionKit: /Users/admin/builder/spi-builder-workspace
resolved source packages: WindowKit, ActionKit
2026-07-17 20:00:47.647 xcodebuild[914:5363] [MT] IDERunDestination: Supported platforms for the buildables in the current scheme is empty.
{
"dependencies" : [
{
"identity" : "window-kit",
"requirement" : {
"range" : [
{
"lower_bound" : "2.0.0",
"upper_bound" : "3.0.0"
}
]
},
"type" : "sourceControl",
"url" : "https://github.com/naviapps/window-kit.git"
}
],
"manifest_display_name" : "ActionKit",
"name" : "ActionKit",
"path" : "/Users/admin/builder/spi-builder-workspace",
"platforms" : [
{
"name" : "macos",
"version" : "14.0"
}
],
"products" : [
{
"name" : "ActionKit",
"targets" : [
"ActionKit"
],
"type" : {
"library" : [
"automatic"
]
}
},
{
"name" : "ActionKitAppKit",
"targets" : [
"ActionKitAppKit"
],
"type" : {
"library" : [
"automatic"
]
}
}
],
"targets" : [
{
"c99name" : "ActionKitTests",
"module_type" : "SwiftTarget",
"name" : "ActionKitTests",
"path" : "Tests/ActionKitTests",
"sources" : [
"ActionKitPublicAPITests.swift",
"ActionKitSourceBoundaryTests.swift",
"Actions/ActionCategoryTests.swift",
"Actions/ActionInputDescriptorTests.swift",
"Actions/ActionInputShapeTests.swift",
"Actions/ActionInputTests.swift",
"Actions/ActionKindCapabilitiesTests.swift",
"Actions/ActionKindCategoryTests.swift",
"Actions/ActionKindCreationTests.swift",
"Actions/ActionKindTests.swift",
"Actions/ActionPropertiesTests.swift",
"Coding/ActionCodecTests.swift",
"Coding/ActionCodingCoverageTests.swift",
"Coding/ActionCodingTests.swift",
"Coding/ActionInputCodingTests.swift",
"Permissions/ActionPermissionHintTests.swift",
"Permissions/ActionPermissionSetTests.swift",
"Permissions/ActionPermissionTests.swift",
"Planning/ActionMethodTests.swift",
"Planning/ActionPlanTests.swift",
"Preflight/ActionPreflightEditingTests.swift",
"Preflight/ActionPreflightFrontmostApplicationTests.swift",
"Preflight/ActionPreflightKeyboardTests.swift",
"Preflight/ActionPreflightMediaTests.swift",
"Preflight/ActionPreflightPermissionHintTests.swift",
"Preflight/ActionPreflightSystemTests.swift",
"Preflight/ActionPreflightWindowingTests.swift",
"Preflight/ActionPreflightWorkspaceTests.swift",
"Results/ActionAttemptTests.swift",
"Results/ActionErrorTests.swift",
"Results/ActionOutcomeTests.swift",
"Results/ActionResultTests.swift",
"Support/ActionPreflightTestSupport.swift",
"Support/ActionTestFixtures.swift",
"Windowing/WindowMoveRequestTests.swift",
"Windowing/WindowPlacementRequestTests.swift"
],
"target_dependencies" : [
"ActionKit"
],
"type" : "test"
},
{
"c99name" : "ActionKitAppKitTests",
"module_type" : "SwiftTarget",
"name" : "ActionKitAppKitTests",
"path" : "Tests/ActionKitAppKitTests",
"product_dependencies" : [
"WindowKit",
"WindowKitAppKit"
],
"sources" : [
"ActionKitAppKitPublicAPITests.swift",
"Configuration/ActionExecutorConfigurationTests.swift",
"Execution/ActionExecutorAppleScriptTests.swift",
"Execution/ActionExecutorFallbackTests.swift",
"Execution/ActionExecutorFrontmostApplicationTests.swift",
"Execution/ActionExecutorKeyboardTests.swift",
"Execution/ActionExecutorLaunchApplicationTests.swift",
"Execution/ActionExecutorOpenFolderTests.swift",
"Execution/ActionExecutorOpenURLTests.swift",
"Execution/ActionExecutorRunShortcutTests.swift",
"Execution/ActionExecutorScreenCaptureTests.swift",
"Execution/ActionExecutorWindowingTests.swift",
"Internal/ApplicationBundleResolverTests.swift",
"Internal/KeyStrokeEventPosterTests.swift",
"Internal/KeyboardShortcutParserTests.swift",
"Internal/SystemEventsLaunchCoordinatorTests.swift",
"Support/ActionExecutorTestDependencies.swift",
"Support/FrontmostApplicationTestDoubles.swift",
"Support/InputAndAutomationTestDoubles.swift",
"Support/TemporaryFileSystem.swift",
"Support/TestRecorders.swift",
"Support/WindowingTestDoubles.swift",
"Support/WorkspaceTestDoubles.swift"
],
"target_dependencies" : [
"ActionKit",
"ActionKitAppKit"
],
"type" : "test"
},
{
"c99name" : "ActionKitAppKit",
"module_type" : "SwiftTarget",
"name" : "ActionKitAppKit",
"path" : "Sources/ActionKitAppKit",
"product_dependencies" : [
"WindowKit",
"WindowKitAppKit"
],
"product_memberships" : [
"ActionKitAppKit"
],
"sources" : [
"Configuration/ActionExecutorConfiguration.swift",
"Execution/ActionExecutor+AppleScript.swift",
"Execution/ActionExecutor+FrontmostApplication.swift",
"Execution/ActionExecutor+Keyboard.swift",
"Execution/ActionExecutor+Results.swift",
"Execution/ActionExecutor+ScreenCapture.swift",
"Execution/ActionExecutor+Windowing.swift",
"Execution/ActionExecutor+Workspace.swift",
"Execution/ActionExecutor.swift",
"Internal/ActionExecutorAppleScriptDependencies.swift",
"Internal/ActionExecutorDependencies.swift",
"Internal/ActionExecutorFrontmostApplicationDependencies.swift",
"Internal/ActionExecutorKeyboardDependencies.swift",
"Internal/ActionExecutorScreenCaptureDependencies.swift",
"Internal/ActionExecutorWindowingDependencies.swift",
"Internal/ActionExecutorWorkspaceDependencies.swift",
"Internal/ActionWindowMapper.swift",
"Internal/ApplicationBundleResolver.swift",
"Internal/KeyStrokeEventPoster.swift",
"Internal/KeyboardShortcutParser.swift",
"Internal/Live/LiveAppleScriptExecutor.swift",
"Internal/Live/LiveFocusedWindowController.swift",
"Internal/Live/LiveFrontmostApplicationController.swift",
"Internal/Live/LiveKeyEventPoster.swift",
"Internal/Live/LiveScreenCaptureAccessChecker.swift",
"Internal/Live/LiveScreenCaptureProcessRunner.swift",
"Internal/Live/LiveSystemEventsLauncher.swift",
"Internal/Live/LiveWorkspace.swift",
"Internal/SystemEventsLaunchCoordinator.swift"
],
"target_dependencies" : [
"ActionKit"
],
"type" : "library"
},
{
"c99name" : "ActionKit",
"module_type" : "SwiftTarget",
"name" : "ActionKit",
"path" : "Sources/ActionKit",
"product_memberships" : [
"ActionKit",
"ActionKitAppKit"
],
"sources" : [
"Actions/Action+Properties.swift",
"Actions/Action.swift",
"Actions/ActionCategory.swift",
"Actions/ActionInput.swift",
"Actions/ActionInputDescriptor.swift",
"Actions/ActionInputParameter.swift",
"Actions/ActionInputShape.swift",
"Actions/ActionKind+Creation.swift",
"Actions/ActionKind+Metadata.swift",
"Actions/ActionKind.swift",
"Actions/ActionKindCapabilities.swift",
"Actions/ActionRetryBehavior.swift",
"Coding/Action+Codable.swift",
"Coding/ActionCodec.swift",
"Coding/ActionCodecError.swift",
"Coding/ActionInput+Codable.swift",
"Coding/ActionKind+Codable.swift",
"Coding/KeyedDecodingContainer+StrictOptional.swift",
"Permissions/ActionPermission.swift",
"Permissions/ActionPermissionHint.swift",
"Permissions/ActionPermissionReason.swift",
"Permissions/ActionPermissionSet.swift",
"Planning/ActionMethod.swift",
"Planning/ActionPlan.swift",
"Preflight/ActionPreflight+Editing.swift",
"Preflight/ActionPreflight+FrontmostApplication.swift",
"Preflight/ActionPreflight+KeyCode.swift",
"Preflight/ActionPreflight+Keyboard.swift",
"Preflight/ActionPreflight+Media.swift",
"Preflight/ActionPreflight+PermissionHints.swift",
"Preflight/ActionPreflight+Planning.swift",
"Preflight/ActionPreflight+System.swift",
"Preflight/ActionPreflight+Windowing.swift",
"Preflight/ActionPreflight+Workspace.swift",
"Preflight/ActionPreflight.swift",
"Results/ActionAttempt.swift",
"Results/ActionError.swift",
"Results/ActionErrorCode.swift",
"Results/ActionOutcome.swift",
"Results/ActionResult.swift",
"Results/ActionSkipReason.swift",
"Windowing/ActionWindowPlacement.swift",
"Windowing/ActionWindowScreenArea.swift",
"Windowing/ActionWindowScreenCycleDirection.swift",
"Windowing/ActionWindowScreenTarget.swift",
"Windowing/WindowMoveRequest.swift",
"Windowing/WindowPlacementRequest+Codable.swift",
"Windowing/WindowPlacementRequest.swift"
],
"type" : "library"
}
],
"tools_version" : "6.0"
}
{
"workspace" : {
"name" : "spi-builder-workspace",
"schemes" : [
"ActionKit",
"ActionKit-Package",
"ActionKitAppKit"
]
}
}
2026-07-17 20:00:48.838 xcodebuild[927:5451] [MT] IDERunDestination: Supported platforms for the buildables in the current scheme is empty.
Running build ...
env DEVELOPER_DIR=/Applications/Xcode-26.4.0.app xcrun xcodebuild -IDEClonedSourcePackagesDirPathOverride=$PWD/.dependencies -skipMacroValidation -skipPackagePluginValidation -derivedDataPath $PWD/.derivedData build -scheme ActionKit-Package -destination generic/platform=watchOS
Command line invocation:
/Applications/Xcode-26.4.0.app/Contents/Developer/usr/bin/xcodebuild -IDEClonedSourcePackagesDirPathOverride=/Users/admin/builder/spi-builder-workspace/.dependencies -skipMacroValidation -skipPackagePluginValidation -derivedDataPath /Users/admin/builder/spi-builder-workspace/.derivedData build -scheme ActionKit-Package -destination generic/platform=watchOS
Resolve Package Graph
Resolved source packages:
WindowKit: https://github.com/naviapps/window-kit.git @ 2.0.0
ActionKit: /Users/admin/builder/spi-builder-workspace
ComputePackagePrebuildTargetDependencyGraph
Prepare packages
CreateBuildRequest
SendProjectDescription
CreateBuildOperation
ComputeTargetDependencyGraph
note: Building targets in dependency order
note: Target dependency graph (8 targets)
Target 'ActionKitAppKit' in project 'ActionKit'
➜ Explicit dependency on target 'ActionKitAppKit' in project 'ActionKit'
➜ Explicit dependency on target 'ActionKit' in project 'ActionKit'
➜ Explicit dependency on target 'WindowKit' in project 'WindowKit'
➜ Explicit dependency on target 'WindowKitAppKit' in project 'WindowKit'
Target 'ActionKitAppKit' in project 'ActionKit'
➜ Explicit dependency on target 'ActionKit' in project 'ActionKit'
➜ Explicit dependency on target 'WindowKit' in project 'WindowKit'
➜ Explicit dependency on target 'WindowKitAppKit' in project 'WindowKit'
Target 'WindowKitAppKit' in project 'WindowKit'
➜ Explicit dependency on target 'WindowKitAppKit' in project 'WindowKit'
➜ Explicit dependency on target 'WindowKit' in project 'WindowKit'
Target 'WindowKitAppKit' in project 'WindowKit'
➜ Explicit dependency on target 'WindowKit' in project 'WindowKit'
Target 'WindowKit' in project 'WindowKit'
➜ Explicit dependency on target 'WindowKit' in project 'WindowKit'
Target 'WindowKit' in project 'WindowKit' (no dependencies)
Target 'ActionKit' in project 'ActionKit'
➜ Explicit dependency on target 'ActionKit' in project 'ActionKit'
Target 'ActionKit' in project 'ActionKit' (no dependencies)
GatherProvisioningInputs
CreateBuildDescription
ClangStatCache /Applications/Xcode-26.4.0.app/Contents/Developer/Toolchains/XcodeDefault.xctoolchain/usr/bin/clang-stat-cache /Applications/Xcode-26.4.0.app/Contents/Developer/Platforms/WatchOS.platform/Developer/SDKs/WatchOS26.4.sdk /Users/admin/builder/spi-builder-workspace/.derivedData/SDKStatCaches.noindex/watchos26.4-23T238-688ef53f1462e2c8f657fdc38a81448f9e51884a582f42380855760c9d4cc599.sdkstatcache
cd /Users/admin/builder/spi-builder-workspace/.swiftpm/xcode
/Applications/Xcode-26.4.0.app/Contents/Developer/Toolchains/XcodeDefault.xctoolchain/usr/bin/clang-stat-cache /Applications/Xcode-26.4.0.app/Contents/Developer/Platforms/WatchOS.platform/Developer/SDKs/WatchOS26.4.sdk -o /Users/admin/builder/spi-builder-workspace/.derivedData/SDKStatCaches.noindex/watchos26.4-23T238-688ef53f1462e2c8f657fdc38a81448f9e51884a582f42380855760c9d4cc599.sdkstatcache
SwiftDriver WindowKit normal armv7k com.apple.xcode.tools.swift.compiler (in target 'WindowKit' from project 'WindowKit')
cd /Users/admin/builder/spi-builder-workspace/.swiftpm/xcode
builtin-SwiftDriver -- /Applications/Xcode-26.4.0.app/Contents/Developer/Toolchains/XcodeDefault.xctoolchain/usr/bin/swiftc -module-name WindowKit -Onone @/Users/admin/builder/spi-builder-workspace/.derivedData/Build/Intermediates.noindex/WindowKit.build/Debug-watchos/WindowKit.build/Objects-normal/armv7k/WindowKit.SwiftFileList -DSWIFT_PACKAGE -DDEBUG -DSWIFT_MODULE_RESOURCE_BUNDLE_UNAVAILABLE -DXcode -plugin-path /Applications/Xcode-26.4.0.app/Contents/Developer/Toolchains/XcodeDefault.xctoolchain/usr/lib/swift/host/plugins/testing -enable-experimental-feature DebugDescriptionMacro -sdk /Applications/Xcode-26.4.0.app/Contents/Developer/Platforms/WatchOS.platform/Developer/SDKs/WatchOS26.4.sdk -target armv7k-apple-watchos5.0 -g -module-cache-path /Users/admin/builder/spi-builder-workspace/.derivedData/ModuleCache.noindex -Xfrontend -serialize-debugging-options -profile-coverage-mapping -profile-generate -enable-testing -suppress-warnings -index-store-path /Users/admin/builder/spi-builder-workspace/.derivedData/Index.noindex/DataStore -Xcc -D_LIBCPP_HARDENING_MODE\=_LIBCPP_HARDENING_MODE_DEBUG -swift-version 6 -I /Users/admin/builder/spi-builder-workspace/.derivedData/Build/Products/Debug-watchos -Isystem /Applications/Xcode-26.4.0.app/Contents/Developer/Platforms/WatchOS.platform/Developer/usr/lib -F /Users/admin/builder/spi-builder-workspace/.derivedData/Build/Products/Debug-watchos -F /Applications/Xcode-26.4.0.app/Contents/Developer/Platforms/WatchOS.platform/Developer/Library/Frameworks -F /Applications/Xcode-26.4.0.app/Contents/Developer/Platforms/WatchOS.platform/Developer/SDKs/WatchOS26.4.sdk/Developer/Library/Frameworks -c -j10 -enable-batch-mode -incremental -Xcc -ivfsstatcache -Xcc /Users/admin/builder/spi-builder-workspace/.derivedData/SDKStatCaches.noindex/watchos26.4-23T238-688ef53f1462e2c8f657fdc38a81448f9e51884a582f42380855760c9d4cc599.sdkstatcache -output-file-map /Users/admin/builder/spi-builder-workspace/.derivedData/Build/Intermediates.noindex/WindowKit.build/Debug-watchos/WindowKit.build/Objects-normal/armv7k/WindowKit-OutputFileMap.json -use-frontend-parseable-output -save-temps -no-color-diagnostics -explicit-module-build -module-cache-path /Users/admin/builder/spi-builder-workspace/.derivedData/Build/Intermediates.noindex/SwiftExplicitPrecompiledModules -clang-scanner-module-cache-path /Users/admin/builder/spi-builder-workspace/.derivedData/ModuleCache.noindex -sdk-module-cache-path /Users/admin/builder/spi-builder-workspace/.derivedData/ModuleCache.noindex -serialize-diagnostics -emit-dependencies -emit-module -emit-module-path /Users/admin/builder/spi-builder-workspace/.derivedData/Build/Intermediates.noindex/WindowKit.build/Debug-watchos/WindowKit.build/Objects-normal/armv7k/WindowKit.swiftmodule -user-module-version 2.0.0 -validate-clang-modules-once -clang-build-session-file /Users/admin/builder/spi-builder-workspace/.derivedData/ModuleCache.noindex/Session.modulevalidation -package-name window_kit -Xcc -I/Users/admin/builder/spi-builder-workspace/.derivedData/Build/Intermediates.noindex/WindowKit.build/Debug-watchos/WindowKit.build/swift-overrides.hmap -emit-const-values -Xfrontend -const-gather-protocols-file -Xfrontend /Users/admin/builder/spi-builder-workspace/.derivedData/Build/Intermediates.noindex/WindowKit.build/Debug-watchos/WindowKit.build/Objects-normal/armv7k/WindowKit_const_extract_protocols.json -Xcc -I/Users/admin/builder/spi-builder-workspace/.derivedData/Build/Products/Debug-watchos/include -Xcc -I/Users/admin/builder/spi-builder-workspace/.derivedData/Build/Intermediates.noindex/WindowKit.build/Debug-watchos/WindowKit.build/DerivedSources-normal/armv7k -Xcc -I/Users/admin/builder/spi-builder-workspace/.derivedData/Build/Intermediates.noindex/WindowKit.build/Debug-watchos/WindowKit.build/DerivedSources/armv7k -Xcc -I/Users/admin/builder/spi-builder-workspace/.derivedData/Build/Intermediates.noindex/WindowKit.build/Debug-watchos/WindowKit.build/DerivedSources -Xcc -DSWIFT_PACKAGE -Xcc -DDEBUG\=1 -emit-objc-header -emit-objc-header-path /Users/admin/builder/spi-builder-workspace/.derivedData/Build/Intermediates.noindex/WindowKit.build/Debug-watchos/WindowKit.build/Objects-normal/armv7k/WindowKit-Swift.h -working-directory /Users/admin/builder/spi-builder-workspace/.swiftpm/xcode -experimental-emit-module-separately -disable-cmo
SwiftDriver WindowKit normal arm64 com.apple.xcode.tools.swift.compiler (in target 'WindowKit' from project 'WindowKit')
cd /Users/admin/builder/spi-builder-workspace/.swiftpm/xcode
builtin-SwiftDriver -- /Applications/Xcode-26.4.0.app/Contents/Developer/Toolchains/XcodeDefault.xctoolchain/usr/bin/swiftc -module-name WindowKit -Onone @/Users/admin/builder/spi-builder-workspace/.derivedData/Build/Intermediates.noindex/WindowKit.build/Debug-watchos/WindowKit.build/Objects-normal/arm64/WindowKit.SwiftFileList -DSWIFT_PACKAGE -DDEBUG -DSWIFT_MODULE_RESOURCE_BUNDLE_UNAVAILABLE -DXcode -plugin-path /Applications/Xcode-26.4.0.app/Contents/Developer/Toolchains/XcodeDefault.xctoolchain/usr/lib/swift/host/plugins/testing -enable-experimental-feature DebugDescriptionMacro -sdk /Applications/Xcode-26.4.0.app/Contents/Developer/Platforms/WatchOS.platform/Developer/SDKs/WatchOS26.4.sdk -target arm64-apple-watchos5.0 -g -module-cache-path /Users/admin/builder/spi-builder-workspace/.derivedData/ModuleCache.noindex -Xfrontend -serialize-debugging-options -profile-coverage-mapping -profile-generate -enable-testing -suppress-warnings -index-store-path /Users/admin/builder/spi-builder-workspace/.derivedData/Index.noindex/DataStore -Xcc -D_LIBCPP_HARDENING_MODE\=_LIBCPP_HARDENING_MODE_DEBUG -swift-version 6 -I /Users/admin/builder/spi-builder-workspace/.derivedData/Build/Products/Debug-watchos -Isystem /Applications/Xcode-26.4.0.app/Contents/Developer/Platforms/WatchOS.platform/Developer/usr/lib -F /Users/admin/builder/spi-builder-workspace/.derivedData/Build/Products/Debug-watchos -F /Applications/Xcode-26.4.0.app/Contents/Developer/Platforms/WatchOS.platform/Developer/Library/Frameworks -F /Applications/Xcode-26.4.0.app/Contents/Developer/Platforms/WatchOS.platform/Developer/SDKs/WatchOS26.4.sdk/Developer/Library/Frameworks -c -j10 -enable-batch-mode -incremental -Xcc -ivfsstatcache -Xcc /Users/admin/builder/spi-builder-workspace/.derivedData/SDKStatCaches.noindex/watchos26.4-23T238-688ef53f1462e2c8f657fdc38a81448f9e51884a582f42380855760c9d4cc599.sdkstatcache -output-file-map /Users/admin/builder/spi-builder-workspace/.derivedData/Build/Intermediates.noindex/WindowKit.build/Debug-watchos/WindowKit.build/Objects-normal/arm64/WindowKit-OutputFileMap.json -use-frontend-parseable-output -save-temps -no-color-diagnostics -explicit-module-build -module-cache-path /Users/admin/builder/spi-builder-workspace/.derivedData/Build/Intermediates.noindex/SwiftExplicitPrecompiledModules -clang-scanner-module-cache-path /Users/admin/builder/spi-builder-workspace/.derivedData/ModuleCache.noindex -sdk-module-cache-path /Users/admin/builder/spi-builder-workspace/.derivedData/ModuleCache.noindex -serialize-diagnostics -emit-dependencies -emit-module -emit-module-path /Users/admin/builder/spi-builder-workspace/.derivedData/Build/Intermediates.noindex/WindowKit.build/Debug-watchos/WindowKit.build/Objects-normal/arm64/WindowKit.swiftmodule -user-module-version 2.0.0 -validate-clang-modules-once -clang-build-session-file /Users/admin/builder/spi-builder-workspace/.derivedData/ModuleCache.noindex/Session.modulevalidation -package-name window_kit -Xcc -I/Users/admin/builder/spi-builder-workspace/.derivedData/Build/Intermediates.noindex/WindowKit.build/Debug-watchos/WindowKit.build/swift-overrides.hmap -emit-const-values -Xfrontend -const-gather-protocols-file -Xfrontend /Users/admin/builder/spi-builder-workspace/.derivedData/Build/Intermediates.noindex/WindowKit.build/Debug-watchos/WindowKit.build/Objects-normal/arm64/WindowKit_const_extract_protocols.json -Xcc -I/Users/admin/builder/spi-builder-workspace/.derivedData/Build/Products/Debug-watchos/include -Xcc -I/Users/admin/builder/spi-builder-workspace/.derivedData/Build/Intermediates.noindex/WindowKit.build/Debug-watchos/WindowKit.build/DerivedSources-normal/arm64 -Xcc -I/Users/admin/builder/spi-builder-workspace/.derivedData/Build/Intermediates.noindex/WindowKit.build/Debug-watchos/WindowKit.build/DerivedSources/arm64 -Xcc -I/Users/admin/builder/spi-builder-workspace/.derivedData/Build/Intermediates.noindex/WindowKit.build/Debug-watchos/WindowKit.build/DerivedSources -Xcc -DSWIFT_PACKAGE -Xcc -DDEBUG\=1 -emit-objc-header -emit-objc-header-path /Users/admin/builder/spi-builder-workspace/.derivedData/Build/Intermediates.noindex/WindowKit.build/Debug-watchos/WindowKit.build/Objects-normal/arm64/WindowKit-Swift.h -working-directory /Users/admin/builder/spi-builder-workspace/.swiftpm/xcode -experimental-emit-module-separately -disable-cmo
SwiftDriver ActionKit normal arm64 com.apple.xcode.tools.swift.compiler (in target 'ActionKit' from project 'ActionKit')
cd /Users/admin/builder/spi-builder-workspace/.swiftpm/xcode
builtin-SwiftDriver -- /Applications/Xcode-26.4.0.app/Contents/Developer/Toolchains/XcodeDefault.xctoolchain/usr/bin/swiftc -module-name ActionKit -Onone @/Users/admin/builder/spi-builder-workspace/.derivedData/Build/Intermediates.noindex/ActionKit.build/Debug-watchos/ActionKit.build/Objects-normal/arm64/ActionKit.SwiftFileList -DSWIFT_PACKAGE -DDEBUG -DSWIFT_MODULE_RESOURCE_BUNDLE_UNAVAILABLE -DXcode -plugin-path /Applications/Xcode-26.4.0.app/Contents/Developer/Toolchains/XcodeDefault.xctoolchain/usr/lib/swift/host/plugins/testing -enable-experimental-feature DebugDescriptionMacro -sdk /Applications/Xcode-26.4.0.app/Contents/Developer/Platforms/WatchOS.platform/Developer/SDKs/WatchOS26.4.sdk -target arm64-apple-watchos5.0 -g -module-cache-path /Users/admin/builder/spi-builder-workspace/.derivedData/ModuleCache.noindex -Xfrontend -serialize-debugging-options -profile-coverage-mapping -profile-generate -enable-testing -index-store-path /Users/admin/builder/spi-builder-workspace/.derivedData/Index.noindex/DataStore -Xcc -D_LIBCPP_HARDENING_MODE\=_LIBCPP_HARDENING_MODE_DEBUG -swift-version 6 -I /Users/admin/builder/spi-builder-workspace/.derivedData/Build/Products/Debug-watchos -Isystem /Applications/Xcode-26.4.0.app/Contents/Developer/Platforms/WatchOS.platform/Developer/usr/lib -F /Users/admin/builder/spi-builder-workspace/.derivedData/Build/Products/Debug-watchos -F /Applications/Xcode-26.4.0.app/Contents/Developer/Platforms/WatchOS.platform/Developer/Library/Frameworks -F /Applications/Xcode-26.4.0.app/Contents/Developer/Platforms/WatchOS.platform/Developer/SDKs/WatchOS26.4.sdk/Developer/Library/Frameworks -c -j10 -enable-batch-mode -incremental -Xcc -ivfsstatcache -Xcc /Users/admin/builder/spi-builder-workspace/.derivedData/SDKStatCaches.noindex/watchos26.4-23T238-688ef53f1462e2c8f657fdc38a81448f9e51884a582f42380855760c9d4cc599.sdkstatcache -output-file-map /Users/admin/builder/spi-builder-workspace/.derivedData/Build/Intermediates.noindex/ActionKit.build/Debug-watchos/ActionKit.build/Objects-normal/arm64/ActionKit-OutputFileMap.json -use-frontend-parseable-output -save-temps -no-color-diagnostics -explicit-module-build -module-cache-path /Users/admin/builder/spi-builder-workspace/.derivedData/Build/Intermediates.noindex/SwiftExplicitPrecompiledModules -clang-scanner-module-cache-path /Users/admin/builder/spi-builder-workspace/.derivedData/ModuleCache.noindex -sdk-module-cache-path /Users/admin/builder/spi-builder-workspace/.derivedData/ModuleCache.noindex -serialize-diagnostics -emit-dependencies -emit-module -emit-module-path /Users/admin/builder/spi-builder-workspace/.derivedData/Build/Intermediates.noindex/ActionKit.build/Debug-watchos/ActionKit.build/Objects-normal/arm64/ActionKit.swiftmodule -validate-clang-modules-once -clang-build-session-file /Users/admin/builder/spi-builder-workspace/.derivedData/ModuleCache.noindex/Session.modulevalidation -package-name spi_builder_workspace -Xcc -I/Users/admin/builder/spi-builder-workspace/.derivedData/Build/Intermediates.noindex/ActionKit.build/Debug-watchos/ActionKit.build/swift-overrides.hmap -emit-const-values -Xfrontend -const-gather-protocols-file -Xfrontend /Users/admin/builder/spi-builder-workspace/.derivedData/Build/Intermediates.noindex/ActionKit.build/Debug-watchos/ActionKit.build/Objects-normal/arm64/ActionKit_const_extract_protocols.json -Xcc -I/Users/admin/builder/spi-builder-workspace/.derivedData/Build/Products/Debug-watchos/include -Xcc -I/Users/admin/builder/spi-builder-workspace/.derivedData/Build/Intermediates.noindex/ActionKit.build/Debug-watchos/ActionKit.build/DerivedSources-normal/arm64 -Xcc -I/Users/admin/builder/spi-builder-workspace/.derivedData/Build/Intermediates.noindex/ActionKit.build/Debug-watchos/ActionKit.build/DerivedSources/arm64 -Xcc -I/Users/admin/builder/spi-builder-workspace/.derivedData/Build/Intermediates.noindex/ActionKit.build/Debug-watchos/ActionKit.build/DerivedSources -Xcc -DSWIFT_PACKAGE -Xcc -DDEBUG\=1 -emit-objc-header -emit-objc-header-path /Users/admin/builder/spi-builder-workspace/.derivedData/Build/Intermediates.noindex/ActionKit.build/Debug-watchos/ActionKit.build/Objects-normal/arm64/ActionKit-Swift.h -working-directory /Users/admin/builder/spi-builder-workspace/.swiftpm/xcode -experimental-emit-module-separately -disable-cmo
SwiftDriver WindowKit normal arm64_32 com.apple.xcode.tools.swift.compiler (in target 'WindowKit' from project 'WindowKit')
cd /Users/admin/builder/spi-builder-workspace/.swiftpm/xcode
builtin-SwiftDriver -- /Applications/Xcode-26.4.0.app/Contents/Developer/Toolchains/XcodeDefault.xctoolchain/usr/bin/swiftc -module-name WindowKit -Onone @/Users/admin/builder/spi-builder-workspace/.derivedData/Build/Intermediates.noindex/WindowKit.build/Debug-watchos/WindowKit.build/Objects-normal/arm64_32/WindowKit.SwiftFileList -DSWIFT_PACKAGE -DDEBUG -DSWIFT_MODULE_RESOURCE_BUNDLE_UNAVAILABLE -DXcode -plugin-path /Applications/Xcode-26.4.0.app/Contents/Developer/Toolchains/XcodeDefault.xctoolchain/usr/lib/swift/host/plugins/testing -enable-experimental-feature DebugDescriptionMacro -sdk /Applications/Xcode-26.4.0.app/Contents/Developer/Platforms/WatchOS.platform/Developer/SDKs/WatchOS26.4.sdk -target arm64_32-apple-watchos5.0 -g -module-cache-path /Users/admin/builder/spi-builder-workspace/.derivedData/ModuleCache.noindex -Xfrontend -serialize-debugging-options -profile-coverage-mapping -profile-generate -enable-testing -suppress-warnings -index-store-path /Users/admin/builder/spi-builder-workspace/.derivedData/Index.noindex/DataStore -Xcc -D_LIBCPP_HARDENING_MODE\=_LIBCPP_HARDENING_MODE_DEBUG -swift-version 6 -I /Users/admin/builder/spi-builder-workspace/.derivedData/Build/Products/Debug-watchos -Isystem /Applications/Xcode-26.4.0.app/Contents/Developer/Platforms/WatchOS.platform/Developer/usr/lib -F /Users/admin/builder/spi-builder-workspace/.derivedData/Build/Products/Debug-watchos -F /Applications/Xcode-26.4.0.app/Contents/Developer/Platforms/WatchOS.platform/Developer/Library/Frameworks -F /Applications/Xcode-26.4.0.app/Contents/Developer/Platforms/WatchOS.platform/Developer/SDKs/WatchOS26.4.sdk/Developer/Library/Frameworks -c -j10 -enable-batch-mode -incremental -Xcc -ivfsstatcache -Xcc /Users/admin/builder/spi-builder-workspace/.derivedData/SDKStatCaches.noindex/watchos26.4-23T238-688ef53f1462e2c8f657fdc38a81448f9e51884a582f42380855760c9d4cc599.sdkstatcache -output-file-map /Users/admin/builder/spi-builder-workspace/.derivedData/Build/Intermediates.noindex/WindowKit.build/Debug-watchos/WindowKit.build/Objects-normal/arm64_32/WindowKit-OutputFileMap.json -use-frontend-parseable-output -save-temps -no-color-diagnostics -explicit-module-build -module-cache-path /Users/admin/builder/spi-builder-workspace/.derivedData/Build/Intermediates.noindex/SwiftExplicitPrecompiledModules -clang-scanner-module-cache-path /Users/admin/builder/spi-builder-workspace/.derivedData/ModuleCache.noindex -sdk-module-cache-path /Users/admin/builder/spi-builder-workspace/.derivedData/ModuleCache.noindex -serialize-diagnostics -emit-dependencies -emit-module -emit-module-path /Users/admin/builder/spi-builder-workspace/.derivedData/Build/Intermediates.noindex/WindowKit.build/Debug-watchos/WindowKit.build/Objects-normal/arm64_32/WindowKit.swiftmodule -user-module-version 2.0.0 -validate-clang-modules-once -clang-build-session-file /Users/admin/builder/spi-builder-workspace/.derivedData/ModuleCache.noindex/Session.modulevalidation -package-name window_kit -Xcc -I/Users/admin/builder/spi-builder-workspace/.derivedData/Build/Intermediates.noindex/WindowKit.build/Debug-watchos/WindowKit.build/swift-overrides.hmap -emit-const-values -Xfrontend -const-gather-protocols-file -Xfrontend /Users/admin/builder/spi-builder-workspace/.derivedData/Build/Intermediates.noindex/WindowKit.build/Debug-watchos/WindowKit.build/Objects-normal/arm64_32/WindowKit_const_extract_protocols.json -Xcc -I/Users/admin/builder/spi-builder-workspace/.derivedData/Build/Products/Debug-watchos/include -Xcc -I/Users/admin/builder/spi-builder-workspace/.derivedData/Build/Intermediates.noindex/WindowKit.build/Debug-watchos/WindowKit.build/DerivedSources-normal/arm64_32 -Xcc -I/Users/admin/builder/spi-builder-workspace/.derivedData/Build/Intermediates.noindex/WindowKit.build/Debug-watchos/WindowKit.build/DerivedSources/arm64_32 -Xcc -I/Users/admin/builder/spi-builder-workspace/.derivedData/Build/Intermediates.noindex/WindowKit.build/Debug-watchos/WindowKit.build/DerivedSources -Xcc -DSWIFT_PACKAGE -Xcc -DDEBUG\=1 -emit-objc-header -emit-objc-header-path /Users/admin/builder/spi-builder-workspace/.derivedData/Build/Intermediates.noindex/WindowKit.build/Debug-watchos/WindowKit.build/Objects-normal/arm64_32/WindowKit-Swift.h -working-directory /Users/admin/builder/spi-builder-workspace/.swiftpm/xcode -experimental-emit-module-separately -disable-cmo
SwiftDriver ActionKit normal arm64_32 com.apple.xcode.tools.swift.compiler (in target 'ActionKit' from project 'ActionKit')
cd /Users/admin/builder/spi-builder-workspace/.swiftpm/xcode
builtin-SwiftDriver -- /Applications/Xcode-26.4.0.app/Contents/Developer/Toolchains/XcodeDefault.xctoolchain/usr/bin/swiftc -module-name ActionKit -Onone @/Users/admin/builder/spi-builder-workspace/.derivedData/Build/Intermediates.noindex/ActionKit.build/Debug-watchos/ActionKit.build/Objects-normal/arm64_32/ActionKit.SwiftFileList -DSWIFT_PACKAGE -DDEBUG -DSWIFT_MODULE_RESOURCE_BUNDLE_UNAVAILABLE -DXcode -plugin-path /Applications/Xcode-26.4.0.app/Contents/Developer/Toolchains/XcodeDefault.xctoolchain/usr/lib/swift/host/plugins/testing -enable-experimental-feature DebugDescriptionMacro -sdk /Applications/Xcode-26.4.0.app/Contents/Developer/Platforms/WatchOS.platform/Developer/SDKs/WatchOS26.4.sdk -target arm64_32-apple-watchos5.0 -g -module-cache-path /Users/admin/builder/spi-builder-workspace/.derivedData/ModuleCache.noindex -Xfrontend -serialize-debugging-options -profile-coverage-mapping -profile-generate -enable-testing -index-store-path /Users/admin/builder/spi-builder-workspace/.derivedData/Index.noindex/DataStore -Xcc -D_LIBCPP_HARDENING_MODE\=_LIBCPP_HARDENING_MODE_DEBUG -swift-version 6 -I /Users/admin/builder/spi-builder-workspace/.derivedData/Build/Products/Debug-watchos -Isystem /Applications/Xcode-26.4.0.app/Contents/Developer/Platforms/WatchOS.platform/Developer/usr/lib -F /Users/admin/builder/spi-builder-workspace/.derivedData/Build/Products/Debug-watchos -F /Applications/Xcode-26.4.0.app/Contents/Developer/Platforms/WatchOS.platform/Developer/Library/Frameworks -F /Applications/Xcode-26.4.0.app/Contents/Developer/Platforms/WatchOS.platform/Developer/SDKs/WatchOS26.4.sdk/Developer/Library/Frameworks -c -j10 -enable-batch-mode -incremental -Xcc -ivfsstatcache -Xcc /Users/admin/builder/spi-builder-workspace/.derivedData/SDKStatCaches.noindex/watchos26.4-23T238-688ef53f1462e2c8f657fdc38a81448f9e51884a582f42380855760c9d4cc599.sdkstatcache -output-file-map /Users/admin/builder/spi-builder-workspace/.derivedData/Build/Intermediates.noindex/ActionKit.build/Debug-watchos/ActionKit.build/Objects-normal/arm64_32/ActionKit-OutputFileMap.json -use-frontend-parseable-output -save-temps -no-color-diagnostics -explicit-module-build -module-cache-path /Users/admin/builder/spi-builder-workspace/.derivedData/Build/Intermediates.noindex/SwiftExplicitPrecompiledModules -clang-scanner-module-cache-path /Users/admin/builder/spi-builder-workspace/.derivedData/ModuleCache.noindex -sdk-module-cache-path /Users/admin/builder/spi-builder-workspace/.derivedData/ModuleCache.noindex -serialize-diagnostics -emit-dependencies -emit-module -emit-module-path /Users/admin/builder/spi-builder-workspace/.derivedData/Build/Intermediates.noindex/ActionKit.build/Debug-watchos/ActionKit.build/Objects-normal/arm64_32/ActionKit.swiftmodule -validate-clang-modules-once -clang-build-session-file /Users/admin/builder/spi-builder-workspace/.derivedData/ModuleCache.noindex/Session.modulevalidation -package-name spi_builder_workspace -Xcc -I/Users/admin/builder/spi-builder-workspace/.derivedData/Build/Intermediates.noindex/ActionKit.build/Debug-watchos/ActionKit.build/swift-overrides.hmap -emit-const-values -Xfrontend -const-gather-protocols-file -Xfrontend /Users/admin/builder/spi-builder-workspace/.derivedData/Build/Intermediates.noindex/ActionKit.build/Debug-watchos/ActionKit.build/Objects-normal/arm64_32/ActionKit_const_extract_protocols.json -Xcc -I/Users/admin/builder/spi-builder-workspace/.derivedData/Build/Products/Debug-watchos/include -Xcc -I/Users/admin/builder/spi-builder-workspace/.derivedData/Build/Intermediates.noindex/ActionKit.build/Debug-watchos/ActionKit.build/DerivedSources-normal/arm64_32 -Xcc -I/Users/admin/builder/spi-builder-workspace/.derivedData/Build/Intermediates.noindex/ActionKit.build/Debug-watchos/ActionKit.build/DerivedSources/arm64_32 -Xcc -I/Users/admin/builder/spi-builder-workspace/.derivedData/Build/Intermediates.noindex/ActionKit.build/Debug-watchos/ActionKit.build/DerivedSources -Xcc -DSWIFT_PACKAGE -Xcc -DDEBUG\=1 -emit-objc-header -emit-objc-header-path /Users/admin/builder/spi-builder-workspace/.derivedData/Build/Intermediates.noindex/ActionKit.build/Debug-watchos/ActionKit.build/Objects-normal/arm64_32/ActionKit-Swift.h -working-directory /Users/admin/builder/spi-builder-workspace/.swiftpm/xcode -experimental-emit-module-separately -disable-cmo
SwiftDriver ActionKit normal armv7k com.apple.xcode.tools.swift.compiler (in target 'ActionKit' from project 'ActionKit')
cd /Users/admin/builder/spi-builder-workspace/.swiftpm/xcode
builtin-SwiftDriver -- /Applications/Xcode-26.4.0.app/Contents/Developer/Toolchains/XcodeDefault.xctoolchain/usr/bin/swiftc -module-name ActionKit -Onone @/Users/admin/builder/spi-builder-workspace/.derivedData/Build/Intermediates.noindex/ActionKit.build/Debug-watchos/ActionKit.build/Objects-normal/armv7k/ActionKit.SwiftFileList -DSWIFT_PACKAGE -DDEBUG -DSWIFT_MODULE_RESOURCE_BUNDLE_UNAVAILABLE -DXcode -plugin-path /Applications/Xcode-26.4.0.app/Contents/Developer/Toolchains/XcodeDefault.xctoolchain/usr/lib/swift/host/plugins/testing -enable-experimental-feature DebugDescriptionMacro -sdk /Applications/Xcode-26.4.0.app/Contents/Developer/Platforms/WatchOS.platform/Developer/SDKs/WatchOS26.4.sdk -target armv7k-apple-watchos5.0 -g -module-cache-path /Users/admin/builder/spi-builder-workspace/.derivedData/ModuleCache.noindex -Xfrontend -serialize-debugging-options -profile-coverage-mapping -profile-generate -enable-testing -index-store-path /Users/admin/builder/spi-builder-workspace/.derivedData/Index.noindex/DataStore -Xcc -D_LIBCPP_HARDENING_MODE\=_LIBCPP_HARDENING_MODE_DEBUG -swift-version 6 -I /Users/admin/builder/spi-builder-workspace/.derivedData/Build/Products/Debug-watchos -Isystem /Applications/Xcode-26.4.0.app/Contents/Developer/Platforms/WatchOS.platform/Developer/usr/lib -F /Users/admin/builder/spi-builder-workspace/.derivedData/Build/Products/Debug-watchos -F /Applications/Xcode-26.4.0.app/Contents/Developer/Platforms/WatchOS.platform/Developer/Library/Frameworks -F /Applications/Xcode-26.4.0.app/Contents/Developer/Platforms/WatchOS.platform/Developer/SDKs/WatchOS26.4.sdk/Developer/Library/Frameworks -c -j10 -enable-batch-mode -incremental -Xcc -ivfsstatcache -Xcc /Users/admin/builder/spi-builder-workspace/.derivedData/SDKStatCaches.noindex/watchos26.4-23T238-688ef53f1462e2c8f657fdc38a81448f9e51884a582f42380855760c9d4cc599.sdkstatcache -output-file-map /Users/admin/builder/spi-builder-workspace/.derivedData/Build/Intermediates.noindex/ActionKit.build/Debug-watchos/ActionKit.build/Objects-normal/armv7k/ActionKit-OutputFileMap.json -use-frontend-parseable-output -save-temps -no-color-diagnostics -explicit-module-build -module-cache-path /Users/admin/builder/spi-builder-workspace/.derivedData/Build/Intermediates.noindex/SwiftExplicitPrecompiledModules -clang-scanner-module-cache-path /Users/admin/builder/spi-builder-workspace/.derivedData/ModuleCache.noindex -sdk-module-cache-path /Users/admin/builder/spi-builder-workspace/.derivedData/ModuleCache.noindex -serialize-diagnostics -emit-dependencies -emit-module -emit-module-path /Users/admin/builder/spi-builder-workspace/.derivedData/Build/Intermediates.noindex/ActionKit.build/Debug-watchos/ActionKit.build/Objects-normal/armv7k/ActionKit.swiftmodule -validate-clang-modules-once -clang-build-session-file /Users/admin/builder/spi-builder-workspace/.derivedData/ModuleCache.noindex/Session.modulevalidation -package-name spi_builder_workspace -Xcc -I/Users/admin/builder/spi-builder-workspace/.derivedData/Build/Intermediates.noindex/ActionKit.build/Debug-watchos/ActionKit.build/swift-overrides.hmap -emit-const-values -Xfrontend -const-gather-protocols-file -Xfrontend /Users/admin/builder/spi-builder-workspace/.derivedData/Build/Intermediates.noindex/ActionKit.build/Debug-watchos/ActionKit.build/Objects-normal/armv7k/ActionKit_const_extract_protocols.json -Xcc -I/Users/admin/builder/spi-builder-workspace/.derivedData/Build/Products/Debug-watchos/include -Xcc -I/Users/admin/builder/spi-builder-workspace/.derivedData/Build/Intermediates.noindex/ActionKit.build/Debug-watchos/ActionKit.build/DerivedSources-normal/armv7k -Xcc -I/Users/admin/builder/spi-builder-workspace/.derivedData/Build/Intermediates.noindex/ActionKit.build/Debug-watchos/ActionKit.build/DerivedSources/armv7k -Xcc -I/Users/admin/builder/spi-builder-workspace/.derivedData/Build/Intermediates.noindex/ActionKit.build/Debug-watchos/ActionKit.build/DerivedSources -Xcc -DSWIFT_PACKAGE -Xcc -DDEBUG\=1 -emit-objc-header -emit-objc-header-path /Users/admin/builder/spi-builder-workspace/.derivedData/Build/Intermediates.noindex/ActionKit.build/Debug-watchos/ActionKit.build/Objects-normal/armv7k/ActionKit-Swift.h -working-directory /Users/admin/builder/spi-builder-workspace/.swiftpm/xcode -experimental-emit-module-separately -disable-cmo
SwiftEmitModule normal arm64_32 Emitting\ module\ for\ WindowKit (in target 'WindowKit' from project 'WindowKit')
EmitSwiftModule normal arm64_32 (in target 'WindowKit' from project 'WindowKit')
cd /Users/admin/builder/spi-builder-workspace/.swiftpm/xcode
/Users/admin/builder/spi-builder-workspace/.dependencies/checkouts/window-kit/Sources/WindowKit/Control/WindowTarget.swift:8:25: error: cannot find type 'CGWindowID' in scope
case windowIdentifier(CGWindowID)
^~~~~~~~~~
/Users/admin/builder/spi-builder-workspace/.dependencies/checkouts/window-kit/Sources/WindowKit/Control/WindowTarget.swift:4:13: error: type 'WindowTarget' does not conform to protocol 'Hashable'
public enum WindowTarget: Equatable, Hashable, Sendable, Codable {
^
/Users/admin/builder/spi-builder-workspace/.dependencies/checkouts/window-kit/Sources/WindowKit/Control/WindowTarget.swift:8:25: note: associated value type '_' does not conform to protocol 'Hashable', preventing synthesized conformance of 'WindowTarget' to 'Hashable'
case windowIdentifier(CGWindowID)
^
/Users/admin/builder/spi-builder-workspace/.dependencies/checkouts/window-kit/Sources/WindowKit/Control/WindowTarget.swift:4:13: error: type 'WindowTarget' does not conform to protocol 'Decodable'
public enum WindowTarget: Equatable, Hashable, Sendable, Codable {
^
Swift.Decodable.init:2:1: note: protocol requires initializer 'init(from:)' with type 'Decodable'
init(from decoder: any Decoder) throws}
^
/Users/admin/builder/spi-builder-workspace/.dependencies/checkouts/window-kit/Sources/WindowKit/Control/WindowTarget.swift:8:25: note: cannot automatically synthesize 'Decodable' because 'CGWindowID' does not conform to 'Decodable'
case windowIdentifier(CGWindowID)
^
/Users/admin/builder/spi-builder-workspace/.dependencies/checkouts/window-kit/Sources/WindowKit/Control/WindowTarget.swift:4:13: error: type 'WindowTarget' does not conform to protocol 'Encodable'
public enum WindowTarget: Equatable, Hashable, Sendable, Codable {
^
Swift.Encodable.encode:2:6: note: protocol requires function 'encode(to:)' with type 'Encodable'
func encode(to encoder: any Encoder) throws}
^
/Users/admin/builder/spi-builder-workspace/.dependencies/checkouts/window-kit/Sources/WindowKit/Control/WindowTarget.swift:8:25: note: cannot automatically synthesize 'Encodable' because 'CGWindowID' does not conform to 'Encodable'
case windowIdentifier(CGWindowID)
^
/Users/admin/builder/spi-builder-workspace/.dependencies/checkouts/window-kit/Sources/WindowKit/Control/WindowTarget.swift:4:13: error: type 'WindowTarget' does not conform to protocol 'Equatable'
public enum WindowTarget: Equatable, Hashable, Sendable, Codable {
^
/Users/admin/builder/spi-builder-workspace/.dependencies/checkouts/window-kit/Sources/WindowKit/Control/WindowTarget.swift:8:25: note: associated value type '_' does not conform to protocol 'Equatable', preventing synthesized conformance of 'WindowTarget' to 'Equatable'
case windowIdentifier(CGWindowID)
^
Swift.==:1:24: note: candidate would match if 'WindowTarget' conformed to 'RawRepresentable'
@inlinable public func == <T>(lhs: T, rhs: T) -> Bool where T : RawRepresentable, T.RawValue : Equatable
^
Swift.FloatingPoint.==:2:20: note: candidate would match if 'WindowTarget' conformed to 'FloatingPoint'
public static func == (lhs: Self, rhs: Self) -> Bool}
^
Swift.BinaryInteger.==:2:20: note: candidate would match if 'WindowTarget' conformed to 'BinaryInteger'
public static func == <Other>(lhs: Self, rhs: Other) -> Bool where Other : BinaryInteger}
^
Swift._Pointer.==:2:20: note: candidate would match if 'WindowTarget' conformed to '_Pointer'
public static func == (lhs: Self, rhs: Self) -> Bool}
^
Swift._Pointer.==:2:31: note: candidate would match if 'WindowTarget' conformed to '_Pointer'
@inlinable public static func == <Other>(lhs: Self, rhs: Other) -> Bool where Other : _Pointer}
^
Swift.Strideable.==:2:31: note: candidate would match if 'WindowTarget' conformed to 'Strideable'
@inlinable public static func == (x: Self, y: Self) -> Bool}
^
Swift.StringProtocol.==:2:31: note: candidate would match if 'WindowTarget' conformed to 'StringProtocol'
@inlinable public static func == <RHS>(lhs: Self, rhs: RHS) -> Bool where RHS : StringProtocol}
^
Swift.SIMD.==:2:20: note: candidate would match if 'WindowTarget' conformed to 'SIMD'
public static func == (a: Self, b: Self) -> Bool}
^
CoreFoundation._CFObject.==:2:20: note: candidate would match if 'WindowTarget' conformed to '_CFObject'
public static func == (left: Self, right: Self) -> Bool}
^
/Users/admin/builder/spi-builder-workspace/.dependencies/checkouts/window-kit/Sources/WindowKit/Control/WindowTarget.swift:4:13: note: add stubs for conformance
public enum WindowTarget: Equatable, Hashable, Sendable, Codable {
^
Swift.Equatable.==:2:13: note: protocol requires function '==' with type '(WindowTarget, WindowTarget) -> Bool'
static func == (lhs: Self, rhs: Self) -> Bool}
^
/Users/admin/builder/spi-builder-workspace/.dependencies/checkouts/window-kit/Sources/WindowKit/Snapshots/WindowSnapshot.swift:8:32: error: cannot find type 'CGWindowID' in scope
public let windowIdentifier: CGWindowID
^~~~~~~~~~
/Users/admin/builder/spi-builder-workspace/.dependencies/checkouts/window-kit/Sources/WindowKit/Screens/WindowScreen.swift:6:33: error: cannot find type 'CGDirectDisplayID' in scope
public let displayIdentifier: CGDirectDisplayID?
^~~~~~~~~~~~~~~~~
/Users/admin/builder/spi-builder-workspace/.dependencies/checkouts/window-kit/Sources/WindowKit/Screens/WindowScreen.swift:4:15: error: type 'WindowScreen' does not conform to protocol 'Decodable'
public struct WindowScreen: Equatable, Hashable, Sendable, Codable {
^
Swift.Decodable.init:2:1: note: protocol requires initializer 'init(from:)' with type 'Decodable'
init(from decoder: any Decoder) throws}
^
/Users/admin/builder/spi-builder-workspace/.dependencies/checkouts/window-kit/Sources/WindowKit/Screens/WindowScreen.swift:6:14: note: cannot automatically synthesize 'Decodable' because 'CGDirectDisplayID?' does not conform to 'Decodable'
public let displayIdentifier: CGDirectDisplayID?
^
/Users/admin/builder/spi-builder-workspace/.dependencies/checkouts/window-kit/Sources/WindowKit/Screens/WindowScreen.swift:16:24: error: cannot find type 'CGDirectDisplayID' in scope
displayIdentifier: CGDirectDisplayID? = nil,
^~~~~~~~~~~~~~~~~
/Users/admin/builder/spi-builder-workspace/.dependencies/checkouts/window-kit/Sources/WindowKit/Screens/WindowScreen.swift:4:15: error: type 'WindowScreen' does not conform to protocol 'Hashable'
public struct WindowScreen: Equatable, Hashable, Sendable, Codable {
^
/Users/admin/builder/spi-builder-workspace/.dependencies/checkouts/window-kit/Sources/WindowKit/Screens/WindowScreen.swift:6:14: note: stored property type '_' does not conform to protocol 'Hashable', preventing synthesized conformance of 'WindowScreen' to 'Hashable'
public let displayIdentifier: CGDirectDisplayID?
^
/Users/admin/builder/spi-builder-workspace/.dependencies/checkouts/window-kit/Sources/WindowKit/Screens/WindowScreen.swift:4:15: error: type 'WindowScreen' does not conform to protocol 'Encodable'
public struct WindowScreen: Equatable, Hashable, Sendable, Codable {
^
Swift.Encodable.encode:2:6: note: protocol requires function 'encode(to:)' with type 'Encodable'
func encode(to encoder: any Encoder) throws}
^
/Users/admin/builder/spi-builder-workspace/.dependencies/checkouts/window-kit/Sources/WindowKit/Screens/WindowScreen.swift:6:14: note: cannot automatically synthesize 'Encodable' because 'CGDirectDisplayID?' does not conform to 'Encodable'
public let displayIdentifier: CGDirectDisplayID?
^
/Users/admin/builder/spi-builder-workspace/.dependencies/checkouts/window-kit/Sources/WindowKit/Screens/WindowScreen.swift:4:15: error: type 'WindowScreen' does not conform to protocol 'Equatable'
public struct WindowScreen: Equatable, Hashable, Sendable, Codable {
^
/Users/admin/builder/spi-builder-workspace/.dependencies/checkouts/window-kit/Sources/WindowKit/Screens/WindowScreen.swift:6:14: note: stored property type '_' does not conform to protocol 'Equatable', preventing synthesized conformance of 'WindowScreen' to 'Equatable'
public let displayIdentifier: CGDirectDisplayID?
^
Swift.==:1:24: note: candidate would match if 'WindowScreen' conformed to 'RawRepresentable'
@inlinable public func == <T>(lhs: T, rhs: T) -> Bool where T : RawRepresentable, T.RawValue : Equatable
^
Swift.FloatingPoint.==:2:20: note: candidate would match if 'WindowScreen' conformed to 'FloatingPoint'
public static func == (lhs: Self, rhs: Self) -> Bool}
^
Swift.BinaryInteger.==:2:20: note: candidate would match if 'WindowScreen' conformed to 'BinaryInteger'
public static func == <Other>(lhs: Self, rhs: Other) -> Bool where Other : BinaryInteger}
^
Swift._Pointer.==:2:20: note: candidate would match if 'WindowScreen' conformed to '_Pointer'
public static func == (lhs: Self, rhs: Self) -> Bool}
^
Swift._Pointer.==:2:31: note: candidate would match if 'WindowScreen' conformed to '_Pointer'
@inlinable public static func == <Other>(lhs: Self, rhs: Other) -> Bool where Other : _Pointer}
^
Swift.Strideable.==:2:31: note: candidate would match if 'WindowScreen' conformed to 'Strideable'
@inlinable public static func == (x: Self, y: Self) -> Bool}
^
Swift.StringProtocol.==:2:31: note: candidate would match if 'WindowScreen' conformed to 'StringProtocol'
@inlinable public static func == <RHS>(lhs: Self, rhs: RHS) -> Bool where RHS : StringProtocol}
^
Swift.SIMD.==:2:20: note: candidate would match if 'WindowScreen' conformed to 'SIMD'
public static func == (a: Self, b: Self) -> Bool}
^
CoreFoundation._CFObject.==:2:20: note: candidate would match if 'WindowScreen' conformed to '_CFObject'
public static func == (left: Self, right: Self) -> Bool}
^
/Users/admin/builder/spi-builder-workspace/.dependencies/checkouts/window-kit/Sources/WindowKit/Screens/WindowScreen.swift:4:15: note: add stubs for conformance
public struct WindowScreen: Equatable, Hashable, Sendable, Codable {
^
Swift.Equatable.==:2:13: note: protocol requires function '==' with type '(WindowScreen, WindowScreen) -> Bool'
static func == (lhs: Self, rhs: Self) -> Bool}
^
/Users/admin/builder/spi-builder-workspace/.dependencies/checkouts/window-kit/Sources/WindowKit/Screens/WindowScreenTarget.swift:12:26: error: cannot find type 'CGDirectDisplayID' in scope
case displayIdentifier(CGDirectDisplayID)
^~~~~~~~~~~~~~~~~
/Users/admin/builder/spi-builder-workspace/.dependencies/checkouts/window-kit/Sources/WindowKit/Screens/WindowScreenTarget.swift:4:13: error: type 'WindowScreenTarget' does not conform to protocol 'Hashable'
public enum WindowScreenTarget: Equatable, Hashable, Sendable, Codable {
^
/Users/admin/builder/spi-builder-workspace/.dependencies/checkouts/window-kit/Sources/WindowKit/Screens/WindowScreenTarget.swift:12:26: note: associated value type '_' does not conform to protocol 'Hashable', preventing synthesized conformance of 'WindowScreenTarget' to 'Hashable'
case displayIdentifier(CGDirectDisplayID)
^
/Users/admin/builder/spi-builder-workspace/.dependencies/checkouts/window-kit/Sources/WindowKit/Screens/WindowScreenTarget.swift:4:13: error: type 'WindowScreenTarget' does not conform to protocol 'Decodable'
public enum WindowScreenTarget: Equatable, Hashable, Sendable, Codable {
^
Swift.Decodable.init:2:1: note: protocol requires initializer 'init(from:)' with type 'Decodable'
init(from decoder: any Decoder) throws}
^
/Users/admin/builder/spi-builder-workspace/.dependencies/checkouts/window-kit/Sources/WindowKit/Screens/WindowScreenTarget.swift:12:26: note: cannot automatically synthesize 'Decodable' because 'CGDirectDisplayID' does not conform to 'Decodable'
case displayIdentifier(CGDirectDisplayID)
^
/Users/admin/builder/spi-builder-workspace/.dependencies/checkouts/window-kit/Sources/WindowKit/Screens/WindowScreenTarget.swift:4:13: error: type 'WindowScreenTarget' does not conform to protocol 'Encodable'
public enum WindowScreenTarget: Equatable, Hashable, Sendable, Codable {
^
Swift.Encodable.encode:2:6: note: protocol requires function 'encode(to:)' with type 'Encodable'
func encode(to encoder: any Encoder) throws}
^
/Users/admin/builder/spi-builder-workspace/.dependencies/checkouts/window-kit/Sources/WindowKit/Screens/WindowScreenTarget.swift:12:26: note: cannot automatically synthesize 'Encodable' because 'CGDirectDisplayID' does not conform to 'Encodable'
case displayIdentifier(CGDirectDisplayID)
^
/Users/admin/builder/spi-builder-workspace/.dependencies/checkouts/window-kit/Sources/WindowKit/Screens/WindowScreenTarget.swift:4:13: error: type 'WindowScreenTarget' does not conform to protocol 'Equatable'
public enum WindowScreenTarget: Equatable, Hashable, Sendable, Codable {
^
/Users/admin/builder/spi-builder-workspace/.dependencies/checkouts/window-kit/Sources/WindowKit/Screens/WindowScreenTarget.swift:12:26: note: associated value type '_' does not conform to protocol 'Equatable', preventing synthesized conformance of 'WindowScreenTarget' to 'Equatable'
case displayIdentifier(CGDirectDisplayID)
^
Swift.==:1:24: note: candidate would match if 'WindowScreenTarget' conformed to 'RawRepresentable'
@inlinable public func == <T>(lhs: T, rhs: T) -> Bool where T : RawRepresentable, T.RawValue : Equatable
^
Swift.FloatingPoint.==:2:20: note: candidate would match if 'WindowScreenTarget' conformed to 'FloatingPoint'
public static func == (lhs: Self, rhs: Self) -> Bool}
^
Swift.BinaryInteger.==:2:20: note: candidate would match if 'WindowScreenTarget' conformed to 'BinaryInteger'
public static func == <Other>(lhs: Self, rhs: Other) -> Bool where Other : BinaryInteger}
^
Swift._Pointer.==:2:20: note: candidate would match if 'WindowScreenTarget' conformed to '_Pointer'
public static func == (lhs: Self, rhs: Self) -> Bool}
^
Swift._Pointer.==:2:31: note: candidate would match if 'WindowScreenTarget' conformed to '_Pointer'
@inlinable public static func == <Other>(lhs: Self, rhs: Other) -> Bool where Other : _Pointer}
^
Swift.Strideable.==:2:31: note: candidate would match if 'WindowScreenTarget' conformed to 'Strideable'
@inlinable public static func == (x: Self, y: Self) -> Bool}
^
Swift.StringProtocol.==:2:31: note: candidate would match if 'WindowScreenTarget' conformed to 'StringProtocol'
@inlinable public static func == <RHS>(lhs: Self, rhs: RHS) -> Bool where RHS : StringProtocol}
^
Swift.SIMD.==:2:20: note: candidate would match if 'WindowScreenTarget' conformed to 'SIMD'
public static func == (a: Self, b: Self) -> Bool}
^
CoreFoundation._CFObject.==:2:20: note: candidate would match if 'WindowScreenTarget' conformed to '_CFObject'
public static func == (left: Self, right: Self) -> Bool}
^
/Users/admin/builder/spi-builder-workspace/.dependencies/checkouts/window-kit/Sources/WindowKit/Screens/WindowScreenTarget.swift:4:13: note: add stubs for conformance
public enum WindowScreenTarget: Equatable, Hashable, Sendable, Codable {
^
Swift.Equatable.==:2:13: note: protocol requires function '==' with type '(WindowScreenTarget, WindowScreenTarget) -> Bool'
static func == (lhs: Self, rhs: Self) -> Bool}
^
/Users/admin/builder/spi-builder-workspace/.dependencies/checkouts/window-kit/Sources/WindowKit/Snapshots/WindowSnapshot.swift:4:15: error: type 'WindowSnapshot' does not conform to protocol 'Decodable'
public struct WindowSnapshot: Equatable, Hashable, Sendable, Codable {
^
Swift.Decodable.init:2:1: note: protocol requires initializer 'init(from:)' with type 'Decodable'
init(from decoder: any Decoder) throws}
^
/Users/admin/builder/spi-builder-workspace/.dependencies/checkouts/window-kit/Sources/WindowKit/Snapshots/WindowSnapshot.swift:8:14: note: cannot automatically synthesize 'Decodable' because 'CGWindowID' does not conform to 'Decodable'
public let windowIdentifier: CGWindowID
^
/Users/admin/builder/spi-builder-workspace/.dependencies/checkouts/window-kit/Sources/WindowKit/Snapshots/WindowSnapshot.swift:22:23: error: cannot find type 'CGWindowID' in scope
windowIdentifier: CGWindowID,
^~~~~~~~~~
/Users/admin/builder/spi-builder-workspace/.dependencies/checkouts/window-kit/Sources/WindowKit/Snapshots/WindowSnapshot.swift:4:15: error: type 'WindowSnapshot' does not conform to protocol 'Hashable'
public struct WindowSnapshot: Equatable, Hashable, Sendable, Codable {
^
/Users/admin/builder/spi-builder-workspace/.dependencies/checkouts/window-kit/Sources/WindowKit/Snapshots/WindowSnapshot.swift:8:14: note: stored property type '_' does not conform to protocol 'Hashable', preventing synthesized conformance of 'WindowSnapshot' to 'Hashable'
public let windowIdentifier: CGWindowID
^
/Users/admin/builder/spi-builder-workspace/.dependencies/checkouts/window-kit/Sources/WindowKit/Snapshots/WindowSnapshot.swift:4:15: error: type 'WindowSnapshot' does not conform to protocol 'Encodable'
public struct WindowSnapshot: Equatable, Hashable, Sendable, Codable {
^
Swift.Encodable.encode:2:6: note: protocol requires function 'encode(to:)' with type 'Encodable'
func encode(to encoder: any Encoder) throws}
^
/Users/admin/builder/spi-builder-workspace/.dependencies/checkouts/window-kit/Sources/WindowKit/Snapshots/WindowSnapshot.swift:8:14: note: cannot automatically synthesize 'Encodable' because 'CGWindowID' does not conform to 'Encodable'
public let windowIdentifier: CGWindowID
^
/Users/admin/builder/spi-builder-workspace/.dependencies/checkouts/window-kit/Sources/WindowKit/Snapshots/WindowSnapshot.swift:4:15: error: type 'WindowSnapshot' does not conform to protocol 'Equatable'
public struct WindowSnapshot: Equatable, Hashable, Sendable, Codable {
^
/Users/admin/builder/spi-builder-workspace/.dependencies/checkouts/window-kit/Sources/WindowKit/Snapshots/WindowSnapshot.swift:8:14: note: stored property type '_' does not conform to protocol 'Equatable', preventing synthesized conformance of 'WindowSnapshot' to 'Equatable'
public let windowIdentifier: CGWindowID
^
Swift.==:1:24: note: candidate would match if 'WindowSnapshot' conformed to 'RawRepresentable'
@inlinable public func == <T>(lhs: T, rhs: T) -> Bool where T : RawRepresentable, T.RawValue : Equatable
^
Swift.FloatingPoint.==:2:20: note: candidate would match if 'WindowSnapshot' conformed to 'FloatingPoint'
public static func == (lhs: Self, rhs: Self) -> Bool}
^
Swift.BinaryInteger.==:2:20: note: candidate would match if 'WindowSnapshot' conformed to 'BinaryInteger'
public static func == <Other>(lhs: Self, rhs: Other) -> Bool where Other : BinaryInteger}
^
Swift._Pointer.==:2:20: note: candidate would match if 'WindowSnapshot' conformed to '_Pointer'
public static func == (lhs: Self, rhs: Self) -> Bool}
^
Swift._Pointer.==:2:31: note: candidate would match if 'WindowSnapshot' conformed to '_Pointer'
@inlinable public static func == <Other>(lhs: Self, rhs: Other) -> Bool where Other : _Pointer}
^
Swift.Strideable.==:2:31: note: candidate would match if 'WindowSnapshot' conformed to 'Strideable'
@inlinable public static func == (x: Self, y: Self) -> Bool}
^
Swift.StringProtocol.==:2:31: note: candidate would match if 'WindowSnapshot' conformed to 'StringProtocol'
@inlinable public static func == <RHS>(lhs: Self, rhs: RHS) -> Bool where RHS : StringProtocol}
^
Swift.SIMD.==:2:20: note: candidate would match if 'WindowSnapshot' conformed to 'SIMD'
public static func == (a: Self, b: Self) -> Bool}
^
CoreFoundation._CFObject.==:2:20: note: candidate would match if 'WindowSnapshot' conformed to '_CFObject'
public static func == (left: Self, right: Self) -> Bool}
^
/Users/admin/builder/spi-builder-workspace/.dependencies/checkouts/window-kit/Sources/WindowKit/Snapshots/WindowSnapshot.swift:4:15: note: add stubs for conformance
public struct WindowSnapshot: Equatable, Hashable, Sendable, Codable {
^
Swift.Equatable.==:2:13: note: protocol requires function '==' with type '(WindowSnapshot, WindowSnapshot) -> Bool'
static func == (lhs: Self, rhs: Self) -> Bool}
^
/Users/admin/builder/spi-builder-workspace/.dependencies/checkouts/window-kit/Sources/WindowKit/Snapshots/WindowSnapshotFilter.swift:16:45: error: cannot find type 'CGWindowID' in scope
public let includedWindowIdentifiers: Set<CGWindowID>
^~~~~~~~~~
/Users/admin/builder/spi-builder-workspace/.dependencies/checkouts/window-kit/Sources/WindowKit/Snapshots/WindowSnapshotFilter.swift:22:45: error: cannot find type 'CGWindowID' in scope
public let excludedWindowIdentifiers: Set<CGWindowID>
^~~~~~~~~~
/Users/admin/builder/spi-builder-workspace/.dependencies/checkouts/window-kit/Sources/WindowKit/Snapshots/WindowSnapshotFilter.swift:4:15: error: type 'WindowSnapshotFilter' does not conform to protocol 'Decodable'
public struct WindowSnapshotFilter: Equatable, Hashable, Sendable, Codable {
^
Swift.Decodable.init:2:1: note: protocol requires initializer 'init(from:)' with type 'Decodable'
init(from decoder: any Decoder) throws}
^
/Users/admin/builder/spi-builder-workspace/.dependencies/checkouts/window-kit/Sources/WindowKit/Snapshots/WindowSnapshotFilter.swift:16:14: note: cannot automatically synthesize 'Decodable' because 'Set<CGWindowID>' does not conform to 'Decodable'
public let includedWindowIdentifiers: Set<CGWindowID>
^
/Users/admin/builder/spi-builder-workspace/.dependencies/checkouts/window-kit/Sources/WindowKit/Snapshots/WindowSnapshotFilter.swift:22:14: note: cannot automatically synthesize 'Decodable' because 'Set<CGWindowID>' does not conform to 'Decodable'
public let excludedWindowIdentifiers: Set<CGWindowID>
^
/Users/admin/builder/spi-builder-workspace/.dependencies/checkouts/window-kit/Sources/WindowKit/Snapshots/WindowSnapshotFilter.swift:27:36: error: cannot find type 'CGWindowID' in scope
includedWindowIdentifiers: Set<CGWindowID> = [],
^~~~~~~~~~
/Users/admin/builder/spi-builder-workspace/.dependencies/checkouts/window-kit/Sources/WindowKit/Snapshots/WindowSnapshotFilter.swift:30:36: error: cannot find type 'CGWindowID' in scope
excludedWindowIdentifiers: Set<CGWindowID> = []
^~~~~~~~~~
/Users/admin/builder/spi-builder-workspace/.dependencies/checkouts/window-kit/Sources/WindowKit/Snapshots/WindowSnapshotFilter.swift:4:15: error: type 'WindowSnapshotFilter' does not conform to protocol 'Hashable'
public struct WindowSnapshotFilter: Equatable, Hashable, Sendable, Codable {
^
/Users/admin/builder/spi-builder-workspace/.dependencies/checkouts/window-kit/Sources/WindowKit/Snapshots/WindowSnapshotFilter.swift:16:14: note: stored property type '_' does not conform to protocol 'Hashable', preventing synthesized conformance of 'WindowSnapshotFilter' to 'Hashable'
public let includedWindowIdentifiers: Set<CGWindowID>
^
/Users/admin/builder/spi-builder-workspace/.dependencies/checkouts/window-kit/Sources/WindowKit/Snapshots/WindowSnapshotFilter.swift:22:14: note: stored property type '_' does not conform to protocol 'Hashable', preventing synthesized conformance of 'WindowSnapshotFilter' to 'Hashable'
public let excludedWindowIdentifiers: Set<CGWindowID>
^
/Users/admin/builder/spi-builder-workspace/.dependencies/checkouts/window-kit/Sources/WindowKit/Snapshots/WindowSnapshotFilter.swift:4:15: error: type 'WindowSnapshotFilter' does not conform to protocol 'Encodable'
public struct WindowSnapshotFilter: Equatable, Hashable, Sendable, Codable {
^
Swift.Encodable.encode:2:6: note: protocol requires function 'encode(to:)' with type 'Encodable'
func encode(to encoder: any Encoder) throws}
^
/Users/admin/builder/spi-builder-workspace/.dependencies/checkouts/window-kit/Sources/WindowKit/Snapshots/WindowSnapshotFilter.swift:16:14: note: cannot automatically synthesize 'Encodable' because 'Set<CGWindowID>' does not conform to 'Encodable'
public let includedWindowIdentifiers: Set<CGWindowID>
^
/Users/admin/builder/spi-builder-workspace/.dependencies/checkouts/window-kit/Sources/WindowKit/Snapshots/WindowSnapshotFilter.swift:22:14: note: cannot automatically synthesize 'Encodable' because 'Set<CGWindowID>' does not conform to 'Encodable'
public let excludedWindowIdentifiers: Set<CGWindowID>
^
/Users/admin/builder/spi-builder-workspace/.dependencies/checkouts/window-kit/Sources/WindowKit/Snapshots/WindowSnapshotFilter.swift:4:15: error: type 'WindowSnapshotFilter' does not conform to protocol 'Equatable'
public struct WindowSnapshotFilter: Equatable, Hashable, Sendable, Codable {
^
/Users/admin/builder/spi-builder-workspace/.dependencies/checkouts/window-kit/Sources/WindowKit/Snapshots/WindowSnapshotFilter.swift:16:14: note: stored property type '_' does not conform to protocol 'Equatable', preventing synthesized conformance of 'WindowSnapshotFilter' to 'Equatable'
public let includedWindowIdentifiers: Set<CGWindowID>
^
/Users/admin/builder/spi-builder-workspace/.dependencies/checkouts/window-kit/Sources/WindowKit/Snapshots/WindowSnapshotFilter.swift:22:14: note: stored property type '_' does not conform to protocol 'Equatable', preventing synthesized conformance of 'WindowSnapshotFilter' to 'Equatable'
public let excludedWindowIdentifiers: Set<CGWindowID>
^
Swift.==:1:24: note: candidate would match if 'WindowSnapshotFilter' conformed to 'RawRepresentable'
@inlinable public func == <T>(lhs: T, rhs: T) -> Bool where T : RawRepresentable, T.RawValue : Equatable
^
Swift.FloatingPoint.==:2:20: note: candidate would match if 'WindowSnapshotFilter' conformed to 'FloatingPoint'
public static func == (lhs: Self, rhs: Self) -> Bool}
^
Swift.BinaryInteger.==:2:20: note: candidate would match if 'WindowSnapshotFilter' conformed to 'BinaryInteger'
public static func == <Other>(lhs: Self, rhs: Other) -> Bool where Other : BinaryInteger}
^
Swift._Pointer.==:2:20: note: candidate would match if 'WindowSnapshotFilter' conformed to '_Pointer'
public static func == (lhs: Self, rhs: Self) -> Bool}
^
Swift._Pointer.==:2:31: note: candidate would match if 'WindowSnapshotFilter' conformed to '_Pointer'
@inlinable public static func == <Other>(lhs: Self, rhs: Other) -> Bool where Other : _Pointer}
^
Swift.Strideable.==:2:31: note: candidate would match if 'WindowSnapshotFilter' conformed to 'Strideable'
@inlinable public static func == (x: Self, y: Self) -> Bool}
^
Swift.StringProtocol.==:2:31: note: candidate would match if 'WindowSnapshotFilter' conformed to 'StringProtocol'
@inlinable public static func == <RHS>(lhs: Self, rhs: RHS) -> Bool where RHS : StringProtocol}
^
Swift.SIMD.==:2:20: note: candidate would match if 'WindowSnapshotFilter' conformed to 'SIMD'
public static func == (a: Self, b: Self) -> Bool}
^
CoreFoundation._CFObject.==:2:20: note: candidate would match if 'WindowSnapshotFilter' conformed to '_CFObject'
public static func == (left: Self, right: Self) -> Bool}
^
/Users/admin/builder/spi-builder-workspace/.dependencies/checkouts/window-kit/Sources/WindowKit/Snapshots/WindowSnapshotFilter.swift:4:15: note: add stubs for conformance
public struct WindowSnapshotFilter: Equatable, Hashable, Sendable, Codable {
^
Swift.Equatable.==:2:13: note: protocol requires function '==' with type '(WindowSnapshotFilter, WindowSnapshotFilter) -> Bool'
static func == (lhs: Self, rhs: Self) -> Bool}
^
/Users/admin/builder/spi-builder-workspace/.dependencies/checkouts/window-kit/Sources/WindowKit/Snapshots/WindowSnapshotResolving.swift:6:39: error: cannot find type 'CGWindowID' in scope
func snapshot(for windowIdentifier: CGWindowID) throws -> WindowSnapshot?
^~~~~~~~~~
Failed frontend command:
/Applications/Xcode-26.4.0.app/Contents/Developer/Toolchains/XcodeDefault.xctoolchain/usr/bin/swift-frontend -frontend -emit-module -experimental-skip-non-inlinable-function-bodies-without-types /Users/admin/builder/spi-builder-workspace/.dependencies/checkouts/window-kit/Sources/WindowKit/Control/WindowCommandControlling.swift /Users/admin/builder/spi-builder-workspace/.dependencies/checkouts/window-kit/Sources/WindowKit/Control/WindowControlling.swift /Users/admin/builder/spi-builder-workspace/.dependencies/checkouts/window-kit/Sources/WindowKit/Control/WindowFrameControlling.swift /Users/admin/builder/spi-builder-workspace/.dependencies/checkouts/window-kit/Sources/WindowKit/Control/WindowFrameProviding.swift /Users/admin/builder/spi-builder-workspace/.dependencies/checkouts/window-kit/Sources/WindowKit/Control/WindowState.swift /Users/admin/builder/spi-builder-workspace/.dependencies/checkouts/window-kit/Sources/WindowKit/Control/WindowStateProviding.swift /Users/admin/builder/spi-builder-workspace/.dependencies/checkouts/window-kit/Sources/WindowKit/Control/WindowTarget.swift /Users/admin/builder/spi-builder-workspace/.dependencies/checkouts/window-kit/Sources/WindowKit/Geometry/CGRect+FiniteStandardized.swift /Users/admin/builder/spi-builder-workspace/.dependencies/checkouts/window-kit/Sources/WindowKit/HitTesting/WindowHitTestMissReason.swift /Users/admin/builder/spi-builder-workspace/.dependencies/checkouts/window-kit/Sources/WindowKit/HitTesting/WindowHitTestResult.swift /Users/admin/builder/spi-builder-workspace/.dependencies/checkouts/window-kit/Sources/WindowKit/HitTesting/WindowHitTesting.swift /Users/admin/builder/spi-builder-workspace/.dependencies/checkouts/window-kit/Sources/WindowKit/Placement/WindowPlacement.swift /Users/admin/builder/spi-builder-workspace/.dependencies/checkouts/window-kit/Sources/WindowKit/Placement/WindowPlacementCalculator.swift /Users/admin/builder/spi-builder-workspace/.dependencies/checkouts/window-kit/Sources/WindowKit/Screens/WindowScreen.swift /Users/admin/builder/spi-builder-workspace/.dependencies/checkouts/window-kit/Sources/WindowKit/Screens/WindowScreenArea.swift /Users/admin/builder/spi-builder-workspace/.dependencies/checkouts/window-kit/Sources/WindowKit/Screens/WindowScreenCycleDirection.swift /Users/admin/builder/spi-builder-workspace/.dependencies/checkouts/window-kit/Sources/WindowKit/Screens/WindowScreenFallback.swift /Users/admin/builder/spi-builder-workspace/.dependencies/checkouts/window-kit/Sources/WindowKit/Screens/WindowScreenMovement.swift /Users/admin/builder/spi-builder-workspace/.dependencies/checkouts/window-kit/Sources/WindowKit/Screens/WindowScreenProviding.swift /Users/admin/builder/spi-builder-workspace/.dependencies/checkouts/window-kit/Sources/WindowKit/Screens/WindowScreenSelector.swift /Users/admin/builder/spi-builder-workspace/.dependencies/checkouts/window-kit/Sources/WindowKit/Screens/WindowScreenTarget.swift /Users/admin/builder/spi-builder-workspace/.dependencies/checkouts/window-kit/Sources/WindowKit/Snapshots/WindowSnapshot.swift /Users/admin/builder/spi-builder-workspace/.dependencies/checkouts/window-kit/Sources/WindowKit/Snapshots/WindowSnapshotFilter.swift /Users/admin/builder/spi-builder-workspace/.dependencies/checkouts/window-kit/Sources/WindowKit/Snapshots/WindowSnapshotProviding.swift /Users/admin/builder/spi-builder-workspace/.dependencies/checkouts/window-kit/Sources/WindowKit/Snapshots/WindowSnapshotResolving.swift -target arm64_32-apple-watchos5.0 -load-resolved-plugin /Applications/Xcode-26.4.0.app/Contents/Developer/Platforms/WatchOS.platform/Developer/usr/lib/swift/host/plugins/libFoundationMacros.dylib\#/Applications/Xcode-26.4.0.app/Contents/Developer/Platforms/WatchOS.platform/Developer/usr/bin/swift-plugin-server\#FoundationMacros -load-resolved-plugin /Applications/Xcode-26.4.0.app/Contents/Developer/Platforms/WatchOS.platform/Developer/usr/lib/swift/host/plugins/libObservationMacros.dylib\#/Applications/Xcode-26.4.0.app/Contents/Developer/Platforms/WatchOS.platform/Developer/usr/bin/swift-plugin-server\#ObservationMacros -load-resolved-plugin /Applications/Xcode-26.4.0.app/Contents/Developer/Platforms/WatchOS.platform/Developer/usr/lib/swift/host/plugins/libSwiftMacros.dylib\#/Applications/Xcode-26.4.0.app/Contents/Developer/Platforms/WatchOS.platform/Developer/usr/bin/swift-plugin-server\#SwiftMacros -disable-implicit-swift-modules -Xcc -fno-implicit-modules -Xcc -fno-implicit-module-maps -explicit-swift-module-map-file /Users/admin/builder/spi-builder-workspace/.derivedData/Build/Intermediates.noindex/WindowKit.build/Debug-watchos/WindowKit.build/Objects-normal/arm64_32/WindowKit-dependencies-1.json -enable-objc-interop -sdk /Applications/Xcode-26.4.0.app/Contents/Developer/Platforms/WatchOS.platform/Developer/SDKs/WatchOS26.4.sdk -I /Users/admin/builder/spi-builder-workspace/.derivedData/Build/Products/Debug-watchos -Isystem /Applications/Xcode-26.4.0.app/Contents/Developer/Platforms/WatchOS.platform/Developer/usr/lib -F /Users/admin/builder/spi-builder-workspace/.derivedData/Build/Products/Debug-watchos -F /Applications/Xcode-26.4.0.app/Contents/Developer/Platforms/WatchOS.platform/Developer/Library/Frameworks -F /Applications/Xcode-26.4.0.app/Contents/Developer/Platforms/WatchOS.platform/Developer/SDKs/WatchOS26.4.sdk/Developer/Library/Frameworks -no-color-diagnostics -Xcc -fno-color-diagnostics -enable-testing -g -debug-info-format\=dwarf -dwarf-version\=4 -module-cache-path /Users/admin/builder/spi-builder-workspace/.derivedData/Build/Intermediates.noindex/SwiftExplicitPrecompiledModules -suppress-warnings -profile-generate -profile-coverage-mapping -swift-version 6 -Onone -D SWIFT_PACKAGE -D DEBUG -D SWIFT_MODULE_RESOURCE_BUNDLE_UNAVAILABLE -D Xcode -serialize-debugging-options -const-gather-protocols-file /Users/admin/builder/spi-builder-workspace/.derivedData/Build/Intermediates.noindex/WindowKit.build/Debug-watchos/WindowKit.build/Objects-normal/arm64_32/WindowKit_const_extract_protocols.json -enable-experimental-feature DebugDescriptionMacro -empty-abi-descriptor -user-module-version 2.0.0 -validate-clang-modules-once -clang-build-session-file /Users/admin/builder/spi-builder-workspace/.derivedData/ModuleCache.noindex/Session.modulevalidation -Xcc -working-directory -Xcc /Users/admin/builder/spi-builder-workspace/.swiftpm/xcode -enable-anonymous-context-mangled-names -file-compilation-dir /Users/admin/builder/spi-builder-workspace/.swiftpm/xcode -Xcc -D_LIBCPP_HARDENING_MODE\=_LIBCPP_HARDENING_MODE_DEBUG -Xcc -ivfsstatcache -Xcc /Users/admin/builder/spi-builder-workspace/.derivedData/SDKStatCaches.noindex/watchos26.4-23T238-688ef53f1462e2c8f657fdc38a81448f9e51884a582f42380855760c9d4cc599.sdkstatcache -Xcc -I/Users/admin/builder/spi-builder-workspace/.derivedData/Build/Intermediates.noindex/WindowKit.build/Debug-watchos/WindowKit.build/swift-overrides.hmap -Xcc -I/Users/admin/builder/spi-builder-workspace/.derivedData/Build/Products/Debug-watchos/include -Xcc -I/Users/admin/builder/spi-builder-workspace/.derivedData/Build/Intermediates.noindex/WindowKit.build/Debug-watchos/WindowKit.build/DerivedSources-normal/arm64_32 -Xcc -I/Users/admin/builder/spi-builder-workspace/.derivedData/Build/Intermediates.noindex/WindowKit.build/Debug-watchos/WindowKit.build/DerivedSources/arm64_32 -Xcc -I/Users/admin/builder/spi-builder-workspace/.derivedData/Build/Intermediates.noindex/WindowKit.build/Debug-watchos/WindowKit.build/DerivedSources -Xcc -DSWIFT_PACKAGE -Xcc -DDEBUG\=1 -no-auto-bridging-header-chaining -module-name WindowKit -package-name window_kit -frontend-parseable-output -disable-clang-spi -clang-target arm64_32-apple-watchos26.4 -target-sdk-version 26.4 -target-sdk-name watchos26.4 -in-process-plugin-server-path /Applications/Xcode-26.4.0.app/Contents/Developer/Toolchains/XcodeDefault.xctoolchain/usr/lib/swift/host/libSwiftInProcPluginServer.dylib -emit-module-doc-path /Users/admin/builder/spi-builder-workspace/.derivedData/Build/Intermediates.noindex/WindowKit.build/Debug-watchos/WindowKit.build/Objects-normal/arm64_32/WindowKit.swiftdoc -emit-module-source-info-path /Users/admin/builder/spi-builder-workspace/.derivedData/Build/Intermediates.noindex/WindowKit.build/Debug-watchos/WindowKit.build/Objects-normal/arm64_32/WindowKit.swiftsourceinfo -emit-objc-header-path /Users/admin/builder/spi-builder-workspace/.derivedData/Build/Intermediates.noindex/WindowKit.build/Debug-watchos/WindowKit.build/Objects-normal/arm64_32/WindowKit-Swift.h -serialize-diagnostics-path /Users/admin/builder/spi-builder-workspace/.derivedData/Build/Intermediates.noindex/WindowKit.build/Debug-watchos/WindowKit.build/Objects-normal/arm64_32/WindowKit-primary-emit-module.dia -emit-dependencies-path /Users/admin/builder/spi-builder-workspace/.derivedData/Build/Intermediates.noindex/WindowKit.build/Debug-watchos/WindowKit.build/Objects-normal/arm64_32/WindowKit-primary-emit-module.d -o /Users/admin/builder/spi-builder-workspace/.derivedData/Build/Intermediates.noindex/WindowKit.build/Debug-watchos/WindowKit.build/Objects-normal/arm64_32/WindowKit.swiftmodule -emit-abi-descriptor-path /Users/admin/builder/spi-builder-workspace/.derivedData/Build/Intermediates.noindex/WindowKit.build/Debug-watchos/WindowKit.build/Objects-normal/arm64_32/WindowKit.abi.json
SwiftCompile normal arm64_32 Compiling\ WindowFrameProviding.swift,\ WindowState.swift,\ WindowStateProviding.swift /Users/admin/builder/spi-builder-workspace/.dependencies/checkouts/window-kit/Sources/WindowKit/Control/WindowFrameProviding.swift /Users/admin/builder/spi-builder-workspace/.dependencies/checkouts/window-kit/Sources/WindowKit/Control/WindowState.swift /Users/admin/builder/spi-builder-workspace/.dependencies/checkouts/window-kit/Sources/WindowKit/Control/WindowStateProviding.swift (in target 'WindowKit' from project 'WindowKit')
SwiftCompile normal arm64_32 /Users/admin/builder/spi-builder-workspace/.dependencies/checkouts/window-kit/Sources/WindowKit/Control/WindowFrameProviding.swift (in target 'WindowKit' from project 'WindowKit')
cd /Users/admin/builder/spi-builder-workspace/.swiftpm/xcode
SwiftCompile normal arm64_32 /Users/admin/builder/spi-builder-workspace/.dependencies/checkouts/window-kit/Sources/WindowKit/Control/WindowState.swift (in target 'WindowKit' from project 'WindowKit')
cd /Users/admin/builder/spi-builder-workspace/.swiftpm/xcode
SwiftCompile normal arm64_32 /Users/admin/builder/spi-builder-workspace/.dependencies/checkouts/window-kit/Sources/WindowKit/Control/WindowStateProviding.swift (in target 'WindowKit' from project 'WindowKit')
cd /Users/admin/builder/spi-builder-workspace/.swiftpm/xcode
SwiftCompile normal arm64_32 Compiling\ WindowScreenMovement.swift,\ WindowScreenProviding.swift /Users/admin/builder/spi-builder-workspace/.dependencies/checkouts/window-kit/Sources/WindowKit/Screens/WindowScreenMovement.swift /Users/admin/builder/spi-builder-workspace/.dependencies/checkouts/window-kit/Sources/WindowKit/Screens/WindowScreenProviding.swift (in target 'WindowKit' from project 'WindowKit')
SwiftCompile normal arm64_32 /Users/admin/builder/spi-builder-workspace/.dependencies/checkouts/window-kit/Sources/WindowKit/Screens/WindowScreenMovement.swift (in target 'WindowKit' from project 'WindowKit')
cd /Users/admin/builder/spi-builder-workspace/.swiftpm/xcode
SwiftCompile normal arm64_32 /Users/admin/builder/spi-builder-workspace/.dependencies/checkouts/window-kit/Sources/WindowKit/Screens/WindowScreenProviding.swift (in target 'WindowKit' from project 'WindowKit')
cd /Users/admin/builder/spi-builder-workspace/.swiftpm/xcode
SwiftCompile normal arm64_32 Compiling\ WindowPlacementCalculator.swift,\ WindowScreen.swift,\ WindowScreenArea.swift /Users/admin/builder/spi-builder-workspace/.dependencies/checkouts/window-kit/Sources/WindowKit/Placement/WindowPlacementCalculator.swift /Users/admin/builder/spi-builder-workspace/.dependencies/checkouts/window-kit/Sources/WindowKit/Screens/WindowScreen.swift /Users/admin/builder/spi-builder-workspace/.dependencies/checkouts/window-kit/Sources/WindowKit/Screens/WindowScreenArea.swift (in target 'WindowKit' from project 'WindowKit')
SwiftCompile normal arm64_32 /Users/admin/builder/spi-builder-workspace/.dependencies/checkouts/window-kit/Sources/WindowKit/Placement/WindowPlacementCalculator.swift (in target 'WindowKit' from project 'WindowKit')
cd /Users/admin/builder/spi-builder-workspace/.swiftpm/xcode
SwiftCompile normal arm64_32 /Users/admin/builder/spi-builder-workspace/.dependencies/checkouts/window-kit/Sources/WindowKit/Screens/WindowScreen.swift (in target 'WindowKit' from project 'WindowKit')
cd /Users/admin/builder/spi-builder-workspace/.swiftpm/xcode
SwiftCompile normal arm64_32 /Users/admin/builder/spi-builder-workspace/.dependencies/checkouts/window-kit/Sources/WindowKit/Screens/WindowScreenArea.swift (in target 'WindowKit' from project 'WindowKit')
cd /Users/admin/builder/spi-builder-workspace/.swiftpm/xcode
SwiftCompile normal arm64_32 Compiling\ WindowHitTestResult.swift,\ WindowHitTesting.swift,\ WindowPlacement.swift /Users/admin/builder/spi-builder-workspace/.dependencies/checkouts/window-kit/Sources/WindowKit/HitTesting/WindowHitTestResult.swift /Users/admin/builder/spi-builder-workspace/.dependencies/checkouts/window-kit/Sources/WindowKit/HitTesting/WindowHitTesting.swift /Users/admin/builder/spi-builder-workspace/.dependencies/checkouts/window-kit/Sources/WindowKit/Placement/WindowPlacement.swift (in target 'WindowKit' from project 'WindowKit')
SwiftCompile normal arm64_32 /Users/admin/builder/spi-builder-workspace/.dependencies/checkouts/window-kit/Sources/WindowKit/HitTesting/WindowHitTestResult.swift (in target 'WindowKit' from project 'WindowKit')
cd /Users/admin/builder/spi-builder-workspace/.swiftpm/xcode
SwiftCompile normal arm64_32 /Users/admin/builder/spi-builder-workspace/.dependencies/checkouts/window-kit/Sources/WindowKit/HitTesting/WindowHitTesting.swift (in target 'WindowKit' from project 'WindowKit')
cd /Users/admin/builder/spi-builder-workspace/.swiftpm/xcode
SwiftCompile normal arm64_32 /Users/admin/builder/spi-builder-workspace/.dependencies/checkouts/window-kit/Sources/WindowKit/Placement/WindowPlacement.swift (in target 'WindowKit' from project 'WindowKit')
cd /Users/admin/builder/spi-builder-workspace/.swiftpm/xcode
SwiftCompile normal arm64_32 Compiling\ WindowCommandControlling.swift,\ WindowControlling.swift,\ WindowFrameControlling.swift /Users/admin/builder/spi-builder-workspace/.dependencies/checkouts/window-kit/Sources/WindowKit/Control/WindowCommandControlling.swift /Users/admin/builder/spi-builder-workspace/.dependencies/checkouts/window-kit/Sources/WindowKit/Control/WindowControlling.swift /Users/admin/builder/spi-builder-workspace/.dependencies/checkouts/window-kit/Sources/WindowKit/Control/WindowFrameControlling.swift (in target 'WindowKit' from project 'WindowKit')
SwiftCompile normal arm64_32 /Users/admin/builder/spi-builder-workspace/.dependencies/checkouts/window-kit/Sources/WindowKit/Control/WindowCommandControlling.swift (in target 'WindowKit' from project 'WindowKit')
cd /Users/admin/builder/spi-builder-workspace/.swiftpm/xcode
SwiftCompile normal arm64_32 /Users/admin/builder/spi-builder-workspace/.dependencies/checkouts/window-kit/Sources/WindowKit/Control/WindowControlling.swift (in target 'WindowKit' from project 'WindowKit')
cd /Users/admin/builder/spi-builder-workspace/.swiftpm/xcode
SwiftCompile normal arm64_32 /Users/admin/builder/spi-builder-workspace/.dependencies/checkouts/window-kit/Sources/WindowKit/Control/WindowFrameControlling.swift (in target 'WindowKit' from project 'WindowKit')
cd /Users/admin/builder/spi-builder-workspace/.swiftpm/xcode
SwiftEmitModule normal armv7k Emitting\ module\ for\ WindowKit (in target 'WindowKit' from project 'WindowKit')
Failed frontend command:
/Applications/Xcode-26.4.0.app/Contents/Developer/Toolchains/XcodeDefault.xctoolchain/usr/bin/swift-frontend -frontend -emit-module -experimental-skip-non-inlinable-function-bodies-without-types /Users/admin/builder/spi-builder-workspace/.dependencies/checkouts/window-kit/Sources/WindowKit/Control/WindowCommandControlling.swift /Users/admin/builder/spi-builder-workspace/.dependencies/checkouts/window-kit/Sources/WindowKit/Control/WindowControlling.swift /Users/admin/builder/spi-builder-workspace/.dependencies/checkouts/window-kit/Sources/WindowKit/Control/WindowFrameControlling.swift /Users/admin/builder/spi-builder-workspace/.dependencies/checkouts/window-kit/Sources/WindowKit/Control/WindowFrameProviding.swift /Users/admin/builder/spi-builder-workspace/.dependencies/checkouts/window-kit/Sources/WindowKit/Control/WindowState.swift /Users/admin/builder/spi-builder-workspace/.dependencies/checkouts/window-kit/Sources/WindowKit/Control/WindowStateProviding.swift /Users/admin/builder/spi-builder-workspace/.dependencies/checkouts/window-kit/Sources/WindowKit/Control/WindowTarget.swift /Users/admin/builder/spi-builder-workspace/.dependencies/checkouts/window-kit/Sources/WindowKit/Geometry/CGRect+FiniteStandardized.swift /Users/admin/builder/spi-builder-workspace/.dependencies/checkouts/window-kit/Sources/WindowKit/HitTesting/WindowHitTestMissReason.swift /Users/admin/builder/spi-builder-workspace/.dependencies/checkouts/window-kit/Sources/WindowKit/HitTesting/WindowHitTestResult.swift /Users/admin/builder/spi-builder-workspace/.dependencies/checkouts/window-kit/Sources/WindowKit/HitTesting/WindowHitTesting.swift /Users/admin/builder/spi-builder-workspace/.dependencies/checkouts/window-kit/Sources/WindowKit/Placement/WindowPlacement.swift /Users/admin/builder/spi-builder-workspace/.dependencies/checkouts/window-kit/Sources/WindowKit/Placement/WindowPlacementCalculator.swift /Users/admin/builder/spi-builder-workspace/.dependencies/checkouts/window-kit/Sources/WindowKit/Screens/WindowScreen.swift /Users/admin/builder/spi-builder-workspace/.dependencies/checkouts/window-kit/Sources/WindowKit/Screens/WindowScreenArea.swift /Users/admin/builder/spi-builder-workspace/.dependencies/checkouts/window-kit/Sources/WindowKit/Screens/WindowScreenCycleDirection.swift /Users/admin/builder/spi-builder-workspace/.dependencies/checkouts/window-kit/Sources/WindowKit/Screens/WindowScreenFallback.swift /Users/admin/builder/spi-builder-workspace/.dependencies/checkouts/window-kit/Sources/WindowKit/Screens/WindowScreenMovement.swift /Users/admin/builder/spi-builder-workspace/.dependencies/checkouts/window-kit/Sources/WindowKit/Screens/WindowScreenProviding.swift /Users/admin/builder/spi-builder-workspace/.dependencies/checkouts/window-kit/Sources/WindowKit/Screens/WindowScreenSelector.swift /Users/admin/builder/spi-builder-workspace/.dependencies/checkouts/window-kit/Sources/WindowKit/Screens/WindowScreenTarget.swift /Users/admin/builder/spi-builder-workspace/.dependencies/checkouts/window-kit/Sources/WindowKit/Snapshots/WindowSnapshot.swift /Users/admin/builder/spi-builder-workspace/.dependencies/checkouts/window-kit/Sources/WindowKit/Snapshots/WindowSnapshotFilter.swift /Users/admin/builder/spi-builder-workspace/.dependencies/checkouts/window-kit/Sources/WindowKit/Snapshots/WindowSnapshotProviding.swift /Users/admin/builder/spi-builder-workspace/.dependencies/checkouts/window-kit/Sources/WindowKit/Snapshots/WindowSnapshotResolving.swift -target armv7k-apple-watchos5.0 -load-resolved-plugin /Applications/Xcode-26.4.0.app/Contents/Developer/Platforms/WatchOS.platform/Developer/usr/lib/swift/host/plugins/libFoundationMacros.dylib\#/Applications/Xcode-26.4.0.app/Contents/Developer/Platforms/WatchOS.platform/Developer/usr/bin/swift-plugin-server\#FoundationMacros -load-resolved-plugin /Applications/Xcode-26.4.0.app/Contents/Developer/Platforms/WatchOS.platform/Developer/usr/lib/swift/host/plugins/libObservationMacros.dylib\#/Applications/Xcode-26.4.0.app/Contents/Developer/Platforms/WatchOS.platform/Developer/usr/bin/swift-plugin-server\#ObservationMacros -load-resolved-plugin /Applications/Xcode-26.4.0.app/Contents/Developer/Platforms/WatchOS.platform/Developer/usr/lib/swift/host/plugins/libSwiftMacros.dylib\#/Applications/Xcode-26.4.0.app/Contents/Developer/Platforms/WatchOS.platform/Developer/usr/bin/swift-plugin-server\#SwiftMacros -disable-implicit-swift-modules -Xcc -fno-implicit-modules -Xcc -fno-implicit-module-maps -explicit-swift-module-map-file /Users/admin/builder/spi-builder-workspace/.derivedData/Build/Intermediates.noindex/WindowKit.build/Debug-watchos/WindowKit.build/Objects-normal/armv7k/WindowKit-dependencies-2.json -enable-objc-interop -sdk /Applications/Xcode-26.4.0.app/Contents/Developer/Platforms/WatchOS.platform/Developer/SDKs/WatchOS26.4.sdk -I /Users/admin/builder/spi-builder-workspace/.derivedData/Build/Products/Debug-watchos -Isystem /Applications/Xcode-26.4.0.app/Contents/Developer/Platforms/WatchOS.platform/Developer/usr/lib -F /Users/admin/builder/spi-builder-workspace/.derivedData/Build/Products/Debug-watchos -F /Applications/Xcode-26.4.0.app/Contents/Developer/Platforms/WatchOS.platform/Developer/Library/Frameworks -F /Applications/Xcode-26.4.0.app/Contents/Developer/Platforms/WatchOS.platform/Developer/SDKs/WatchOS26.4.sdk/Developer/Library/Frameworks -no-color-diagnostics -Xcc -fno-color-diagnostics -enable-testing -g -debug-info-format\=dwarf -dwarf-version\=4 -module-cache-path /Users/admin/builder/spi-builder-workspace/.derivedData/Build/Intermediates.noindex/SwiftExplicitPrecompiledModules -suppress-warnings -profile-generate -profile-coverage-mapping -swift-version 6 -Onone -D SWIFT_PACKAGE -D DEBUG -D SWIFT_MODULE_RESOURCE_BUNDLE_UNAVAILABLE -D Xcode -serialize-debugging-options -const-gather-protocols-file /Users/admin/builder/spi-builder-workspace/.derivedData/Build/Intermediates.noindex/WindowKit.build/Debug-watchos/WindowKit.build/Objects-normal/armv7k/WindowKit_const_extract_protocols.json -enable-experimental-feature DebugDescriptionMacro -empty-abi-descriptor -user-module-version 2.0.0 -validate-clang-modules-once -clang-build-session-file /Users/admin/builder/spi-builder-workspace/.derivedData/ModuleCache.noindex/Session.modulevalidation -Xcc -working-directory -Xcc /Users/admin/builder/spi-builder-workspace/.swiftpm/xcode -enable-anonymous-context-mangled-names -file-compilation-dir /Users/admin/builder/spi-builder-workspace/.swiftpm/xcode -Xcc -D_LIBCPP_HARDENING_MODE\=_LIBCPP_HARDENING_MODE_DEBUG -Xcc -ivfsstatcache -Xcc /Users/admin/builder/spi-builder-workspace/.derivedData/SDKStatCaches.noindex/watchos26.4-23T238-688ef53f1462e2c8f657fdc38a81448f9e51884a582f42380855760c9d4cc599.sdkstatcache -Xcc -I/Users/admin/builder/spi-builder-workspace/.derivedData/Build/Intermediates.noindex/WindowKit.build/Debug-watchos/WindowKit.build/swift-overrides.hmap -Xcc -I/Users/admin/builder/spi-builder-workspace/.derivedData/Build/Products/Debug-watchos/include -Xcc -I/Users/admin/builder/spi-builder-workspace/.derivedData/Build/Intermediates.noindex/WindowKit.build/Debug-watchos/WindowKit.build/DerivedSources-normal/armv7k -Xcc -I/Users/admin/builder/spi-builder-workspace/.derivedData/Build/Intermediates.noindex/WindowKit.build/Debug-watchos/WindowKit.build/DerivedSources/armv7k -Xcc -I/Users/admin/builder/spi-builder-workspace/.derivedData/Build/Intermediates.noindex/WindowKit.build/Debug-watchos/WindowKit.build/DerivedSources -Xcc -DSWIFT_PACKAGE -Xcc -DDEBUG\=1 -no-auto-bridging-header-chaining -module-name WindowKit -package-name window_kit -frontend-parseable-output -disable-clang-spi -clang-target armv7k-apple-watchos26.4 -target-sdk-version 26.4 -target-sdk-name watchos26.4 -in-process-plugin-server-path /Applications/Xcode-26.4.0.app/Contents/Developer/Toolchains/XcodeDefault.xctoolchain/usr/lib/swift/host/libSwiftInProcPluginServer.dylib -emit-module-doc-path /Users/admin/builder/spi-builder-workspace/.derivedData/Build/Intermediates.noindex/WindowKit.build/Debug-watchos/WindowKit.build/Objects-normal/armv7k/WindowKit.swiftdoc -emit-module-source-info-path /Users/admin/builder/spi-builder-workspace/.derivedData/Build/Intermediates.noindex/WindowKit.build/Debug-watchos/WindowKit.build/Objects-normal/armv7k/WindowKit.swiftsourceinfo -emit-objc-header-path /Users/admin/builder/spi-builder-workspace/.derivedData/Build/Intermediates.noindex/WindowKit.build/Debug-watchos/WindowKit.build/Objects-normal/armv7k/WindowKit-Swift.h -serialize-diagnostics-path /Users/admin/builder/spi-builder-workspace/.derivedData/Build/Intermediates.noindex/WindowKit.build/Debug-watchos/WindowKit.build/Objects-normal/armv7k/WindowKit-primary-emit-module.dia -emit-dependencies-path /Users/admin/builder/spi-builder-workspace/.derivedData/Build/Intermediates.noindex/WindowKit.build/Debug-watchos/WindowKit.build/Objects-normal/armv7k/WindowKit-primary-emit-module.d -o /Users/admin/builder/spi-builder-workspace/.derivedData/Build/Intermediates.noindex/WindowKit.build/Debug-watchos/WindowKit.build/Objects-normal/armv7k/WindowKit.swiftmodule -emit-abi-descriptor-path /Users/admin/builder/spi-builder-workspace/.derivedData/Build/Intermediates.noindex/WindowKit.build/Debug-watchos/WindowKit.build/Objects-normal/armv7k/WindowKit.abi.json
EmitSwiftModule normal armv7k (in target 'WindowKit' from project 'WindowKit')
cd /Users/admin/builder/spi-builder-workspace/.swiftpm/xcode
/Users/admin/builder/spi-builder-workspace/.dependencies/checkouts/window-kit/Sources/WindowKit/Control/WindowTarget.swift:8:25: error: cannot find type 'CGWindowID' in scope
case windowIdentifier(CGWindowID)
^~~~~~~~~~
/Users/admin/builder/spi-builder-workspace/.dependencies/checkouts/window-kit/Sources/WindowKit/Control/WindowTarget.swift:4:13: error: type 'WindowTarget' does not conform to protocol 'Hashable'
public enum WindowTarget: Equatable, Hashable, Sendable, Codable {
^
/Users/admin/builder/spi-builder-workspace/.dependencies/checkouts/window-kit/Sources/WindowKit/Control/WindowTarget.swift:8:25: note: associated value type '_' does not conform to protocol 'Hashable', preventing synthesized conformance of 'WindowTarget' to 'Hashable'
case windowIdentifier(CGWindowID)
^
/Users/admin/builder/spi-builder-workspace/.dependencies/checkouts/window-kit/Sources/WindowKit/Control/WindowTarget.swift:4:13: error: type 'WindowTarget' does not conform to protocol 'Decodable'
public enum WindowTarget: Equatable, Hashable, Sendable, Codable {
^
Swift.Decodable.init:2:1: note: protocol requires initializer 'init(from:)' with type 'Decodable'
init(from decoder: any Decoder) throws}
^
/Users/admin/builder/spi-builder-workspace/.dependencies/checkouts/window-kit/Sources/WindowKit/Control/WindowTarget.swift:8:25: note: cannot automatically synthesize 'Decodable' because 'CGWindowID' does not conform to 'Decodable'
case windowIdentifier(CGWindowID)
^
/Users/admin/builder/spi-builder-workspace/.dependencies/checkouts/window-kit/Sources/WindowKit/Control/WindowTarget.swift:4:13: error: type 'WindowTarget' does not conform to protocol 'Encodable'
public enum WindowTarget: Equatable, Hashable, Sendable, Codable {
^
Swift.Encodable.encode:2:6: note: protocol requires function 'encode(to:)' with type 'Encodable'
func encode(to encoder: any Encoder) throws}
^
/Users/admin/builder/spi-builder-workspace/.dependencies/checkouts/window-kit/Sources/WindowKit/Control/WindowTarget.swift:8:25: note: cannot automatically synthesize 'Encodable' because 'CGWindowID' does not conform to 'Encodable'
case windowIdentifier(CGWindowID)
^
/Users/admin/builder/spi-builder-workspace/.dependencies/checkouts/window-kit/Sources/WindowKit/Control/WindowTarget.swift:4:13: error: type 'WindowTarget' does not conform to protocol 'Equatable'
public enum WindowTarget: Equatable, Hashable, Sendable, Codable {
^
/Users/admin/builder/spi-builder-workspace/.dependencies/checkouts/window-kit/Sources/WindowKit/Control/WindowTarget.swift:8:25: note: associated value type '_' does not conform to protocol 'Equatable', preventing synthesized conformance of 'WindowTarget' to 'Equatable'
case windowIdentifier(CGWindowID)
^
Swift.==:1:24: note: candidate would match if 'WindowTarget' conformed to 'RawRepresentable'
@inlinable public func == <T>(lhs: T, rhs: T) -> Bool where T : RawRepresentable, T.RawValue : Equatable
^
Swift.FloatingPoint.==:2:20: note: candidate would match if 'WindowTarget' conformed to 'FloatingPoint'
public static func == (lhs: Self, rhs: Self) -> Bool}
^
Swift.BinaryInteger.==:2:20: note: candidate would match if 'WindowTarget' conformed to 'BinaryInteger'
public static func == <Other>(lhs: Self, rhs: Other) -> Bool where Other : BinaryInteger}
^
Swift._Pointer.==:2:20: note: candidate would match if 'WindowTarget' conformed to '_Pointer'
public static func == (lhs: Self, rhs: Self) -> Bool}
^
Swift._Pointer.==:2:31: note: candidate would match if 'WindowTarget' conformed to '_Pointer'
@inlinable public static func == <Other>(lhs: Self, rhs: Other) -> Bool where Other : _Pointer}
^
Swift.Strideable.==:2:31: note: candidate would match if 'WindowTarget' conformed to 'Strideable'
@inlinable public static func == (x: Self, y: Self) -> Bool}
^
Swift.StringProtocol.==:2:31: note: candidate would match if 'WindowTarget' conformed to 'StringProtocol'
@inlinable public static func == <RHS>(lhs: Self, rhs: RHS) -> Bool where RHS : StringProtocol}
^
Swift.SIMD.==:2:20: note: candidate would match if 'WindowTarget' conformed to 'SIMD'
public static func == (a: Self, b: Self) -> Bool}
^
CoreFoundation._CFObject.==:2:20: note: candidate would match if 'WindowTarget' conformed to '_CFObject'
public static func == (left: Self, right: Self) -> Bool}
^
/Users/admin/builder/spi-builder-workspace/.dependencies/checkouts/window-kit/Sources/WindowKit/Control/WindowTarget.swift:4:13: note: add stubs for conformance
public enum WindowTarget: Equatable, Hashable, Sendable, Codable {
^
Swift.Equatable.==:2:13: note: protocol requires function '==' with type '(WindowTarget, WindowTarget) -> Bool'
static func == (lhs: Self, rhs: Self) -> Bool}
^
/Users/admin/builder/spi-builder-workspace/.dependencies/checkouts/window-kit/Sources/WindowKit/Snapshots/WindowSnapshot.swift:8:32: error: cannot find type 'CGWindowID' in scope
public let windowIdentifier: CGWindowID
^~~~~~~~~~
/Users/admin/builder/spi-builder-workspace/.dependencies/checkouts/window-kit/Sources/WindowKit/Screens/WindowScreen.swift:6:33: error: cannot find type 'CGDirectDisplayID' in scope
public let displayIdentifier: CGDirectDisplayID?
^~~~~~~~~~~~~~~~~
/Users/admin/builder/spi-builder-workspace/.dependencies/checkouts/window-kit/Sources/WindowKit/Screens/WindowScreen.swift:4:15: error: type 'WindowScreen' does not conform to protocol 'Decodable'
public struct WindowScreen: Equatable, Hashable, Sendable, Codable {
^
Swift.Decodable.init:2:1: note: protocol requires initializer 'init(from:)' with type 'Decodable'
init(from decoder: any Decoder) throws}
^
/Users/admin/builder/spi-builder-workspace/.dependencies/checkouts/window-kit/Sources/WindowKit/Screens/WindowScreen.swift:6:14: note: cannot automatically synthesize 'Decodable' because 'CGDirectDisplayID?' does not conform to 'Decodable'
public let displayIdentifier: CGDirectDisplayID?
^
/Users/admin/builder/spi-builder-workspace/.dependencies/checkouts/window-kit/Sources/WindowKit/Screens/WindowScreen.swift:16:24: error: cannot find type 'CGDirectDisplayID' in scope
displayIdentifier: CGDirectDisplayID? = nil,
^~~~~~~~~~~~~~~~~
/Users/admin/builder/spi-builder-workspace/.dependencies/checkouts/window-kit/Sources/WindowKit/Screens/WindowScreen.swift:4:15: error: type 'WindowScreen' does not conform to protocol 'Hashable'
public struct WindowScreen: Equatable, Hashable, Sendable, Codable {
^
/Users/admin/builder/spi-builder-workspace/.dependencies/checkouts/window-kit/Sources/WindowKit/Screens/WindowScreen.swift:6:14: note: stored property type '_' does not conform to protocol 'Hashable', preventing synthesized conformance of 'WindowScreen' to 'Hashable'
public let displayIdentifier: CGDirectDisplayID?
^
/Users/admin/builder/spi-builder-workspace/.dependencies/checkouts/window-kit/Sources/WindowKit/Screens/WindowScreen.swift:4:15: error: type 'WindowScreen' does not conform to protocol 'Encodable'
public struct WindowScreen: Equatable, Hashable, Sendable, Codable {
^
Swift.Encodable.encode:2:6: note: protocol requires function 'encode(to:)' with type 'Encodable'
func encode(to encoder: any Encoder) throws}
^
/Users/admin/builder/spi-builder-workspace/.dependencies/checkouts/window-kit/Sources/WindowKit/Screens/WindowScreen.swift:6:14: note: cannot automatically synthesize 'Encodable' because 'CGDirectDisplayID?' does not conform to 'Encodable'
public let displayIdentifier: CGDirectDisplayID?
^
/Users/admin/builder/spi-builder-workspace/.dependencies/checkouts/window-kit/Sources/WindowKit/Screens/WindowScreen.swift:4:15: error: type 'WindowScreen' does not conform to protocol 'Equatable'
public struct WindowScreen: Equatable, Hashable, Sendable, Codable {
^
/Users/admin/builder/spi-builder-workspace/.dependencies/checkouts/window-kit/Sources/WindowKit/Screens/WindowScreen.swift:6:14: note: stored property type '_' does not conform to protocol 'Equatable', preventing synthesized conformance of 'WindowScreen' to 'Equatable'
public let displayIdentifier: CGDirectDisplayID?
^
Swift.==:1:24: note: candidate would match if 'WindowScreen' conformed to 'RawRepresentable'
@inlinable public func == <T>(lhs: T, rhs: T) -> Bool where T : RawRepresentable, T.RawValue : Equatable
^
Swift.FloatingPoint.==:2:20: note: candidate would match if 'WindowScreen' conformed to 'FloatingPoint'
public static func == (lhs: Self, rhs: Self) -> Bool}
^
Swift.BinaryInteger.==:2:20: note: candidate would match if 'WindowScreen' conformed to 'BinaryInteger'
public static func == <Other>(lhs: Self, rhs: Other) -> Bool where Other : BinaryInteger}
^
Swift._Pointer.==:2:20: note: candidate would match if 'WindowScreen' conformed to '_Pointer'
public static func == (lhs: Self, rhs: Self) -> Bool}
^
Swift._Pointer.==:2:31: note: candidate would match if 'WindowScreen' conformed to '_Pointer'
@inlinable public static func == <Other>(lhs: Self, rhs: Other) -> Bool where Other : _Pointer}
^
Swift.Strideable.==:2:31: note: candidate would match if 'WindowScreen' conformed to 'Strideable'
@inlinable public static func == (x: Self, y: Self) -> Bool}
^
Swift.StringProtocol.==:2:31: note: candidate would match if 'WindowScreen' conformed to 'StringProtocol'
@inlinable public static func == <RHS>(lhs: Self, rhs: RHS) -> Bool where RHS : StringProtocol}
^
Swift.SIMD.==:2:20: note: candidate would match if 'WindowScreen' conformed to 'SIMD'
public static func == (a: Self, b: Self) -> Bool}
^
CoreFoundation._CFObject.==:2:20: note: candidate would match if 'WindowScreen' conformed to '_CFObject'
public static func == (left: Self, right: Self) -> Bool}
^
/Users/admin/builder/spi-builder-workspace/.dependencies/checkouts/window-kit/Sources/WindowKit/Screens/WindowScreen.swift:4:15: note: add stubs for conformance
public struct WindowScreen: Equatable, Hashable, Sendable, Codable {
^
Swift.Equatable.==:2:13: note: protocol requires function '==' with type '(WindowScreen, WindowScreen) -> Bool'
static func == (lhs: Self, rhs: Self) -> Bool}
^
/Users/admin/builder/spi-builder-workspace/.dependencies/checkouts/window-kit/Sources/WindowKit/Screens/WindowScreenTarget.swift:12:26: error: cannot find type 'CGDirectDisplayID' in scope
case displayIdentifier(CGDirectDisplayID)
^~~~~~~~~~~~~~~~~
/Users/admin/builder/spi-builder-workspace/.dependencies/checkouts/window-kit/Sources/WindowKit/Screens/WindowScreenTarget.swift:4:13: error: type 'WindowScreenTarget' does not conform to protocol 'Hashable'
public enum WindowScreenTarget: Equatable, Hashable, Sendable, Codable {
^
/Users/admin/builder/spi-builder-workspace/.dependencies/checkouts/window-kit/Sources/WindowKit/Screens/WindowScreenTarget.swift:12:26: note: associated value type '_' does not conform to protocol 'Hashable', preventing synthesized conformance of 'WindowScreenTarget' to 'Hashable'
case displayIdentifier(CGDirectDisplayID)
^
/Users/admin/builder/spi-builder-workspace/.dependencies/checkouts/window-kit/Sources/WindowKit/Screens/WindowScreenTarget.swift:4:13: error: type 'WindowScreenTarget' does not conform to protocol 'Decodable'
public enum WindowScreenTarget: Equatable, Hashable, Sendable, Codable {
^
Swift.Decodable.init:2:1: note: protocol requires initializer 'init(from:)' with type 'Decodable'
init(from decoder: any Decoder) throws}
^
/Users/admin/builder/spi-builder-workspace/.dependencies/checkouts/window-kit/Sources/WindowKit/Screens/WindowScreenTarget.swift:12:26: note: cannot automatically synthesize 'Decodable' because 'CGDirectDisplayID' does not conform to 'Decodable'
case displayIdentifier(CGDirectDisplayID)
^
/Users/admin/builder/spi-builder-workspace/.dependencies/checkouts/window-kit/Sources/WindowKit/Screens/WindowScreenTarget.swift:4:13: error: type 'WindowScreenTarget' does not conform to protocol 'Encodable'
public enum WindowScreenTarget: Equatable, Hashable, Sendable, Codable {
^
Swift.Encodable.encode:2:6: note: protocol requires function 'encode(to:)' with type 'Encodable'
func encode(to encoder: any Encoder) throws}
^
/Users/admin/builder/spi-builder-workspace/.dependencies/checkouts/window-kit/Sources/WindowKit/Screens/WindowScreenTarget.swift:12:26: note: cannot automatically synthesize 'Encodable' because 'CGDirectDisplayID' does not conform to 'Encodable'
case displayIdentifier(CGDirectDisplayID)
^
/Users/admin/builder/spi-builder-workspace/.dependencies/checkouts/window-kit/Sources/WindowKit/Screens/WindowScreenTarget.swift:4:13: error: type 'WindowScreenTarget' does not conform to protocol 'Equatable'
public enum WindowScreenTarget: Equatable, Hashable, Sendable, Codable {
^
/Users/admin/builder/spi-builder-workspace/.dependencies/checkouts/window-kit/Sources/WindowKit/Screens/WindowScreenTarget.swift:12:26: note: associated value type '_' does not conform to protocol 'Equatable', preventing synthesized conformance of 'WindowScreenTarget' to 'Equatable'
case displayIdentifier(CGDirectDisplayID)
^
Swift.==:1:24: note: candidate would match if 'WindowScreenTarget' conformed to 'RawRepresentable'
@inlinable public func == <T>(lhs: T, rhs: T) -> Bool where T : RawRepresentable, T.RawValue : Equatable
^
Swift.FloatingPoint.==:2:20: note: candidate would match if 'WindowScreenTarget' conformed to 'FloatingPoint'
public static func == (lhs: Self, rhs: Self) -> Bool}
^
Swift.BinaryInteger.==:2:20: note: candidate would match if 'WindowScreenTarget' conformed to 'BinaryInteger'
public static func == <Other>(lhs: Self, rhs: Other) -> Bool where Other : BinaryInteger}
^
Swift._Pointer.==:2:20: note: candidate would match if 'WindowScreenTarget' conformed to '_Pointer'
public static func == (lhs: Self, rhs: Self) -> Bool}
^
Swift._Pointer.==:2:31: note: candidate would match if 'WindowScreenTarget' conformed to '_Pointer'
@inlinable public static func == <Other>(lhs: Self, rhs: Other) -> Bool where Other : _Pointer}
^
Swift.Strideable.==:2:31: note: candidate would match if 'WindowScreenTarget' conformed to 'Strideable'
@inlinable public static func == (x: Self, y: Self) -> Bool}
^
Swift.StringProtocol.==:2:31: note: candidate would match if 'WindowScreenTarget' conformed to 'StringProtocol'
@inlinable public static func == <RHS>(lhs: Self, rhs: RHS) -> Bool where RHS : StringProtocol}
^
Swift.SIMD.==:2:20: note: candidate would match if 'WindowScreenTarget' conformed to 'SIMD'
public static func == (a: Self, b: Self) -> Bool}
^
CoreFoundation._CFObject.==:2:20: note: candidate would match if 'WindowScreenTarget' conformed to '_CFObject'
public static func == (left: Self, right: Self) -> Bool}
^
/Users/admin/builder/spi-builder-workspace/.dependencies/checkouts/window-kit/Sources/WindowKit/Screens/WindowScreenTarget.swift:4:13: note: add stubs for conformance
public enum WindowScreenTarget: Equatable, Hashable, Sendable, Codable {
^
Swift.Equatable.==:2:13: note: protocol requires function '==' with type '(WindowScreenTarget, WindowScreenTarget) -> Bool'
static func == (lhs: Self, rhs: Self) -> Bool}
^
/Users/admin/builder/spi-builder-workspace/.dependencies/checkouts/window-kit/Sources/WindowKit/Snapshots/WindowSnapshot.swift:4:15: error: type 'WindowSnapshot' does not conform to protocol 'Decodable'
public struct WindowSnapshot: Equatable, Hashable, Sendable, Codable {
^
Swift.Decodable.init:2:1: note: protocol requires initializer 'init(from:)' with type 'Decodable'
init(from decoder: any Decoder) throws}
^
/Users/admin/builder/spi-builder-workspace/.dependencies/checkouts/window-kit/Sources/WindowKit/Snapshots/WindowSnapshot.swift:8:14: note: cannot automatically synthesize 'Decodable' because 'CGWindowID' does not conform to 'Decodable'
public let windowIdentifier: CGWindowID
^
/Users/admin/builder/spi-builder-workspace/.dependencies/checkouts/window-kit/Sources/WindowKit/Snapshots/WindowSnapshot.swift:22:23: error: cannot find type 'CGWindowID' in scope
windowIdentifier: CGWindowID,
^~~~~~~~~~
/Users/admin/builder/spi-builder-workspace/.dependencies/checkouts/window-kit/Sources/WindowKit/Snapshots/WindowSnapshot.swift:4:15: error: type 'WindowSnapshot' does not conform to protocol 'Hashable'
public struct WindowSnapshot: Equatable, Hashable, Sendable, Codable {
^
/Users/admin/builder/spi-builder-workspace/.dependencies/checkouts/window-kit/Sources/WindowKit/Snapshots/WindowSnapshot.swift:8:14: note: stored property type '_' does not conform to protocol 'Hashable', preventing synthesized conformance of 'WindowSnapshot' to 'Hashable'
public let windowIdentifier: CGWindowID
^
/Users/admin/builder/spi-builder-workspace/.dependencies/checkouts/window-kit/Sources/WindowKit/Snapshots/WindowSnapshot.swift:4:15: error: type 'WindowSnapshot' does not conform to protocol 'Encodable'
public struct WindowSnapshot: Equatable, Hashable, Sendable, Codable {
^
Swift.Encodable.encode:2:6: note: protocol requires function 'encode(to:)' with type 'Encodable'
func encode(to encoder: any Encoder) throws}
^
/Users/admin/builder/spi-builder-workspace/.dependencies/checkouts/window-kit/Sources/WindowKit/Snapshots/WindowSnapshot.swift:8:14: note: cannot automatically synthesize 'Encodable' because 'CGWindowID' does not conform to 'Encodable'
public let windowIdentifier: CGWindowID
^
/Users/admin/builder/spi-builder-workspace/.dependencies/checkouts/window-kit/Sources/WindowKit/Snapshots/WindowSnapshot.swift:4:15: error: type 'WindowSnapshot' does not conform to protocol 'Equatable'
public struct WindowSnapshot: Equatable, Hashable, Sendable, Codable {
^
/Users/admin/builder/spi-builder-workspace/.dependencies/checkouts/window-kit/Sources/WindowKit/Snapshots/WindowSnapshot.swift:8:14: note: stored property type '_' does not conform to protocol 'Equatable', preventing synthesized conformance of 'WindowSnapshot' to 'Equatable'
public let windowIdentifier: CGWindowID
^
Swift.==:1:24: note: candidate would match if 'WindowSnapshot' conformed to 'RawRepresentable'
@inlinable public func == <T>(lhs: T, rhs: T) -> Bool where T : RawRepresentable, T.RawValue : Equatable
^
Swift.FloatingPoint.==:2:20: note: candidate would match if 'WindowSnapshot' conformed to 'FloatingPoint'
public static func == (lhs: Self, rhs: Self) -> Bool}
^
Swift.BinaryInteger.==:2:20: note: candidate would match if 'WindowSnapshot' conformed to 'BinaryInteger'
public static func == <Other>(lhs: Self, rhs: Other) -> Bool where Other : BinaryInteger}
^
Swift._Pointer.==:2:20: note: candidate would match if 'WindowSnapshot' conformed to '_Pointer'
public static func == (lhs: Self, rhs: Self) -> Bool}
^
Swift._Pointer.==:2:31: note: candidate would match if 'WindowSnapshot' conformed to '_Pointer'
@inlinable public static func == <Other>(lhs: Self, rhs: Other) -> Bool where Other : _Pointer}
^
Swift.Strideable.==:2:31: note: candidate would match if 'WindowSnapshot' conformed to 'Strideable'
@inlinable public static func == (x: Self, y: Self) -> Bool}
^
Swift.StringProtocol.==:2:31: note: candidate would match if 'WindowSnapshot' conformed to 'StringProtocol'
@inlinable public static func == <RHS>(lhs: Self, rhs: RHS) -> Bool where RHS : StringProtocol}
^
Swift.SIMD.==:2:20: note: candidate would match if 'WindowSnapshot' conformed to 'SIMD'
public static func == (a: Self, b: Self) -> Bool}
^
CoreFoundation._CFObject.==:2:20: note: candidate would match if 'WindowSnapshot' conformed to '_CFObject'
public static func == (left: Self, right: Self) -> Bool}
^
/Users/admin/builder/spi-builder-workspace/.dependencies/checkouts/window-kit/Sources/WindowKit/Snapshots/WindowSnapshot.swift:4:15: note: add stubs for conformance
public struct WindowSnapshot: Equatable, Hashable, Sendable, Codable {
^
Swift.Equatable.==:2:13: note: protocol requires function '==' with type '(WindowSnapshot, WindowSnapshot) -> Bool'
static func == (lhs: Self, rhs: Self) -> Bool}
^
/Users/admin/builder/spi-builder-workspace/.dependencies/checkouts/window-kit/Sources/WindowKit/Snapshots/WindowSnapshotFilter.swift:16:45: error: cannot find type 'CGWindowID' in scope
public let includedWindowIdentifiers: Set<CGWindowID>
^~~~~~~~~~
/Users/admin/builder/spi-builder-workspace/.dependencies/checkouts/window-kit/Sources/WindowKit/Snapshots/WindowSnapshotFilter.swift:22:45: error: cannot find type 'CGWindowID' in scope
public let excludedWindowIdentifiers: Set<CGWindowID>
^~~~~~~~~~
/Users/admin/builder/spi-builder-workspace/.dependencies/checkouts/window-kit/Sources/WindowKit/Snapshots/WindowSnapshotFilter.swift:4:15: error: type 'WindowSnapshotFilter' does not conform to protocol 'Decodable'
public struct WindowSnapshotFilter: Equatable, Hashable, Sendable, Codable {
^
Swift.Decodable.init:2:1: note: protocol requires initializer 'init(from:)' with type 'Decodable'
init(from decoder: any Decoder) throws}
^
/Users/admin/builder/spi-builder-workspace/.dependencies/checkouts/window-kit/Sources/WindowKit/Snapshots/WindowSnapshotFilter.swift:16:14: note: cannot automatically synthesize 'Decodable' because 'Set<CGWindowID>' does not conform to 'Decodable'
public let includedWindowIdentifiers: Set<CGWindowID>
^
/Users/admin/builder/spi-builder-workspace/.dependencies/checkouts/window-kit/Sources/WindowKit/Snapshots/WindowSnapshotFilter.swift:22:14: note: cannot automatically synthesize 'Decodable' because 'Set<CGWindowID>' does not conform to 'Decodable'
public let excludedWindowIdentifiers: Set<CGWindowID>
^
/Users/admin/builder/spi-builder-workspace/.dependencies/checkouts/window-kit/Sources/WindowKit/Snapshots/WindowSnapshotFilter.swift:27:36: error: cannot find type 'CGWindowID' in scope
includedWindowIdentifiers: Set<CGWindowID> = [],
^~~~~~~~~~
/Users/admin/builder/spi-builder-workspace/.dependencies/checkouts/window-kit/Sources/WindowKit/Snapshots/WindowSnapshotFilter.swift:30:36: error: cannot find type 'CGWindowID' in scope
excludedWindowIdentifiers: Set<CGWindowID> = []
^~~~~~~~~~
/Users/admin/builder/spi-builder-workspace/.dependencies/checkouts/window-kit/Sources/WindowKit/Snapshots/WindowSnapshotFilter.swift:4:15: error: type 'WindowSnapshotFilter' does not conform to protocol 'Hashable'
public struct WindowSnapshotFilter: Equatable, Hashable, Sendable, Codable {
^
/Users/admin/builder/spi-builder-workspace/.dependencies/checkouts/window-kit/Sources/WindowKit/Snapshots/WindowSnapshotFilter.swift:16:14: note: stored property type '_' does not conform to protocol 'Hashable', preventing synthesized conformance of 'WindowSnapshotFilter' to 'Hashable'
public let includedWindowIdentifiers: Set<CGWindowID>
^
/Users/admin/builder/spi-builder-workspace/.dependencies/checkouts/window-kit/Sources/WindowKit/Snapshots/WindowSnapshotFilter.swift:22:14: note: stored property type '_' does not conform to protocol 'Hashable', preventing synthesized conformance of 'WindowSnapshotFilter' to 'Hashable'
public let excludedWindowIdentifiers: Set<CGWindowID>
^
/Users/admin/builder/spi-builder-workspace/.dependencies/checkouts/window-kit/Sources/WindowKit/Snapshots/WindowSnapshotFilter.swift:4:15: error: type 'WindowSnapshotFilter' does not conform to protocol 'Encodable'
public struct WindowSnapshotFilter: Equatable, Hashable, Sendable, Codable {
^
Swift.Encodable.encode:2:6: note: protocol requires function 'encode(to:)' with type 'Encodable'
func encode(to encoder: any Encoder) throws}
^
/Users/admin/builder/spi-builder-workspace/.dependencies/checkouts/window-kit/Sources/WindowKit/Snapshots/WindowSnapshotFilter.swift:16:14: note: cannot automatically synthesize 'Encodable' because 'Set<CGWindowID>' does not conform to 'Encodable'
public let includedWindowIdentifiers: Set<CGWindowID>
^
/Users/admin/builder/spi-builder-workspace/.dependencies/checkouts/window-kit/Sources/WindowKit/Snapshots/WindowSnapshotFilter.swift:22:14: note: cannot automatically synthesize 'Encodable' because 'Set<CGWindowID>' does not conform to 'Encodable'
public let excludedWindowIdentifiers: Set<CGWindowID>
^
/Users/admin/builder/spi-builder-workspace/.dependencies/checkouts/window-kit/Sources/WindowKit/Snapshots/WindowSnapshotFilter.swift:4:15: error: type 'WindowSnapshotFilter' does not conform to protocol 'Equatable'
public struct WindowSnapshotFilter: Equatable, Hashable, Sendable, Codable {
^
/Users/admin/builder/spi-builder-workspace/.dependencies/checkouts/window-kit/Sources/WindowKit/Snapshots/WindowSnapshotFilter.swift:16:14: note: stored property type '_' does not conform to protocol 'Equatable', preventing synthesized conformance of 'WindowSnapshotFilter' to 'Equatable'
public let includedWindowIdentifiers: Set<CGWindowID>
^
/Users/admin/builder/spi-builder-workspace/.dependencies/checkouts/window-kit/Sources/WindowKit/Snapshots/WindowSnapshotFilter.swift:22:14: note: stored property type '_' does not conform to protocol 'Equatable', preventing synthesized conformance of 'WindowSnapshotFilter' to 'Equatable'
public let excludedWindowIdentifiers: Set<CGWindowID>
^
Swift.==:1:24: note: candidate would match if 'WindowSnapshotFilter' conformed to 'RawRepresentable'
@inlinable public func == <T>(lhs: T, rhs: T) -> Bool where T : RawRepresentable, T.RawValue : Equatable
^
Swift.FloatingPoint.==:2:20: note: candidate would match if 'WindowSnapshotFilter' conformed to 'FloatingPoint'
public static func == (lhs: Self, rhs: Self) -> Bool}
^
Swift.BinaryInteger.==:2:20: note: candidate would match if 'WindowSnapshotFilter' conformed to 'BinaryInteger'
public static func == <Other>(lhs: Self, rhs: Other) -> Bool where Other : BinaryInteger}
^
Swift._Pointer.==:2:20: note: candidate would match if 'WindowSnapshotFilter' conformed to '_Pointer'
public static func == (lhs: Self, rhs: Self) -> Bool}
^
Swift._Pointer.==:2:31: note: candidate would match if 'WindowSnapshotFilter' conformed to '_Pointer'
@inlinable public static func == <Other>(lhs: Self, rhs: Other) -> Bool where Other : _Pointer}
^
Swift.Strideable.==:2:31: note: candidate would match if 'WindowSnapshotFilter' conformed to 'Strideable'
@inlinable public static func == (x: Self, y: Self) -> Bool}
^
Swift.StringProtocol.==:2:31: note: candidate would match if 'WindowSnapshotFilter' conformed to 'StringProtocol'
@inlinable public static func == <RHS>(lhs: Self, rhs: RHS) -> Bool where RHS : StringProtocol}
^
Swift.SIMD.==:2:20: note: candidate would match if 'WindowSnapshotFilter' conformed to 'SIMD'
public static func == (a: Self, b: Self) -> Bool}
^
CoreFoundation._CFObject.==:2:20: note: candidate would match if 'WindowSnapshotFilter' conformed to '_CFObject'
public static func == (left: Self, right: Self) -> Bool}
^
/Users/admin/builder/spi-builder-workspace/.dependencies/checkouts/window-kit/Sources/WindowKit/Snapshots/WindowSnapshotFilter.swift:4:15: note: add stubs for conformance
public struct WindowSnapshotFilter: Equatable, Hashable, Sendable, Codable {
^
Swift.Equatable.==:2:13: note: protocol requires function '==' with type '(WindowSnapshotFilter, WindowSnapshotFilter) -> Bool'
static func == (lhs: Self, rhs: Self) -> Bool}
^
/Users/admin/builder/spi-builder-workspace/.dependencies/checkouts/window-kit/Sources/WindowKit/Snapshots/WindowSnapshotResolving.swift:6:39: error: cannot find type 'CGWindowID' in scope
func snapshot(for windowIdentifier: CGWindowID) throws -> WindowSnapshot?
^~~~~~~~~~
SwiftEmitModule normal arm64 Emitting\ module\ for\ WindowKit (in target 'WindowKit' from project 'WindowKit')
EmitSwiftModule normal arm64 (in target 'WindowKit' from project 'WindowKit')
cd /Users/admin/builder/spi-builder-workspace/.swiftpm/xcode
SwiftCompile normal arm64 Compiling\ WindowTarget.swift,\ CGRect+FiniteStandardized.swift,\ WindowHitTestMissReason.swift /Users/admin/builder/spi-builder-workspace/.dependencies/checkouts/window-kit/Sources/WindowKit/Control/WindowTarget.swift /Users/admin/builder/spi-builder-workspace/.dependencies/checkouts/window-kit/Sources/WindowKit/Geometry/CGRect+FiniteStandardized.swift /Users/admin/builder/spi-builder-workspace/.dependencies/checkouts/window-kit/Sources/WindowKit/HitTesting/WindowHitTestMissReason.swift (in target 'WindowKit' from project 'WindowKit')
SwiftCompile normal arm64 /Users/admin/builder/spi-builder-workspace/.dependencies/checkouts/window-kit/Sources/WindowKit/Control/WindowTarget.swift (in target 'WindowKit' from project 'WindowKit')
cd /Users/admin/builder/spi-builder-workspace/.swiftpm/xcode
SwiftCompile normal arm64 /Users/admin/builder/spi-builder-workspace/.dependencies/checkouts/window-kit/Sources/WindowKit/Geometry/CGRect+FiniteStandardized.swift (in target 'WindowKit' from project 'WindowKit')
cd /Users/admin/builder/spi-builder-workspace/.swiftpm/xcode
SwiftCompile normal arm64 /Users/admin/builder/spi-builder-workspace/.dependencies/checkouts/window-kit/Sources/WindowKit/HitTesting/WindowHitTestMissReason.swift (in target 'WindowKit' from project 'WindowKit')
cd /Users/admin/builder/spi-builder-workspace/.swiftpm/xcode
SwiftCompile normal armv7k Compiling\ WindowTarget.swift,\ CGRect+FiniteStandardized.swift,\ WindowHitTestMissReason.swift /Users/admin/builder/spi-builder-workspace/.dependencies/checkouts/window-kit/Sources/WindowKit/Control/WindowTarget.swift /Users/admin/builder/spi-builder-workspace/.dependencies/checkouts/window-kit/Sources/WindowKit/Geometry/CGRect+FiniteStandardized.swift /Users/admin/builder/spi-builder-workspace/.dependencies/checkouts/window-kit/Sources/WindowKit/HitTesting/WindowHitTestMissReason.swift (in target 'WindowKit' from project 'WindowKit')
SwiftCompile normal armv7k /Users/admin/builder/spi-builder-workspace/.dependencies/checkouts/window-kit/Sources/WindowKit/Control/WindowTarget.swift (in target 'WindowKit' from project 'WindowKit')
cd /Users/admin/builder/spi-builder-workspace/.swiftpm/xcode
SwiftCompile normal armv7k /Users/admin/builder/spi-builder-workspace/.dependencies/checkouts/window-kit/Sources/WindowKit/Geometry/CGRect+FiniteStandardized.swift (in target 'WindowKit' from project 'WindowKit')
cd /Users/admin/builder/spi-builder-workspace/.swiftpm/xcode
SwiftCompile normal armv7k /Users/admin/builder/spi-builder-workspace/.dependencies/checkouts/window-kit/Sources/WindowKit/HitTesting/WindowHitTestMissReason.swift (in target 'WindowKit' from project 'WindowKit')
cd /Users/admin/builder/spi-builder-workspace/.swiftpm/xcode
SwiftEmitModule normal armv7k Emitting\ module\ for\ ActionKit (in target 'ActionKit' from project 'ActionKit')
2026-07-17 20:00:49.761 xcodebuild[933:5493] [MT] IDERunDestination: Supported platforms for the buildables in the current scheme is empty.
** BUILD FAILED **
The following build commands failed:
EmitSwiftModule normal arm64_32 (in target 'WindowKit' from project 'WindowKit')
SwiftEmitModule normal arm64_32 Emitting\ module\ for\ WindowKit (in target 'WindowKit' from project 'WindowKit')
SwiftEmitModule normal armv7k Emitting\ module\ for\ WindowKit (in target 'WindowKit' from project 'WindowKit')
EmitSwiftModule normal armv7k (in target 'WindowKit' from project 'WindowKit')
Building workspace spi-builder-workspace with scheme ActionKit-Package
(5 failures)
BUILD FAILURE 6.3 watchOS