The Swift Package Index logo.Swift Package Index

Build Information

Failed to build FitFileParser, reference 1.5.2 (afcdf1), with Swift 6.4 for Android on 19 Sep 2026 18:30:18 UTC.

Build Command

bash -c docker run --pull=always --rm -v "checkouts-54344843-0":/host -w "$PWD" -e JAVA_HOME="/root/.sdkman/candidates/java/current" -e SPI_BUILD="1" -e SPI_PROCESSING="1" registry.gitlab.com/saguaro1/spi-images:android-6.4-latest swift build --swift-sdk aarch64-unknown-linux-android28 2>&1

Build Log

========================================
RunAll
========================================
Builder version: 5.1.0
Interrupt handler set up.
========================================
Checkout
========================================
Clone URL: https://github.com/roznet/FitFileParser.git
Reference: 1.5.2
Initialized empty Git repository in /host/spi-builder-workspace/.git/
hint: Using 'master' as the name for the initial branch. This default branch name
hint: is subject to change. To configure the initial branch name to use in all
hint: of your new repositories, which will suppress this warning, call:
hint:
hint: 	git config --global init.defaultBranch <name>
hint:
hint: Names commonly chosen instead of 'master' are 'main', 'trunk' and
hint: 'development'. The just-created branch can be renamed via this command:
hint:
hint: 	git branch -m <name>
From https://github.com/roznet/FitFileParser
 * tag               1.5.2      -> FETCH_HEAD
HEAD is now at afcdf16 updated to 21.115
Cloned https://github.com/roznet/FitFileParser.git
Revision (git rev-parse @):
afcdf1677d89819f305f7714bb3b6a18dca05cc6
SUCCESS checkout https://github.com/roznet/FitFileParser.git at 1.5.2
========================================
Build
========================================
Selected platform:         android
Swift version:             6.4
Building package at path:  $PWD
https://github.com/roznet/FitFileParser.git
Running build ...
bash -c docker run --pull=always --rm -v "checkouts-54344843-0":/host -w "$PWD" -e JAVA_HOME="/root/.sdkman/candidates/java/current" -e SPI_BUILD="1" -e SPI_PROCESSING="1" registry.gitlab.com/saguaro1/spi-images:android-6.4-latest swift build --swift-sdk aarch64-unknown-linux-android28 2>&1
android-6.4-latest: Pulling from saguaro1/spi-images
Digest: sha256:abadcff584c273feba50641b454858d377ba30b35ea7287a94f45ebd8afd0ea0
Status: Image is up to date for registry.gitlab.com/saguaro1/spi-images:android-6.4-latest
Building for debugging...
[Planning deferred tasks]
/host/spi-builder-workspace/Sources/FitFileParserObjc/FitInterpretMesg.m:8:9: fatal error: 'Foundation/Foundation.h' file not found
    8 | #import <Foundation/Foundation.h>
      |         ^~~~~~~~~~~~~~~~~~~~~~~~~
1 error generated.
error: CompileC /host/spi-builder-workspace/.build/out/Intermediates.noindex/FitFileParser.build/Debug-android-aarch64/FitFileParserObjc-t.build/Objects-normal/aarch64/FitInterpretMesg.o /host/spi-builder-workspace/Sources/FitFileParserObjc/FitInterpretMesg.m normal aarch64 objective-c com.apple.compilers.llvm.clang.1_0.compiler failed with a nonzero exit code. Command line:     cd /host

    Using response file: /host/spi-builder-workspace/.build/out/Intermediates.noindex/FitFileParser.build/Debug-android-aarch64/FitFileParserObjc-t.build/Objects-normal/aarch64/6f95552a3397ee1cec971b90cf334075d5f321c3a3b0689ad55c3d1e24702600-common-args.resp

    /root/.local/share/swiftly/toolchains/6.4.x-snapshot-2026-09-04/usr/bin/clang -x objective-c -target aarch64-unknown-linux-android28 -fmessage-length\=0 -fdiagnostics-show-note-include-stack -fmacro-backtrace-limit\=0 -fcolor-diagnostics -Wno-trigraphs -Wno-missing-field-initializers -Wno-missing-prototypes -Wno-return-type -Wno-implicit-atomic-properties -Wno-objc-interface-ivars -Wno-arc-repeated-use-of-weak -Wno-missing-braces -Wparentheses -Wswitch -Wno-unused-function -Wno-unused-label -Wno-unused-parameter -Wno-unused-variable -Wunused-value -Wno-empty-body -Wno-uninitialized -Wno-unknown-pragmas -Wno-shadow -Wno-four-char-constants -Wno-conversion -Wno-constant-conversion -Wno-int-conversion -Wno-bool-conversion -Wno-enum-conversion -Wno-float-conversion -Wno-non-literal-null-conversion -Wno-objc-literal-conversion -Wno-shorten-64-to-32 -Wpointer-sign -Wno-newline-eof -Wno-selector -Wno-strict-selector-match -Wno-undeclared-selector -Wno-deprecated-implementations -Wno-implicit-fallthrough -fstrict-aliasing -Wprotocol -Wdeprecated-declarations -Wno-sign-conversion -Wno-infinite-recursion -Wno-comma -Wno-block-capture-autoreleasing -Wno-strict-prototypes -Wno-semicolon-before-method-body --sysroot /android-ndk/android-ndk-r27d/toolchains/llvm/prebuilt/linux-x86_64/sysroot @/host/spi-builder-workspace/.build/out/Intermediates.noindex/FitFileParser.build/Debug-android-aarch64/FitFileParserObjc-t.build/Objects-normal/aarch64/6f95552a3397ee1cec971b90cf334075d5f321c3a3b0689ad55c3d1e24702600-common-args.resp -MMD -MT dependencies -MF /host/spi-builder-workspace/.build/out/Intermediates.noindex/FitFileParser.build/Debug-android-aarch64/FitFileParserObjc-t.build/Objects-normal/aarch64/FitInterpretMesg.d --serialize-diagnostics /host/spi-builder-workspace/.build/out/Intermediates.noindex/FitFileParser.build/Debug-android-aarch64/FitFileParserObjc-t.build/Objects-normal/aarch64/FitInterpretMesg.dia -c /host/spi-builder-workspace/Sources/FitFileParserObjc/FitInterpretMesg.m -o /host/spi-builder-workspace/.build/out/Intermediates.noindex/FitFileParser.build/Debug-android-aarch64/FitFileParserObjc-t.build/Objects-normal/aarch64/FitInterpretMesg.o
/host/spi-builder-workspace/Sources/FitFileParserObjc/fit_convert.m:25:1: error: use of '@import' when modules are disabled
   25 | @import Foundation;
      | ^
1 error generated.
error: CompileC /host/spi-builder-workspace/.build/out/Intermediates.noindex/FitFileParser.build/Debug-android-aarch64/FitFileParserObjc-t.build/Objects-normal/aarch64/fit_convert.o /host/spi-builder-workspace/Sources/FitFileParserObjc/fit_convert.m normal aarch64 objective-c com.apple.compilers.llvm.clang.1_0.compiler failed with a nonzero exit code. Command line:     cd /host

    Using response file: /host/spi-builder-workspace/.build/out/Intermediates.noindex/FitFileParser.build/Debug-android-aarch64/FitFileParserObjc-t.build/Objects-normal/aarch64/6f95552a3397ee1cec971b90cf334075d5f321c3a3b0689ad55c3d1e24702600-common-args.resp

    /root/.local/share/swiftly/toolchains/6.4.x-snapshot-2026-09-04/usr/bin/clang -x objective-c -target aarch64-unknown-linux-android28 -fmessage-length\=0 -fdiagnostics-show-note-include-stack -fmacro-backtrace-limit\=0 -fcolor-diagnostics -Wno-trigraphs -Wno-missing-field-initializers -Wno-missing-prototypes -Wno-return-type -Wno-implicit-atomic-properties -Wno-objc-interface-ivars -Wno-arc-repeated-use-of-weak -Wno-missing-braces -Wparentheses -Wswitch -Wno-unused-function -Wno-unused-label -Wno-unused-parameter -Wno-unused-variable -Wunused-value -Wno-empty-body -Wno-uninitialized -Wno-unknown-pragmas -Wno-shadow -Wno-four-char-constants -Wno-conversion -Wno-constant-conversion -Wno-int-conversion -Wno-bool-conversion -Wno-enum-conversion -Wno-float-conversion -Wno-non-literal-null-conversion -Wno-objc-literal-conversion -Wno-shorten-64-to-32 -Wpointer-sign -Wno-newline-eof -Wno-selector -Wno-strict-selector-match -Wno-undeclared-selector -Wno-deprecated-implementations -Wno-implicit-fallthrough -fstrict-aliasing -Wprotocol -Wdeprecated-declarations -Wno-sign-conversion -Wno-infinite-recursion -Wno-comma -Wno-block-capture-autoreleasing -Wno-strict-prototypes -Wno-semicolon-before-method-body --sysroot /android-ndk/android-ndk-r27d/toolchains/llvm/prebuilt/linux-x86_64/sysroot @/host/spi-builder-workspace/.build/out/Intermediates.noindex/FitFileParser.build/Debug-android-aarch64/FitFileParserObjc-t.build/Objects-normal/aarch64/6f95552a3397ee1cec971b90cf334075d5f321c3a3b0689ad55c3d1e24702600-common-args.resp -MMD -MT dependencies -MF /host/spi-builder-workspace/.build/out/Intermediates.noindex/FitFileParser.build/Debug-android-aarch64/FitFileParserObjc-t.build/Objects-normal/aarch64/fit_convert.d --serialize-diagnostics /host/spi-builder-workspace/.build/out/Intermediates.noindex/FitFileParser.build/Debug-android-aarch64/FitFileParserObjc-t.build/Objects-normal/aarch64/fit_convert.dia -c /host/spi-builder-workspace/Sources/FitFileParserObjc/fit_convert.m -o /host/spi-builder-workspace/.build/out/Intermediates.noindex/FitFileParser.build/Debug-android-aarch64/FitFileParserObjc-t.build/Objects-normal/aarch64/fit_convert.o
In file included from /host/spi-builder-workspace/Sources/FitFileParserObjc/FitDevDataParser.m:27:
/host/spi-builder-workspace/Sources/FitFileParserObjc/FitDevDataParser.h:26:1: error: use of '@import' when modules are disabled
   26 | @import Foundation;
      | ^
/host/spi-builder-workspace/Sources/FitFileParserObjc/FitDevDataParser.h:31:31: error: cannot find interface declaration for 'NSObject', superclass of 'FitDevDataParser'
   31 | @interface FitDevDataParser : NSObject
      | ~~~~~~~~~~~~~~~~~~~~~~~~~~~   ^
/host/spi-builder-workspace/Sources/FitFileParserObjc/FitDevDataParser.h:33:100: error: expected a type
   33 | +(nonnull FitDevDataParser*)devDataParser:(nonnull FIT_CONVERT_STATE  *) state knownUnits:(nonnull NSArray<NSString*>*)known;
      |                                                                                                    ^
/host/spi-builder-workspace/Sources/FitFileParserObjc/FitDevDataParser.h:38:12: error: expected a type
   38 | -(nullable NSDictionary<NSString*,NSNumber*>*)parseData;
      |            ^
/host/spi-builder-workspace/Sources/FitFileParserObjc/FitDevDataParser.h:39:12: error: expected a type
   39 | -(nullable NSDictionary<NSString*,NSNumber*>*)nativeFields;
      |            ^
/host/spi-builder-workspace/Sources/FitFileParserObjc/FitDevDataParser.h:40:12: error: expected a type
   40 | -(nullable NSDictionary<NSString*,NSString*>*)units;
      |            ^
In file included from /host/spi-builder-workspace/Sources/FitFileParserObjc/FitDevDataParser.m:31:
/host/spi-builder-workspace/Sources/FitFileParserObjc/rzfit_objc_map.h:9:1: error: use of '@import' when modules are disabled
    9 | @import Foundation;
      | ^
In file included from /host/spi-builder-workspace/Sources/FitFileParserObjc/FitDevDataParser.m:31:
In file included from /host/spi-builder-workspace/Sources/FitFileParserObjc/rzfit_objc_map.h:11:
/host/spi-builder-workspace/Sources/FitFileParserObjc/FitInterpretMesg.h:8:1: error: use of '@import' when modules are disabled
    8 | @import Foundation;
      | ^
/host/spi-builder-workspace/Sources/FitFileParserObjc/FitInterpretMesg.h:30:5: error: unknown type name 'NSTimeInterval'
   30 |     NSTimeInterval date_values[FIT_INTERP_MAX_FIELD];
      |     ^
/host/spi-builder-workspace/Sources/FitFileParserObjc/FitInterpretMesg.h:38:31: error: cannot find interface declaration for 'NSObject', superclass of 'FitInterpretMesg'
   38 | @interface FitInterpretMesg : NSObject
      | ~~~~~~~~~~~~~~~~~~~~~~~~~~~   ^
/host/spi-builder-workspace/Sources/FitFileParserObjc/FitInterpretMesg.h:41:40: error: unknown type name 'NSArray'
   41 | @property (nonatomic,readonly,nonnull) NSArray<NSString*>* dynamicStrings;
      |                                        ^
/host/spi-builder-workspace/Sources/FitFileParserObjc/FitInterpretMesg.h:41:47: error: expected member name or ';' after declaration specifiers
   41 | @property (nonatomic,readonly,nonnull) NSArray<NSString*>* dynamicStrings;
      |                                        ~~~~~~~^
/host/spi-builder-workspace/Sources/FitFileParserObjc/FitInterpretMesg.h:41:1: error: property requires fields to be named
   41 | @property (nonatomic,readonly,nonnull) NSArray<NSString*>* dynamicStrings;
      | ^                                      ~~~~~~~
/host/spi-builder-workspace/Sources/FitFileParserObjc/FitInterpretMesg.h:41:47: error: expected ';' at end of declaration list
   41 | @property (nonatomic,readonly,nonnull) NSArray<NSString*>* dynamicStrings;
      |                                               ^
      |                                               ;
/host/spi-builder-workspace/Sources/FitFileParserObjc/FitInterpretMesg.h:41:56: error: expected '>'
   41 | @property (nonatomic,readonly,nonnull) NSArray<NSString*>* dynamicStrings;
      |                                                        ^
/host/spi-builder-workspace/Sources/FitFileParserObjc/FitInterpretMesg.h:41:47: note: to match this '<'
   41 | @property (nonatomic,readonly,nonnull) NSArray<NSString*>* dynamicStrings;
      |                                               ^
/host/spi-builder-workspace/Sources/FitFileParserObjc/FitInterpretMesg.h:41:47: warning: protocol has no object type specified; defaults to qualified 'id'
   41 | @property (nonatomic,readonly,nonnull) NSArray<NSString*>* dynamicStrings;
      |                                               ^
      |                                               id
/host/spi-builder-workspace/Sources/FitFileParserObjc/FitInterpretMesg.h:41:57: error: expected identifier or '('
   41 | @property (nonatomic,readonly,nonnull) NSArray<NSString*>* dynamicStrings;
      |                                                         ^
/host/spi-builder-workspace/Sources/FitFileParserObjc/FitInterpretMesg.h:43:3: error: expected a type
   43 | -(BOOL)interpret:(nonnull FIT_CONVERT_STATE*)state;
      |   ^
In file included from /host/spi-builder-workspace/Sources/FitFileParserObjc/FitDevDataParser.m:31:
/host/spi-builder-workspace/Sources/FitFileParserObjc/rzfit_objc_map.h:34:8: error: unknown type name 'NSString'
   34 | extern NSString * rzfit_objc_unit_to_name( FIT_UNIT fit_unit );
      |        ^
/host/spi-builder-workspace/Sources/FitFileParserObjc/rzfit_objc_map.h:37:8: error: unknown type name 'NSString'
   37 | extern NSString * rzfit_objc_field_num_to_string( FIT_UINT16 global_mesg_num, FIT_UINT16 field, FIT_INTERP_FIELD * interp );
      |        ^
fatal error: too many errors emitted, stopping now [-ferror-limit=]
1 warning and 20 errors generated.
error: CompileC /host/spi-builder-workspace/.build/out/Intermediates.noindex/FitFileParser.build/Debug-android-aarch64/FitFileParserObjc-t.build/Objects-normal/aarch64/FitDevDataParser.o /host/spi-builder-workspace/Sources/FitFileParserObjc/FitDevDataParser.m normal aarch64 objective-c com.apple.compilers.llvm.clang.1_0.compiler failed with a nonzero exit code. Command line:     cd /host

    Using response file: /host/spi-builder-workspace/.build/out/Intermediates.noindex/FitFileParser.build/Debug-android-aarch64/FitFileParserObjc-t.build/Objects-normal/aarch64/6f95552a3397ee1cec971b90cf334075d5f321c3a3b0689ad55c3d1e24702600-common-args.resp

    /root/.local/share/swiftly/toolchains/6.4.x-snapshot-2026-09-04/usr/bin/clang -x objective-c -target aarch64-unknown-linux-android28 -fmessage-length\=0 -fdiagnostics-show-note-include-stack -fmacro-backtrace-limit\=0 -fcolor-diagnostics -Wno-trigraphs -Wno-missing-field-initializers -Wno-missing-prototypes -Wno-return-type -Wno-implicit-atomic-properties -Wno-objc-interface-ivars -Wno-arc-repeated-use-of-weak -Wno-missing-braces -Wparentheses -Wswitch -Wno-unused-function -Wno-unused-label -Wno-unused-parameter -Wno-unused-variable -Wunused-value -Wno-empty-body -Wno-uninitialized -Wno-unknown-pragmas -Wno-shadow -Wno-four-char-constants -Wno-conversion -Wno-constant-conversion -Wno-int-conversion -Wno-bool-conversion -Wno-enum-conversion -Wno-float-conversion -Wno-non-literal-null-conversion -Wno-objc-literal-conversion -Wno-shorten-64-to-32 -Wpointer-sign -Wno-newline-eof -Wno-selector -Wno-strict-selector-match -Wno-undeclared-selector -Wno-deprecated-implementations -Wno-implicit-fallthrough -fstrict-aliasing -Wprotocol -Wdeprecated-declarations -Wno-sign-conversion -Wno-infinite-recursion -Wno-comma -Wno-block-capture-autoreleasing -Wno-strict-prototypes -Wno-semicolon-before-method-body --sysroot /android-ndk/android-ndk-r27d/toolchains/llvm/prebuilt/linux-x86_64/sysroot @/host/spi-builder-workspace/.build/out/Intermediates.noindex/FitFileParser.build/Debug-android-aarch64/FitFileParserObjc-t.build/Objects-normal/aarch64/6f95552a3397ee1cec971b90cf334075d5f321c3a3b0689ad55c3d1e24702600-common-args.resp -MMD -MT dependencies -MF /host/spi-builder-workspace/.build/out/Intermediates.noindex/FitFileParser.build/Debug-android-aarch64/FitFileParserObjc-t.build/Objects-normal/aarch64/FitDevDataParser.d --serialize-diagnostics /host/spi-builder-workspace/.build/out/Intermediates.noindex/FitFileParser.build/Debug-android-aarch64/FitFileParserObjc-t.build/Objects-normal/aarch64/FitDevDataParser.dia -c /host/spi-builder-workspace/Sources/FitFileParserObjc/FitDevDataParser.m -o /host/spi-builder-workspace/.build/out/Intermediates.noindex/FitFileParser.build/Debug-android-aarch64/FitFileParserObjc-t.build/Objects-normal/aarch64/FitDevDataParser.o
error: Build failed
BUILD FAILURE 6.4 android