The Swift Package Index logo.Swift Package Index

Build Information

Failed to build Kanna, reference 6.1.0 (3c73af), with Swift 6.4 for watchOS using Xcode 27.0 on 24 Sep 2026 06:04:21 UTC.

Build Command

env DEVELOPER_DIR=/Applications/Xcode-27.0.0-Release.Candidate.app xcrun xcodebuild -IDEClonedSourcePackagesDirPathOverride=$PWD/.dependencies -skipMacroValidation -skipPackagePluginValidation -derivedDataPath $PWD/.derivedData build -scheme Kanna -destination generic/platform=watchOS

Build Log

========================================
RunAll
========================================
Builder version: 5.1.0
Interrupt handler set up.
========================================
Checkout
========================================
Clone URL: https://github.com/tid-kijyun/Kanna.git
Reference: 6.1.0
Initialized empty Git repository in /Users/admin/builder/spi-builder-workspace/.git/
From https://github.com/tid-kijyun/Kanna
 * tag               6.1.0      -> FETCH_HEAD
HEAD is now at 3c73af6 Merge branch 'ucotta/master'
Cloned https://github.com/tid-kijyun/Kanna.git
Revision (git rev-parse @):
3c73af6d3859d9240db60aef233941a715387744
SUCCESS checkout https://github.com/tid-kijyun/Kanna.git at 6.1.0
========================================
Build
========================================
Selected platform:         watchOS
Swift version:             6.4
Building package at path:  $PWD
https://github.com/tid-kijyun/Kanna.git
Command line invocation:
    /Applications/Xcode-27.0.0-Release.Candidate.app/Contents/Developer/usr/bin/xcodebuild -IDEClonedSourcePackagesDirPathOverride=/Users/admin/builder/spi-builder-workspace/.dependencies -resolvePackageDependencies
resolved source packages:
{
  "dependencies" : [
  ],
  "manifest_display_name" : "Kanna",
  "name" : "Kanna",
  "path" : "/Users/admin/builder/spi-builder-workspace",
  "platforms" : [
  ],
  "products" : [
    {
      "name" : "Kanna",
      "targets" : [
        "Kanna"
      ],
      "type" : {
        "library" : [
          "automatic"
        ]
      }
    }
  ],
  "targets" : [
    {
      "c99name" : "libxml2",
      "module_type" : "SystemLibraryTarget",
      "name" : "libxml2",
      "path" : "Modules",
      "sources" : [
      ],
      "type" : "system-target"
    },
    {
      "c99name" : "KannaTests",
      "module_type" : "SwiftTarget",
      "name" : "KannaTests",
      "path" : "Tests/KannaTests",
      "resources" : [
        {
          "path" : "/Users/admin/builder/spi-builder-workspace/Tests/KannaTests/Data/libraries.xml",
          "rule" : {
            "process" : {
            }
          }
        },
        {
          "path" : "/Users/admin/builder/spi-builder-workspace/Tests/KannaTests/Data/pptx-presentation.xml",
          "rule" : {
            "process" : {
            }
          }
        },
        {
          "path" : "/Users/admin/builder/spi-builder-workspace/Tests/KannaTests/Data/pptx-presentation.xml.rels",
          "rule" : {
            "process" : {
            }
          }
        },
        {
          "path" : "/Users/admin/builder/spi-builder-workspace/Tests/KannaTests/Data/sample.html",
          "rule" : {
            "process" : {
            }
          }
        },
        {
          "path" : "/Users/admin/builder/spi-builder-workspace/Tests/KannaTests/Data/test_HTML4.html",
          "rule" : {
            "process" : {
            }
          }
        },
        {
          "path" : "/Users/admin/builder/spi-builder-workspace/Tests/KannaTests/Data/test_XML_ExcelWorkbook.xml",
          "rule" : {
            "process" : {
            }
          }
        },
        {
          "path" : "/Users/admin/builder/spi-builder-workspace/Tests/KannaTests/Data/versions.xml",
          "rule" : {
            "process" : {
            }
          }
        }
      ],
      "sources" : [
        "Bundle+.swift",
        "KannaCSSTests.swift",
        "KannaHTMLModifyingTests.swift",
        "KannaHTMLTests.swift",
        "KannaTutorialsTest.swift",
        "KannaXMLModifyingTests.swift",
        "KannaXMLTests.swift"
      ],
      "target_dependencies" : [
        "Kanna"
      ],
      "type" : "test"
    },
    {
      "c99name" : "Kanna",
      "module_type" : "SwiftTarget",
      "name" : "Kanna",
      "path" : "Sources",
      "product_memberships" : [
        "Kanna"
      ],
      "resources" : [
        {
          "path" : "/Users/admin/builder/spi-builder-workspace/Sources/Kanna/PrivacyInfo.xcprivacy",
          "rule" : {
            "copy" : {
            }
          }
        }
      ],
      "sources" : [
        "Kanna/CSS.swift",
        "Kanna/Deprecated.swift",
        "Kanna/Kanna.swift",
        "Kanna/libxmlHTMLDocument.swift",
        "Kanna/libxmlHTMLNode.swift",
        "Kanna/libxmlParserOption.swift"
      ],
      "type" : "library"
    }
  ],
  "tools_version" : "5.5"
}
{
  "project" : {
    "configurations" : [
      "Debug",
      "Release"
    ],
    "name" : "Kanna",
    "schemes" : [
      "Kanna"
    ],
    "targets" : [
      "Kanna",
      "Tests"
    ]
  }
}
Running build ...
env DEVELOPER_DIR=/Applications/Xcode-27.0.0-Release.Candidate.app xcrun xcodebuild -IDEClonedSourcePackagesDirPathOverride=$PWD/.dependencies -skipMacroValidation -skipPackagePluginValidation -derivedDataPath $PWD/.derivedData build -scheme Kanna -destination generic/platform=watchOS
Command line invocation:
    /Applications/Xcode-27.0.0-Release.Candidate.app/Contents/Developer/usr/bin/xcodebuild -IDEClonedSourcePackagesDirPathOverride=/Users/admin/builder/spi-builder-workspace/.dependencies -skipMacroValidation -skipPackagePluginValidation -derivedDataPath /Users/admin/builder/spi-builder-workspace/.derivedData build -scheme Kanna -destination generic/platform=watchOS
ComputePackagePrebuildTargetDependencyGraph
Prepare packages
CreateBuildRequest
SendProjectDescription
CreateBuildOperation
ComputeTargetDependencyGraph
note: Building targets in dependency order
note: Target dependency graph (1 target)
    Target 'Kanna' in project 'Kanna' (no dependencies)
GatherProvisioningInputs
CreateBuildDescription
ExecuteExternalTool /Applications/Xcode-27.0.0-Release.Candidate.app/Contents/Developer/Toolchains/XcodeDefault.xctoolchain/usr/bin/clang -v -E -dM -isysroot /Applications/Xcode-27.0.0-Release.Candidate.app/Contents/Developer/Platforms/WatchOS.platform/Developer/SDKs/WatchOS27.0.sdk -x c -c /dev/null
ExecuteExternalTool /Applications/Xcode-27.0.0-Release.Candidate.app/Contents/Developer/Toolchains/XcodeDefault.xctoolchain/usr/bin/clang -v -E -dM -arch arm64 -isysroot /Applications/Xcode-27.0.0-Release.Candidate.app/Contents/Developer/Platforms/WatchOS.platform/Developer/SDKs/WatchOS27.0.sdk -x c -c /dev/null
ExecuteExternalTool /Applications/Xcode-27.0.0-Release.Candidate.app/Contents/Developer/Toolchains/XcodeDefault.xctoolchain/usr/bin/swiftc --version
ExecuteExternalTool /Applications/Xcode-27.0.0-Release.Candidate.app/Contents/Developer/Toolchains/XcodeDefault.xctoolchain/usr/bin/ld -version_details
ExecuteExternalTool /Applications/Xcode-27.0.0-Release.Candidate.app/Contents/Developer/Toolchains/XcodeDefault.xctoolchain/usr/bin/clang -v -E -dM -arch arm64_32 -isysroot /Applications/Xcode-27.0.0-Release.Candidate.app/Contents/Developer/Platforms/WatchOS.platform/Developer/SDKs/WatchOS27.0.sdk -x c -c /dev/null
Build description signature: 605b081096cb010a8347e846c14e97aa
Build description path: /Users/admin/builder/spi-builder-workspace/.derivedData/Build/Intermediates.noindex/XCBuildData/605b081096cb010a8347e846c14e97aa.xcbuilddata
/Users/admin/builder/spi-builder-workspace/Kanna.xcodeproj: error: The watchOS deployment target 'WATCHOS_DEPLOYMENT_TARGET' is set to 4.0, but the range of supported deployment target versions is 9.0 to 27.0.x. (in target 'Kanna' from project 'Kanna')
error: The armv7k architecture is deprecated. You should update your ARCHS build setting to remove the armv7k architecture. (in target 'Kanna' from project 'Kanna')
note: Run script build phase 'Swiftlint' will be run during every build because the option to run the script phase "Based on dependency analysis" is unchecked. (in target 'Kanna' from project 'Kanna')
** BUILD FAILED **
The following build commands failed:
	Building project Kanna with scheme Kanna
(1 failure)
Command line invocation:
    /Applications/Xcode-27.0.0-Release.Candidate.app/Contents/Developer/usr/bin/xcodebuild -IDEClonedSourcePackagesDirPathOverride=/Users/admin/builder/spi-builder-workspace/.dependencies -resolvePackageDependencies
resolved source packages:
{
  "dependencies" : [
  ],
  "manifest_display_name" : "Kanna",
  "name" : "Kanna",
  "path" : "/Users/admin/builder/spi-builder-workspace",
  "platforms" : [
  ],
  "products" : [
    {
      "name" : "Kanna",
      "targets" : [
        "Kanna"
      ],
      "type" : {
        "library" : [
          "automatic"
        ]
      }
    }
  ],
  "targets" : [
    {
      "c99name" : "libxml2",
      "module_type" : "SystemLibraryTarget",
      "name" : "libxml2",
      "path" : "Modules",
      "sources" : [
      ],
      "type" : "system-target"
    },
    {
      "c99name" : "KannaTests",
      "module_type" : "SwiftTarget",
      "name" : "KannaTests",
      "path" : "Tests/KannaTests",
      "resources" : [
        {
          "path" : "/Users/admin/builder/spi-builder-workspace/Tests/KannaTests/Data/libraries.xml",
          "rule" : {
            "process" : {
            }
          }
        },
        {
          "path" : "/Users/admin/builder/spi-builder-workspace/Tests/KannaTests/Data/pptx-presentation.xml",
          "rule" : {
            "process" : {
            }
          }
        },
        {
          "path" : "/Users/admin/builder/spi-builder-workspace/Tests/KannaTests/Data/pptx-presentation.xml.rels",
          "rule" : {
            "process" : {
            }
          }
        },
        {
          "path" : "/Users/admin/builder/spi-builder-workspace/Tests/KannaTests/Data/sample.html",
          "rule" : {
            "process" : {
            }
          }
        },
        {
          "path" : "/Users/admin/builder/spi-builder-workspace/Tests/KannaTests/Data/test_HTML4.html",
          "rule" : {
            "process" : {
            }
          }
        },
        {
          "path" : "/Users/admin/builder/spi-builder-workspace/Tests/KannaTests/Data/test_XML_ExcelWorkbook.xml",
          "rule" : {
            "process" : {
            }
          }
        },
        {
          "path" : "/Users/admin/builder/spi-builder-workspace/Tests/KannaTests/Data/versions.xml",
          "rule" : {
            "process" : {
            }
          }
        }
      ],
      "sources" : [
        "Bundle+.swift",
        "KannaCSSTests.swift",
        "KannaHTMLModifyingTests.swift",
        "KannaHTMLTests.swift",
        "KannaTutorialsTest.swift",
        "KannaXMLModifyingTests.swift",
        "KannaXMLTests.swift"
      ],
      "target_dependencies" : [
        "Kanna"
      ],
      "type" : "test"
    },
    {
      "c99name" : "Kanna",
      "module_type" : "SwiftTarget",
      "name" : "Kanna",
      "path" : "Sources",
      "product_memberships" : [
        "Kanna"
      ],
      "resources" : [
        {
          "path" : "/Users/admin/builder/spi-builder-workspace/Sources/Kanna/PrivacyInfo.xcprivacy",
          "rule" : {
            "copy" : {
            }
          }
        }
      ],
      "sources" : [
        "Kanna/CSS.swift",
        "Kanna/Deprecated.swift",
        "Kanna/Kanna.swift",
        "Kanna/libxmlHTMLDocument.swift",
        "Kanna/libxmlHTMLNode.swift",
        "Kanna/libxmlParserOption.swift"
      ],
      "type" : "library"
    }
  ],
  "tools_version" : "5.5"
}
{
  "project" : {
    "configurations" : [
      "Debug",
      "Release"
    ],
    "name" : "Kanna",
    "schemes" : [
      "Kanna"
    ],
    "targets" : [
      "Kanna",
      "Tests"
    ]
  }
}
Running build ...
env DEVELOPER_DIR=/Applications/Xcode-27.0.0-Release.Candidate.app xcrun xcodebuild -IDEClonedSourcePackagesDirPathOverride=$PWD/.dependencies -skipMacroValidation -skipPackagePluginValidation -derivedDataPath $PWD/.derivedData build -scheme Kanna -destination generic/platform=watchOS
Command line invocation:
    /Applications/Xcode-27.0.0-Release.Candidate.app/Contents/Developer/usr/bin/xcodebuild -IDEClonedSourcePackagesDirPathOverride=/Users/admin/builder/spi-builder-workspace/.dependencies -skipMacroValidation -skipPackagePluginValidation -derivedDataPath /Users/admin/builder/spi-builder-workspace/.derivedData build -scheme Kanna -destination generic/platform=watchOS
ComputePackagePrebuildTargetDependencyGraph
Prepare packages
CreateBuildRequest
SendProjectDescription
CreateBuildOperation
ComputeTargetDependencyGraph
note: Building targets in dependency order
note: Target dependency graph (1 target)
    Target 'Kanna' in project 'Kanna' (no dependencies)
GatherProvisioningInputs
CreateBuildDescription
error: The armv7k architecture is deprecated. You should update your ARCHS build setting to remove the armv7k architecture. (in target 'Kanna' from project 'Kanna')
/Users/admin/builder/spi-builder-workspace/Kanna.xcodeproj: error: The watchOS deployment target 'WATCHOS_DEPLOYMENT_TARGET' is set to 4.0, but the range of supported deployment target versions is 9.0 to 27.0.x. (in target 'Kanna' from project 'Kanna')
note: Run script build phase 'Swiftlint' will be run during every build because the option to run the script phase "Based on dependency analysis" is unchecked. (in target 'Kanna' from project 'Kanna')
** BUILD FAILED **
The following build commands failed:
	Building project Kanna with scheme Kanna
(1 failure)
BUILD FAILURE 6.4 watchOS