The Swift Package Index logo.Swift Package Index

Build Information

Failed to build Almanac, reference v0.3.1 (bc5209), with Swift 6.2 for macOS (SPM) on 8 Oct 2026 20:31:38 UTC.

Build Command

env DEVELOPER_DIR=/Applications/Xcode-26.3.0.app xcrun swift build --arch arm64

Build Log

========================================
RunAll
========================================
Builder version: 5.1.1
Interrupt handler set up.
========================================
Checkout
========================================
Clone URL: https://github.com/isamercan/Almanac.git
Reference: v0.3.1
Initialized empty Git repository in /Users/admin/builder/spi-builder-workspace/.git/
From https://github.com/isamercan/Almanac
 * tag               v0.3.1     -> FETCH_HEAD
HEAD is now at bc5209a Release 0.3.1: top bar knobs (#4)
Cloned https://github.com/isamercan/Almanac.git
Revision (git rev-parse @):
bc5209a67507cd708b142a95a5284eb37d79d1b4
SPI manifest file found: $PWD/.spi.yml
SUCCESS checkout https://github.com/isamercan/Almanac.git at v0.3.1
========================================
Build
========================================
Selected platform:         macosSpm
Swift version:             6.2
Building package at path:  $PWD
https://github.com/isamercan/Almanac.git
Running build ...
env DEVELOPER_DIR=/Applications/Xcode-26.3.0.app xcrun swift build --arch arm64
Building for debugging...
[0/7] Write sources
[0/7] Copying Info.plist
[2/7] Copying Localizable.strings
[3/7] Write sources
[5/7] Copying Localizable.strings
[6/7] Write swift-version--3CB7CFEC50E0D141.txt
error: emit-module command failed with exit code 1 (use -v to see invocation)
[8/50] Emitting module HorizonCalendar
/Users/admin/builder/spi-builder-workspace/.build/checkouts/HorizonCalendar/Sources/Internal/CalendarScrollView.swift:16:8: error: no such module 'UIKit'
14 | // limitations under the License.
15 |
16 | import UIKit
   |        `- error: no such module 'UIKit'
17 |
18 | /// A scroll view with altered behavior to better fit the needs of `CalendarView`.
[9/54] Compiling HorizonCalendar MonthRange.swift
/Users/admin/builder/spi-builder-workspace/.build/checkouts/HorizonCalendar/Sources/Internal/CalendarScrollView.swift:16:8: error: no such module 'UIKit'
14 | // limitations under the License.
15 |
16 | import UIKit
   |        `- error: no such module 'UIKit'
17 |
18 | /// A scroll view with altered behavior to better fit the needs of `CalendarView`.
[10/54] Compiling HorizonCalendar MonthsLayout.swift
/Users/admin/builder/spi-builder-workspace/.build/checkouts/HorizonCalendar/Sources/Internal/CalendarScrollView.swift:16:8: error: no such module 'UIKit'
14 | // limitations under the License.
15 |
16 | import UIKit
   |        `- error: no such module 'UIKit'
17 |
18 | /// A scroll view with altered behavior to better fit the needs of `CalendarView`.
[11/54] Compiling HorizonCalendar OverlaidItemLocation.swift
/Users/admin/builder/spi-builder-workspace/.build/checkouts/HorizonCalendar/Sources/Internal/CalendarScrollView.swift:16:8: error: no such module 'UIKit'
14 | // limitations under the License.
15 |
16 | import UIKit
   |        `- error: no such module 'UIKit'
17 |
18 | /// A scroll view with altered behavior to better fit the needs of `CalendarView`.
[12/54] Compiling HorizonCalendar OverlayLayoutContext.swift
/Users/admin/builder/spi-builder-workspace/.build/checkouts/HorizonCalendar/Sources/Internal/CalendarScrollView.swift:16:8: error: no such module 'UIKit'
14 | // limitations under the License.
15 |
16 | import UIKit
   |        `- error: no such module 'UIKit'
17 |
18 | /// A scroll view with altered behavior to better fit the needs of `CalendarView`.
[13/54] Compiling HorizonCalendar AnyCalendarItemModel.swift
/Users/admin/builder/spi-builder-workspace/.build/checkouts/HorizonCalendar/Sources/Internal/CalendarScrollView.swift:16:8: error: no such module 'UIKit'
14 | // limitations under the License.
15 |
16 | import UIKit
   |        `- error: no such module 'UIKit'
17 |
18 | /// A scroll view with altered behavior to better fit the needs of `CalendarView`.
[14/54] Compiling HorizonCalendar CalendarItemModel.swift
/Users/admin/builder/spi-builder-workspace/.build/checkouts/HorizonCalendar/Sources/Internal/CalendarScrollView.swift:16:8: error: no such module 'UIKit'
14 | // limitations under the License.
15 |
16 | import UIKit
   |        `- error: no such module 'UIKit'
17 |
18 | /// A scroll view with altered behavior to better fit the needs of `CalendarView`.
[15/54] Compiling HorizonCalendar CalendarItemViewRepresentable.swift
/Users/admin/builder/spi-builder-workspace/.build/checkouts/HorizonCalendar/Sources/Internal/CalendarScrollView.swift:16:8: error: no such module 'UIKit'
14 | // limitations under the License.
15 |
16 | import UIKit
   |        `- error: no such module 'UIKit'
17 |
18 | /// A scroll view with altered behavior to better fit the needs of `CalendarView`.
[16/54] Compiling HorizonCalendar CalendarView.swift
/Users/admin/builder/spi-builder-workspace/.build/checkouts/HorizonCalendar/Sources/Internal/CalendarScrollView.swift:16:8: error: no such module 'UIKit'
14 | // limitations under the License.
15 |
16 | import UIKit
   |        `- error: no such module 'UIKit'
17 |
18 | /// A scroll view with altered behavior to better fit the needs of `CalendarView`.
[17/54] Compiling HorizonCalendar CalendarViewContent.swift
/Users/admin/builder/spi-builder-workspace/.build/checkouts/HorizonCalendar/Sources/Internal/CalendarScrollView.swift:16:8: error: no such module 'UIKit'
14 | // limitations under the License.
15 |
16 | import UIKit
   |        `- error: no such module 'UIKit'
17 |
18 | /// A scroll view with altered behavior to better fit the needs of `CalendarView`.
[18/54] Compiling HorizonCalendar Shape.swift
/Users/admin/builder/spi-builder-workspace/.build/checkouts/HorizonCalendar/Sources/Internal/CalendarScrollView.swift:16:8: error: no such module 'UIKit'
14 | // limitations under the License.
15 |
16 | import UIKit
   |        `- error: no such module 'UIKit'
17 |
18 | /// A scroll view with altered behavior to better fit the needs of `CalendarView`.
[19/54] Compiling HorizonCalendar SwiftUIWrapperView.swift
/Users/admin/builder/spi-builder-workspace/.build/checkouts/HorizonCalendar/Sources/Internal/CalendarScrollView.swift:16:8: error: no such module 'UIKit'
14 | // limitations under the License.
15 |
16 | import UIKit
   |        `- error: no such module 'UIKit'
17 |
18 | /// A scroll view with altered behavior to better fit the needs of `CalendarView`.
[20/54] Compiling HorizonCalendar Month.swift
/Users/admin/builder/spi-builder-workspace/.build/checkouts/HorizonCalendar/Sources/Internal/CalendarScrollView.swift:16:8: error: no such module 'UIKit'
14 | // limitations under the License.
15 |
16 | import UIKit
   |        `- error: no such module 'UIKit'
17 |
18 | /// A scroll view with altered behavior to better fit the needs of `CalendarView`.
[21/54] Compiling HorizonCalendar MonthLayoutContext.swift
/Users/admin/builder/spi-builder-workspace/.build/checkouts/HorizonCalendar/Sources/Internal/CalendarScrollView.swift:16:8: error: no such module 'UIKit'
14 | // limitations under the License.
15 |
16 | import UIKit
   |        `- error: no such module 'UIKit'
17 |
18 | /// A scroll view with altered behavior to better fit the needs of `CalendarView`.
[22/54] Compiling HorizonCalendar CalendarViewProxy.swift
/Users/admin/builder/spi-builder-workspace/.build/checkouts/HorizonCalendar/Sources/Internal/CalendarScrollView.swift:16:8: error: no such module 'UIKit'
14 | // limitations under the License.
15 |
16 | import UIKit
   |        `- error: no such module 'UIKit'
17 |
18 | /// A scroll view with altered behavior to better fit the needs of `CalendarView`.
[23/54] Compiling HorizonCalendar CalendarViewRepresentable.swift
/Users/admin/builder/spi-builder-workspace/.build/checkouts/HorizonCalendar/Sources/Internal/CalendarScrollView.swift:16:8: error: no such module 'UIKit'
14 | // limitations under the License.
15 |
16 | import UIKit
   |        `- error: no such module 'UIKit'
17 |
18 | /// A scroll view with altered behavior to better fit the needs of `CalendarView`.
[24/54] Compiling HorizonCalendar CalendarViewScrollPosition.swift
/Users/admin/builder/spi-builder-workspace/.build/checkouts/HorizonCalendar/Sources/Internal/CalendarScrollView.swift:16:8: error: no such module 'UIKit'
14 | // limitations under the License.
15 |
16 | import UIKit
   |        `- error: no such module 'UIKit'
17 |
18 | /// A scroll view with altered behavior to better fit the needs of `CalendarView`.
[25/54] Compiling HorizonCalendar Day.swift
/Users/admin/builder/spi-builder-workspace/.build/checkouts/HorizonCalendar/Sources/Internal/CalendarScrollView.swift:16:8: error: no such module 'UIKit'
14 | // limitations under the License.
15 |
16 | import UIKit
   |        `- error: no such module 'UIKit'
17 |
18 | /// A scroll view with altered behavior to better fit the needs of `CalendarView`.
[26/54] Compiling HorizonCalendar DayOfWeekPosition.swift
/Users/admin/builder/spi-builder-workspace/.build/checkouts/HorizonCalendar/Sources/Internal/CalendarScrollView.swift:16:8: error: no such module 'UIKit'
14 | // limitations under the License.
15 |
16 | import UIKit
   |        `- error: no such module 'UIKit'
17 |
18 | /// A scroll view with altered behavior to better fit the needs of `CalendarView`.
[27/54] Compiling HorizonCalendar DayRange.swift
/Users/admin/builder/spi-builder-workspace/.build/checkouts/HorizonCalendar/Sources/Internal/CalendarScrollView.swift:16:8: error: no such module 'UIKit'
14 | // limitations under the License.
15 |
16 | import UIKit
   |        `- error: no such module 'UIKit'
17 |
18 | /// A scroll view with altered behavior to better fit the needs of `CalendarView`.
[28/54] Compiling HorizonCalendar DayRangeLayoutContext.swift
/Users/admin/builder/spi-builder-workspace/.build/checkouts/HorizonCalendar/Sources/Internal/CalendarScrollView.swift:16:8: error: no such module 'UIKit'
14 | // limitations under the License.
15 |
16 | import UIKit
   |        `- error: no such module 'UIKit'
17 |
18 | /// A scroll view with altered behavior to better fit the needs of `CalendarView`.
[29/54] Compiling HorizonCalendar DaysOfTheWeekRowSeparatorOptions.swift
/Users/admin/builder/spi-builder-workspace/.build/checkouts/HorizonCalendar/Sources/Internal/CalendarScrollView.swift:16:8: error: no such module 'UIKit'
14 | // limitations under the License.
15 |
16 | import UIKit
   |        `- error: no such module 'UIKit'
17 |
18 | /// A scroll view with altered behavior to better fit the needs of `CalendarView`.
[30/54] Compiling HorizonCalendar DayOfWeekView.swift
/Users/admin/builder/spi-builder-workspace/.build/checkouts/HorizonCalendar/Sources/Internal/CalendarScrollView.swift:16:8: error: no such module 'UIKit'
14 | // limitations under the License.
15 |
16 | import UIKit
   |        `- error: no such module 'UIKit'
17 |
18 | /// A scroll view with altered behavior to better fit the needs of `CalendarView`.
[31/54] Compiling HorizonCalendar DayView.swift
/Users/admin/builder/spi-builder-workspace/.build/checkouts/HorizonCalendar/Sources/Internal/CalendarScrollView.swift:16:8: error: no such module 'UIKit'
14 | // limitations under the License.
15 |
16 | import UIKit
   |        `- error: no such module 'UIKit'
17 |
18 | /// A scroll view with altered behavior to better fit the needs of `CalendarView`.
[32/54] Compiling HorizonCalendar DrawingConfig.swift
/Users/admin/builder/spi-builder-workspace/.build/checkouts/HorizonCalendar/Sources/Internal/CalendarScrollView.swift:16:8: error: no such module 'UIKit'
14 | // limitations under the License.
15 |
16 | import UIKit
   |        `- error: no such module 'UIKit'
17 |
18 | /// A scroll view with altered behavior to better fit the needs of `CalendarView`.
[33/54] Compiling HorizonCalendar MonthGridBackgroundView.swift
/Users/admin/builder/spi-builder-workspace/.build/checkouts/HorizonCalendar/Sources/Internal/CalendarScrollView.swift:16:8: error: no such module 'UIKit'
14 | // limitations under the License.
15 |
16 | import UIKit
   |        `- error: no such module 'UIKit'
17 |
18 | /// A scroll view with altered behavior to better fit the needs of `CalendarView`.
[34/54] Compiling HorizonCalendar MonthHeaderView.swift
/Users/admin/builder/spi-builder-workspace/.build/checkouts/HorizonCalendar/Sources/Internal/CalendarScrollView.swift:16:8: error: no such module 'UIKit'
14 | // limitations under the License.
15 |
16 | import UIKit
   |        `- error: no such module 'UIKit'
17 |
18 | /// A scroll view with altered behavior to better fit the needs of `CalendarView`.
[35/54] Compiling HorizonCalendar CGFloat+MaxLayoutValue.swift
/Users/admin/builder/spi-builder-workspace/.build/checkouts/HorizonCalendar/Sources/Internal/CalendarScrollView.swift:16:8: error: no such module 'UIKit'
14 | // limitations under the License.
15 |
16 | import UIKit
   |        `- error: no such module 'UIKit'
17 |
18 | /// A scroll view with altered behavior to better fit the needs of `CalendarView`.
[36/54] Compiling HorizonCalendar Calendar+Helpers.swift
/Users/admin/builder/spi-builder-workspace/.build/checkouts/HorizonCalendar/Sources/Internal/CalendarScrollView.swift:16:8: error: no such module 'UIKit'
14 | // limitations under the License.
15 |
16 | import UIKit
   |        `- error: no such module 'UIKit'
17 |
18 | /// A scroll view with altered behavior to better fit the needs of `CalendarView`.
[37/54] Compiling HorizonCalendar CalendarScrollView.swift
/Users/admin/builder/spi-builder-workspace/.build/checkouts/HorizonCalendar/Sources/Internal/CalendarScrollView.swift:16:8: error: no such module 'UIKit'
14 | // limitations under the License.
15 |
16 | import UIKit
   |        `- error: no such module 'UIKit'
17 |
18 | /// A scroll view with altered behavior to better fit the needs of `CalendarView`.
[38/54] Compiling HorizonCalendar ColorViewRepresentable.swift
/Users/admin/builder/spi-builder-workspace/.build/checkouts/HorizonCalendar/Sources/Internal/CalendarScrollView.swift:16:8: error: no such module 'UIKit'
14 | // limitations under the License.
15 |
16 | import UIKit
   |        `- error: no such module 'UIKit'
17 |
18 | /// A scroll view with altered behavior to better fit the needs of `CalendarView`.
[39/54] Compiling HorizonCalendar Dictionary+MutatingValueForKey.swift
/Users/admin/builder/spi-builder-workspace/.build/checkouts/HorizonCalendar/Sources/Internal/CalendarScrollView.swift:16:8: error: no such module 'UIKit'
14 | // limitations under the License.
15 |
16 | import UIKit
   |        `- error: no such module 'UIKit'
17 |
18 | /// A scroll view with altered behavior to better fit the needs of `CalendarView`.
[40/54] Compiling HorizonCalendar LayoutItem.swift
/Users/admin/builder/spi-builder-workspace/.build/checkouts/HorizonCalendar/Sources/Internal/CalendarScrollView.swift:16:8: error: no such module 'UIKit'
14 | // limitations under the License.
15 |
16 | import UIKit
   |        `- error: no such module 'UIKit'
17 |
18 | /// A scroll view with altered behavior to better fit the needs of `CalendarView`.
[41/54] Compiling HorizonCalendar LayoutItemTypeEnumerator.swift
/Users/admin/builder/spi-builder-workspace/.build/checkouts/HorizonCalendar/Sources/Internal/CalendarScrollView.swift:16:8: error: no such module 'UIKit'
14 | // limitations under the License.
15 |
16 | import UIKit
   |        `- error: no such module 'UIKit'
17 |
18 | /// A scroll view with altered behavior to better fit the needs of `CalendarView`.
[42/54] Compiling HorizonCalendar PaginationHelpers.swift
/Users/admin/builder/spi-builder-workspace/.build/checkouts/HorizonCalendar/Sources/Internal/CalendarScrollView.swift:16:8: error: no such module 'UIKit'
14 | // limitations under the License.
15 |
16 | import UIKit
   |        `- error: no such module 'UIKit'
17 |
18 | /// A scroll view with altered behavior to better fit the needs of `CalendarView`.
[43/54] Compiling HorizonCalendar ScreenPixelAlignment.swift
/Users/admin/builder/spi-builder-workspace/.build/checkouts/HorizonCalendar/Sources/Internal/CalendarScrollView.swift:16:8: error: no such module 'UIKit'
14 | // limitations under the License.
15 |
16 | import UIKit
   |        `- error: no such module 'UIKit'
17 |
18 | /// A scroll view with altered behavior to better fit the needs of `CalendarView`.
[44/54] Compiling HorizonCalendar ScrollMetricsMutator.swift
/Users/admin/builder/spi-builder-workspace/.build/checkouts/HorizonCalendar/Sources/Internal/CalendarScrollView.swift:16:8: error: no such module 'UIKit'
14 | // limitations under the License.
15 |
16 | import UIKit
   |        `- error: no such module 'UIKit'
17 |
18 | /// A scroll view with altered behavior to better fit the needs of `CalendarView`.
[45/54] Compiling HorizonCalendar ScrollToItemContext.swift
/Users/admin/builder/spi-builder-workspace/.build/checkouts/HorizonCalendar/Sources/Internal/CalendarScrollView.swift:16:8: error: no such module 'UIKit'
14 | // limitations under the License.
15 |
16 | import UIKit
   |        `- error: no such module 'UIKit'
17 |
18 | /// A scroll view with altered behavior to better fit the needs of `CalendarView`.
[46/54] Compiling HorizonCalendar SubviewInsertionIndexTracker.swift
/Users/admin/builder/spi-builder-workspace/.build/checkouts/HorizonCalendar/Sources/Internal/CalendarScrollView.swift:16:8: error: no such module 'UIKit'
14 | // limitations under the License.
15 |
16 | import UIKit
   |        `- error: no such module 'UIKit'
17 |
18 | /// A scroll view with altered behavior to better fit the needs of `CalendarView`.
[47/54] Compiling HorizonCalendar UIView+NoAnimation.swift
/Users/admin/builder/spi-builder-workspace/.build/checkouts/HorizonCalendar/Sources/Internal/CalendarScrollView.swift:16:8: error: no such module 'UIKit'
14 | // limitations under the License.
15 |
16 | import UIKit
   |        `- error: no such module 'UIKit'
17 |
18 | /// A scroll view with altered behavior to better fit the needs of `CalendarView`.
[48/54] Compiling HorizonCalendar VisibleItem.swift
/Users/admin/builder/spi-builder-workspace/.build/checkouts/HorizonCalendar/Sources/Internal/CalendarScrollView.swift:16:8: error: no such module 'UIKit'
14 | // limitations under the License.
15 |
16 | import UIKit
   |        `- error: no such module 'UIKit'
17 |
18 | /// A scroll view with altered behavior to better fit the needs of `CalendarView`.
[49/54] Compiling HorizonCalendar VisibleItemsProvider.swift
/Users/admin/builder/spi-builder-workspace/.build/checkouts/HorizonCalendar/Sources/Internal/CalendarScrollView.swift:16:8: error: no such module 'UIKit'
14 | // limitations under the License.
15 |
16 | import UIKit
   |        `- error: no such module 'UIKit'
17 |
18 | /// A scroll view with altered behavior to better fit the needs of `CalendarView`.
[50/54] Compiling HorizonCalendar DoubleLayoutPassHelpers.swift
/Users/admin/builder/spi-builder-workspace/.build/checkouts/HorizonCalendar/Sources/Internal/CalendarScrollView.swift:16:8: error: no such module 'UIKit'
14 | // limitations under the License.
15 |
16 | import UIKit
   |        `- error: no such module 'UIKit'
17 |
18 | /// A scroll view with altered behavior to better fit the needs of `CalendarView`.
[51/54] Compiling HorizonCalendar FrameProvider.swift
/Users/admin/builder/spi-builder-workspace/.build/checkouts/HorizonCalendar/Sources/Internal/CalendarScrollView.swift:16:8: error: no such module 'UIKit'
14 | // limitations under the License.
15 |
16 | import UIKit
   |        `- error: no such module 'UIKit'
17 |
18 | /// A scroll view with altered behavior to better fit the needs of `CalendarView`.
[52/54] Compiling HorizonCalendar Hasher+CGRect.swift
/Users/admin/builder/spi-builder-workspace/.build/checkouts/HorizonCalendar/Sources/Internal/CalendarScrollView.swift:16:8: error: no such module 'UIKit'
14 | // limitations under the License.
15 |
16 | import UIKit
   |        `- error: no such module 'UIKit'
17 |
18 | /// A scroll view with altered behavior to better fit the needs of `CalendarView`.
[53/54] Compiling HorizonCalendar ItemView.swift
/Users/admin/builder/spi-builder-workspace/.build/checkouts/HorizonCalendar/Sources/Internal/CalendarScrollView.swift:16:8: error: no such module 'UIKit'
14 | // limitations under the License.
15 |
16 | import UIKit
   |        `- error: no such module 'UIKit'
17 |
18 | /// A scroll view with altered behavior to better fit the needs of `CalendarView`.
[54/54] Compiling HorizonCalendar ItemViewReuseManager.swift
/Users/admin/builder/spi-builder-workspace/.build/checkouts/HorizonCalendar/Sources/Internal/CalendarScrollView.swift:16:8: error: no such module 'UIKit'
14 | // limitations under the License.
15 |
16 | import UIKit
   |        `- error: no such module 'UIKit'
17 |
18 | /// A scroll view with altered behavior to better fit the needs of `CalendarView`.
Fetching https://github.com/pointfreeco/swift-snapshot-testing.git
Fetching https://github.com/airbnb/HorizonCalendar.git
[1/4386] Fetching horizoncalendar
[747/20886] Fetching horizoncalendar, swift-snapshot-testing
Fetched https://github.com/pointfreeco/swift-snapshot-testing.git from cache (5.81s)
Fetched https://github.com/airbnb/HorizonCalendar.git from cache (5.81s)
Computing version for https://github.com/airbnb/HorizonCalendar.git
Computed https://github.com/airbnb/HorizonCalendar.git at 2.0.0 (6.38s)
Computing version for https://github.com/pointfreeco/swift-snapshot-testing.git
Computed https://github.com/pointfreeco/swift-snapshot-testing.git at 1.19.6 (0.66s)
Fetching https://github.com/pointfreeco/swift-custom-dump
Fetching https://github.com/swiftlang/swift-syntax
[1/5669] Fetching swift-custom-dump
[5670/86059] Fetching swift-custom-dump, swift-syntax
Fetched https://github.com/swiftlang/swift-syntax from cache (6.16s)
Fetched https://github.com/pointfreeco/swift-custom-dump from cache (6.16s)
Computing version for https://github.com/pointfreeco/swift-custom-dump
Computed https://github.com/pointfreeco/swift-custom-dump at 1.7.3 (6.81s)
Fetching https://github.com/pointfreeco/xctest-dynamic-overlay
[1/2727] Fetching xctest-dynamic-overlay
Fetched https://github.com/pointfreeco/xctest-dynamic-overlay from cache (1.44s)
Computing version for https://github.com/pointfreeco/xctest-dynamic-overlay
Computed https://github.com/pointfreeco/xctest-dynamic-overlay at 1.13.1 (4.54s)
Computing version for https://github.com/swiftlang/swift-syntax
Computed https://github.com/swiftlang/swift-syntax at 604.0.0 (2.35s)
Creating working copy for https://github.com/swiftlang/swift-syntax
Working copy of https://github.com/swiftlang/swift-syntax resolved at 604.0.0
Creating working copy for https://github.com/pointfreeco/swift-snapshot-testing.git
Working copy of https://github.com/pointfreeco/swift-snapshot-testing.git resolved at 1.19.6
Creating working copy for https://github.com/airbnb/HorizonCalendar.git
Working copy of https://github.com/airbnb/HorizonCalendar.git resolved at 2.0.0
Creating working copy for https://github.com/pointfreeco/swift-custom-dump
Working copy of https://github.com/pointfreeco/swift-custom-dump resolved at 1.7.3
Creating working copy for https://github.com/pointfreeco/xctest-dynamic-overlay
Working copy of https://github.com/pointfreeco/xctest-dynamic-overlay resolved at 1.13.1
BUILD FAILURE 6.2 macosSpm