The Swift Package Index logo.Swift Package Index

Build Information

Failed to build CombineUI, reference main (277d56), with Swift 6.4 for watchOS using Xcode 27.0 on 24 Sep 2026 08:34:44 UTC.

Build Command

env DEVELOPER_DIR=/Applications/Xcode-27.0.0-Release.Candidate.app xcrun xcodebuild -IDEClonedSourcePackagesDirPathOverride=$PWD/.dependencies -skipMacroValidation -skipPackagePluginValidation -derivedDataPath $PWD/.derivedData build -scheme CombineUI -destination generic/platform=watchOS

Build Log

========================================
RunAll
========================================
Builder version: 5.1.0
Interrupt handler set up.
========================================
Checkout
========================================
Clone URL: https://github.com/Tinder/CombineUI.git
Reference: main
Initialized empty Git repository in /Users/admin/builder/spi-builder-workspace/.git/
From https://github.com/Tinder/CombineUI
 * branch            main       -> FETCH_HEAD
 * [new branch]      main       -> origin/main
HEAD is now at 277d567 Update CODEOWNERS (#41)
Cloned https://github.com/Tinder/CombineUI.git
Revision (git rev-parse @):
277d567b4de6caae5fd8f669d79c3a021051a73c
SUCCESS checkout https://github.com/Tinder/CombineUI.git at main
========================================
Build
========================================
Selected platform:         watchOS
Swift version:             6.4
Building package at path:  $PWD
https://github.com/Tinder/CombineUI.git
Command line invocation:
    /Applications/Xcode-27.0.0-Release.Candidate.app/Contents/Developer/usr/bin/xcodebuild -IDEClonedSourcePackagesDirPathOverride=/Users/admin/builder/spi-builder-workspace/.dependencies -resolvePackageDependencies
Resolve Package Graph
Fetching from https://github.com/Quick/Nimble.git
Fetching from https://github.com/SimplyDanny/SwiftLintPlugins.git
Fetching from https://github.com/mattgallagher/CwlPreconditionTesting.git
Fetching from https://github.com/mattgallagher/CwlCatchException.git
Creating working copy of package ‘CwlPreconditionTesting’
Checking out 2.2.2 of package ‘CwlPreconditionTesting’
Creating working copy of package ‘CwlCatchException’
Checking out 2.2.1 of package ‘CwlCatchException’
Creating working copy of package ‘Nimble’
Checking out 14.0.0 of package ‘Nimble’
Creating working copy of package ‘SwiftLintPlugins’
Checking out 0.59.1 of package ‘SwiftLintPlugins’
Resolve Package Graph
Resolved source packages:
  CwlPreconditionTesting: https://github.com/mattgallagher/CwlPreconditionTesting.git @ 2.2.2
  CwlCatchException: https://github.com/mattgallagher/CwlCatchException.git @ 2.2.1
  Nimble: https://github.com/Quick/Nimble.git @ 14.0.0
  SwiftLintPlugins: https://github.com/SimplyDanny/SwiftLintPlugins.git @ 0.59.1
  CombineUI: /Users/admin/builder/spi-builder-workspace
resolved source packages: CwlPreconditionTesting, CwlCatchException, Nimble, SwiftLintPlugins, CombineUI
2026-09-24 04:33:45.331 xcodebuild[528:3036] [MT] IDERunDestination: Supported platforms for the buildables in the current scheme is empty.
{
  "dependencies" : [
    {
      "identity" : "swiftlintplugins",
      "requirement" : {
        "exact" : [
          "0.59.1"
        ]
      },
      "type" : "sourceControl",
      "url" : "https://github.com/SimplyDanny/SwiftLintPlugins.git"
    },
    {
      "identity" : "nimble",
      "requirement" : {
        "exact" : [
          "14.0.0"
        ]
      },
      "type" : "sourceControl",
      "url" : "https://github.com/Quick/Nimble.git"
    }
  ],
  "manifest_display_name" : "CombineUI",
  "name" : "CombineUI",
  "path" : "/Users/admin/builder/spi-builder-workspace",
  "platforms" : [
    {
      "name" : "ios",
      "version" : "15.0"
    },
    {
      "name" : "macos",
      "version" : "12.0"
    }
  ],
  "products" : [
    {
      "name" : "CombineUI",
      "targets" : [
        "CombineUI"
      ],
      "type" : {
        "library" : [
          "automatic"
        ]
      }
    }
  ],
  "targets" : [
    {
      "c99name" : "CombineUITests",
      "module_type" : "SwiftTarget",
      "name" : "CombineUITests",
      "path" : "Tests/CombineUITests",
      "product_dependencies" : [
        "Nimble",
        "SwiftLintBuildToolPlugin"
      ],
      "sources" : [
        "BindingTests.swift",
        "UIKitTests/BindingsTests/UIActivityIndicatorViewTests.swift",
        "UIKitTests/BindingsTests/UIButtonTests.swift",
        "UIKitTests/BindingsTests/UIControlTests.swift",
        "UIKitTests/BindingsTests/UIDatePickerTests.swift",
        "UIKitTests/BindingsTests/UIGestureRecognizerTests.swift",
        "UIKitTests/BindingsTests/UIImageViewTests.swift",
        "UIKitTests/BindingsTests/UILabelTests.swift",
        "UIKitTests/BindingsTests/UIPageControlTests.swift",
        "UIKitTests/BindingsTests/UIProgressViewTests.swift",
        "UIKitTests/BindingsTests/UIRefreshControlTests.swift",
        "UIKitTests/BindingsTests/UISegmentedControlTests.swift",
        "UIKitTests/BindingsTests/UISliderTests.swift",
        "UIKitTests/BindingsTests/UIStepperTests.swift",
        "UIKitTests/BindingsTests/UISwitchTests.swift",
        "UIKitTests/BindingsTests/UITextFieldTests.swift",
        "UIKitTests/BindingsTests/UITextViewTests.swift",
        "UIKitTests/BindingsTests/UIViewTests.swift",
        "UIKitTests/ControlTests.swift",
        "UIKitTests/ControlsTests/ButtonTests.swift",
        "UIKitTests/ControlsTests/DatePickerTests.swift",
        "UIKitTests/ControlsTests/PageControlTests.swift",
        "UIKitTests/ControlsTests/RefreshControlTests.swift",
        "UIKitTests/ControlsTests/SegmentedControlTests.swift",
        "UIKitTests/ControlsTests/SliderTests.swift",
        "UIKitTests/ControlsTests/StepperTests.swift",
        "UIKitTests/ControlsTests/SwitchTests.swift",
        "UIKitTests/ControlsTests/TextFieldTests.swift",
        "UIKitTests/GestureRecognizerTests.swift",
        "UIKitTests/Support/ControlTarget.swift",
        "UIKitTests/Support/GestureRecognizerTarget.swift",
        "UIKitTests/ViewControllerTests.swift",
        "UIKitTests/ViewsTests/ScrollViewTests.swift",
        "UIKitTests/ViewsTests/SearchBarTests.swift",
        "UIKitTests/ViewsTests/TextViewTests.swift"
      ],
      "target_dependencies" : [
        "CombineUI"
      ],
      "type" : "test"
    },
    {
      "c99name" : "CombineUI",
      "module_type" : "SwiftTarget",
      "name" : "CombineUI",
      "path" : "Sources/CombineUI",
      "product_dependencies" : [
        "SwiftLintBuildToolPlugin"
      ],
      "product_memberships" : [
        "CombineUI"
      ],
      "sources" : [
        "Bindable.swift",
        "Binding.swift",
        "Support/Publisher.swift",
        "Target.swift",
        "UIKit/Bindings/Bindable+UIActivityIndicatorView.swift",
        "UIKit/Bindings/Bindable+UIButton.swift",
        "UIKit/Bindings/Bindable+UIControl.swift",
        "UIKit/Bindings/Bindable+UIDatePicker.swift",
        "UIKit/Bindings/Bindable+UIGestureRecognizer.swift",
        "UIKit/Bindings/Bindable+UIImageView.swift",
        "UIKit/Bindings/Bindable+UILabel.swift",
        "UIKit/Bindings/Bindable+UIPageControl.swift",
        "UIKit/Bindings/Bindable+UIProgressView.swift",
        "UIKit/Bindings/Bindable+UIRefreshControl.swift",
        "UIKit/Bindings/Bindable+UISegmentedControl.swift",
        "UIKit/Bindings/Bindable+UISlider.swift",
        "UIKit/Bindings/Bindable+UIStepper.swift",
        "UIKit/Bindings/Bindable+UISwiftch.swift",
        "UIKit/Bindings/Bindable+UITextField.swift",
        "UIKit/Bindings/Bindable+UITextView.swift",
        "UIKit/Bindings/Bindable+UIView.swift",
        "UIKit/Control/Control.swift",
        "UIKit/Control/ControlInterface.swift",
        "UIKit/Control/ControlPublisher.swift",
        "UIKit/Control/ControlSubscription.swift",
        "UIKit/Controls/Button.swift",
        "UIKit/Controls/DatePicker/DatePicker.swift",
        "UIKit/Controls/DatePicker/DatePickerInterface.swift",
        "UIKit/Controls/PageControl.swift",
        "UIKit/Controls/RefreshControl.swift",
        "UIKit/Controls/SegmentedControl.swift",
        "UIKit/Controls/Slider.swift",
        "UIKit/Controls/Stepper.swift",
        "UIKit/Controls/Switch.swift",
        "UIKit/Controls/TextField/TextField.swift",
        "UIKit/Controls/TextField/TextFieldDelegate.swift",
        "UIKit/Controls/TextField/TextFieldInterface.swift",
        "UIKit/GestureRecognizer/GestureRecognizer.swift",
        "UIKit/GestureRecognizer/GestureRecognizerInterface.swift",
        "UIKit/GestureRecognizer/GestureRecognizerPublisher.swift",
        "UIKit/GestureRecognizer/GestureRecognizerSubscription.swift",
        "UIKit/UIKit+Target.swift",
        "UIKit/ViewController/LifecycleViewController.swift",
        "UIKit/ViewController/UIViewController.swift",
        "UIKit/ViewController/ViewController.swift",
        "UIKit/ViewController/ViewControllerInterface.swift",
        "UIKit/ViewController/ViewControllerPublisher.swift",
        "UIKit/ViewController/ViewControllerSubscription.swift",
        "UIKit/Views/ScrollView/ScrollView.swift",
        "UIKit/Views/ScrollView/ScrollViewDelegate.swift",
        "UIKit/Views/ScrollView/ScrollViewInterface.swift",
        "UIKit/Views/SearchBar/SearchBar.swift",
        "UIKit/Views/SearchBar/SearchBarDelegate.swift",
        "UIKit/Views/SearchBar/SearchBarInterface.swift",
        "UIKit/Views/TextView/TextView.swift",
        "UIKit/Views/TextView/TextViewDelegate.swift",
        "UIKit/Views/TextView/TextViewInterface.swift"
      ],
      "type" : "library"
    }
  ],
  "tools_version" : "5.10"
}
{
  "workspace" : {
    "name" : "CombineUI",
    "schemes" : [
      "CombineUI"
    ]
  }
}
2026-09-24 04:34:28.861 xcodebuild[819:4918] [MT] IDERunDestination: Supported platforms for the buildables in the current scheme is empty.
Running build ...
env DEVELOPER_DIR=/Applications/Xcode-27.0.0-Release.Candidate.app xcrun xcodebuild -IDEClonedSourcePackagesDirPathOverride=$PWD/.dependencies -skipMacroValidation -skipPackagePluginValidation -derivedDataPath $PWD/.derivedData build -scheme CombineUI -destination generic/platform=watchOS
Command line invocation:
    /Applications/Xcode-27.0.0-Release.Candidate.app/Contents/Developer/usr/bin/xcodebuild -IDEClonedSourcePackagesDirPathOverride=/Users/admin/builder/spi-builder-workspace/.dependencies -skipMacroValidation -skipPackagePluginValidation -derivedDataPath /Users/admin/builder/spi-builder-workspace/.derivedData build -scheme CombineUI -destination generic/platform=watchOS
Resolve Package Graph
Resolve Package Graph
Resolved source packages:
  Nimble: https://github.com/Quick/Nimble.git @ 14.0.0
  CombineUI: /Users/admin/builder/spi-builder-workspace
  CwlCatchException: https://github.com/mattgallagher/CwlCatchException.git @ 2.2.1
  CwlPreconditionTesting: https://github.com/mattgallagher/CwlPreconditionTesting.git @ 2.2.2
  SwiftLintPlugins: https://github.com/SimplyDanny/SwiftLintPlugins.git @ 0.59.1
ComputePackagePrebuildTargetDependencyGraph
Prepare packages
Compile plug-in “SwiftLintBuildToolPlugin” in package “swiftlintplugins”
[debug]: Compiling plugin to executable at /Users/admin/builder/spi-builder-workspace/.derivedData/Build/Products/PluginExecutables/SwiftLintBuildToolPlugin
[debug]: Using compiler /Applications/Xcode-27.0.0-Release.Candidate.app/Contents/Developer/Toolchains/XcodeDefault.xctoolchain/usr/bin/swiftc
[debug]: Plugin compilation output directory '/Users/admin/builder/spi-builder-workspace/.derivedData/Build/Products/PluginExecutables'
[debug]: Computed hash of plugin compilation inputs: 0bfbee4a2388b39eca5c9a84e0d1aac48881c0f598bf40244e5d1c83e185de2f
Apply build tool plug-in “SwiftLintBuildToolPlugin” to target “CombineUI” in package “spi-builder-workspace”
Environment: ["BUILD_WORKSPACE_DIRECTORY": "/Users/admin/builder/spi-builder-workspace"]
/usr/bin/sandbox-exec -p "(version 1)
(deny default)
(import \"system.sb\")
(allow file-read*)
(allow process*)
(allow mach-lookup (global-name \"com.apple.lsd.mapdb\"))
(allow mach-lookup (global-name \"com.apple.mobileassetd.v2\"))
(allow file-write*
    (subpath \"/private/tmp\")
    (subpath \"/private/var/tmp\")
    (subpath \"/private/var/folders/xq/y_g06wb113726d38xsyx71_h0000gn/T\")
    (subpath \"/private/var/folders/xq/y_g06wb113726d38xsyx71_h0000gn/C\")
)
(deny file-write*
    (subpath \"/Users/admin/builder/spi-builder-workspace\")
)
(allow file-write*
    (subpath \"/Users/admin/builder/spi-builder-workspace/.derivedData/Build/Intermediates.noindex/BuildToolPluginIntermediates/spi-builder-workspace.output/CombineUI/SwiftLintBuildToolPlugin\")
    (subpath \"/private/var/folders/xq/y_g06wb113726d38xsyx71_h0000gn/T/TemporaryItems\")
)
" /Users/admin/builder/spi-builder-workspace/.dependencies/artifacts/swiftlintplugins/SwiftLintBinary/SwiftLintBinary.artifactbundle/swiftlint-0.59.1-macos/bin/swiftlint lint --quiet --force-exclude --cache-path /Users/admin/builder/spi-builder-workspace/.derivedData/Build/Intermediates.noindex/BuildToolPluginIntermediates/spi-builder-workspace.output/CombineUI/SwiftLintBuildToolPlugin/Cache /Users/admin/builder/spi-builder-workspace/Sources/CombineUI/Bindable.swift /Users/admin/builder/spi-builder-workspace/Sources/CombineUI/Binding.swift /Users/admin/builder/spi-builder-workspace/Sources/CombineUI/Support/Publisher.swift /Users/admin/builder/spi-builder-workspace/Sources/CombineUI/Target.swift /Users/admin/builder/spi-builder-workspace/Sources/CombineUI/UIKit/Bindings/Bindable+UIActivityIndicatorView.swift /Users/admin/builder/spi-builder-workspace/Sources/CombineUI/UIKit/Bindings/Bindable+UIButton.swift /Users/admin/builder/spi-builder-workspace/Sources/CombineUI/UIKit/Bindings/Bindable+UIControl.swift /Users/admin/builder/spi-builder-workspace/Sources/CombineUI/UIKit/Bindings/Bindable+UIDatePicker.swift /Users/admin/builder/spi-builder-workspace/Sources/CombineUI/UIKit/Bindings/Bindable+UIGestureRecognizer.swift /Users/admin/builder/spi-builder-workspace/Sources/CombineUI/UIKit/Bindings/Bindable+UIImageView.swift /Users/admin/builder/spi-builder-workspace/Sources/CombineUI/UIKit/Bindings/Bindable+UILabel.swift /Users/admin/builder/spi-builder-workspace/Sources/CombineUI/UIKit/Bindings/Bindable+UIPageControl.swift /Users/admin/builder/spi-builder-workspace/Sources/CombineUI/UIKit/Bindings/Bindable+UIProgressView.swift /Users/admin/builder/spi-builder-workspace/Sources/CombineUI/UIKit/Bindings/Bindable+UIRefreshControl.swift /Users/admin/builder/spi-builder-workspace/Sources/CombineUI/UIKit/Bindings/Bindable+UISegmentedControl.swift /Users/admin/builder/spi-builder-workspace/Sources/CombineUI/UIKit/Bindings/Bindable+UISlider.swift /Users/admin/builder/spi-builder-workspace/Sources/CombineUI/UIKit/Bindings/Bindable+UIStepper.swift /Users/admin/builder/spi-builder-workspace/Sources/CombineUI/UIKit/Bindings/Bindable+UISwiftch.swift /Users/admin/builder/spi-builder-workspace/Sources/CombineUI/UIKit/Bindings/Bindable+UITextField.swift /Users/admin/builder/spi-builder-workspace/Sources/CombineUI/UIKit/Bindings/Bindable+UITextView.swift /Users/admin/builder/spi-builder-workspace/Sources/CombineUI/UIKit/Bindings/Bindable+UIView.swift /Users/admin/builder/spi-builder-workspace/Sources/CombineUI/UIKit/Control/Control.swift /Users/admin/builder/spi-builder-workspace/Sources/CombineUI/UIKit/Control/ControlInterface.swift /Users/admin/builder/spi-builder-workspace/Sources/CombineUI/UIKit/Control/ControlPublisher.swift /Users/admin/builder/spi-builder-workspace/Sources/CombineUI/UIKit/Control/ControlSubscription.swift /Users/admin/builder/spi-builder-workspace/Sources/CombineUI/UIKit/Controls/Button.swift /Users/admin/builder/spi-builder-workspace/Sources/CombineUI/UIKit/Controls/DatePicker/DatePicker.swift /Users/admin/builder/spi-builder-workspace/Sources/CombineUI/UIKit/Controls/DatePicker/DatePickerInterface.swift /Users/admin/builder/spi-builder-workspace/Sources/CombineUI/UIKit/Controls/PageControl.swift /Users/admin/builder/spi-builder-workspace/Sources/CombineUI/UIKit/Controls/RefreshControl.swift /Users/admin/builder/spi-builder-workspace/Sources/CombineUI/UIKit/Controls/SegmentedControl.swift /Users/admin/builder/spi-builder-workspace/Sources/CombineUI/UIKit/Controls/Slider.swift /Users/admin/builder/spi-builder-workspace/Sources/CombineUI/UIKit/Controls/Stepper.swift /Users/admin/builder/spi-builder-workspace/Sources/CombineUI/UIKit/Controls/Switch.swift /Users/admin/builder/spi-builder-workspace/Sources/CombineUI/UIKit/Controls/TextField/TextField.swift /Users/admin/builder/spi-builder-workspace/Sources/CombineUI/UIKit/Controls/TextField/TextFieldDelegate.swift /Users/admin/builder/spi-builder-workspace/Sources/CombineUI/UIKit/Controls/TextField/TextFieldInterface.swift /Users/admin/builder/spi-builder-workspace/Sources/CombineUI/UIKit/GestureRecognizer/GestureRecognizer.swift /Users/admin/builder/spi-builder-workspace/Sources/CombineUI/UIKit/GestureRecognizer/GestureRecognizerInterface.swift /Users/admin/builder/spi-builder-workspace/Sources/CombineUI/UIKit/GestureRecognizer/GestureRecognizerPublisher.swift /Users/admin/builder/spi-builder-workspace/Sources/CombineUI/UIKit/GestureRecognizer/GestureRecognizerSubscription.swift /Users/admin/builder/spi-builder-workspace/Sources/CombineUI/UIKit/UIKit+Target.swift /Users/admin/builder/spi-builder-workspace/Sources/CombineUI/UIKit/ViewController/LifecycleViewController.swift /Users/admin/builder/spi-builder-workspace/Sources/CombineUI/UIKit/ViewController/UIViewController.swift /Users/admin/builder/spi-builder-workspace/Sources/CombineUI/UIKit/ViewController/ViewController.swift /Users/admin/builder/spi-builder-workspace/Sources/CombineUI/UIKit/ViewController/ViewControllerInterface.swift /Users/admin/builder/spi-builder-workspace/Sources/CombineUI/UIKit/ViewController/ViewControllerPublisher.swift /Users/admin/builder/spi-builder-workspace/Sources/CombineUI/UIKit/ViewController/ViewControllerSubscription.swift /Users/admin/builder/spi-builder-workspace/Sources/CombineUI/UIKit/Views/ScrollView/ScrollView.swift /Users/admin/builder/spi-builder-workspace/Sources/CombineUI/UIKit/Views/ScrollView/ScrollViewDelegate.swift /Users/admin/builder/spi-builder-workspace/Sources/CombineUI/UIKit/Views/ScrollView/ScrollViewInterface.swift /Users/admin/builder/spi-builder-workspace/Sources/CombineUI/UIKit/Views/SearchBar/SearchBar.swift /Users/admin/builder/spi-builder-workspace/Sources/CombineUI/UIKit/Views/SearchBar/SearchBarDelegate.swift /Users/admin/builder/spi-builder-workspace/Sources/CombineUI/UIKit/Views/SearchBar/SearchBarInterface.swift /Users/admin/builder/spi-builder-workspace/Sources/CombineUI/UIKit/Views/TextView/TextView.swift /Users/admin/builder/spi-builder-workspace/Sources/CombineUI/UIKit/Views/TextView/TextViewDelegate.swift /Users/admin/builder/spi-builder-workspace/Sources/CombineUI/UIKit/Views/TextView/TextViewInterface.swift
warning: Found a configuration for 'file_header' rule, but it is not enabled in 'opt_in_rules'.
warning: Found a configuration for 'empty_count' rule, but it is not enabled in 'opt_in_rules'.
SourceKittenFramework/library_wrapper.swift:58: Fatal error: Loading sourcekitdInProc.framework/Versions/A/sourcekitdInProc failed
2026-09-24 04:34:33.255 xcodebuild[825:4990] [MT] IDERunDestination: Supported platforms for the buildables in the current scheme is empty.
** BUILD FAILED **
The following build commands failed:
	Apply build tool plug-in “SwiftLintBuildToolPlugin” to target “CombineUI” in package “spi-builder-workspace”
	SwiftLint
	eyJibHVlcHJpbnRQcm92aWRlcl9wcm92aWRlckZpbGVQYXRoU3RyaW5nIjoiXC9Vc2Vyc1wvYWRtaW5cL2J1aWxkZXJcL3NwaS1idWlsZGVyLXdvcmtzcGFjZSIsInR5cGUiOnsiYmx1ZXByaW50UHJvdmlkZXIiOnt9fX0=
	Building workspace CombineUI with scheme CombineUI
(4 failures)
Command line invocation:
    /Applications/Xcode-27.0.0-Release.Candidate.app/Contents/Developer/usr/bin/xcodebuild -IDEClonedSourcePackagesDirPathOverride=/Users/admin/builder/spi-builder-workspace/.dependencies -resolvePackageDependencies
Resolve Package Graph
Resolved source packages:
  CombineUI: /Users/admin/builder/spi-builder-workspace
  CwlCatchException: https://github.com/mattgallagher/CwlCatchException.git @ 2.2.1
  SwiftLintPlugins: https://github.com/SimplyDanny/SwiftLintPlugins.git @ 0.59.1
  Nimble: https://github.com/Quick/Nimble.git @ 14.0.0
  CwlPreconditionTesting: https://github.com/mattgallagher/CwlPreconditionTesting.git @ 2.2.2
resolved source packages: CombineUI, CwlCatchException, SwiftLintPlugins, Nimble, CwlPreconditionTesting
2026-09-24 04:34:40.128 xcodebuild[888:5431] [MT] IDERunDestination: Supported platforms for the buildables in the current scheme is empty.
{
  "dependencies" : [
    {
      "identity" : "swiftlintplugins",
      "requirement" : {
        "exact" : [
          "0.59.1"
        ]
      },
      "type" : "sourceControl",
      "url" : "https://github.com/SimplyDanny/SwiftLintPlugins.git"
    },
    {
      "identity" : "nimble",
      "requirement" : {
        "exact" : [
          "14.0.0"
        ]
      },
      "type" : "sourceControl",
      "url" : "https://github.com/Quick/Nimble.git"
    }
  ],
  "manifest_display_name" : "CombineUI",
  "name" : "CombineUI",
  "path" : "/Users/admin/builder/spi-builder-workspace",
  "platforms" : [
    {
      "name" : "ios",
      "version" : "15.0"
    },
    {
      "name" : "macos",
      "version" : "12.0"
    }
  ],
  "products" : [
    {
      "name" : "CombineUI",
      "targets" : [
        "CombineUI"
      ],
      "type" : {
        "library" : [
          "automatic"
        ]
      }
    }
  ],
  "targets" : [
    {
      "c99name" : "CombineUITests",
      "module_type" : "SwiftTarget",
      "name" : "CombineUITests",
      "path" : "Tests/CombineUITests",
      "product_dependencies" : [
        "Nimble",
        "SwiftLintBuildToolPlugin"
      ],
      "sources" : [
        "BindingTests.swift",
        "UIKitTests/BindingsTests/UIActivityIndicatorViewTests.swift",
        "UIKitTests/BindingsTests/UIButtonTests.swift",
        "UIKitTests/BindingsTests/UIControlTests.swift",
        "UIKitTests/BindingsTests/UIDatePickerTests.swift",
        "UIKitTests/BindingsTests/UIGestureRecognizerTests.swift",
        "UIKitTests/BindingsTests/UIImageViewTests.swift",
        "UIKitTests/BindingsTests/UILabelTests.swift",
        "UIKitTests/BindingsTests/UIPageControlTests.swift",
        "UIKitTests/BindingsTests/UIProgressViewTests.swift",
        "UIKitTests/BindingsTests/UIRefreshControlTests.swift",
        "UIKitTests/BindingsTests/UISegmentedControlTests.swift",
        "UIKitTests/BindingsTests/UISliderTests.swift",
        "UIKitTests/BindingsTests/UIStepperTests.swift",
        "UIKitTests/BindingsTests/UISwitchTests.swift",
        "UIKitTests/BindingsTests/UITextFieldTests.swift",
        "UIKitTests/BindingsTests/UITextViewTests.swift",
        "UIKitTests/BindingsTests/UIViewTests.swift",
        "UIKitTests/ControlTests.swift",
        "UIKitTests/ControlsTests/ButtonTests.swift",
        "UIKitTests/ControlsTests/DatePickerTests.swift",
        "UIKitTests/ControlsTests/PageControlTests.swift",
        "UIKitTests/ControlsTests/RefreshControlTests.swift",
        "UIKitTests/ControlsTests/SegmentedControlTests.swift",
        "UIKitTests/ControlsTests/SliderTests.swift",
        "UIKitTests/ControlsTests/StepperTests.swift",
        "UIKitTests/ControlsTests/SwitchTests.swift",
        "UIKitTests/ControlsTests/TextFieldTests.swift",
        "UIKitTests/GestureRecognizerTests.swift",
        "UIKitTests/Support/ControlTarget.swift",
        "UIKitTests/Support/GestureRecognizerTarget.swift",
        "UIKitTests/ViewControllerTests.swift",
        "UIKitTests/ViewsTests/ScrollViewTests.swift",
        "UIKitTests/ViewsTests/SearchBarTests.swift",
        "UIKitTests/ViewsTests/TextViewTests.swift"
      ],
      "target_dependencies" : [
        "CombineUI"
      ],
      "type" : "test"
    },
    {
      "c99name" : "CombineUI",
      "module_type" : "SwiftTarget",
      "name" : "CombineUI",
      "path" : "Sources/CombineUI",
      "product_dependencies" : [
        "SwiftLintBuildToolPlugin"
      ],
      "product_memberships" : [
        "CombineUI"
      ],
      "sources" : [
        "Bindable.swift",
        "Binding.swift",
        "Support/Publisher.swift",
        "Target.swift",
        "UIKit/Bindings/Bindable+UIActivityIndicatorView.swift",
        "UIKit/Bindings/Bindable+UIButton.swift",
        "UIKit/Bindings/Bindable+UIControl.swift",
        "UIKit/Bindings/Bindable+UIDatePicker.swift",
        "UIKit/Bindings/Bindable+UIGestureRecognizer.swift",
        "UIKit/Bindings/Bindable+UIImageView.swift",
        "UIKit/Bindings/Bindable+UILabel.swift",
        "UIKit/Bindings/Bindable+UIPageControl.swift",
        "UIKit/Bindings/Bindable+UIProgressView.swift",
        "UIKit/Bindings/Bindable+UIRefreshControl.swift",
        "UIKit/Bindings/Bindable+UISegmentedControl.swift",
        "UIKit/Bindings/Bindable+UISlider.swift",
        "UIKit/Bindings/Bindable+UIStepper.swift",
        "UIKit/Bindings/Bindable+UISwiftch.swift",
        "UIKit/Bindings/Bindable+UITextField.swift",
        "UIKit/Bindings/Bindable+UITextView.swift",
        "UIKit/Bindings/Bindable+UIView.swift",
        "UIKit/Control/Control.swift",
        "UIKit/Control/ControlInterface.swift",
        "UIKit/Control/ControlPublisher.swift",
        "UIKit/Control/ControlSubscription.swift",
        "UIKit/Controls/Button.swift",
        "UIKit/Controls/DatePicker/DatePicker.swift",
        "UIKit/Controls/DatePicker/DatePickerInterface.swift",
        "UIKit/Controls/PageControl.swift",
        "UIKit/Controls/RefreshControl.swift",
        "UIKit/Controls/SegmentedControl.swift",
        "UIKit/Controls/Slider.swift",
        "UIKit/Controls/Stepper.swift",
        "UIKit/Controls/Switch.swift",
        "UIKit/Controls/TextField/TextField.swift",
        "UIKit/Controls/TextField/TextFieldDelegate.swift",
        "UIKit/Controls/TextField/TextFieldInterface.swift",
        "UIKit/GestureRecognizer/GestureRecognizer.swift",
        "UIKit/GestureRecognizer/GestureRecognizerInterface.swift",
        "UIKit/GestureRecognizer/GestureRecognizerPublisher.swift",
        "UIKit/GestureRecognizer/GestureRecognizerSubscription.swift",
        "UIKit/UIKit+Target.swift",
        "UIKit/ViewController/LifecycleViewController.swift",
        "UIKit/ViewController/UIViewController.swift",
        "UIKit/ViewController/ViewController.swift",
        "UIKit/ViewController/ViewControllerInterface.swift",
        "UIKit/ViewController/ViewControllerPublisher.swift",
        "UIKit/ViewController/ViewControllerSubscription.swift",
        "UIKit/Views/ScrollView/ScrollView.swift",
        "UIKit/Views/ScrollView/ScrollViewDelegate.swift",
        "UIKit/Views/ScrollView/ScrollViewInterface.swift",
        "UIKit/Views/SearchBar/SearchBar.swift",
        "UIKit/Views/SearchBar/SearchBarDelegate.swift",
        "UIKit/Views/SearchBar/SearchBarInterface.swift",
        "UIKit/Views/TextView/TextView.swift",
        "UIKit/Views/TextView/TextViewDelegate.swift",
        "UIKit/Views/TextView/TextViewInterface.swift"
      ],
      "type" : "library"
    }
  ],
  "tools_version" : "5.10"
}
{
  "workspace" : {
    "name" : "CombineUI",
    "schemes" : [
      "CombineUI"
    ]
  }
}
2026-09-24 04:34:42.137 xcodebuild[901:5527] [MT] IDERunDestination: Supported platforms for the buildables in the current scheme is empty.
Running build ...
env DEVELOPER_DIR=/Applications/Xcode-27.0.0-Release.Candidate.app xcrun xcodebuild -IDEClonedSourcePackagesDirPathOverride=$PWD/.dependencies -skipMacroValidation -skipPackagePluginValidation -derivedDataPath $PWD/.derivedData build -scheme CombineUI -destination generic/platform=watchOS
Command line invocation:
    /Applications/Xcode-27.0.0-Release.Candidate.app/Contents/Developer/usr/bin/xcodebuild -IDEClonedSourcePackagesDirPathOverride=/Users/admin/builder/spi-builder-workspace/.dependencies -skipMacroValidation -skipPackagePluginValidation -derivedDataPath /Users/admin/builder/spi-builder-workspace/.derivedData build -scheme CombineUI -destination generic/platform=watchOS
Resolve Package Graph
Resolved source packages:
  CwlCatchException: https://github.com/mattgallagher/CwlCatchException.git @ 2.2.1
  CwlPreconditionTesting: https://github.com/mattgallagher/CwlPreconditionTesting.git @ 2.2.2
  Nimble: https://github.com/Quick/Nimble.git @ 14.0.0
  SwiftLintPlugins: https://github.com/SimplyDanny/SwiftLintPlugins.git @ 0.59.1
  CombineUI: /Users/admin/builder/spi-builder-workspace
ComputePackagePrebuildTargetDependencyGraph
Prepare packages
Compile plug-in “SwiftLintBuildToolPlugin” in package “swiftlintplugins”
[debug]: Compiling plugin to executable at /Users/admin/builder/spi-builder-workspace/.derivedData/Build/Products/PluginExecutables/SwiftLintBuildToolPlugin
[debug]: Using compiler /Applications/Xcode-27.0.0-Release.Candidate.app/Contents/Developer/Toolchains/XcodeDefault.xctoolchain/usr/bin/swiftc
[debug]: Plugin compilation output directory '/Users/admin/builder/spi-builder-workspace/.derivedData/Build/Products/PluginExecutables'
[debug]: Computed hash of plugin compilation inputs: 0bfbee4a2388b39eca5c9a84e0d1aac48881c0f598bf40244e5d1c83e185de2f
Apply build tool plug-in “SwiftLintBuildToolPlugin” to target “CombineUI” in package “spi-builder-workspace”
Environment: ["BUILD_WORKSPACE_DIRECTORY": "/Users/admin/builder/spi-builder-workspace"]
/usr/bin/sandbox-exec -p "(version 1)
(deny default)
(import \"system.sb\")
(allow file-read*)
(allow process*)
(allow mach-lookup (global-name \"com.apple.lsd.mapdb\"))
(allow mach-lookup (global-name \"com.apple.mobileassetd.v2\"))
(allow file-write*
    (subpath \"/private/tmp\")
    (subpath \"/private/var/tmp\")
    (subpath \"/private/var/folders/xq/y_g06wb113726d38xsyx71_h0000gn/T\")
    (subpath \"/private/var/folders/xq/y_g06wb113726d38xsyx71_h0000gn/C\")
)
(deny file-write*
    (subpath \"/Users/admin/builder/spi-builder-workspace\")
)
(allow file-write*
    (subpath \"/Users/admin/builder/spi-builder-workspace/.derivedData/Build/Intermediates.noindex/BuildToolPluginIntermediates/spi-builder-workspace.output/CombineUI/SwiftLintBuildToolPlugin\")
    (subpath \"/private/var/folders/xq/y_g06wb113726d38xsyx71_h0000gn/T/TemporaryItems\")
)
" /Users/admin/builder/spi-builder-workspace/.dependencies/artifacts/swiftlintplugins/SwiftLintBinary/SwiftLintBinary.artifactbundle/swiftlint-0.59.1-macos/bin/swiftlint lint --quiet --force-exclude --cache-path /Users/admin/builder/spi-builder-workspace/.derivedData/Build/Intermediates.noindex/BuildToolPluginIntermediates/spi-builder-workspace.output/CombineUI/SwiftLintBuildToolPlugin/Cache /Users/admin/builder/spi-builder-workspace/Sources/CombineUI/Bindable.swift /Users/admin/builder/spi-builder-workspace/Sources/CombineUI/Binding.swift /Users/admin/builder/spi-builder-workspace/Sources/CombineUI/Support/Publisher.swift /Users/admin/builder/spi-builder-workspace/Sources/CombineUI/Target.swift /Users/admin/builder/spi-builder-workspace/Sources/CombineUI/UIKit/Bindings/Bindable+UIActivityIndicatorView.swift /Users/admin/builder/spi-builder-workspace/Sources/CombineUI/UIKit/Bindings/Bindable+UIButton.swift /Users/admin/builder/spi-builder-workspace/Sources/CombineUI/UIKit/Bindings/Bindable+UIControl.swift /Users/admin/builder/spi-builder-workspace/Sources/CombineUI/UIKit/Bindings/Bindable+UIDatePicker.swift /Users/admin/builder/spi-builder-workspace/Sources/CombineUI/UIKit/Bindings/Bindable+UIGestureRecognizer.swift /Users/admin/builder/spi-builder-workspace/Sources/CombineUI/UIKit/Bindings/Bindable+UIImageView.swift /Users/admin/builder/spi-builder-workspace/Sources/CombineUI/UIKit/Bindings/Bindable+UILabel.swift /Users/admin/builder/spi-builder-workspace/Sources/CombineUI/UIKit/Bindings/Bindable+UIPageControl.swift /Users/admin/builder/spi-builder-workspace/Sources/CombineUI/UIKit/Bindings/Bindable+UIProgressView.swift /Users/admin/builder/spi-builder-workspace/Sources/CombineUI/UIKit/Bindings/Bindable+UIRefreshControl.swift /Users/admin/builder/spi-builder-workspace/Sources/CombineUI/UIKit/Bindings/Bindable+UISegmentedControl.swift /Users/admin/builder/spi-builder-workspace/Sources/CombineUI/UIKit/Bindings/Bindable+UISlider.swift /Users/admin/builder/spi-builder-workspace/Sources/CombineUI/UIKit/Bindings/Bindable+UIStepper.swift /Users/admin/builder/spi-builder-workspace/Sources/CombineUI/UIKit/Bindings/Bindable+UISwiftch.swift /Users/admin/builder/spi-builder-workspace/Sources/CombineUI/UIKit/Bindings/Bindable+UITextField.swift /Users/admin/builder/spi-builder-workspace/Sources/CombineUI/UIKit/Bindings/Bindable+UITextView.swift /Users/admin/builder/spi-builder-workspace/Sources/CombineUI/UIKit/Bindings/Bindable+UIView.swift /Users/admin/builder/spi-builder-workspace/Sources/CombineUI/UIKit/Control/Control.swift /Users/admin/builder/spi-builder-workspace/Sources/CombineUI/UIKit/Control/ControlInterface.swift /Users/admin/builder/spi-builder-workspace/Sources/CombineUI/UIKit/Control/ControlPublisher.swift /Users/admin/builder/spi-builder-workspace/Sources/CombineUI/UIKit/Control/ControlSubscription.swift /Users/admin/builder/spi-builder-workspace/Sources/CombineUI/UIKit/Controls/Button.swift /Users/admin/builder/spi-builder-workspace/Sources/CombineUI/UIKit/Controls/DatePicker/DatePicker.swift /Users/admin/builder/spi-builder-workspace/Sources/CombineUI/UIKit/Controls/DatePicker/DatePickerInterface.swift /Users/admin/builder/spi-builder-workspace/Sources/CombineUI/UIKit/Controls/PageControl.swift /Users/admin/builder/spi-builder-workspace/Sources/CombineUI/UIKit/Controls/RefreshControl.swift /Users/admin/builder/spi-builder-workspace/Sources/CombineUI/UIKit/Controls/SegmentedControl.swift /Users/admin/builder/spi-builder-workspace/Sources/CombineUI/UIKit/Controls/Slider.swift /Users/admin/builder/spi-builder-workspace/Sources/CombineUI/UIKit/Controls/Stepper.swift /Users/admin/builder/spi-builder-workspace/Sources/CombineUI/UIKit/Controls/Switch.swift /Users/admin/builder/spi-builder-workspace/Sources/CombineUI/UIKit/Controls/TextField/TextField.swift /Users/admin/builder/spi-builder-workspace/Sources/CombineUI/UIKit/Controls/TextField/TextFieldDelegate.swift /Users/admin/builder/spi-builder-workspace/Sources/CombineUI/UIKit/Controls/TextField/TextFieldInterface.swift /Users/admin/builder/spi-builder-workspace/Sources/CombineUI/UIKit/GestureRecognizer/GestureRecognizer.swift /Users/admin/builder/spi-builder-workspace/Sources/CombineUI/UIKit/GestureRecognizer/GestureRecognizerInterface.swift /Users/admin/builder/spi-builder-workspace/Sources/CombineUI/UIKit/GestureRecognizer/GestureRecognizerPublisher.swift /Users/admin/builder/spi-builder-workspace/Sources/CombineUI/UIKit/GestureRecognizer/GestureRecognizerSubscription.swift /Users/admin/builder/spi-builder-workspace/Sources/CombineUI/UIKit/UIKit+Target.swift /Users/admin/builder/spi-builder-workspace/Sources/CombineUI/UIKit/ViewController/LifecycleViewController.swift /Users/admin/builder/spi-builder-workspace/Sources/CombineUI/UIKit/ViewController/UIViewController.swift /Users/admin/builder/spi-builder-workspace/Sources/CombineUI/UIKit/ViewController/ViewController.swift /Users/admin/builder/spi-builder-workspace/Sources/CombineUI/UIKit/ViewController/ViewControllerInterface.swift /Users/admin/builder/spi-builder-workspace/Sources/CombineUI/UIKit/ViewController/ViewControllerPublisher.swift /Users/admin/builder/spi-builder-workspace/Sources/CombineUI/UIKit/ViewController/ViewControllerSubscription.swift /Users/admin/builder/spi-builder-workspace/Sources/CombineUI/UIKit/Views/ScrollView/ScrollView.swift /Users/admin/builder/spi-builder-workspace/Sources/CombineUI/UIKit/Views/ScrollView/ScrollViewDelegate.swift /Users/admin/builder/spi-builder-workspace/Sources/CombineUI/UIKit/Views/ScrollView/ScrollViewInterface.swift /Users/admin/builder/spi-builder-workspace/Sources/CombineUI/UIKit/Views/SearchBar/SearchBar.swift /Users/admin/builder/spi-builder-workspace/Sources/CombineUI/UIKit/Views/SearchBar/SearchBarDelegate.swift /Users/admin/builder/spi-builder-workspace/Sources/CombineUI/UIKit/Views/SearchBar/SearchBarInterface.swift /Users/admin/builder/spi-builder-workspace/Sources/CombineUI/UIKit/Views/TextView/TextView.swift /Users/admin/builder/spi-builder-workspace/Sources/CombineUI/UIKit/Views/TextView/TextViewDelegate.swift /Users/admin/builder/spi-builder-workspace/Sources/CombineUI/UIKit/Views/TextView/TextViewInterface.swift
warning: Found a configuration for 'empty_count' rule, but it is not enabled in 'opt_in_rules'.
warning: Found a configuration for 'file_header' rule, but it is not enabled in 'opt_in_rules'.
SourceKittenFramework/library_wrapper.swift:58: Fatal error: Loading sourcekitdInProc.framework/Versions/A/sourcekitdInProc failed
2026-09-24 04:34:43.822 xcodebuild[907:5583] [MT] IDERunDestination: Supported platforms for the buildables in the current scheme is empty.
** BUILD FAILED **
The following build commands failed:
	Apply build tool plug-in “SwiftLintBuildToolPlugin” to target “CombineUI” in package “spi-builder-workspace”
	SwiftLint
	eyJibHVlcHJpbnRQcm92aWRlcl9wcm92aWRlckZpbGVQYXRoU3RyaW5nIjoiXC9Vc2Vyc1wvYWRtaW5cL2J1aWxkZXJcL3NwaS1idWlsZGVyLXdvcmtzcGFjZSIsInR5cGUiOnsiYmx1ZXByaW50UHJvdmlkZXIiOnt9fX0=
	Building workspace CombineUI with scheme CombineUI
(4 failures)
BUILD FAILURE 6.4 watchOS