The Swift Package Index logo.Swift Package Index

Build Information

Failed to build SwiftyHawk, reference master (9db51f), with Swift 6.4 for macOS (Xcode) using Xcode 27.0 on 16 Sep 2026 11:47:02 UTC.

Build Command

env DEVELOPER_DIR=/Applications/Xcode-27.0.0-Release.Candidate.app xcrun xcodebuild -IDEClonedSourcePackagesDirPathOverride=$PWD/.dependencies -skipMacroValidation -skipPackagePluginValidation -derivedDataPath $PWD/.derivedData build -scheme SwiftyHawk-Package -destination platform=macOS,arch=arm64

Build Log

========================================
RunAll
========================================
Builder version: 5.1.0
Interrupt handler set up.
========================================
Checkout
========================================
Clone URL: https://github.com/cpageler93/swiftyhawk.git
Reference: master
Initialized empty Git repository in /Users/admin/builder/spi-builder-workspace/.git/
From https://github.com/cpageler93/swiftyhawk
 * branch            master     -> FETCH_HEAD
 * [new branch]      master     -> origin/master
HEAD is now at 9db51f4 Bump Version in README.md
Cloned https://github.com/cpageler93/swiftyhawk.git
Revision (git rev-parse @):
9db51f46b3a02626fc1b8d1e663421a849d711b8
SUCCESS checkout https://github.com/cpageler93/swiftyhawk.git at master
========================================
Build
========================================
Selected platform:         macosXcodebuild
Swift version:             6.4
Building package at path:  $PWD
https://github.com/cpageler93/swiftyhawk.git
Command line invocation:
    /Applications/Xcode-27.0.0-Release.Candidate.app/Contents/Developer/usr/bin/xcodebuild -IDEClonedSourcePackagesDirPathOverride=/Users/admin/builder/spi-builder-workspace/.dependencies -resolvePackageDependencies
resolved source packages:
{
  "dependencies" : [
    {
      "identity" : "cryptoswift",
      "requirement" : {
        "range" : [
          {
            "lower_bound" : "0.8.0",
            "upper_bound" : "1.0.0"
          }
        ]
      },
      "type" : "sourceControl",
      "url" : "https://github.com/krzyzanowskim/CryptoSwift"
    }
  ],
  "manifest_display_name" : "SwiftyHawk",
  "name" : "SwiftyHawk",
  "path" : "/Users/admin/builder/spi-builder-workspace",
  "platforms" : [
  ],
  "products" : [
    {
      "name" : "SwiftyHawk",
      "targets" : [
        "SwiftyHawk"
      ],
      "type" : {
        "library" : [
          "automatic"
        ]
      }
    }
  ],
  "targets" : [
    {
      "c99name" : "SwiftyHawkTests",
      "module_type" : "SwiftTarget",
      "name" : "SwiftyHawkTests",
      "path" : "Tests/SwiftyHawkTests",
      "sources" : [
        "HawkClientTests.swift",
        "HawkCryptoTests.swift"
      ],
      "target_dependencies" : [
        "SwiftyHawk"
      ],
      "type" : "test"
    },
    {
      "c99name" : "SwiftyHawk",
      "module_type" : "SwiftTarget",
      "name" : "SwiftyHawk",
      "path" : "Sources/SwiftyHawk",
      "product_dependencies" : [
        "CryptoSwift"
      ],
      "product_memberships" : [
        "SwiftyHawk"
      ],
      "sources" : [
        "Hawk.swift",
        "HawkAlgorithm.swift",
        "HawkClient.swift",
        "HawkCredentials.swift",
        "HawkCrypto.swift",
        "HawkUtils.swift"
      ],
      "type" : "library"
    }
  ],
  "tools_version" : "4.0"
}
{
  "project" : {
    "configurations" : [
      "Debug",
      "Release"
    ],
    "name" : "SwiftyHawk",
    "schemes" : [
      "SwiftyHawk-Package"
    ],
    "targets" : [
      "CryptoSwift",
      "CryptoSwiftPackageDescription",
      "SwiftyHawk",
      "SwiftyHawkPackageDescription",
      "SwiftyHawkPackageTests",
      "SwiftyHawkTests"
    ]
  }
}
Running build ...
env DEVELOPER_DIR=/Applications/Xcode-27.0.0-Release.Candidate.app xcrun xcodebuild -IDEClonedSourcePackagesDirPathOverride=$PWD/.dependencies -skipMacroValidation -skipPackagePluginValidation -derivedDataPath $PWD/.derivedData build -scheme SwiftyHawk-Package -destination platform=macOS,arch=arm64
Command line invocation:
    /Applications/Xcode-27.0.0-Release.Candidate.app/Contents/Developer/usr/bin/xcodebuild -IDEClonedSourcePackagesDirPathOverride=/Users/admin/builder/spi-builder-workspace/.dependencies -skipMacroValidation -skipPackagePluginValidation -derivedDataPath /Users/admin/builder/spi-builder-workspace/.derivedData build -scheme SwiftyHawk-Package -destination platform=macOS,arch=arm64
ComputePackagePrebuildTargetDependencyGraph
Prepare packages
CreateBuildRequest
SendProjectDescription
CreateBuildOperation
ComputeTargetDependencyGraph
note: Building targets in dependency order
note: Target dependency graph (2 targets)
    Target 'SwiftyHawk' in project 'SwiftyHawk'
        ➜ Explicit dependency on target 'CryptoSwift' in project 'SwiftyHawk'
    Target 'CryptoSwift' in project 'SwiftyHawk' (no dependencies)
GatherProvisioningInputs
CreateBuildDescription
ExecuteExternalTool /Applications/Xcode-27.0.0-Release.Candidate.app/Contents/Developer/Toolchains/XcodeDefault.xctoolchain/usr/bin/clang -v -E -dM -isysroot /Applications/Xcode-27.0.0-Release.Candidate.app/Contents/Developer/Platforms/MacOSX.platform/Developer/SDKs/MacOSX27.0.sdk -x c -c /dev/null
ExecuteExternalTool /Applications/Xcode-27.0.0-Release.Candidate.app/Contents/Developer/Toolchains/XcodeDefault.xctoolchain/usr/bin/swiftc --version
ExecuteExternalTool /Applications/Xcode-27.0.0-Release.Candidate.app/Contents/Developer/Toolchains/XcodeDefault.xctoolchain/usr/bin/ld -version_details
Build description signature: 774284b22d8567b78f0d61293fa47581
Build description path: /Users/admin/builder/spi-builder-workspace/.derivedData/Build/Intermediates.noindex/XCBuildData/774284b22d8567b78f0d61293fa47581.xcbuilddata
/Users/admin/builder/spi-builder-workspace/SwiftyHawk.xcodeproj: error: The macOS deployment target 'MACOSX_DEPLOYMENT_TARGET' is set to 10.10, but the range of supported deployment target versions is 12.0 to 27.0.x. (in target 'SwiftyHawk' from project 'SwiftyHawk')
/Users/admin/builder/spi-builder-workspace/SwiftyHawk.xcodeproj: error: The macOS deployment target 'MACOSX_DEPLOYMENT_TARGET' is set to 10.10, but the range of supported deployment target versions is 12.0 to 27.0.x. (in target 'CryptoSwift' from project 'SwiftyHawk')
** BUILD FAILED **
The following build commands failed:
	Building project SwiftyHawk with scheme SwiftyHawk-Package
(1 failure)
Command line invocation:
    /Applications/Xcode-27.0.0-Release.Candidate.app/Contents/Developer/usr/bin/xcodebuild -IDEClonedSourcePackagesDirPathOverride=/Users/admin/builder/spi-builder-workspace/.dependencies -resolvePackageDependencies
resolved source packages:
{
  "dependencies" : [
    {
      "identity" : "cryptoswift",
      "requirement" : {
        "range" : [
          {
            "lower_bound" : "0.8.0",
            "upper_bound" : "1.0.0"
          }
        ]
      },
      "type" : "sourceControl",
      "url" : "https://github.com/krzyzanowskim/CryptoSwift"
    }
  ],
  "manifest_display_name" : "SwiftyHawk",
  "name" : "SwiftyHawk",
  "path" : "/Users/admin/builder/spi-builder-workspace",
  "platforms" : [
  ],
  "products" : [
    {
      "name" : "SwiftyHawk",
      "targets" : [
        "SwiftyHawk"
      ],
      "type" : {
        "library" : [
          "automatic"
        ]
      }
    }
  ],
  "targets" : [
    {
      "c99name" : "SwiftyHawkTests",
      "module_type" : "SwiftTarget",
      "name" : "SwiftyHawkTests",
      "path" : "Tests/SwiftyHawkTests",
      "sources" : [
        "HawkClientTests.swift",
        "HawkCryptoTests.swift"
      ],
      "target_dependencies" : [
        "SwiftyHawk"
      ],
      "type" : "test"
    },
    {
      "c99name" : "SwiftyHawk",
      "module_type" : "SwiftTarget",
      "name" : "SwiftyHawk",
      "path" : "Sources/SwiftyHawk",
      "product_dependencies" : [
        "CryptoSwift"
      ],
      "product_memberships" : [
        "SwiftyHawk"
      ],
      "sources" : [
        "Hawk.swift",
        "HawkAlgorithm.swift",
        "HawkClient.swift",
        "HawkCredentials.swift",
        "HawkCrypto.swift",
        "HawkUtils.swift"
      ],
      "type" : "library"
    }
  ],
  "tools_version" : "4.0"
}
{
  "project" : {
    "configurations" : [
      "Debug",
      "Release"
    ],
    "name" : "SwiftyHawk",
    "schemes" : [
      "SwiftyHawk-Package"
    ],
    "targets" : [
      "CryptoSwift",
      "CryptoSwiftPackageDescription",
      "SwiftyHawk",
      "SwiftyHawkPackageDescription",
      "SwiftyHawkPackageTests",
      "SwiftyHawkTests"
    ]
  }
}
Running build ...
env DEVELOPER_DIR=/Applications/Xcode-27.0.0-Release.Candidate.app xcrun xcodebuild -IDEClonedSourcePackagesDirPathOverride=$PWD/.dependencies -skipMacroValidation -skipPackagePluginValidation -derivedDataPath $PWD/.derivedData build -scheme SwiftyHawk-Package -destination platform=macOS,arch=arm64
Command line invocation:
    /Applications/Xcode-27.0.0-Release.Candidate.app/Contents/Developer/usr/bin/xcodebuild -IDEClonedSourcePackagesDirPathOverride=/Users/admin/builder/spi-builder-workspace/.dependencies -skipMacroValidation -skipPackagePluginValidation -derivedDataPath /Users/admin/builder/spi-builder-workspace/.derivedData build -scheme SwiftyHawk-Package -destination platform=macOS,arch=arm64
ComputePackagePrebuildTargetDependencyGraph
Prepare packages
CreateBuildRequest
SendProjectDescription
CreateBuildOperation
ComputeTargetDependencyGraph
note: Building targets in dependency order
note: Target dependency graph (2 targets)
    Target 'SwiftyHawk' in project 'SwiftyHawk'
        ➜ Explicit dependency on target 'CryptoSwift' in project 'SwiftyHawk'
    Target 'CryptoSwift' in project 'SwiftyHawk' (no dependencies)
GatherProvisioningInputs
CreateBuildDescription
/Users/admin/builder/spi-builder-workspace/SwiftyHawk.xcodeproj: error: The macOS deployment target 'MACOSX_DEPLOYMENT_TARGET' is set to 10.10, but the range of supported deployment target versions is 12.0 to 27.0.x. (in target 'SwiftyHawk' from project 'SwiftyHawk')
/Users/admin/builder/spi-builder-workspace/SwiftyHawk.xcodeproj: error: The macOS deployment target 'MACOSX_DEPLOYMENT_TARGET' is set to 10.10, but the range of supported deployment target versions is 12.0 to 27.0.x. (in target 'CryptoSwift' from project 'SwiftyHawk')
** BUILD FAILED **
The following build commands failed:
	Building project SwiftyHawk with scheme SwiftyHawk-Package
(1 failure)
BUILD FAILURE 6.4 macosXcodebuild