The Swift Package Index logo.Swift Package Index

Build Information

Failed to build PerfectPython, reference 3.2.0 (764a85), with Swift 6.4 for Android on 15 Sep 2026 17:45:45 UTC.

Build Command

bash -c docker run --pull=always --rm -v "checkouts-54344844-0":/host -w "$PWD" -e JAVA_HOME="/root/.sdkman/candidates/java/current" -e SPI_BUILD="1" -e SPI_PROCESSING="1" registry.gitlab.com/saguaro1/spi-images:android-6.4-latest swift build --swift-sdk aarch64-unknown-linux-android28 2>&1

Build Log

========================================
RunAll
========================================
Builder version: 5.1.0
Interrupt handler set up.
========================================
Checkout
========================================
Clone URL: https://github.com/perfectlysoft/perfect-python.git
Reference: 3.2.0
Initialized empty Git repository in /host/spi-builder-workspace/.git/
hint: Using 'master' as the name for the initial branch. This default branch name
hint: is subject to change. To configure the initial branch name to use in all
hint: of your new repositories, which will suppress this warning, call:
hint:
hint: 	git config --global init.defaultBranch <name>
hint:
hint: Names commonly chosen instead of 'master' are 'main', 'trunk' and
hint: 'development'. The just-created branch can be renamed via this command:
hint:
hint: 	git branch -m <name>
From https://github.com/perfectlysoft/perfect-python
 * tag               3.2.0      -> FETCH_HEAD
HEAD is now at 764a85d Updating Documents.
Cloned https://github.com/perfectlysoft/perfect-python.git
Revision (git rev-parse @):
764a85d6fee5c42701d9b2fca6e30fa921361ae4
SUCCESS checkout https://github.com/perfectlysoft/perfect-python.git at 3.2.0
========================================
Build
========================================
Selected platform:         android
Swift version:             6.4
Building package at path:  $PWD
https://github.com/perfectlysoft/perfect-python.git
Running build ...
bash -c docker run --pull=always --rm -v "checkouts-54344844-0":/host -w "$PWD" -e JAVA_HOME="/root/.sdkman/candidates/java/current" -e SPI_BUILD="1" -e SPI_PROCESSING="1" registry.gitlab.com/saguaro1/spi-images:android-6.4-latest swift build --swift-sdk aarch64-unknown-linux-android28 2>&1
android-6.4-latest: Pulling from saguaro1/spi-images
Digest: sha256:abadcff584c273feba50641b454858d377ba30b35ea7287a94f45ebd8afd0ea0
Status: Image is up to date for registry.gitlab.com/saguaro1/spi-images:android-6.4-latest
Building for debugging...
[Planning 29 / 96]
[Planning deferred tasks]
In file included from /host/spi-builder-workspace/Sources/PythonAPI/PythonAPI.c:19:
/host/spi-builder-workspace/Sources/PythonAPI/include/PythonAPI.h:24:10: fatal error: '/usr/include/python2.7/Python.h' file not found
   24 | #include "/usr/include/python2.7/Python.h"
      |          ^~~~~~~~~~~~~~~~~~~~~~~~~~~~~~~~~
1 error generated.
error: CompileC /host/spi-builder-workspace/.build/out/Intermediates.noindex/PerfectPython.build/Debug-android-aarch64/PythonAPI-t.build/Objects-normal/aarch64/PythonAPI.o /host/spi-builder-workspace/Sources/PythonAPI/PythonAPI.c normal aarch64 c com.apple.compilers.llvm.clang.1_0.compiler failed with a nonzero exit code. Command line:     cd /host

    Using response file: /host/spi-builder-workspace/.build/out/Intermediates.noindex/PerfectPython.build/Debug-android-aarch64/PythonAPI-t.build/Objects-normal/aarch64/9f65232cb83f8421e3a495a5062eba382369c975104ee97bafc405ab795bfc5e-common-args.resp

    /root/.local/share/swiftly/toolchains/6.4.x-snapshot-2026-09-04/usr/bin/clang -x c -target aarch64-unknown-linux-android28 -fmessage-length\=0 -fdiagnostics-show-note-include-stack -fmacro-backtrace-limit\=0 -fcolor-diagnostics -Wno-trigraphs -Wno-missing-field-initializers -Wno-missing-prototypes -Wno-return-type -Wno-missing-braces -Wparentheses -Wswitch -Wno-unused-function -Wno-unused-label -Wno-unused-parameter -Wno-unused-variable -Wunused-value -Wno-empty-body -Wno-uninitialized -Wno-unknown-pragmas -Wno-shadow -Wno-four-char-constants -Wno-conversion -Wno-constant-conversion -Wno-int-conversion -Wno-bool-conversion -Wno-enum-conversion -Wno-float-conversion -Wno-non-literal-null-conversion -Wno-objc-literal-conversion -Wno-shorten-64-to-32 -Wpointer-sign -Wno-newline-eof -Wno-implicit-fallthrough -fstrict-aliasing -Wdeprecated-declarations -Wno-sign-conversion -Wno-infinite-recursion -Wno-comma -Wno-block-capture-autoreleasing -Wno-strict-prototypes -Wno-semicolon-before-method-body --sysroot /android-ndk/android-ndk-r27d/toolchains/llvm/prebuilt/linux-x86_64/sysroot @/host/spi-builder-workspace/.build/out/Intermediates.noindex/PerfectPython.build/Debug-android-aarch64/PythonAPI-t.build/Objects-normal/aarch64/9f65232cb83f8421e3a495a5062eba382369c975104ee97bafc405ab795bfc5e-common-args.resp -MMD -MT dependencies -MF /host/spi-builder-workspace/.build/out/Intermediates.noindex/PerfectPython.build/Debug-android-aarch64/PythonAPI-t.build/Objects-normal/aarch64/PythonAPI.d --serialize-diagnostics /host/spi-builder-workspace/.build/out/Intermediates.noindex/PerfectPython.build/Debug-android-aarch64/PythonAPI-t.build/Objects-normal/aarch64/PythonAPI.dia -c /host/spi-builder-workspace/Sources/PythonAPI/PythonAPI.c -o /host/spi-builder-workspace/.build/out/Intermediates.noindex/PerfectPython.build/Debug-android-aarch64/PythonAPI-t.build/Objects-normal/aarch64/PythonAPI.o
error: SwiftCompile normal aarch64 failed with a nonzero exit code. Command line:     cd /host

<module-includes>:1:10: note: in file included from <module-includes>:1:
1 | #include "PythonAPI.h"
  |          `- note: in file included from <module-includes>:1:
2 |
/host/spi-builder-workspace/Sources/PythonAPI/include/PythonAPI.h:24:10: error: '/usr/include/python2.7/Python.h' file not found
22 | #include "/Applications/Xcode.app/Contents/Developer/Platforms/MacOSX.platform/Developer/SDKs/MacOSX.sdk/System/Library/Frameworks/Python.framework/Headers/Python.h"
23 | #else
24 | #include "/usr/include/python2.7/Python.h"
   |          `- error: '/usr/include/python2.7/Python.h' file not found
25 | #endif
26 | #endif
/host/spi-builder-workspace/Sources/PerfectPython/PerfectPython.swift:20:8: error: could not build C module 'PythonAPI'
 18 | //
 19 |
 20 | import PythonAPI
    |        `- error: could not build C module 'PythonAPI'
 21 |
 22 | /// public protocol for convertion between Python and Swift tyeps
Failed frontend command:
/root/.local/share/swiftly/toolchains/6.4.x-snapshot-2026-09-04/usr/bin/swift-frontend -frontend -emit-module -experimental-skip-non-inlinable-function-bodies-without-types /host/spi-builder-workspace/Sources/PerfectPython/PerfectPython.swift -target aarch64-unknown-linux-android28 -Xllvm -aarch64-use-tbi -disable-objc-interop -sdk /android-ndk/android-ndk-r27d/toolchains/llvm/prebuilt/linux-x86_64/sysroot -sysroot /android-ndk/android-ndk-r27d/toolchains/llvm/prebuilt/linux-x86_64/sysroot -I /host/spi-builder-workspace/.build/out/Products/Debug-android-aarch64 -module-cache-path /host/spi-builder-workspace/.build/out/ModuleCache.noindex -color-diagnostics -Xcc -fcolor-diagnostics -enable-testing -g -debug-info-format\=dwarf -dwarf-version\=4 -swift-version 4 -Onone -D SWIFT_PACKAGE -D DEBUG -D SWIFT_MODULE_RESOURCE_BUNDLE_UNAVAILABLE -D Xcode -serialize-debugging-options -enable-experimental-feature DebugDescriptionMacro -empty-abi-descriptor -external-plugin-path /root/.local/share/swiftly/toolchains/6.4.x-snapshot-2026-09-04/usr/lib/swift/host/plugins/testing\#/root/.local/share/swiftly/toolchains/6.4.x-snapshot-2026-09-04/usr/bin/swift-plugin-server -validate-clang-modules-once -clang-build-session-file /host/spi-builder-workspace/.build/out/ModuleCache.noindex/Session.modulevalidation -Xcc -working-directory -Xcc /host -resource-dir /root/.swiftpm/swift-sdks/swift-6.4.x-DEVELOPMENT-SNAPSHOT-2026-09-04-a_android.artifactbundle/swift-android/swift-resources/usr/lib/swift-aarch64 -enable-anonymous-context-mangled-names -file-compilation-dir /host -Xcc -resource-dir -Xcc /android-ndk/android-ndk-r27d/toolchains/llvm/prebuilt/linux-x86_64/lib/clang/18 -Xcc -fmodule-map-file\=/host/spi-builder-workspace/Sources/PythonAPI/include/module.modulemap -Xcc -fno-omit-frame-pointer -Xcc -D_LIBCPP_HARDENING_MODE\=_LIBCPP_HARDENING_MODE_DEBUG -Xcc -fmodules-prune-interval\=86400 -Xcc -fmodules-prune-after\=345600 -Xcc -I/host/spi-builder-workspace/Sources/PythonAPI/include -Xcc -I/host/spi-builder-workspace/.build/out/Products/Debug-android-aarch64/include -Xcc -I/host/spi-builder-workspace/.build/out/Intermediates.noindex/PerfectPython.build/Debug-android-aarch64/PerfectPython-t.build/DerivedSources-normal/aarch64 -Xcc -I/host/spi-builder-workspace/.build/out/Intermediates.noindex/PerfectPython.build/Debug-android-aarch64/PerfectPython-t.build/DerivedSources/aarch64 -Xcc -I/host/spi-builder-workspace/.build/out/Intermediates.noindex/PerfectPython.build/Debug-android-aarch64/PerfectPython-t.build/DerivedSources -Xcc -DSWIFT_PACKAGE -Xcc -DDEBUG\=1 -no-auto-bridging-header-chaining -module-name PerfectPython -const-gather-protocols-file /host/spi-builder-workspace/.build/out/Intermediates.noindex/PerfectPython.build/Debug-android-aarch64/PerfectPython-t.build/Objects-normal/aarch64/PerfectPython_const_extract_protocols.json -in-process-plugin-server-path /root/.local/share/swiftly/toolchains/6.4.x-snapshot-2026-09-04/usr/lib/swift/host/libSwiftInProcPluginServer.so -plugin-path /root/.local/share/swiftly/toolchains/6.4.x-snapshot-2026-09-04/usr/lib/swift/host/plugins -plugin-path /root/.local/share/swiftly/toolchains/6.4.x-snapshot-2026-09-04/usr/local/lib/swift/host/plugins -emit-module-doc-path /host/spi-builder-workspace/.build/out/Intermediates.noindex/PerfectPython.build/Debug-android-aarch64/PerfectPython-t.build/Objects-normal/aarch64/Modules/PerfectPython.swiftdoc -emit-module-source-info-path /host/spi-builder-workspace/.build/out/Intermediates.noindex/PerfectPython.build/Debug-android-aarch64/PerfectPython-t.build/Objects-normal/aarch64/Modules/PerfectPython.swiftsourceinfo -emit-objc-header-path /host/spi-builder-workspace/.build/out/Intermediates.noindex/PerfectPython.build/Debug-android-aarch64/PerfectPython-t.build/Objects-normal/aarch64/PerfectPython-Swift.h -serialize-diagnostics-path /host/spi-builder-workspace/.build/out/Intermediates.noindex/PerfectPython.build/Debug-android-aarch64/PerfectPython-t.build/Objects-normal/aarch64/PerfectPython-primary-emit-module.dia -emit-dependencies-path /host/spi-builder-workspace/.build/out/Intermediates.noindex/PerfectPython.build/Debug-android-aarch64/PerfectPython-t.build/Objects-normal/aarch64/PerfectPython-primary-emit-module.d -parse-as-library -o /host/spi-builder-workspace/.build/out/Intermediates.noindex/PerfectPython.build/Debug-android-aarch64/PerfectPython-t.build/Objects-normal/aarch64/Modules/PerfectPython.swiftmodule
error: Build failed
BUILD FAILURE 6.4 android