Build Information
Failed to build Sextant, reference v0.4.41 (960ac2), with Swift 6.2 for Wasm on 10 Aug 2026 20:46:51 UTC.
Build Command
bash -c docker run --pull=always --rm -v "checkouts-54344844-2":/host -w "$PWD" -e JAVA_HOME="/root/.sdkman/candidates/java/current" -e SPI_BUILD="1" -e SPI_PROCESSING="1" registry.gitlab.com/saguaro1/spi-images:wasm-6.2-latest swift build --swift-sdk swift-6.2-RELEASE_wasm 2>&1Build Log
========================================
RunAll
========================================
Builder version: 729ceb5fcd9493dc13ee340bc4f0908bd201f85d
Interrupt handler set up.
========================================
Checkout
========================================
Clone URL: https://github.com/KittyMac/Sextant.git
Reference: v0.4.41
Initialized empty Git repository in /host/spi-builder-workspace/.git/
hint: Using 'master' as the name for the initial branch. This default branch name
hint: is subject to change. To configure the initial branch name to use in all
hint: of your new repositories, which will suppress this warning, call:
hint:
hint: git config --global init.defaultBranch <name>
hint:
hint: Names commonly chosen instead of 'master' are 'main', 'trunk' and
hint: 'development'. The just-created branch can be renamed via this command:
hint:
hint: git branch -m <name>
From https://github.com/KittyMac/Sextant
* tag v0.4.41 -> FETCH_HEAD
HEAD is now at 960ac26 updated deps
Cloned https://github.com/KittyMac/Sextant.git
Revision (git rev-parse @):
960ac266012fecd98f93dcf64b0dd4fdb3753f26
SUCCESS checkout https://github.com/KittyMac/Sextant.git at v0.4.41
========================================
Build
========================================
Selected platform: wasm
Swift version: 6.2
Building package at path: $PWD
https://github.com/KittyMac/Sextant.git
Running build ...
bash -c docker run --pull=always --rm -v "checkouts-54344844-2":/host -w "$PWD" -e JAVA_HOME="/root/.sdkman/candidates/java/current" -e SPI_BUILD="1" -e SPI_PROCESSING="1" registry.gitlab.com/saguaro1/spi-images:wasm-6.2-latest swift build --swift-sdk swift-6.2-RELEASE_wasm 2>&1
wasm-6.2-latest: Pulling from saguaro1/spi-images
Digest: sha256:70428a4f4110aef5b17a27427e965f31cf3855e8cf1dfdc416ed61c780337965
Status: Image is up to date for registry.gitlab.com/saguaro1/spi-images:wasm-6.2-latest
Fetching https://github.com/KittyMac/Chronometer.git
Fetching https://github.com/KittyMac/Hitch.git
Fetching https://github.com/apple/swift-argument-parser
Fetching https://github.com/KittyMac/Spanker.git
[1/2549] Fetching hitch
[2550/2744] Fetching hitch, chronometer
Fetched https://github.com/KittyMac/Hitch.git from cache (0.56s)
[133/195] Fetching chronometer
[175/1311] Fetching chronometer, spanker
[254/19586] Fetching chronometer, spanker, swift-argument-parser
Fetched https://github.com/KittyMac/Chronometer.git from cache (0.72s)
[1847/19391] Fetching spanker, swift-argument-parser
Fetched https://github.com/KittyMac/Spanker.git from cache (1.08s)
Fetched https://github.com/apple/swift-argument-parser from cache (1.09s)
Computing version for https://github.com/KittyMac/Chronometer.git
Computed https://github.com/KittyMac/Chronometer.git at 0.1.14 (1.27s)
Computing version for https://github.com/KittyMac/Spanker.git
Computed https://github.com/KittyMac/Spanker.git at 0.2.61 (0.17s)
Computing version for https://github.com/apple/swift-argument-parser
Computed https://github.com/apple/swift-argument-parser at 1.8.2 (0.17s)
Computing version for https://github.com/KittyMac/Hitch.git
Computed https://github.com/KittyMac/Hitch.git at 0.4.156 (0.17s)
Creating working copy for https://github.com/KittyMac/Hitch.git
Working copy of https://github.com/KittyMac/Hitch.git resolved at 0.4.156
Creating working copy for https://github.com/KittyMac/Chronometer.git
Working copy of https://github.com/KittyMac/Chronometer.git resolved at 0.1.14
Creating working copy for https://github.com/apple/swift-argument-parser
Working copy of https://github.com/apple/swift-argument-parser resolved at 1.8.2
Creating working copy for https://github.com/KittyMac/Spanker.git
Working copy of https://github.com/KittyMac/Spanker.git resolved at 0.2.61
[1/1] Compiling plugin GenerateManual
[2/2] Compiling plugin GenerateDoccReference
Building for debugging...
[2/7] Write sources
[6/7] Write swift-version-24593BA9C3E375BF.txt
[8/21] Compiling Hitch CHitch.swift
[9/21] Compiling Hitch HalfHitch.swift
[10/22] Compiling Hitch Int8+Ascii.swift
[11/22] Compiling Chronometer Chronometer.swift
[12/22] Emitting module Chronometer
[14/23] Compiling Hitch Hitch+FormatOperator.swift
[15/23] Compiling Hitch Hitch+MD5.swift
[16/23] Compiling Hitch Hitch+Shared.swift
[17/23] Compiling Hitch Hitch+CodeBlock.swift
[18/23] Compiling Hitch Hitch+Format.swift
[19/23] Compiling Hitch Hitch+Base32.swift
[20/23] Compiling Hitch Hitch+Base64.swift
[21/23] Emitting module Hitch
[22/23] Compiling Hitch Hitch.swift
[23/23] Compiling Hitch UInt8+Ascii.swift
[25/34] Compiling Spanker Spanker+ParquetShredder.swift
[26/35] Compiling Spanker Spanker+Subscripts.swift
[27/35] Compiling Spanker Spanker+ParquetNestedInference.swift
[28/35] Compiling Spanker Spanker+ParquetWriter.swift
[29/35] Compiling Spanker Spanker+Reader.swift
[30/35] Compiling Spanker Spanker.swift
[31/35] Emitting module Spanker
[32/35] Compiling Spanker Spanker+ParquetNested.swift
[33/35] Compiling Spanker Spanker+ParquetNestedEncoder.swift
[34/35] Compiling Spanker Spanker+ParquetCodable.swift
[35/35] Compiling Spanker Spanker+ParquetEncoder.swift
[37/86] Emitting module Sextant
[38/93] Compiling Sextant ScanPathToken.swift
[39/93] Compiling Sextant WildcardPathToken.swift
[40/93] Compiling Sextant ArrayPathTokenPredicate.swift
[41/93] Compiling Sextant FakePredicate.swift
[42/93] Compiling Sextant FilterPathTokenPredicate.swift
[43/93] Compiling Sextant PredicatePathToken.swift
[44/93] Compiling Sextant PropertyPathTokenPredicate.swift
[45/93] Compiling Sextant LogicalOperator.swift
[46/93] Compiling Sextant PatternFlags.swift
[47/93] Compiling Sextant PredicateContext.swift
[48/93] Compiling Sextant RelationalExpressionNode.swift
[49/93] Compiling Sextant RelationalOperator.swift
[50/93] Compiling Sextant BooleanNode.swift
[51/93] Compiling Sextant ExpressionNode.swift
[52/93] Compiling Sextant PathFunction+Spanker.swift
[53/93] Compiling Sextant PathFunction.swift
[54/93] Compiling Sextant PathToken+Spanker.swift
[55/93] Compiling Sextant PathToken.swift
[56/93] Compiling Sextant PropertyPathToken.swift
[57/93] Compiling Sextant RootPathToken.swift
[58/93] Compiling Sextant ScanPathToken+Spanker.swift
[59/93] Compiling Sextant ArrayIndexOperation.swift
[60/93] Compiling Sextant ArraySliceOperation.swift
[61/93] Compiling Sextant Parameter.swift
[62/93] Compiling Sextant ArrayIndexPath.swift
[63/93] Compiling Sextant CompiledPath.swift
[64/93] Compiling Sextant NullPath.swift
[65/93] Compiling Sextant ObjectPropertyPath.swift
[66/93] Compiling Sextant Path.swift
[67/93] Compiling Sextant PathCompiler.swift
[68/93] Compiling Sextant RootPath.swift
[69/93] Compiling Sextant ArrayIndexToken.swift
[70/93] Compiling Sextant ArrayPathToken.swift
[71/93] Compiling Sextant ArraySliceToken.swift
[72/93] Compiling Sextant FunctionPathToken.swift
[73/93] Compiling Sextant JsonNode.swift
[74/93] Compiling Sextant NullNode.swift
[75/93] Compiling Sextant NumberNode.swift
[76/93] Compiling Sextant PathNode.swift
[77/93] Compiling Sextant PatternNode.swift
[78/93] Compiling Sextant StringNode.swift
[79/93] Compiling Sextant ValueNode.swift
[80/93] Compiling Sextant CharacterIndex.swift
[81/93] Compiling Sextant EvaluationContext.swift
[82/93] Compiling Sextant CompiledFilter.swift
[83/93] Compiling Sextant Evaluator.swift
[84/93] Compiling Sextant Filter.swift
[85/93] Compiling Sextant FilterCompiler.swift
[86/93] Compiling Sextant LogicalExpressionNode.swift
[87/93] Compiling Sextant ScanPredicate.swift
/host/spi-builder-workspace/Sources/Sextant/Sextant+Internal.swift:16:5: error: cannot find 'Thread' in scope
14 |
15 | func clearerror() {
16 | Thread.current.threadDictionary["__SEXTANT_ERROR"] = nil
| `- error: cannot find 'Thread' in scope
17 | }
18 |
/host/spi-builder-workspace/Sources/Sextant/Sextant+Internal.swift:20:12: error: cannot find 'Thread' in scope
18 |
19 | func geterror() -> String? {
20 | return Thread.current.threadDictionary["__SEXTANT_ERROR"] as? String
| `- error: cannot find 'Thread' in scope
21 | }
22 |
/host/spi-builder-workspace/Sources/Sextant/Sextant+Internal.swift:24:5: error: cannot find 'Thread' in scope
22 |
23 | func error(_ error: String) {
24 | Thread.current.threadDictionary["__SEXTANT_ERROR"] = error
| `- error: cannot find 'Thread' in scope
25 | #if DEBUG
26 | // print("Error: " + error)
[88/93] Compiling Sextant WildcardPathTokenPredicate.swift
/host/spi-builder-workspace/Sources/Sextant/Sextant+Internal.swift:16:5: error: cannot find 'Thread' in scope
14 |
15 | func clearerror() {
16 | Thread.current.threadDictionary["__SEXTANT_ERROR"] = nil
| `- error: cannot find 'Thread' in scope
17 | }
18 |
/host/spi-builder-workspace/Sources/Sextant/Sextant+Internal.swift:20:12: error: cannot find 'Thread' in scope
18 |
19 | func geterror() -> String? {
20 | return Thread.current.threadDictionary["__SEXTANT_ERROR"] as? String
| `- error: cannot find 'Thread' in scope
21 | }
22 |
/host/spi-builder-workspace/Sources/Sextant/Sextant+Internal.swift:24:5: error: cannot find 'Thread' in scope
22 |
23 | func error(_ error: String) {
24 | Thread.current.threadDictionary["__SEXTANT_ERROR"] = error
| `- error: cannot find 'Thread' in scope
25 | #if DEBUG
26 | // print("Error: " + error)
[89/93] Compiling Sextant Sextant+Internal.swift
/host/spi-builder-workspace/Sources/Sextant/Sextant+Internal.swift:16:5: error: cannot find 'Thread' in scope
14 |
15 | func clearerror() {
16 | Thread.current.threadDictionary["__SEXTANT_ERROR"] = nil
| `- error: cannot find 'Thread' in scope
17 | }
18 |
/host/spi-builder-workspace/Sources/Sextant/Sextant+Internal.swift:20:12: error: cannot find 'Thread' in scope
18 |
19 | func geterror() -> String? {
20 | return Thread.current.threadDictionary["__SEXTANT_ERROR"] as? String
| `- error: cannot find 'Thread' in scope
21 | }
22 |
/host/spi-builder-workspace/Sources/Sextant/Sextant+Internal.swift:24:5: error: cannot find 'Thread' in scope
22 |
23 | func error(_ error: String) {
24 | Thread.current.threadDictionary["__SEXTANT_ERROR"] = error
| `- error: cannot find 'Thread' in scope
25 | #if DEBUG
26 | // print("Error: " + error)
[90/93] Compiling Sextant Sextant+Many.swift
/host/spi-builder-workspace/Sources/Sextant/Sextant+Internal.swift:16:5: error: cannot find 'Thread' in scope
14 |
15 | func clearerror() {
16 | Thread.current.threadDictionary["__SEXTANT_ERROR"] = nil
| `- error: cannot find 'Thread' in scope
17 | }
18 |
/host/spi-builder-workspace/Sources/Sextant/Sextant+Internal.swift:20:12: error: cannot find 'Thread' in scope
18 |
19 | func geterror() -> String? {
20 | return Thread.current.threadDictionary["__SEXTANT_ERROR"] as? String
| `- error: cannot find 'Thread' in scope
21 | }
22 |
/host/spi-builder-workspace/Sources/Sextant/Sextant+Internal.swift:24:5: error: cannot find 'Thread' in scope
22 |
23 | func error(_ error: String) {
24 | Thread.current.threadDictionary["__SEXTANT_ERROR"] = error
| `- error: cannot find 'Thread' in scope
25 | #if DEBUG
26 | // print("Error: " + error)
[91/93] Compiling Sextant Sextant+Single.swift
/host/spi-builder-workspace/Sources/Sextant/Sextant+Internal.swift:16:5: error: cannot find 'Thread' in scope
14 |
15 | func clearerror() {
16 | Thread.current.threadDictionary["__SEXTANT_ERROR"] = nil
| `- error: cannot find 'Thread' in scope
17 | }
18 |
/host/spi-builder-workspace/Sources/Sextant/Sextant+Internal.swift:20:12: error: cannot find 'Thread' in scope
18 |
19 | func geterror() -> String? {
20 | return Thread.current.threadDictionary["__SEXTANT_ERROR"] as? String
| `- error: cannot find 'Thread' in scope
21 | }
22 |
/host/spi-builder-workspace/Sources/Sextant/Sextant+Internal.swift:24:5: error: cannot find 'Thread' in scope
22 |
23 | func error(_ error: String) {
24 | Thread.current.threadDictionary["__SEXTANT_ERROR"] = error
| `- error: cannot find 'Thread' in scope
25 | #if DEBUG
26 | // print("Error: " + error)
[92/93] Compiling Sextant Sextant+Update.swift
/host/spi-builder-workspace/Sources/Sextant/Sextant+Internal.swift:16:5: error: cannot find 'Thread' in scope
14 |
15 | func clearerror() {
16 | Thread.current.threadDictionary["__SEXTANT_ERROR"] = nil
| `- error: cannot find 'Thread' in scope
17 | }
18 |
/host/spi-builder-workspace/Sources/Sextant/Sextant+Internal.swift:20:12: error: cannot find 'Thread' in scope
18 |
19 | func geterror() -> String? {
20 | return Thread.current.threadDictionary["__SEXTANT_ERROR"] as? String
| `- error: cannot find 'Thread' in scope
21 | }
22 |
/host/spi-builder-workspace/Sources/Sextant/Sextant+Internal.swift:24:5: error: cannot find 'Thread' in scope
22 |
23 | func error(_ error: String) {
24 | Thread.current.threadDictionary["__SEXTANT_ERROR"] = error
| `- error: cannot find 'Thread' in scope
25 | #if DEBUG
26 | // print("Error: " + error)
[93/93] Compiling Sextant Sextant.swift
/host/spi-builder-workspace/Sources/Sextant/Sextant+Internal.swift:16:5: error: cannot find 'Thread' in scope
14 |
15 | func clearerror() {
16 | Thread.current.threadDictionary["__SEXTANT_ERROR"] = nil
| `- error: cannot find 'Thread' in scope
17 | }
18 |
/host/spi-builder-workspace/Sources/Sextant/Sextant+Internal.swift:20:12: error: cannot find 'Thread' in scope
18 |
19 | func geterror() -> String? {
20 | return Thread.current.threadDictionary["__SEXTANT_ERROR"] as? String
| `- error: cannot find 'Thread' in scope
21 | }
22 |
/host/spi-builder-workspace/Sources/Sextant/Sextant+Internal.swift:24:5: error: cannot find 'Thread' in scope
22 |
23 | func error(_ error: String) {
24 | Thread.current.threadDictionary["__SEXTANT_ERROR"] = error
| `- error: cannot find 'Thread' in scope
25 | #if DEBUG
26 | // print("Error: " + error)
BUILD FAILURE 6.2 wasm