The Swift Package Index logo.Swift Package Index

Build Information

Failed to build flint, reference master (99a509), with Swift 6.2 for Wasm on 18 Jul 2026 04:21:12 UTC.

Build Command

bash -c docker run --pull=always --rm -v "checkouts-54344844-1":/host -w "$PWD" -e JAVA_HOME="/root/.sdkman/candidates/java/current" -e SPI_BUILD="1" -e SPI_PROCESSING="1" registry.gitlab.com/saguaro1/spi-images:wasm-6.2-latest swift build --swift-sdk swift-6.2-RELEASE_wasm 2>&1

Build Log

========================================
RunAll
========================================
Builder version: 333316120c8b89ed7d21f1b34865290794301d91
Interrupt handler set up.
========================================
Checkout
========================================
Clone URL: https://github.com/flint-engine/flint.git
Reference: master
Initialized empty Git repository in /host/spi-builder-workspace/.git/
hint: Using 'master' as the name for the initial branch. This default branch name
hint: is subject to change. To configure the initial branch name to use in all
hint: of your new repositories, which will suppress this warning, call:
hint:
hint: 	git config --global init.defaultBranch <name>
hint:
hint: Names commonly chosen instead of 'master' are 'main', 'trunk' and
hint: 'development'. The just-created branch can be renamed via this command:
hint:
hint: 	git branch -m <name>
From https://github.com/flint-engine/flint
 * branch            master     -> FETCH_HEAD
 * [new branch]      master     -> origin/master
HEAD is now at 99a5099 Merge branch 'develop'
Cloned https://github.com/flint-engine/flint.git
Revision (git rev-parse @):
99a5099aa84bce5fcc75a3a3269d3b73c707f58e
SUCCESS checkout https://github.com/flint-engine/flint.git at master
========================================
Build
========================================
Selected platform:         wasm
Swift version:             6.2
Building package at path:  $PWD
https://github.com/flint-engine/flint.git
Running build ...
bash -c docker run --pull=always --rm -v "checkouts-54344844-1":/host -w "$PWD" -e JAVA_HOME="/root/.sdkman/candidates/java/current" -e SPI_BUILD="1" -e SPI_PROCESSING="1" registry.gitlab.com/saguaro1/spi-images:wasm-6.2-latest swift build --swift-sdk swift-6.2-RELEASE_wasm 2>&1
wasm-6.2-latest: Pulling from saguaro1/spi-images
Digest: sha256:dc8dffc38f1d92eca7ee5312617822470123661393ed20672e77964f9dcaaffb
Status: Image is up to date for registry.gitlab.com/saguaro1/spi-images:wasm-6.2-latest
Fetching https://github.com/apple/swift-argument-parser
Fetching https://github.com/swift-cli/motor
Fetching https://github.com/jpsim/Yams.git
Fetching https://github.com/swift-cli/ansi-escape-code
Fetching https://github.com/swift-cli/execute
[1/39] Fetching ansi-escape-code
[20/100] Fetching ansi-escape-code, execute
[101/148] Fetching ansi-escape-code, execute, motor
Fetched https://github.com/swift-cli/execute from cache (0.40s)
Fetched https://github.com/swift-cli/motor from cache (0.40s)
[1/11847] Fetching yams
[120/29993] Fetching yams, swift-argument-parser
Fetched https://github.com/swift-cli/ansi-escape-code from cache (0.69s)
Fetched https://github.com/apple/swift-argument-parser from cache (0.70s)
[5806/11847] Fetching yams
Fetched https://github.com/jpsim/Yams.git from cache (1.17s)
Computing version for https://github.com/swift-cli/ansi-escape-code
Computed https://github.com/swift-cli/ansi-escape-code at 0.1.2 (1.34s)
Computing version for https://github.com/swift-cli/execute
Computed https://github.com/swift-cli/execute at 0.1.2 (0.90s)
Computing version for https://github.com/swift-cli/motor
Computed https://github.com/swift-cli/motor at 0.1.3 (0.19s)
Computing version for https://github.com/jpsim/Yams.git
Computed https://github.com/jpsim/Yams.git at 6.2.2 (0.15s)
Computing version for https://github.com/apple/swift-argument-parser
Computed https://github.com/apple/swift-argument-parser at 1.8.2 (0.15s)
Creating working copy for https://github.com/swift-cli/ansi-escape-code
Working copy of https://github.com/swift-cli/ansi-escape-code resolved at 0.1.2
Creating working copy for https://github.com/swift-cli/execute
Working copy of https://github.com/swift-cli/execute resolved at 0.1.2
Creating working copy for https://github.com/swift-cli/motor
Working copy of https://github.com/swift-cli/motor resolved at 0.1.3
Creating working copy for https://github.com/apple/swift-argument-parser
Working copy of https://github.com/apple/swift-argument-parser resolved at 1.8.2
Creating working copy for https://github.com/jpsim/Yams.git
Working copy of https://github.com/jpsim/Yams.git resolved at 6.2.2
[1/1] Compiling plugin GenerateManual
[2/2] Compiling plugin GenerateDoccReference
Building for debugging...
[2/25] Write sources
[9/25] Compiling writer.c
[10/25] Compiling reader.c
[11/25] Compiling api.c
[12/25] Compiling parser.c
[13/25] Compiling emitter.c
[14/25] Compiling scanner.c
[15/25] Write swift-version-24593BA9C3E375BF.txt
[17/65] Emitting module Yams
[18/67] Compiling Yams Tag.swift
[19/67] Compiling Yams YamlAnchorProviding.swift
[20/67] Emitting module ArgumentParserToolInfo
[21/67] Compiling ArgumentParserToolInfo ToolInfo.swift
[22/68] Wrapping AST for ArgumentParserToolInfo for debugging
[24/115] Compiling ArgumentParser ExpressibleByArgument.swift
[25/115] Compiling ArgumentParser ParsableArguments.swift
[26/115] Compiling ANSIEscapeCode Scroll.swift
[27/116] Compiling ANSIEscapeCode TextColor.swift
[28/116] Compiling Execute DataHandler.swift
[29/116] Compiling Execute Command.swift
error: emit-module command failed with exit code 1 (use -v to see invocation)
[30/116] Emitting module Execute
/host/spi-builder-workspace/.build/checkouts/execute/Sources/Execute/Executor.swift:32:30: error: cannot find type 'OperationQueue' in scope
 30 |
 31 |     /// The operation queue which executes command.
 32 |     open var operationQueue: OperationQueue
    |                              `- error: cannot find type 'OperationQueue' in scope
 33 |
 34 |     public init(operationQueue: OperationQueue = .init()) {
/host/spi-builder-workspace/.build/checkouts/execute/Sources/Execute/Executor.swift:34:33: error: cannot find type 'OperationQueue' in scope
 32 |     open var operationQueue: OperationQueue
 33 |
 34 |     public init(operationQueue: OperationQueue = .init()) {
    |                                 `- error: cannot find type 'OperationQueue' in scope
 35 |         self.operationQueue = operationQueue
 36 |     }
/host/spi-builder-workspace/.build/checkouts/execute/Sources/Execute/Executor.swift:70:101: error: cannot find type 'Operation' in scope
 68 |                                        standardOutputDataHandler: DataHandler = FileHandle.standardOutput,
 69 |                                        standardErrorDataHandler: DataHandler = FileHandle.standardError,
 70 |                                        completionBlock: ((Result<Int32, Error>) -> Void)? = nil) -> Operation {
    |                                                                                                     `- error: cannot find type 'Operation' in scope
 71 |         let operation = self.operation(
 72 |             command: command,
/host/spi-builder-workspace/.build/checkouts/execute/Sources/Execute/ProcessOperation.swift:36:25: error: cannot find type 'Process' in scope
34 |
35 |     /// The process to execute.
36 |     public let process: Process
   |                         `- error: cannot find type 'Process' in scope
37 |     /// Standard output data handler.
38 |     public let standardOutputDataHandler: DataHandler
/host/spi-builder-workspace/.build/checkouts/execute/Sources/Execute/ProcessOperation.swift:48:26: error: cannot find type 'Process' in scope
46 |     ///   - standardOutputDataHandler: Standard output data handler.
47 |     ///   - standardErrorDataHandler: Standard error data handler.
48 |     public init(process: Process,
   |                          `- error: cannot find type 'Process' in scope
49 |                 standardOutputDataHandler: DataHandler,
50 |                 standardErrorDataHandler: DataHandler) {
/host/spi-builder-workspace/.build/checkouts/execute/Sources/Execute/ProcessOperation.swift:57:24: error: method does not override any method from its superclass
55 |     }
56 |
57 |     open override func main() {
   |                        `- error: method does not override any method from its superclass
58 |         let dispatchQueue = DispatchQueue(label: "com.swiftcli.execute")
59 |
/host/spi-builder-workspace/.build/checkouts/execute/Sources/Execute/ProcessOperation.swift:92:24: error: method does not override any method from its superclass
90 |     }
91 |
92 |     open override func cancel() {
   |                        `- error: method does not override any method from its superclass
93 |         process.interrupt()
94 |     }
/host/spi-builder-workspace/.build/checkouts/execute/Sources/Execute/ProcessOperation.swift:30:30: error: cannot find type 'Operation' in scope
28 | /// An operation that manages the concurrent execution of
29 | /// [Process](https://developer.apple.com/documentation/foundation/process).
30 | open class ProcessOperation: Operation {
   |                              `- error: cannot find type 'Operation' in scope
31 |
32 |     /// The process execution result.
/host/spi-builder-workspace/.build/checkouts/execute/Sources/Execute/Shell.swift:61:101: error: cannot find type 'Operation' in scope
59 |                                        standardOutputDataHandler: DataHandler = FileHandle.standardOutput,
60 |                                        standardErrorDataHandler: DataHandler = FileHandle.standardError,
61 |                                        completionBlock: ((Result<Int32, Error>) -> Void)? = nil) -> Operation {
   |                                                                                                     `- error: cannot find type 'Operation' in scope
62 |         let command = ShCommand(command: command)
63 |         return async(
[31/116] Emitting module ANSIEscapeCode
[32/116] Compiling Execute FileHandle+DataHandler.swift
[33/116] Compiling Execute Shell.swift
/host/spi-builder-workspace/.build/checkouts/execute/Sources/Execute/Executor.swift:34:33: error: cannot find type 'OperationQueue' in scope
 32 |     open var operationQueue: OperationQueue
 33 |
 34 |     public init(operationQueue: OperationQueue = .init()) {
    |                                 `- error: cannot find type 'OperationQueue' in scope
 35 |         self.operationQueue = operationQueue
 36 |     }
/host/spi-builder-workspace/.build/checkouts/execute/Sources/Execute/Shell.swift:61:101: error: cannot find type 'Operation' in scope
59 |                                        standardOutputDataHandler: DataHandler = FileHandle.standardOutput,
60 |                                        standardErrorDataHandler: DataHandler = FileHandle.standardError,
61 |                                        completionBlock: ((Result<Int32, Error>) -> Void)? = nil) -> Operation {
   |                                                                                                     `- error: cannot find type 'Operation' in scope
62 |         let command = ShCommand(command: command)
63 |         return async(
[34/116] Compiling Execute ShCommand.swift
[35/116] Compiling Execute Executor.swift
/host/spi-builder-workspace/.build/checkouts/execute/Sources/Execute/Executor.swift:32:30: error: cannot find type 'OperationQueue' in scope
 30 |
 31 |     /// The operation queue which executes command.
 32 |     open var operationQueue: OperationQueue
    |                              `- error: cannot find type 'OperationQueue' in scope
 33 |
 34 |     public init(operationQueue: OperationQueue = .init()) {
/host/spi-builder-workspace/.build/checkouts/execute/Sources/Execute/Executor.swift:34:33: error: cannot find type 'OperationQueue' in scope
 32 |     open var operationQueue: OperationQueue
 33 |
 34 |     public init(operationQueue: OperationQueue = .init()) {
    |                                 `- error: cannot find type 'OperationQueue' in scope
 35 |         self.operationQueue = operationQueue
 36 |     }
/host/spi-builder-workspace/.build/checkouts/execute/Sources/Execute/Executor.swift:70:101: error: cannot find type 'Operation' in scope
 68 |                                        standardOutputDataHandler: DataHandler = FileHandle.standardOutput,
 69 |                                        standardErrorDataHandler: DataHandler = FileHandle.standardError,
 70 |                                        completionBlock: ((Result<Int32, Error>) -> Void)? = nil) -> Operation {
    |                                                                                                     `- error: cannot find type 'Operation' in scope
 71 |         let operation = self.operation(
 72 |             command: command,
/host/spi-builder-workspace/.build/checkouts/execute/Sources/Execute/Executor.swift:77:19: error: value of type 'ProcessOperation' has no member 'completionBlock'
 75 |             standardErrorDataHandler: standardErrorDataHandler
 76 |         )
 77 |         operation.completionBlock = {
    |                   `- error: value of type 'ProcessOperation' has no member 'completionBlock'
 78 |             precondition(operation.result != nil, "Operation was not executed.")
 79 |             completionBlock?(operation.result!)
/host/spi-builder-workspace/.build/checkouts/execute/Sources/Execute/Executor.swift:95:23: error: cannot find 'Process' in scope
 93 |                         standardOutputDataHandler: DataHandler,
 94 |                         standardErrorDataHandler: DataHandler) -> ProcessOperation {
 95 |         let process = Process()
    |                       `- error: cannot find 'Process' in scope
 96 |         process.executableURL = .init(fileURLWithPath: command.executablePath)
 97 |         process.arguments = command.arguments
/host/spi-builder-workspace/.build/checkouts/execute/Sources/Execute/Executor.swift:96:34: error: cannot infer contextual base in reference to member 'init'
 94 |                         standardErrorDataHandler: DataHandler) -> ProcessOperation {
 95 |         let process = Process()
 96 |         process.executableURL = .init(fileURLWithPath: command.executablePath)
    |                                  `- error: cannot infer contextual base in reference to member 'init'
 97 |         process.arguments = command.arguments
 98 |         if let environment = environment {
/host/spi-builder-workspace/.build/checkouts/execute/Sources/Execute/ProcessOperation.swift:48:26: error: cannot find type 'Process' in scope
46 |     ///   - standardOutputDataHandler: Standard output data handler.
47 |     ///   - standardErrorDataHandler: Standard error data handler.
48 |     public init(process: Process,
   |                          `- error: cannot find type 'Process' in scope
49 |                 standardOutputDataHandler: DataHandler,
50 |                 standardErrorDataHandler: DataHandler) {
[36/116] Compiling Execute ProcessOperation.swift
/host/spi-builder-workspace/.build/checkouts/execute/Sources/Execute/ProcessOperation.swift:36:25: error: cannot find type 'Process' in scope
34 |
35 |     /// The process to execute.
36 |     public let process: Process
   |                         `- error: cannot find type 'Process' in scope
37 |     /// Standard output data handler.
38 |     public let standardOutputDataHandler: DataHandler
/host/spi-builder-workspace/.build/checkouts/execute/Sources/Execute/ProcessOperation.swift:48:26: error: cannot find type 'Process' in scope
46 |     ///   - standardOutputDataHandler: Standard output data handler.
47 |     ///   - standardErrorDataHandler: Standard error data handler.
48 |     public init(process: Process,
   |                          `- error: cannot find type 'Process' in scope
49 |                 standardOutputDataHandler: DataHandler,
50 |                 standardErrorDataHandler: DataHandler) {
/host/spi-builder-workspace/.build/checkouts/execute/Sources/Execute/ProcessOperation.swift:57:24: error: method does not override any method from its superclass
55 |     }
56 |
57 |     open override func main() {
   |                        `- error: method does not override any method from its superclass
58 |         let dispatchQueue = DispatchQueue(label: "com.swiftcli.execute")
59 |
/host/spi-builder-workspace/.build/checkouts/execute/Sources/Execute/ProcessOperation.swift:92:24: error: method does not override any method from its superclass
90 |     }
91 |
92 |     open override func cancel() {
   |                        `- error: method does not override any method from its superclass
93 |         process.interrupt()
94 |     }
/host/spi-builder-workspace/.build/checkouts/execute/Sources/Execute/ProcessOperation.swift:30:30: error: cannot find type 'Operation' in scope
28 | /// An operation that manages the concurrent execution of
29 | /// [Process](https://developer.apple.com/documentation/foundation/process).
30 | open class ProcessOperation: Operation {
   |                              `- error: cannot find type 'Operation' in scope
31 |
32 |     /// The process execution result.
/host/spi-builder-workspace/.build/checkouts/execute/Sources/Execute/ProcessOperation.swift:54:9: error: 'super' cannot be used in class 'ProcessOperation' because it has no superclass
52 |         self.standardOutputDataHandler = standardOutputDataHandler
53 |         self.standardErrorDataHandler = standardErrorDataHandler
54 |         super.init()
   |         `- error: 'super' cannot be used in class 'ProcessOperation' because it has no superclass
55 |     }
56 |
/host/spi-builder-workspace/.build/checkouts/execute/Sources/Execute/ProcessOperation.swift:58:29: error: cannot find 'DispatchQueue' in scope
56 |
57 |     open override func main() {
58 |         let dispatchQueue = DispatchQueue(label: "com.swiftcli.execute")
   |                             `- error: cannot find 'DispatchQueue' in scope
59 |
60 |         let standardOutputPipe = Pipe()
/host/spi-builder-workspace/.build/checkouts/execute/Sources/Execute/ProcessOperation.swift:61:49: error: value of type 'FileHandle' has no member 'readabilityHandler'
59 |
60 |         let standardOutputPipe = Pipe()
61 |         standardOutputPipe.fileHandleForReading.readabilityHandler = { [weak self] fileHandle in
   |                                                 `- error: value of type 'FileHandle' has no member 'readabilityHandler'
62 |             dispatchQueue.async {
63 |                 self?.standardOutputDataHandler.handle(fileHandle.availableData)
/host/spi-builder-workspace/.build/checkouts/execute/Sources/Execute/ProcessOperation.swift:61:84: error: cannot infer type of closure parameter 'fileHandle' without a type annotation
59 |
60 |         let standardOutputPipe = Pipe()
61 |         standardOutputPipe.fileHandleForReading.readabilityHandler = { [weak self] fileHandle in
   |                                                                                    `- error: cannot infer type of closure parameter 'fileHandle' without a type annotation
62 |             dispatchQueue.async {
63 |                 self?.standardOutputDataHandler.handle(fileHandle.availableData)
/host/spi-builder-workspace/.build/checkouts/execute/Sources/Execute/ProcessOperation.swift:69:48: error: value of type 'FileHandle' has no member 'readabilityHandler'
67 |
68 |         let standardErrorPipe = Pipe()
69 |         standardErrorPipe.fileHandleForReading.readabilityHandler = { [weak self] fileHandle in
   |                                                `- error: value of type 'FileHandle' has no member 'readabilityHandler'
70 |             dispatchQueue.async {
71 |                 self?.standardErrorDataHandler.handle(fileHandle.availableData)
/host/spi-builder-workspace/.build/checkouts/execute/Sources/Execute/ProcessOperation.swift:69:83: error: cannot infer type of closure parameter 'fileHandle' without a type annotation
67 |
68 |         let standardErrorPipe = Pipe()
69 |         standardErrorPipe.fileHandleForReading.readabilityHandler = { [weak self] fileHandle in
   |                                                                                   `- error: cannot infer type of closure parameter 'fileHandle' without a type annotation
70 |             dispatchQueue.async {
71 |                 self?.standardErrorDataHandler.handle(fileHandle.availableData)
/host/spi-builder-workspace/.build/checkouts/execute/Sources/Execute/ProcessOperation.swift:76:40: error: cannot infer type of closure parameter '_' without a type annotation
74 |         process.standardError = standardErrorPipe
75 |
76 |         process.terminationHandler = { _ in
   |                                        `- error: cannot infer type of closure parameter '_' without a type annotation
77 |             dispatchQueue.async {
78 |                 standardOutputPipe.fileHandleForReading.readabilityHandler = nil
/host/spi-builder-workspace/.build/checkouts/execute/Sources/Execute/ProcessOperation.swift:77:27: error: cannot infer return type for closure with multiple statements; add explicit type to disambiguate
75 |
76 |         process.terminationHandler = { _ in
77 |             dispatchQueue.async {
   |                           `- error: cannot infer return type for closure with multiple statements; add explicit type to disambiguate
78 |                 standardOutputPipe.fileHandleForReading.readabilityHandler = nil
79 |                 standardErrorPipe.fileHandleForReading.readabilityHandler = nil
/host/spi-builder-workspace/.build/checkouts/execute/Sources/Execute/ProcessOperation.swift:78:57: error: value of type 'FileHandle' has no member 'readabilityHandler'
76 |         process.terminationHandler = { _ in
77 |             dispatchQueue.async {
78 |                 standardOutputPipe.fileHandleForReading.readabilityHandler = nil
   |                                                         `- error: value of type 'FileHandle' has no member 'readabilityHandler'
79 |                 standardErrorPipe.fileHandleForReading.readabilityHandler = nil
80 |             }
[37/116] Compiling ArgumentParser Errors.swift
/host/spi-builder-workspace/.build/checkouts/Yams/Sources/Yams/Representer.swift:342:45: error: cannot find 'DBL_DECIMAL_DIG' in scope
340 |         // Since `NumberFormatter` creates a string with insufficient precision for Decode,
341 |         // it uses with `String(format:...)`
342 |         let string = String(format: "%.*g", DBL_DECIMAL_DIG, self)
    |                                             `- error: cannot find 'DBL_DECIMAL_DIG' in scope
343 |         // "%*.g" does not use scientific notation if the exponent is less than –4.
344 |         // So fallback to using `NumberFormatter` if string does not uses scientific notation.
[38/116] Compiling ArgumentParser Flag.swift
/host/spi-builder-workspace/.build/checkouts/Yams/Sources/Yams/Representer.swift:342:45: error: cannot find 'DBL_DECIMAL_DIG' in scope
340 |         // Since `NumberFormatter` creates a string with insufficient precision for Decode,
341 |         // it uses with `String(format:...)`
342 |         let string = String(format: "%.*g", DBL_DECIMAL_DIG, self)
    |                                             `- error: cannot find 'DBL_DECIMAL_DIG' in scope
343 |         // "%*.g" does not use scientific notation if the exponent is less than –4.
344 |         // So fallback to using `NumberFormatter` if string does not uses scientific notation.
[39/116] Compiling ArgumentParser NameSpecification.swift
/host/spi-builder-workspace/.build/checkouts/Yams/Sources/Yams/Representer.swift:342:45: error: cannot find 'DBL_DECIMAL_DIG' in scope
340 |         // Since `NumberFormatter` creates a string with insufficient precision for Decode,
341 |         // it uses with `String(format:...)`
342 |         let string = String(format: "%.*g", DBL_DECIMAL_DIG, self)
    |                                             `- error: cannot find 'DBL_DECIMAL_DIG' in scope
343 |         // "%*.g" does not use scientific notation if the exponent is less than –4.
344 |         // So fallback to using `NumberFormatter` if string does not uses scientific notation.
[40/116] Compiling ArgumentParser Option.swift
[41/116] Compiling ArgumentParser OptionGroup.swift
[42/116] Compiling ArgumentParser ParentCommand.swift
[43/116] Compiling ArgumentParser AsyncParsableCommand.swift
[44/116] Compiling ArgumentParser CommandConfiguration.swift
[45/116] Compiling ANSIEscapeCode String+ANSIEscapeCode.swift
[46/116] Compiling ANSIEscapeCode PrintANSIEscapeCode.swift
[47/116] Compiling ANSIEscapeCode EraseInLineType.swift
[48/116] Compiling ANSIEscapeCode EraseInDisplayType.swift
[49/116] Compiling ArgumentParser FishCompletionsGenerator.swift
[50/116] Compiling ArgumentParser ZshCompletionsGenerator.swift
[51/116] Compiling ArgumentParser BashCompletionsGenerator.swift
[52/116] Compiling ArgumentParser CompletionsGenerator.swift
BUILD FAILURE 6.2 wasm