Build Information
Failed to build ApproximateEquality, reference main (8d7971), with Swift 6.1 for Linux on 4 Oct 2026 04:55:00 UTC.
Build Command
bash -c docker run --pull=always --rm -v "checkouts-54344843-0":/host -w "$PWD" -e JAVA_HOME="/root/.sdkman/candidates/java/current" -e SPI_BUILD="1" -e SPI_PROCESSING="1" registry.gitlab.com/saguaro1/spi-images:basic-6.1-latest swift build --triple x86_64-unknown-linux-gnu 2>&1Build Log
========================================
RunAll
========================================
Builder version: 5.1.1
Interrupt handler set up.
========================================
Checkout
========================================
Clone URL: https://github.com/schwa/ApproximateEquality.git
Reference: main
Initialized empty Git repository in /host/spi-builder-workspace/.git/
hint: Using 'master' as the name for the initial branch. This default branch name
hint: is subject to change. To configure the initial branch name to use in all
hint: of your new repositories, which will suppress this warning, call:
hint:
hint: git config --global init.defaultBranch <name>
hint:
hint: Names commonly chosen instead of 'master' are 'main', 'trunk' and
hint: 'development'. The just-created branch can be renamed via this command:
hint:
hint: git branch -m <name>
From https://github.com/schwa/ApproximateEquality
* branch main -> FETCH_HEAD
* [new branch] main -> origin/main
HEAD is now at 8d79710 Regenerate CI workflow with SwiftLint job and updated Xcode version
Cloned https://github.com/schwa/ApproximateEquality.git
Revision (git rev-parse @):
8d79710064c6dcc683fb3b31807bc09779f03484
SUCCESS checkout https://github.com/schwa/ApproximateEquality.git at main
========================================
Build
========================================
Selected platform: linux
Swift version: 6.1
Building package at path: $PWD
https://github.com/schwa/ApproximateEquality.git
https://github.com/schwa/ApproximateEquality.git
WARNING: environment variable SUPPRESS_SWIFT_6_FLAGS is not set
Running build ...
bash -c docker run --pull=always --rm -v "checkouts-54344843-0":/host -w "$PWD" -e JAVA_HOME="/root/.sdkman/candidates/java/current" -e SPI_BUILD="1" -e SPI_PROCESSING="1" registry.gitlab.com/saguaro1/spi-images:basic-6.1-latest swift build --triple x86_64-unknown-linux-gnu -Xswiftc -Xfrontend -Xswiftc -stats-output-dir -Xswiftc -Xfrontend -Xswiftc .stats -Xswiftc -strict-concurrency=complete -Xswiftc -enable-upcoming-feature -Xswiftc StrictConcurrency -Xswiftc -enable-upcoming-feature -Xswiftc DisableOutwardActorInference -Xswiftc -enable-upcoming-feature -Xswiftc GlobalActorIsolatedTypesUsability -Xswiftc -enable-upcoming-feature -Xswiftc InferSendableFromCaptures 2>&1
basic-6.1-latest: Pulling from saguaro1/spi-images
Digest: sha256:bebe373f64586285d153a73cebf57004d534988a7110464fd581e50dd24c756b
Status: Image is up to date for registry.gitlab.com/saguaro1/spi-images:basic-6.1-latest
Building for debugging...
[0/3] Write sources
[2/3] Write swift-version-24593BA9C3E375BF.txt
[4/5] Emitting module NumericsLite
[5/5] Compiling NumericsLite ApproximateEquality.swift
[7/10] Compiling ApproximateEquality SIMD.swift
/host/spi-builder-workspace/Sources/ApproximateEquality/CoreGraphics.swift:1:8: error: no such module 'CoreGraphics'
1 | import CoreGraphics
| `- error: no such module 'CoreGraphics'
2 | import NumericsLite
3 |
error: emit-module command failed with exit code 1 (use -v to see invocation)
[8/10] Emitting module ApproximateEquality
/host/spi-builder-workspace/Sources/ApproximateEquality/CoreGraphics.swift:1:8: error: no such module 'CoreGraphics'
1 | import CoreGraphics
| `- error: no such module 'CoreGraphics'
2 | import NumericsLite
3 |
[9/10] Compiling ApproximateEquality CoreGraphics.swift
/host/spi-builder-workspace/Sources/ApproximateEquality/CoreGraphics.swift:1:8: error: no such module 'CoreGraphics'
1 | import CoreGraphics
| `- error: no such module 'CoreGraphics'
2 | import NumericsLite
3 |
[10/10] Compiling ApproximateEquality ApproximateEquality.swift
/host/spi-builder-workspace/Sources/ApproximateEquality/CoreGraphics.swift:1:8: error: no such module 'CoreGraphics'
1 | import CoreGraphics
| `- error: no such module 'CoreGraphics'
2 | import NumericsLite
3 |
Running build ...
bash -c docker run --pull=always --rm -v "checkouts-54344843-0":/host -w "$PWD" -e JAVA_HOME="/root/.sdkman/candidates/java/current" -e SPI_BUILD="1" -e SPI_PROCESSING="1" registry.gitlab.com/saguaro1/spi-images:basic-6.1-latest swift build --triple x86_64-unknown-linux-gnu 2>&1
basic-6.1-latest: Pulling from saguaro1/spi-images
Digest: sha256:bebe373f64586285d153a73cebf57004d534988a7110464fd581e50dd24c756b
Status: Image is up to date for registry.gitlab.com/saguaro1/spi-images:basic-6.1-latest
[0/1] Planning build
Building for debugging...
[0/1] Write swift-version-24593BA9C3E375BF.txt
[2/3] Emitting module NumericsLite
[3/3] Compiling NumericsLite ApproximateEquality.swift
error: emit-module command failed with exit code 1 (use -v to see invocation)
[5/8] Emitting module ApproximateEquality
/host/spi-builder-workspace/Sources/ApproximateEquality/CoreGraphics.swift:1:8: error: no such module 'CoreGraphics'
1 | import CoreGraphics
| `- error: no such module 'CoreGraphics'
2 | import NumericsLite
3 |
[6/8] Compiling ApproximateEquality SIMD.swift
/host/spi-builder-workspace/Sources/ApproximateEquality/CoreGraphics.swift:1:8: error: no such module 'CoreGraphics'
1 | import CoreGraphics
| `- error: no such module 'CoreGraphics'
2 | import NumericsLite
3 |
[7/8] Compiling ApproximateEquality CoreGraphics.swift
/host/spi-builder-workspace/Sources/ApproximateEquality/CoreGraphics.swift:1:8: error: no such module 'CoreGraphics'
1 | import CoreGraphics
| `- error: no such module 'CoreGraphics'
2 | import NumericsLite
3 |
[8/8] Compiling ApproximateEquality ApproximateEquality.swift
/host/spi-builder-workspace/Sources/ApproximateEquality/CoreGraphics.swift:1:8: error: no such module 'CoreGraphics'
1 | import CoreGraphics
| `- error: no such module 'CoreGraphics'
2 | import NumericsLite
3 |
BUILD FAILURE 6.1 linux