The Swift Package Index logo.Swift Package Index

Build Information

Failed to build EnoughUI, reference v0.5.0 (913b0a), with Swift 6.4 for watchOS using Xcode 27.0 on 9 Oct 2026 08:40:49 UTC.

Build Command

env DEVELOPER_DIR=/Applications/Xcode-27.0.0-Release.Candidate.app xcrun xcodebuild -IDEClonedSourcePackagesDirPathOverride=$PWD/.dependencies -skipMacroValidation -skipPackagePluginValidation -derivedDataPath $PWD/.derivedData build -scheme EnoughUI -destination generic/platform=watchOS

Build Log

========================================
RunAll
========================================
Builder version: 5.1.1
Interrupt handler set up.
========================================
Checkout
========================================
Clone URL: https://github.com/enoughtools/enough-ui.git
Reference: v0.5.0
Initialized empty Git repository in /Users/admin/builder/spi-builder-workspace/.git/
From https://github.com/enoughtools/enough-ui
 * tag               v0.5.0     -> FETCH_HEAD
HEAD is now at 913b0af Add EnoughUI for SwiftUI on macOS, iPhone and iPad (#4)
Cloned https://github.com/enoughtools/enough-ui.git
Revision (git rev-parse @):
913b0af8995124896769244ba09f3b90fb9cbe8b
SPI manifest file found: $PWD/.spi.yml
SUCCESS checkout https://github.com/enoughtools/enough-ui.git at v0.5.0
========================================
Build
========================================
Selected platform:         watchOS
Swift version:             6.4
Building package at path:  $PWD
https://github.com/enoughtools/enough-ui.git
Command line invocation:
    /Applications/Xcode-27.0.0.app/Contents/Developer/usr/bin/xcodebuild -IDEClonedSourcePackagesDirPathOverride=/Users/admin/builder/spi-builder-workspace/.dependencies -resolvePackageDependencies
Resolve Package Graph
Resolve Package Graph
Resolved source packages:
  EnoughUI: /Users/admin/builder/spi-builder-workspace
resolved source packages: EnoughUI
2026-10-09 04:40:05.313 xcodebuild[563:3073] [MT] IDERunDestination: Supported platforms for the buildables in the current scheme is empty.
{
  "dependencies" : [
  ],
  "manifest_display_name" : "EnoughUI",
  "name" : "EnoughUI",
  "path" : "/Users/admin/builder/spi-builder-workspace",
  "platforms" : [
    {
      "name" : "macos",
      "version" : "13.0"
    },
    {
      "name" : "ios",
      "version" : "16.0"
    }
  ],
  "products" : [
    {
      "name" : "EnoughUI",
      "targets" : [
        "EnoughUI"
      ],
      "type" : {
        "library" : [
          "automatic"
        ]
      }
    }
  ],
  "targets" : [
    {
      "c99name" : "EnoughUITests",
      "module_type" : "SwiftTarget",
      "name" : "EnoughUITests",
      "path" : "packages/swift/Tests/EnoughUITests",
      "sources" : [
        "EnoughUITests.swift"
      ],
      "target_dependencies" : [
        "EnoughUI"
      ],
      "type" : "test"
    },
    {
      "c99name" : "EnoughUI",
      "module_type" : "SwiftTarget",
      "name" : "EnoughUI",
      "path" : "packages/swift/Sources/EnoughUI",
      "product_memberships" : [
        "EnoughUI"
      ],
      "sources" : [
        "Actions.swift",
        "Forms.swift",
        "Layout.swift",
        "Palette.swift",
        "Presentation.swift",
        "Selection.swift",
        "Theme.swift"
      ],
      "type" : "library"
    }
  ],
  "tools_version" : "5.9"
}
{
  "workspace" : {
    "name" : "EnoughUI",
    "schemes" : [
      "EnoughUI"
    ]
  }
}
2026-10-09 04:40:37.360 xcodebuild[660:3884] [MT] IDERunDestination: Supported platforms for the buildables in the current scheme is empty.
Running build ...
env DEVELOPER_DIR=/Applications/Xcode-27.0.0-Release.Candidate.app xcrun xcodebuild -IDEClonedSourcePackagesDirPathOverride=$PWD/.dependencies -skipMacroValidation -skipPackagePluginValidation -derivedDataPath $PWD/.derivedData build -scheme EnoughUI -destination generic/platform=watchOS
Command line invocation:
    /Applications/Xcode-27.0.0.app/Contents/Developer/usr/bin/xcodebuild -IDEClonedSourcePackagesDirPathOverride=/Users/admin/builder/spi-builder-workspace/.dependencies -skipMacroValidation -skipPackagePluginValidation -derivedDataPath /Users/admin/builder/spi-builder-workspace/.derivedData build -scheme EnoughUI -destination generic/platform=watchOS
Resolve Package Graph
Resolved source packages:
  EnoughUI: /Users/admin/builder/spi-builder-workspace
ComputePackagePrebuildTargetDependencyGraph
Prepare packages
CreateBuildRequest
SendProjectDescription
CreateBuildOperation
ComputeTargetDependencyGraph
note: Building targets in dependency order
note: Target dependency graph (2 targets)
    Target 'EnoughUI-product' in project 'EnoughUI'
        ➜ Explicit dependency on target 'EnoughUI' in project 'EnoughUI'
    Target 'EnoughUI' in project 'EnoughUI' (no dependencies)
GatherProvisioningInputs
CreateBuildDescription
ExecuteExternalTool /Applications/Xcode-27.0.0.app/Contents/Developer/Toolchains/XcodeDefault.xctoolchain/usr/bin/clang -v -E -dM -isysroot /Applications/Xcode-27.0.0.app/Contents/Developer/Platforms/WatchOS.platform/Developer/SDKs/WatchOS27.0.sdk -x c -c /dev/null
ExecuteExternalTool /Applications/Xcode-27.0.0.app/Contents/Developer/Toolchains/XcodeDefault.xctoolchain/usr/bin/swiftc --version
ExecuteExternalTool /Applications/Xcode-27.0.0.app/Contents/Developer/Toolchains/XcodeDefault.xctoolchain/usr/bin/ld -version_details
ReadFileContents /Applications/Xcode-27.0.0.app/Contents/Developer/Toolchains/XcodeDefault.xctoolchain/usr/share/docc/features.json
Build description signature: 8aff1a2a41f3aac4648c9bcc8628e550
Build description path: /Users/admin/builder/spi-builder-workspace/.derivedData/Build/Intermediates.noindex/XCBuildData/8aff1a2a41f3aac4648c9bcc8628e550.xcbuilddata
CreateBuildDirectory /Users/admin/builder/spi-builder-workspace/.derivedData/SDKExplicitPrecompiledModules
    cd /Users/admin/builder/spi-builder-workspace/.swiftpm/xcode
    builtin-create-build-directory /Users/admin/builder/spi-builder-workspace/.derivedData/SDKExplicitPrecompiledModules
CreateBuildDirectory /Users/admin/builder/spi-builder-workspace/.derivedData/CompilationCache.noindex
    cd /Users/admin/builder/spi-builder-workspace/.swiftpm/xcode
    builtin-create-build-directory /Users/admin/builder/spi-builder-workspace/.derivedData/CompilationCache.noindex
CreateBuildDirectory /Users/admin/builder/spi-builder-workspace/.derivedData/ModuleCache.noindex
    cd /Users/admin/builder/spi-builder-workspace/.swiftpm/xcode
    builtin-create-build-directory /Users/admin/builder/spi-builder-workspace/.derivedData/ModuleCache.noindex
CreateBuildDirectory /Users/admin/builder/spi-builder-workspace/.derivedData/Build/Intermediates.noindex
    cd /Users/admin/builder/spi-builder-workspace/.swiftpm/xcode
    builtin-create-build-directory /Users/admin/builder/spi-builder-workspace/.derivedData/Build/Intermediates.noindex
CreateBuildDirectory /Users/admin/builder/spi-builder-workspace/.derivedData/Build/Products
    cd /Users/admin/builder/spi-builder-workspace/.swiftpm/xcode
    builtin-create-build-directory /Users/admin/builder/spi-builder-workspace/.derivedData/Build/Products
ClangStatCache /Applications/Xcode-27.0.0.app/Contents/Developer/Toolchains/XcodeDefault.xctoolchain/usr/bin/clang-stat-cache /Applications/Xcode-27.0.0.app/Contents/Developer/Platforms/WatchOS.platform/Developer/SDKs/WatchOS27.0.sdk /Users/admin/builder/spi-builder-workspace/.derivedData/SDKStatCaches.noindex/watchos27.0-24R360-e829b21a6f8c9b70876ba0858053c044b9db9bc9c079ee3c7b5f3373b13d10bc.sdkstatcache
    cd /Users/admin/builder/spi-builder-workspace/.swiftpm/xcode
    /Applications/Xcode-27.0.0.app/Contents/Developer/Toolchains/XcodeDefault.xctoolchain/usr/bin/clang-stat-cache /Applications/Xcode-27.0.0.app/Contents/Developer/Platforms/WatchOS.platform/Developer/SDKs/WatchOS27.0.sdk -o /Users/admin/builder/spi-builder-workspace/.derivedData/SDKStatCaches.noindex/watchos27.0-24R360-e829b21a6f8c9b70876ba0858053c044b9db9bc9c079ee3c7b5f3373b13d10bc.sdkstatcache
CreateBuildDirectory /Users/admin/builder/spi-builder-workspace/.derivedData/Build/Intermediates.noindex/SwiftExplicitPrecompiledModules
    cd /Users/admin/builder/spi-builder-workspace/.swiftpm/xcode
    builtin-create-build-directory /Users/admin/builder/spi-builder-workspace/.derivedData/Build/Intermediates.noindex/SwiftExplicitPrecompiledModules
CreateBuildDirectory /Users/admin/builder/spi-builder-workspace/.derivedData/Build/Intermediates.noindex/PrecompiledHeaders
    cd /Users/admin/builder/spi-builder-workspace/.swiftpm/xcode
    builtin-create-build-directory /Users/admin/builder/spi-builder-workspace/.derivedData/Build/Intermediates.noindex/PrecompiledHeaders
CreateBuildDirectory /Users/admin/builder/spi-builder-workspace/.derivedData/Build/Intermediates.noindex/ExplicitPrecompiledModules
    cd /Users/admin/builder/spi-builder-workspace/.swiftpm/xcode
    builtin-create-build-directory /Users/admin/builder/spi-builder-workspace/.derivedData/Build/Intermediates.noindex/ExplicitPrecompiledModules
CreateBuildDirectory /Users/admin/builder/spi-builder-workspace/.derivedData/Build/Intermediates.noindex/EagerLinkingTBDs/Debug-watchos
    cd /Users/admin/builder/spi-builder-workspace/.swiftpm/xcode
    builtin-create-build-directory /Users/admin/builder/spi-builder-workspace/.derivedData/Build/Intermediates.noindex/EagerLinkingTBDs/Debug-watchos
CreateBuildDirectory /Users/admin/builder/spi-builder-workspace/.derivedData/Build/Products/Debug-watchos
    cd /Users/admin/builder/spi-builder-workspace/.swiftpm/xcode
    builtin-create-build-directory /Users/admin/builder/spi-builder-workspace/.derivedData/Build/Products/Debug-watchos
CreateBuildDirectory /Users/admin/builder/spi-builder-workspace/.derivedData/Build/Products/Debug-watchos/PackageFrameworks
    cd /Users/admin/builder/spi-builder-workspace/.swiftpm/xcode
    builtin-create-build-directory /Users/admin/builder/spi-builder-workspace/.derivedData/Build/Products/Debug-watchos/PackageFrameworks
WriteAuxiliaryFile /Users/admin/builder/spi-builder-workspace/.derivedData/Build/Intermediates.noindex/EnoughUI.build/Debug-watchos/EnoughUI-t.build/Objects-normal/arm64/EnoughUI.LinkFileList (in target 'EnoughUI' from project 'EnoughUI')
    cd /Users/admin/builder/spi-builder-workspace
    write-file /Users/admin/builder/spi-builder-workspace/.derivedData/Build/Intermediates.noindex/EnoughUI.build/Debug-watchos/EnoughUI-t.build/Objects-normal/arm64/EnoughUI.LinkFileList
WriteAuxiliaryFile /Users/admin/builder/spi-builder-workspace/.derivedData/Build/Intermediates.noindex/EnoughUI.build/Debug-watchos/EnoughUI-t.build/Objects-normal/arm64/EnoughUI_const_extract_protocols.json (in target 'EnoughUI' from project 'EnoughUI')
    cd /Users/admin/builder/spi-builder-workspace
    write-file /Users/admin/builder/spi-builder-workspace/.derivedData/Build/Intermediates.noindex/EnoughUI.build/Debug-watchos/EnoughUI-t.build/Objects-normal/arm64/EnoughUI_const_extract_protocols.json
WriteAuxiliaryFile /Users/admin/builder/spi-builder-workspace/.derivedData/Build/Intermediates.noindex/EnoughUI.build/Debug-watchos/EnoughUI-t.build/Objects-normal/arm64_32/EnoughUI.SwiftConstValuesFileList (in target 'EnoughUI' from project 'EnoughUI')
    cd /Users/admin/builder/spi-builder-workspace
    write-file /Users/admin/builder/spi-builder-workspace/.derivedData/Build/Intermediates.noindex/EnoughUI.build/Debug-watchos/EnoughUI-t.build/Objects-normal/arm64_32/EnoughUI.SwiftConstValuesFileList
WriteAuxiliaryFile /Users/admin/builder/spi-builder-workspace/.derivedData/Build/Intermediates.noindex/EnoughUI.build/Debug-watchos/EnoughUI-t.build/Objects-normal/arm64_32/EnoughUI.SwiftFileList (in target 'EnoughUI' from project 'EnoughUI')
    cd /Users/admin/builder/spi-builder-workspace
    write-file /Users/admin/builder/spi-builder-workspace/.derivedData/Build/Intermediates.noindex/EnoughUI.build/Debug-watchos/EnoughUI-t.build/Objects-normal/arm64_32/EnoughUI.SwiftFileList
WriteAuxiliaryFile /Users/admin/builder/spi-builder-workspace/.derivedData/Build/Intermediates.noindex/EnoughUI.build/Debug-watchos/EnoughUI-t.build/Objects-normal/arm64/EnoughUI.SwiftFileList (in target 'EnoughUI' from project 'EnoughUI')
    cd /Users/admin/builder/spi-builder-workspace
    write-file /Users/admin/builder/spi-builder-workspace/.derivedData/Build/Intermediates.noindex/EnoughUI.build/Debug-watchos/EnoughUI-t.build/Objects-normal/arm64/EnoughUI.SwiftFileList
WriteAuxiliaryFile /Users/admin/builder/spi-builder-workspace/.derivedData/Build/Intermediates.noindex/EnoughUI.build/Debug-watchos/EnoughUI-t.build/Objects-normal/arm64_32/EnoughUI.LinkFileList (in target 'EnoughUI' from project 'EnoughUI')
    cd /Users/admin/builder/spi-builder-workspace
    write-file /Users/admin/builder/spi-builder-workspace/.derivedData/Build/Intermediates.noindex/EnoughUI.build/Debug-watchos/EnoughUI-t.build/Objects-normal/arm64_32/EnoughUI.LinkFileList
WriteAuxiliaryFile /Users/admin/builder/spi-builder-workspace/.derivedData/Build/Intermediates.noindex/EnoughUI.build/Debug-watchos/EnoughUI-t.build/Objects-normal/arm64_32/EnoughUI_const_extract_protocols.json (in target 'EnoughUI' from project 'EnoughUI')
    cd /Users/admin/builder/spi-builder-workspace
    write-file /Users/admin/builder/spi-builder-workspace/.derivedData/Build/Intermediates.noindex/EnoughUI.build/Debug-watchos/EnoughUI-t.build/Objects-normal/arm64_32/EnoughUI_const_extract_protocols.json
WriteAuxiliaryFile /Users/admin/builder/spi-builder-workspace/.derivedData/Build/Intermediates.noindex/EnoughUI.build/Debug-watchos/EnoughUI-t.build/Objects-normal/arm64_32/EnoughUI-OutputFileMap.json (in target 'EnoughUI' from project 'EnoughUI')
    cd /Users/admin/builder/spi-builder-workspace
    write-file /Users/admin/builder/spi-builder-workspace/.derivedData/Build/Intermediates.noindex/EnoughUI.build/Debug-watchos/EnoughUI-t.build/Objects-normal/arm64_32/EnoughUI-OutputFileMap.json
WriteAuxiliaryFile /Users/admin/builder/spi-builder-workspace/.derivedData/Build/Intermediates.noindex/EnoughUI.build/Debug-watchos/EnoughUI-t.build/Objects-normal/arm64/EnoughUI.SwiftConstValuesFileList (in target 'EnoughUI' from project 'EnoughUI')
    cd /Users/admin/builder/spi-builder-workspace
    write-file /Users/admin/builder/spi-builder-workspace/.derivedData/Build/Intermediates.noindex/EnoughUI.build/Debug-watchos/EnoughUI-t.build/Objects-normal/arm64/EnoughUI.SwiftConstValuesFileList
WriteAuxiliaryFile /Users/admin/builder/spi-builder-workspace/.derivedData/Build/Intermediates.noindex/EnoughUI.build/Debug-watchos/EnoughUI-t.build/Objects-normal/arm64/EnoughUI-OutputFileMap.json (in target 'EnoughUI' from project 'EnoughUI')
    cd /Users/admin/builder/spi-builder-workspace
    write-file /Users/admin/builder/spi-builder-workspace/.derivedData/Build/Intermediates.noindex/EnoughUI.build/Debug-watchos/EnoughUI-t.build/Objects-normal/arm64/EnoughUI-OutputFileMap.json
WriteAuxiliaryFile /Users/admin/builder/spi-builder-workspace/.derivedData/Build/Intermediates.noindex/EnoughUI.build/Debug-watchos/EnoughUI-t.build/EnoughUI.modulemap (in target 'EnoughUI' from project 'EnoughUI')
    cd /Users/admin/builder/spi-builder-workspace
    write-file /Users/admin/builder/spi-builder-workspace/.derivedData/Build/Intermediates.noindex/EnoughUI.build/Debug-watchos/EnoughUI-t.build/EnoughUI.modulemap
WriteAuxiliaryFile /Users/admin/builder/spi-builder-workspace/.derivedData/Build/Intermediates.noindex/EnoughUI.build/Debug-watchos/EnoughUI-t.build/EnoughUI.DependencyStaticMetadataFileList (in target 'EnoughUI' from project 'EnoughUI')
    cd /Users/admin/builder/spi-builder-workspace
    write-file /Users/admin/builder/spi-builder-workspace/.derivedData/Build/Intermediates.noindex/EnoughUI.build/Debug-watchos/EnoughUI-t.build/EnoughUI.DependencyStaticMetadataFileList
WriteAuxiliaryFile /Users/admin/builder/spi-builder-workspace/.derivedData/Build/Intermediates.noindex/EnoughUI.build/Debug-watchos/EnoughUI-t.build/EnoughUI.DependencyMetadataFileList (in target 'EnoughUI' from project 'EnoughUI')
    cd /Users/admin/builder/spi-builder-workspace
    write-file /Users/admin/builder/spi-builder-workspace/.derivedData/Build/Intermediates.noindex/EnoughUI.build/Debug-watchos/EnoughUI-t.build/EnoughUI.DependencyMetadataFileList
Copy /Users/admin/builder/spi-builder-workspace/.derivedData/Build/Intermediates.noindex/GeneratedModuleMaps-watchos/EnoughUI.modulemap /Users/admin/builder/spi-builder-workspace/.derivedData/Build/Intermediates.noindex/EnoughUI.build/Debug-watchos/EnoughUI-t.build/EnoughUI.modulemap (in target 'EnoughUI' from project 'EnoughUI')
    cd /Users/admin/builder/spi-builder-workspace
    builtin-copy -exclude .DS_Store -exclude CVS -exclude .svn -exclude .git -exclude .hg -resolve-src-symlinks /Users/admin/builder/spi-builder-workspace/.derivedData/Build/Intermediates.noindex/EnoughUI.build/Debug-watchos/EnoughUI-t.build/EnoughUI.modulemap /Users/admin/builder/spi-builder-workspace/.derivedData/Build/Intermediates.noindex/GeneratedModuleMaps-watchos
SwiftDriver EnoughUI normal arm64_32 com.apple.xcode.tools.swift.compiler (in target 'EnoughUI' from project 'EnoughUI')
    cd /Users/admin/builder/spi-builder-workspace/.swiftpm/xcode
    builtin-SwiftDriver -- /Applications/Xcode-27.0.0.app/Contents/Developer/Toolchains/XcodeDefault.xctoolchain/usr/bin/swiftc -parse-as-library -module-name EnoughUI -Onone @/Users/admin/builder/spi-builder-workspace/.derivedData/Build/Intermediates.noindex/EnoughUI.build/Debug-watchos/EnoughUI-t.build/Objects-normal/arm64_32/EnoughUI.SwiftFileList -DSWIFT_PACKAGE -DDEBUG -DSWIFT_MODULE_RESOURCE_BUNDLE_UNAVAILABLE -DXcode -plugin-path /Applications/Xcode-27.0.0.app/Contents/Developer/Toolchains/XcodeDefault.xctoolchain/usr/lib/swift/host/plugins/testing -enable-experimental-feature DebugDescriptionMacro -sdk /Applications/Xcode-27.0.0.app/Contents/Developer/Platforms/WatchOS.platform/Developer/SDKs/WatchOS27.0.sdk -target arm64_32-apple-watchos9.0 -g -module-cache-path /Users/admin/builder/spi-builder-workspace/.derivedData/ModuleCache.noindex -Xfrontend -serialize-debugging-options -profile-coverage-mapping -profile-generate -enable-testing -index-store-path /Users/admin/builder/spi-builder-workspace/.derivedData/Index.noindex/DataStore -Xcc -D_LIBCPP_HARDENING_MODE\=_LIBCPP_HARDENING_MODE_DEBUG -swift-version 5 -I /Users/admin/builder/spi-builder-workspace/.derivedData/Build/Products/Debug-watchos -Isystem /Applications/Xcode-27.0.0.app/Contents/Developer/Platforms/WatchOS.platform/Developer/usr/lib -F /Users/admin/builder/spi-builder-workspace/.derivedData/Build/Products/Debug-watchos -F /Applications/Xcode-27.0.0.app/Contents/Developer/Platforms/WatchOS.platform/Developer/Library/Frameworks -F /Applications/Xcode-27.0.0.app/Contents/Developer/Platforms/WatchOS.platform/Developer/SDKs/WatchOS27.0.sdk/Developer/Library/Frameworks -c -j10 -enable-batch-mode -incremental -Xcc -ivfsstatcache -Xcc /Users/admin/builder/spi-builder-workspace/.derivedData/SDKStatCaches.noindex/watchos27.0-24R360-e829b21a6f8c9b70876ba0858053c044b9db9bc9c079ee3c7b5f3373b13d10bc.sdkstatcache -output-file-map /Users/admin/builder/spi-builder-workspace/.derivedData/Build/Intermediates.noindex/EnoughUI.build/Debug-watchos/EnoughUI-t.build/Objects-normal/arm64_32/EnoughUI-OutputFileMap.json -save-temps -no-color-diagnostics -explicit-module-build -module-cache-path /Users/admin/builder/spi-builder-workspace/.derivedData/Build/Intermediates.noindex/SwiftExplicitPrecompiledModules -clang-scanner-module-cache-path /Users/admin/builder/spi-builder-workspace/.derivedData/ModuleCache.noindex -sdk-module-cache-path /Users/admin/builder/spi-builder-workspace/.derivedData/SDKExplicitPrecompiledModules -emit-dependencies -emit-module -emit-module-path /Users/admin/builder/spi-builder-workspace/.derivedData/Build/Intermediates.noindex/EnoughUI.build/Debug-watchos/EnoughUI-t.build/Objects-normal/arm64_32/EnoughUI.swiftmodule -serialize-diagnostics -dependency-scan-serialize-diagnostics-path /Users/admin/builder/spi-builder-workspace/.derivedData/Build/Intermediates.noindex/EnoughUI.build/Debug-watchos/EnoughUI-t.build/Objects-normal/arm64_32/EnoughUI-dependency-scan.dia -validate-clang-modules-once -clang-build-session-file /Users/admin/builder/spi-builder-workspace/.derivedData/ModuleCache.noindex/Session.modulevalidation -Xcc -fmodules-prune-interval\=86400 -Xcc -fmodules-prune-after\=345600 -package-name spi_builder_workspace -emit-const-values -const-gather-protocols-list /Users/admin/builder/spi-builder-workspace/.derivedData/Build/Intermediates.noindex/EnoughUI.build/Debug-watchos/EnoughUI-t.build/Objects-normal/arm64_32/EnoughUI_const_extract_protocols.json -Xcc -I/Users/admin/builder/spi-builder-workspace/.derivedData/Build/Products/Debug-watchos/include -Xcc -I/Users/admin/builder/spi-builder-workspace/.derivedData/Build/Intermediates.noindex/EnoughUI.build/Debug-watchos/EnoughUI-t.build/DerivedSources-normal/arm64_32 -Xcc -I/Users/admin/builder/spi-builder-workspace/.derivedData/Build/Intermediates.noindex/EnoughUI.build/Debug-watchos/EnoughUI-t.build/DerivedSources/arm64_32 -Xcc -I/Users/admin/builder/spi-builder-workspace/.derivedData/Build/Intermediates.noindex/EnoughUI.build/Debug-watchos/EnoughUI-t.build/DerivedSources -Xcc -DSWIFT_PACKAGE -Xcc -DDEBUG\=1 -emit-objc-header -emit-objc-header-path /Users/admin/builder/spi-builder-workspace/.derivedData/Build/Intermediates.noindex/EnoughUI.build/Debug-watchos/EnoughUI-t.build/Objects-normal/arm64_32/EnoughUI-Swift.h -working-directory /Users/admin/builder/spi-builder-workspace/.swiftpm/xcode -experimental-emit-module-separately -disable-cmo
SwiftDriver EnoughUI normal arm64 com.apple.xcode.tools.swift.compiler (in target 'EnoughUI' from project 'EnoughUI')
    cd /Users/admin/builder/spi-builder-workspace/.swiftpm/xcode
    builtin-SwiftDriver -- /Applications/Xcode-27.0.0.app/Contents/Developer/Toolchains/XcodeDefault.xctoolchain/usr/bin/swiftc -parse-as-library -module-name EnoughUI -Onone @/Users/admin/builder/spi-builder-workspace/.derivedData/Build/Intermediates.noindex/EnoughUI.build/Debug-watchos/EnoughUI-t.build/Objects-normal/arm64/EnoughUI.SwiftFileList -DSWIFT_PACKAGE -DDEBUG -DSWIFT_MODULE_RESOURCE_BUNDLE_UNAVAILABLE -DXcode -plugin-path /Applications/Xcode-27.0.0.app/Contents/Developer/Toolchains/XcodeDefault.xctoolchain/usr/lib/swift/host/plugins/testing -enable-experimental-feature DebugDescriptionMacro -sdk /Applications/Xcode-27.0.0.app/Contents/Developer/Platforms/WatchOS.platform/Developer/SDKs/WatchOS27.0.sdk -target arm64-apple-watchos9.0 -g -module-cache-path /Users/admin/builder/spi-builder-workspace/.derivedData/ModuleCache.noindex -Xfrontend -serialize-debugging-options -profile-coverage-mapping -profile-generate -enable-testing -index-store-path /Users/admin/builder/spi-builder-workspace/.derivedData/Index.noindex/DataStore -Xcc -D_LIBCPP_HARDENING_MODE\=_LIBCPP_HARDENING_MODE_DEBUG -swift-version 5 -I /Users/admin/builder/spi-builder-workspace/.derivedData/Build/Products/Debug-watchos -Isystem /Applications/Xcode-27.0.0.app/Contents/Developer/Platforms/WatchOS.platform/Developer/usr/lib -F /Users/admin/builder/spi-builder-workspace/.derivedData/Build/Products/Debug-watchos -F /Applications/Xcode-27.0.0.app/Contents/Developer/Platforms/WatchOS.platform/Developer/Library/Frameworks -F /Applications/Xcode-27.0.0.app/Contents/Developer/Platforms/WatchOS.platform/Developer/SDKs/WatchOS27.0.sdk/Developer/Library/Frameworks -c -j10 -enable-batch-mode -incremental -Xcc -ivfsstatcache -Xcc /Users/admin/builder/spi-builder-workspace/.derivedData/SDKStatCaches.noindex/watchos27.0-24R360-e829b21a6f8c9b70876ba0858053c044b9db9bc9c079ee3c7b5f3373b13d10bc.sdkstatcache -output-file-map /Users/admin/builder/spi-builder-workspace/.derivedData/Build/Intermediates.noindex/EnoughUI.build/Debug-watchos/EnoughUI-t.build/Objects-normal/arm64/EnoughUI-OutputFileMap.json -save-temps -no-color-diagnostics -explicit-module-build -module-cache-path /Users/admin/builder/spi-builder-workspace/.derivedData/Build/Intermediates.noindex/SwiftExplicitPrecompiledModules -clang-scanner-module-cache-path /Users/admin/builder/spi-builder-workspace/.derivedData/ModuleCache.noindex -sdk-module-cache-path /Users/admin/builder/spi-builder-workspace/.derivedData/SDKExplicitPrecompiledModules -emit-dependencies -emit-module -emit-module-path /Users/admin/builder/spi-builder-workspace/.derivedData/Build/Intermediates.noindex/EnoughUI.build/Debug-watchos/EnoughUI-t.build/Objects-normal/arm64/EnoughUI.swiftmodule -serialize-diagnostics -dependency-scan-serialize-diagnostics-path /Users/admin/builder/spi-builder-workspace/.derivedData/Build/Intermediates.noindex/EnoughUI.build/Debug-watchos/EnoughUI-t.build/Objects-normal/arm64/EnoughUI-dependency-scan.dia -validate-clang-modules-once -clang-build-session-file /Users/admin/builder/spi-builder-workspace/.derivedData/ModuleCache.noindex/Session.modulevalidation -Xcc -fmodules-prune-interval\=86400 -Xcc -fmodules-prune-after\=345600 -package-name spi_builder_workspace -emit-const-values -const-gather-protocols-list /Users/admin/builder/spi-builder-workspace/.derivedData/Build/Intermediates.noindex/EnoughUI.build/Debug-watchos/EnoughUI-t.build/Objects-normal/arm64/EnoughUI_const_extract_protocols.json -Xcc -I/Users/admin/builder/spi-builder-workspace/.derivedData/Build/Products/Debug-watchos/include -Xcc -I/Users/admin/builder/spi-builder-workspace/.derivedData/Build/Intermediates.noindex/EnoughUI.build/Debug-watchos/EnoughUI-t.build/DerivedSources-normal/arm64 -Xcc -I/Users/admin/builder/spi-builder-workspace/.derivedData/Build/Intermediates.noindex/EnoughUI.build/Debug-watchos/EnoughUI-t.build/DerivedSources/arm64 -Xcc -I/Users/admin/builder/spi-builder-workspace/.derivedData/Build/Intermediates.noindex/EnoughUI.build/Debug-watchos/EnoughUI-t.build/DerivedSources -Xcc -DSWIFT_PACKAGE -Xcc -DDEBUG\=1 -emit-objc-header -emit-objc-header-path /Users/admin/builder/spi-builder-workspace/.derivedData/Build/Intermediates.noindex/EnoughUI.build/Debug-watchos/EnoughUI-t.build/Objects-normal/arm64/EnoughUI-Swift.h -working-directory /Users/admin/builder/spi-builder-workspace/.swiftpm/xcode -experimental-emit-module-separately -disable-cmo
SwiftExplicitDependencyGeneratePcm arm64 /Users/admin/builder/spi-builder-workspace/.derivedData/SDKExplicitPrecompiledModules/_Builtin_stdarg-E27KV476VNYRQJFKM7GUWE5EB.pcm
SwiftExplicitDependencyGeneratePcm arm64 /Users/admin/builder/spi-builder-workspace/.derivedData/SDKExplicitPrecompiledModules/_Builtin_stddef-A11S6F17KAXV30S0KGP5CR2HY.pcm
SwiftExplicitDependencyGeneratePcm arm64 /Users/admin/builder/spi-builder-workspace/.derivedData/SDKExplicitPrecompiledModules/SwiftShims-EF6MVIY0O67MYUVBFUXUVMSI1.pcm
SwiftExplicitDependencyGeneratePcm arm64 /Users/admin/builder/spi-builder-workspace/.derivedData/SDKExplicitPrecompiledModules/_AvailabilityInternal-AF5SKZ02JKM4MFX7SHRO95N5P.pcm
SwiftExplicitDependencyGeneratePcm arm64 /Users/admin/builder/spi-builder-workspace/.derivedData/SDKExplicitPrecompiledModules/ptrauth-6SG94WK08IK1YCEWQOZD37DN0.pcm
SwiftExplicitDependencyGeneratePcm arm64 /Users/admin/builder/spi-builder-workspace/.derivedData/SDKExplicitPrecompiledModules/_Builtin_float-5CYEICIOR71FH3JNBYO5RNW2Y.pcm
SwiftExplicitDependencyGeneratePcm arm64 /Users/admin/builder/spi-builder-workspace/.derivedData/SDKExplicitPrecompiledModules/DeveloperToolsSupport-8UKX37WK4Y6NM0OTO6P0BMRWX.pcm
SwiftExplicitDependencyGeneratePcm arm64 /Users/admin/builder/spi-builder-workspace/.derivedData/SDKExplicitPrecompiledModules/_Builtin_stdbool-3K4XSB9Q4L8IFTW70XLGVL6XX.pcm
SwiftExplicitDependencyGeneratePcm arm64 /Users/admin/builder/spi-builder-workspace/.derivedData/SDKExplicitPrecompiledModules/_SwiftConcurrencyShims-DV7QQKPN6TGJGC9GZTKV2BO5H.pcm
SwiftExplicitDependencyGeneratePcm arm64_32 /Users/admin/builder/spi-builder-workspace/.derivedData/SDKExplicitPrecompiledModules/_SwiftConcurrencyShims-EMXWUK5EGT5ME6C38RQNDWMNP.pcm
SwiftExplicitDependencyGeneratePcm arm64_32 /Users/admin/builder/spi-builder-workspace/.derivedData/SDKExplicitPrecompiledModules/_Builtin_stdbool-2R26DWCM83W66RITBNPVY8WLG.pcm
SwiftExplicitDependencyGeneratePcm arm64_32 /Users/admin/builder/spi-builder-workspace/.derivedData/SDKExplicitPrecompiledModules/DeveloperToolsSupport-8UUKUF1F7527LS7YEIL999781.pcm
SwiftExplicitDependencyGeneratePcm arm64_32 /Users/admin/builder/spi-builder-workspace/.derivedData/SDKExplicitPrecompiledModules/SwiftShims-FK6J9H4F4DCVC1W0HC6IAN7E.pcm
SwiftExplicitDependencyGeneratePcm arm64_32 /Users/admin/builder/spi-builder-workspace/.derivedData/SDKExplicitPrecompiledModules/_Builtin_stddef-7IVIF81HCPH4VETEG4IKQ3UQQ.pcm
SwiftExplicitDependencyGeneratePcm arm64_32 /Users/admin/builder/spi-builder-workspace/.derivedData/SDKExplicitPrecompiledModules/_AvailabilityInternal-17Z6RE1QMV2VXWEMAC9MW0NL2.pcm
SwiftExplicitDependencyGeneratePcm arm64_32 /Users/admin/builder/spi-builder-workspace/.derivedData/SDKExplicitPrecompiledModules/_Builtin_float-EO919BOWGZLY4R4CLQ07XGI1B.pcm
SwiftExplicitDependencyGeneratePcm arm64 /Users/admin/builder/spi-builder-workspace/.derivedData/SDKExplicitPrecompiledModules/ptrcheck-7FGMFZLUYUYHQ4SHZ6QURH9XO.pcm
SwiftExplicitDependencyGeneratePcm arm64_32 /Users/admin/builder/spi-builder-workspace/.derivedData/SDKExplicitPrecompiledModules/ptrauth-9TF4O22D6TX777CFS74NYS6CY.pcm
SwiftExplicitDependencyGeneratePcm arm64_32 /Users/admin/builder/spi-builder-workspace/.derivedData/SDKExplicitPrecompiledModules/_Builtin_stdarg-EIY5S589Q5DGECFY19XTQD8M7.pcm
SwiftExplicitDependencyGeneratePcm arm64_32 /Users/admin/builder/spi-builder-workspace/.derivedData/SDKExplicitPrecompiledModules/ptrcheck-BR45GYU0OXGGBT6UQES0MQ1N0.pcm
SwiftExplicitDependencyGeneratePcm arm64 /Users/admin/builder/spi-builder-workspace/.derivedData/SDKExplicitPrecompiledModules/_DarwinFoundation1-7N0SGXTYCHMGUJDV48PP21F4C.pcm
SwiftExplicitDependencyGeneratePcm arm64_32 /Users/admin/builder/spi-builder-workspace/.derivedData/SDKExplicitPrecompiledModules/_DarwinFoundation1-7K8R5BSKT1Q8NA8EO8Y97BRPU.pcm
SwiftExplicitDependencyGeneratePcm arm64 /Users/admin/builder/spi-builder-workspace/.derivedData/SDKExplicitPrecompiledModules/_DarwinFoundation2-4L3FV1RX9YL087FSDMFO2ZHRG.pcm
SwiftExplicitDependencyGeneratePcm arm64 /Users/admin/builder/spi-builder-workspace/.derivedData/SDKExplicitPrecompiledModules/_Builtin_limits-8ZG2VQ8V2RYXL3B9Y4E6DGCH0.pcm
SwiftExplicitDependencyGeneratePcm arm64_32 /Users/admin/builder/spi-builder-workspace/.derivedData/SDKExplicitPrecompiledModules/_DarwinFoundation2-1L1DGA5Y00GMMUA6S1357T8P5.pcm
SwiftExplicitDependencyGeneratePcm arm64_32 /Users/admin/builder/spi-builder-workspace/.derivedData/SDKExplicitPrecompiledModules/_Builtin_limits-GUPGFJ078RLT756BNJI0XWL.pcm
SwiftExplicitDependencyGeneratePcm arm64_32 /Users/admin/builder/spi-builder-workspace/.derivedData/SDKExplicitPrecompiledModules/sys_types-DW6ACFLMOYH9H8JQZARI5K6PT.pcm
SwiftExplicitDependencyGeneratePcm arm64_32 /Users/admin/builder/spi-builder-workspace/.derivedData/SDKExplicitPrecompiledModules/_Builtin_stdint-CO1ZFP9095O15L3XEZDZ5QRCE.pcm
SwiftExplicitDependencyGeneratePcm arm64_32 /Users/admin/builder/spi-builder-workspace/.derivedData/SDKExplicitPrecompiledModules/_Builtin_tgmath-DLHJX8PIH8R66J3SRIOGOYIMC.pcm
SwiftExplicitDependencyGeneratePcm arm64_32 /Users/admin/builder/spi-builder-workspace/.derivedData/SDKExplicitPrecompiledModules/string_h-81YP5J2UC53QPS4YO8SKG6A9D.pcm
SwiftExplicitDependencyGeneratePcm arm64 /Users/admin/builder/spi-builder-workspace/.derivedData/SDKExplicitPrecompiledModules/_Builtin_tgmath-6OCQL7105SKNHIWR72LQJZ96P.pcm
SwiftExplicitDependencyGeneratePcm arm64 /Users/admin/builder/spi-builder-workspace/.derivedData/SDKExplicitPrecompiledModules/string_h-6DIFPQAW6XJKBOLA1RB9BDYNT.pcm
SwiftExplicitDependencyGeneratePcm arm64 /Users/admin/builder/spi-builder-workspace/.derivedData/SDKExplicitPrecompiledModules/sys_types-1QTBK62RTLQOA6UPGMTAIO90V.pcm
SwiftExplicitDependencyGeneratePcm arm64 /Users/admin/builder/spi-builder-workspace/.derivedData/SDKExplicitPrecompiledModules/_Builtin_stdint-DVIV8NGT87UZG5NODZGBEN6MQ.pcm
SwiftExplicitDependencyGeneratePcm arm64_32 /Users/admin/builder/spi-builder-workspace/.derivedData/SDKExplicitPrecompiledModules/_Builtin_intrinsics-CS3GVPE30VKMJAG4B9LVWWD8.pcm
SwiftExplicitDependencyGeneratePcm arm64_32 /Users/admin/builder/spi-builder-workspace/.derivedData/SDKExplicitPrecompiledModules/_DarwinFoundation3-4REFBLLOYWM9TKF690AB5HG9D.pcm
SwiftExplicitDependencyGeneratePcm arm64_32 /Users/admin/builder/spi-builder-workspace/.derivedData/SDKExplicitPrecompiledModules/_Builtin_stdatomic-3XRUFMQEDTJCWQU2P327LNI0O.pcm
SwiftExplicitDependencyGeneratePcm arm64 /Users/admin/builder/spi-builder-workspace/.derivedData/SDKExplicitPrecompiledModules/_DarwinFoundation3-69S1IZN54A04V40F6LZUZQM1U.pcm
SwiftExplicitDependencyGeneratePcm arm64 /Users/admin/builder/spi-builder-workspace/.derivedData/SDKExplicitPrecompiledModules/_Builtin_stdatomic-5PMTKJDURAT1MUA3ZRJ5SJ78L.pcm
SwiftExplicitDependencyGeneratePcm arm64 /Users/admin/builder/spi-builder-workspace/.derivedData/SDKExplicitPrecompiledModules/_Builtin_intrinsics-BFKP38HM4DQSTO5RTUB4PSD2N.pcm
SwiftExplicitDependencyGeneratePcm arm64_32 /Users/admin/builder/spi-builder-workspace/.derivedData/SDKExplicitPrecompiledModules/_Builtin_inttypes-19ZDGQRY4BC1GU2LLTSHVKQ7Z.pcm
SwiftExplicitDependencyGeneratePcm arm64 /Users/admin/builder/spi-builder-workspace/.derivedData/SDKExplicitPrecompiledModules/_Builtin_inttypes-4BBW9ODF46683IQN290Q5KPBZ.pcm
SwiftExplicitDependencyGeneratePcm arm64 /Users/admin/builder/spi-builder-workspace/.derivedData/SDKExplicitPrecompiledModules/Darwin-CVUA7MO0M8ZZXZHP5VQJDYARR.pcm
SwiftExplicitDependencyGeneratePcm arm64_32 /Users/admin/builder/spi-builder-workspace/.derivedData/SDKExplicitPrecompiledModules/Darwin-5AE17T3V4HG2DSUV5M88MTR6P.pcm
SwiftExplicitDependencyGeneratePcm arm64 /Users/admin/builder/spi-builder-workspace/.derivedData/SDKExplicitPrecompiledModules/simd-CSWH6RLLGVRAXR77KBHX7NQJK.pcm
SwiftExplicitDependencyGeneratePcm arm64_32 /Users/admin/builder/spi-builder-workspace/.derivedData/SDKExplicitPrecompiledModules/simd-DG4EVNQLCPJMLRKMCV7CZUGYL.pcm
SwiftExplicitDependencyGeneratePcm arm64_32 /Users/admin/builder/spi-builder-workspace/.derivedData/SDKExplicitPrecompiledModules/MachO-8ZC82KUF1MCK2UUP46TYM0LNO.pcm
SwiftExplicitDependencyGeneratePcm arm64_32 /Users/admin/builder/spi-builder-workspace/.derivedData/SDKExplicitPrecompiledModules/ObjectiveC-C2SXBJ4XCHOPW37WE6EYH1VP6.pcm
SwiftExplicitDependencyGeneratePcm arm64 /Users/admin/builder/spi-builder-workspace/.derivedData/SDKExplicitPrecompiledModules/MachO-7ZBY7PZ84IANKZL0EFL1URBGX.pcm
SwiftExplicitDependencyGeneratePcm arm64 /Users/admin/builder/spi-builder-workspace/.derivedData/SDKExplicitPrecompiledModules/ObjectiveC-AOKE7RYV3JL8DQK6GFG7FC40F.pcm
SwiftExplicitDependencyGeneratePcm arm64_32 /Users/admin/builder/spi-builder-workspace/.derivedData/SDKExplicitPrecompiledModules/os_object-C5UW3I42CB38OJPDAJAIGQSU0.pcm
SwiftExplicitDependencyGeneratePcm arm64 /Users/admin/builder/spi-builder-workspace/.derivedData/SDKExplicitPrecompiledModules/os_object-62CJ1DQOY9KI8Y9HLE6T7NWGU.pcm
SwiftExplicitDependencyGeneratePcm arm64_32 /Users/admin/builder/spi-builder-workspace/.derivedData/SDKExplicitPrecompiledModules/os_workgroup-EVS28DTM5N1LI6SPC508XAGAM.pcm
SwiftExplicitDependencyGeneratePcm arm64 /Users/admin/builder/spi-builder-workspace/.derivedData/SDKExplicitPrecompiledModules/os_workgroup-CZ3P364CI14HMS8EFDSYWQPJL.pcm
SwiftExplicitDependencyGeneratePcm arm64_32 /Users/admin/builder/spi-builder-workspace/.derivedData/SDKExplicitPrecompiledModules/Spatial-377TCL7ZGTGSNLFPBH2YHADNJ.pcm
SwiftExplicitDependencyGeneratePcm arm64 /Users/admin/builder/spi-builder-workspace/.derivedData/SDKExplicitPrecompiledModules/Spatial-7ML55CIU734I4OPDAKYST1YKH.pcm
SwiftExplicitDependencyGeneratePcm arm64_32 /Users/admin/builder/spi-builder-workspace/.derivedData/SDKExplicitPrecompiledModules/Dispatch-58FLILJX3CKQLRDJCB3SG6E1Q.pcm
SwiftExplicitDependencyGeneratePcm arm64 /Users/admin/builder/spi-builder-workspace/.derivedData/SDKExplicitPrecompiledModules/Dispatch-58O9QPTF6ST7V8A7GDQ5Y1XHS.pcm
SwiftExplicitDependencyGeneratePcm arm64_32 /Users/admin/builder/spi-builder-workspace/.derivedData/SDKExplicitPrecompiledModules/CoreFoundation-1ISY9HVX5FUTVX25NNCPUZPKQ.pcm
SwiftExplicitDependencyGeneratePcm arm64_32 /Users/admin/builder/spi-builder-workspace/.derivedData/SDKExplicitPrecompiledModules/XPC-958V8Q6FCC4PLYT1DZZ19RJS9.pcm
SwiftExplicitDependencyGeneratePcm arm64 /Users/admin/builder/spi-builder-workspace/.derivedData/SDKExplicitPrecompiledModules/CoreFoundation-58AC9CNNA0EIGC7FAX7P2A24P.pcm
SwiftExplicitDependencyGeneratePcm arm64 /Users/admin/builder/spi-builder-workspace/.derivedData/SDKExplicitPrecompiledModules/XPC-57GG1FI5M2I09XYXHZQ4RT3LB.pcm
SwiftExplicitDependencyGeneratePcm arm64 /Users/admin/builder/spi-builder-workspace/.derivedData/SDKExplicitPrecompiledModules/os-B7MMBX2Y1BC2Z263ELOZHAZ3H.pcm
SwiftExplicitDependencyGeneratePcm arm64_32 /Users/admin/builder/spi-builder-workspace/.derivedData/SDKExplicitPrecompiledModules/os-7R73UEPR1WAV6HIFTG5SSR1O2.pcm
SwiftExplicitDependencyGeneratePcm arm64_32 /Users/admin/builder/spi-builder-workspace/.derivedData/SDKExplicitPrecompiledModules/CoreGraphics-59FVANFAOHMLOOF3WD5RLEOES.pcm
SwiftExplicitDependencyGeneratePcm arm64_32 /Users/admin/builder/spi-builder-workspace/.derivedData/SDKExplicitPrecompiledModules/Security-BYUKV3XOOFSMJINIAFUSOBX3G.pcm
SwiftExplicitDependencyGeneratePcm arm64_32 /Users/admin/builder/spi-builder-workspace/.derivedData/SDKExplicitPrecompiledModules/CoreAudioTypes-2GNEZN6AOMTH0288GSYX10WKD.pcm
SwiftExplicitDependencyGeneratePcm arm64 /Users/admin/builder/spi-builder-workspace/.derivedData/SDKExplicitPrecompiledModules/CoreGraphics-7AG7A5C0DUHJBWO013GNWN96N.pcm
SwiftExplicitDependencyGeneratePcm arm64 /Users/admin/builder/spi-builder-workspace/.derivedData/SDKExplicitPrecompiledModules/CoreAudioTypes-5YGN1IMEA2EHEKVSXK6T1LN2A.pcm
SwiftExplicitDependencyGeneratePcm arm64 /Users/admin/builder/spi-builder-workspace/.derivedData/SDKExplicitPrecompiledModules/Security-CIP7TOFQEQF2GF4IJ44ZCF1OG.pcm
SwiftExplicitDependencyGeneratePcm arm64_32 /Users/admin/builder/spi-builder-workspace/.derivedData/SDKExplicitPrecompiledModules/CoreAudio-32WET3MI6NUPL3ARI2CDM5HO0.pcm
SwiftExplicitDependencyGeneratePcm arm64 /Users/admin/builder/spi-builder-workspace/.derivedData/SDKExplicitPrecompiledModules/CoreAudio-9FM7V3PM29GMEQQJ0ID41DMA.pcm
SwiftExplicitDependencyGeneratePcm arm64_32 /Users/admin/builder/spi-builder-workspace/.derivedData/SDKExplicitPrecompiledModules/Foundation-69CEH4QYZZMCOQZ4UEW8XRYBG.pcm
SwiftExplicitDependencyGeneratePcm arm64 /Users/admin/builder/spi-builder-workspace/.derivedData/SDKExplicitPrecompiledModules/Foundation-8Z6HVB6J38TM6E0X2YZ0SQT9H.pcm
SwiftExplicitDependencyGeneratePcm arm64_32 /Users/admin/builder/spi-builder-workspace/.derivedData/SDKExplicitPrecompiledModules/CoreText-7KTAP1GJS5LAL54PY0YFS6B8H.pcm
SwiftExplicitDependencyGeneratePcm arm64_32 /Users/admin/builder/spi-builder-workspace/.derivedData/SDKExplicitPrecompiledModules/CoreVideo-4ZGZA7ONJGOLQDZB8UNDVRKW5.pcm
SwiftExplicitDependencyGeneratePcm arm64 /Users/admin/builder/spi-builder-workspace/.derivedData/SDKExplicitPrecompiledModules/CoreVideo-C44DVKJNODH28YMC5SEXWVOWR.pcm
SwiftExplicitDependencyGeneratePcm arm64 /Users/admin/builder/spi-builder-workspace/.derivedData/SDKExplicitPrecompiledModules/CoreText-3S01TUG0VLLOF4ER2B95WZCR5.pcm
SwiftExplicitDependencyGeneratePcm arm64_32 /Users/admin/builder/spi-builder-workspace/.derivedData/SDKExplicitPrecompiledModules/CoreMedia-1E2BOWZR1XBDBZ5LWPIZ7R12F.pcm
SwiftExplicitDependencyGeneratePcm arm64 /Users/admin/builder/spi-builder-workspace/.derivedData/SDKExplicitPrecompiledModules/CoreMedia-2YL318GFSZISWU8AFJQHK11E7.pcm
SwiftExplicitDependencyGeneratePcm arm64_32 /Users/admin/builder/spi-builder-workspace/.derivedData/SDKExplicitPrecompiledModules/DataDetection-CZFLLU0QMVW8HYPP57I4S0DSC.pcm
SwiftExplicitDependencyGeneratePcm arm64_32 /Users/admin/builder/spi-builder-workspace/.derivedData/SDKExplicitPrecompiledModules/SceneKit-4FI8HN5217JGJRU942SA928Z.pcm
SwiftExplicitDependencyGeneratePcm arm64_32 /Users/admin/builder/spi-builder-workspace/.derivedData/SDKExplicitPrecompiledModules/OSLog-A6EJL732IY339NVWJTGU4BNYJ.pcm
SwiftExplicitDependencyGeneratePcm arm64_32 /Users/admin/builder/spi-builder-workspace/.derivedData/SDKExplicitPrecompiledModules/UIUtilities-1HASPTR721UBF2PWAKJDM1FL3.pcm
SwiftExplicitDependencyGeneratePcm arm64_32 /Users/admin/builder/spi-builder-workspace/.derivedData/SDKExplicitPrecompiledModules/Symbols-OLX9XIE0GLM2YWAI20FII4R4.pcm
SwiftExplicitDependencyGeneratePcm arm64_32 /Users/admin/builder/spi-builder-workspace/.derivedData/SDKExplicitPrecompiledModules/_LocationEssentials-7GE423HTZGPAUTJNPKWMXDZHU.pcm
SwiftExplicitDependencyGeneratePcm arm64_32 /Users/admin/builder/spi-builder-workspace/.derivedData/SDKExplicitPrecompiledModules/QuartzCore-3YZD3YA7Z4MWTYCYTBEZPNQON.pcm
SwiftExplicitDependencyGeneratePcm arm64_32 /Users/admin/builder/spi-builder-workspace/.derivedData/SDKExplicitPrecompiledModules/CoreTransferable-CNRFYTWZST27Y961TFFMJJSWW.pcm
SwiftExplicitDependencyGeneratePcm arm64_32 /Users/admin/builder/spi-builder-workspace/.derivedData/SDKExplicitPrecompiledModules/Accessibility-CKXOXWYUQQ2O48CH4UU13Z2JM.pcm
SwiftExplicitDependencyGeneratePcm arm64_32 /Users/admin/builder/spi-builder-workspace/.derivedData/SDKExplicitPrecompiledModules/UniformTypeIdentifiers-F3GUTV7D2LYY308MCT35WC4NO.pcm
SwiftExplicitDependencyGeneratePcm arm64 /Users/admin/builder/spi-builder-workspace/.derivedData/SDKExplicitPrecompiledModules/QuartzCore-2Y9U3581EK6VREQ762NVMXV4W.pcm
SwiftExplicitDependencyGeneratePcm arm64 /Users/admin/builder/spi-builder-workspace/.derivedData/SDKExplicitPrecompiledModules/UIUtilities-DXNWZ2TCJXFQ2A7ESDZ6J2XYO.pcm
SwiftExplicitDependencyGeneratePcm arm64 /Users/admin/builder/spi-builder-workspace/.derivedData/SDKExplicitPrecompiledModules/_LocationEssentials-592D72KC42GLPLPFVJNXXBBEK.pcm
SwiftExplicitDependencyGeneratePcm arm64 /Users/admin/builder/spi-builder-workspace/.derivedData/SDKExplicitPrecompiledModules/SceneKit-ERXQAS5DTIVA5XTQVC1UDQ8KV.pcm
SwiftExplicitDependencyGeneratePcm arm64 /Users/admin/builder/spi-builder-workspace/.derivedData/SDKExplicitPrecompiledModules/UserNotifications-2OYX5669SEDP32XPBIUN6CBFD.pcm
SwiftExplicitDependencyGeneratePcm arm64 /Users/admin/builder/spi-builder-workspace/.derivedData/SDKExplicitPrecompiledModules/Symbols-2RMK9LW2HHS47WUUU80KV2ZIF.pcm
SwiftExplicitDependencyGeneratePcm arm64 /Users/admin/builder/spi-builder-workspace/.derivedData/SDKExplicitPrecompiledModules/CoreData-9P6L94KNA490O8M2QQP9NLYS5.pcm
SwiftExplicitDependencyGeneratePcm arm64 /Users/admin/builder/spi-builder-workspace/.derivedData/SDKExplicitPrecompiledModules/CoreTransferable-4SW3G4U6UIS29AOHC9ZVG0MY2.pcm
SwiftExplicitDependencyGeneratePcm arm64 /Users/admin/builder/spi-builder-workspace/.derivedData/SDKExplicitPrecompiledModules/Accessibility-DX1IW2AOS22HM0GCPHLUWDNU6.pcm
SwiftExplicitDependencyGeneratePcm arm64 /Users/admin/builder/spi-builder-workspace/.derivedData/SDKExplicitPrecompiledModules/OSLog-1PSI98ZFAU5MF2OCSPTPFVD66.pcm
SwiftExplicitDependencyGeneratePcm arm64_32 /Users/admin/builder/spi-builder-workspace/.derivedData/SDKExplicitPrecompiledModules/CoreLocation-27G5URXACTR146TYQKM9JMGFV.pcm
SwiftExplicitDependencyGeneratePcm arm64 /Users/admin/builder/spi-builder-workspace/.derivedData/SDKExplicitPrecompiledModules/DataDetection-ATFJGS4FR6AGPG9P5TVBZNW3O.pcm
SwiftExplicitDependencyGeneratePcm arm64 /Users/admin/builder/spi-builder-workspace/.derivedData/SDKExplicitPrecompiledModules/CoreLocation-8N24HH5HR3W0T3UOYRM5W87RN.pcm
SwiftExplicitDependencyGeneratePcm arm64 /Users/admin/builder/spi-builder-workspace/.derivedData/SDKExplicitPrecompiledModules/UniformTypeIdentifiers-3C1XTOT5B3B3PLKZT0HC6VBQO.pcm
SwiftExplicitDependencyGeneratePcm arm64_32 /Users/admin/builder/spi-builder-workspace/.derivedData/SDKExplicitPrecompiledModules/UserNotifications-BPMOWA2WADZEME8R9G4GASVM.pcm
SwiftExplicitDependencyGeneratePcm arm64_32 /Users/admin/builder/spi-builder-workspace/.derivedData/SDKExplicitPrecompiledModules/CoreData-CZDKC12L2X4V27KS49NM6B72W.pcm
SwiftExplicitDependencyGeneratePcm arm64 /Users/admin/builder/spi-builder-workspace/.derivedData/SDKExplicitPrecompiledModules/SwiftUICore-F44576R4QP5SWTA4Z0CG8BW69.pcm
SwiftExplicitDependencyGeneratePcm arm64_32 /Users/admin/builder/spi-builder-workspace/.derivedData/SDKExplicitPrecompiledModules/SwiftUICore-55CZLUBD3974QKFT3IL0PRWPE.pcm
SwiftExplicitDependencyGeneratePcm arm64_32 /Users/admin/builder/spi-builder-workspace/.derivedData/SDKExplicitPrecompiledModules/CoreMotion-8OTQ19C7N17T5P3BMIWG1453Y.pcm
SwiftExplicitDependencyGeneratePcm arm64 /Users/admin/builder/spi-builder-workspace/.derivedData/SDKExplicitPrecompiledModules/CoreMotion-61S19SPNFXST7VOQ470VJWCZT.pcm
SwiftExplicitDependencyGeneratePcm arm64_32 /Users/admin/builder/spi-builder-workspace/.derivedData/SDKExplicitPrecompiledModules/UIKit-EJDCR42WCUPDE27EZHUU2K5V6.pcm
SwiftExplicitDependencyGeneratePcm arm64 /Users/admin/builder/spi-builder-workspace/.derivedData/SDKExplicitPrecompiledModules/UIKit-DFD16XMEJADJ1M2P58VJADV91.pcm
SwiftExplicitDependencyGeneratePcm arm64_32 /Users/admin/builder/spi-builder-workspace/.derivedData/SDKExplicitPrecompiledModules/HomeKit-F3VQ1NJSP19IRCQN9HO7VFZJ9.pcm
SwiftExplicitDependencyGeneratePcm arm64_32 /Users/admin/builder/spi-builder-workspace/.derivedData/SDKExplicitPrecompiledModules/MapKit-EWIM45DTJOC05JOFF0A1QCILJ.pcm
SwiftExplicitDependencyGeneratePcm arm64 /Users/admin/builder/spi-builder-workspace/.derivedData/SDKExplicitPrecompiledModules/MapKit-90C7VMYJ6BBMC83YO3S16E8C0.pcm
SwiftExplicitDependencyGeneratePcm arm64 /Users/admin/builder/spi-builder-workspace/.derivedData/SDKExplicitPrecompiledModules/HomeKit-3BJ5JLWLEE2DZ91C2S47JEUX6.pcm
SwiftExplicitDependencyGeneratePcm arm64_32 /Users/admin/builder/spi-builder-workspace/.derivedData/SDKExplicitPrecompiledModules/WatchKit-634QCD6ZA4G38HK529O8ZYF6G.pcm
SwiftExplicitDependencyGeneratePcm arm64 /Users/admin/builder/spi-builder-workspace/.derivedData/SDKExplicitPrecompiledModules/WatchKit-9GGFBAQ0O9N9JQABITS3Z9R0O.pcm
SwiftExplicitDependencyGeneratePcm arm64_32 /Users/admin/builder/spi-builder-workspace/.derivedData/SDKExplicitPrecompiledModules/SwiftUI-ADDFYS4JIT928LKYKA5YJU1G8.pcm
SwiftExplicitDependencyGeneratePcm arm64 /Users/admin/builder/spi-builder-workspace/.derivedData/SDKExplicitPrecompiledModules/SwiftUI-2NIV6RL93T7Y4UMRZ6CFAK2OJ.pcm
SwiftCompile normal arm64_32 Compiling\ Theme.swift /Users/admin/builder/spi-builder-workspace/packages/swift/Sources/EnoughUI/Theme.swift (in target 'EnoughUI' from project 'EnoughUI')
SwiftCompile normal arm64_32 /Users/admin/builder/spi-builder-workspace/packages/swift/Sources/EnoughUI/Theme.swift (in target 'EnoughUI' from project 'EnoughUI')
    cd /Users/admin/builder/spi-builder-workspace/.swiftpm/xcode
    builtin-SwiftPerFileCompile Theme.swift
SwiftCompile normal arm64_32 Compiling\ Presentation.swift /Users/admin/builder/spi-builder-workspace/packages/swift/Sources/EnoughUI/Presentation.swift (in target 'EnoughUI' from project 'EnoughUI')
SwiftCompile normal arm64_32 /Users/admin/builder/spi-builder-workspace/packages/swift/Sources/EnoughUI/Presentation.swift (in target 'EnoughUI' from project 'EnoughUI')
    cd /Users/admin/builder/spi-builder-workspace/.swiftpm/xcode
    builtin-SwiftPerFileCompile Presentation.swift
SwiftCompile normal arm64_32 Compiling\ Palette.swift /Users/admin/builder/spi-builder-workspace/packages/swift/Sources/EnoughUI/Palette.swift (in target 'EnoughUI' from project 'EnoughUI')
SwiftCompile normal arm64_32 /Users/admin/builder/spi-builder-workspace/packages/swift/Sources/EnoughUI/Palette.swift (in target 'EnoughUI' from project 'EnoughUI')
    cd /Users/admin/builder/spi-builder-workspace/.swiftpm/xcode
    builtin-SwiftPerFileCompile Palette.swift
SwiftCompile normal arm64_32 Compiling\ Selection.swift /Users/admin/builder/spi-builder-workspace/packages/swift/Sources/EnoughUI/Selection.swift (in target 'EnoughUI' from project 'EnoughUI')
SwiftCompile normal arm64_32 /Users/admin/builder/spi-builder-workspace/packages/swift/Sources/EnoughUI/Selection.swift (in target 'EnoughUI' from project 'EnoughUI')
    cd /Users/admin/builder/spi-builder-workspace/.swiftpm/xcode
    builtin-SwiftPerFileCompile Selection.swift
SwiftCompile normal arm64_32 Compiling\ Forms.swift /Users/admin/builder/spi-builder-workspace/packages/swift/Sources/EnoughUI/Forms.swift (in target 'EnoughUI' from project 'EnoughUI')
/Users/admin/builder/spi-builder-workspace/packages/swift/Sources/EnoughUI/Forms.swift:182:29: error: 'DatePickerComponents' is only available in watchOS 10.0 or newer
177 |     }
178 | }
179 | public struct EnoughDatePicker: View {
    |               `- note: add '@available' attribute to enclosing struct
180 |     private let title: LocalizedStringKey
181 |     private let range: ClosedRange<Date>
182 |     private let components: DatePickerComponents
    |                             `- error: 'DatePickerComponents' is only available in watchOS 10.0 or newer
183 |     @Binding private var selection: Date
184 |     @Environment(\.enoughTheme) private var theme
/Users/admin/builder/spi-builder-workspace/packages/swift/Sources/EnoughUI/Forms.swift:187:38: error: 'DatePickerComponents' is only available in watchOS 10.0 or newer
177 |     }
178 | }
179 | public struct EnoughDatePicker: View {
    |               `- note: add '@available' attribute to enclosing struct
180 |     private let title: LocalizedStringKey
181 |     private let range: ClosedRange<Date>
    :
183 |     @Binding private var selection: Date
184 |     @Environment(\.enoughTheme) private var theme
185 |     public init(_ title: LocalizedStringKey, selection: Binding<Date>,
    |            `- note: add '@available' attribute to enclosing initializer
186 |                 in range: ClosedRange<Date> = Date.distantPast...Date.distantFuture,
187 |                 displayedComponents: DatePickerComponents = [.date]) {
    |                                      `- error: 'DatePickerComponents' is only available in watchOS 10.0 or newer
188 |         self.title = title; _selection = selection; self.range = range; self.components = displayedComponents
189 |     }
/Users/admin/builder/spi-builder-workspace/packages/swift/Sources/EnoughUI/Forms.swift:63:9: error: 'TextEditor' is unavailable in watchOS
 61 |     }
 62 |     public var body: some View {
 63 |         TextEditor(text: $text).font(theme.font()).scrollContentBackground(.hidden)
    |         `- error: 'TextEditor' is unavailable in watchOS
 64 |             .padding(8).frame(minHeight: minimumHeight).background(theme.surface)
 65 |             .overlay(Rectangle().strokeBorder(theme.hairline)).accessibilityLabel(Text(title))
SwiftUI.TextEditor:4:27: note: 'TextEditor' has been explicitly marked unavailable here
 2 | @available(tvOS, unavailable)
 3 | @available(watchOS, unavailable)
 4 | nonisolated public struct TextEditor : View, ~Sendable {
   |                           `- note: 'TextEditor' has been explicitly marked unavailable here
 5 |     nonisolated public init(text: Binding<String>)
 6 |     @available(iOS 18.0, macOS 15.0, visionOS 2.0, *)
/Users/admin/builder/spi-builder-workspace/packages/swift/Sources/EnoughUI/Forms.swift:130:71: error: 'menu' is unavailable in watchOS
128 |     }
129 |     public var body: some View {
130 |         Picker(title, selection: $selection) { content }.pickerStyle(.menu)
    |                                                                       `- error: 'menu' is unavailable in watchOS
131 |             .font(theme.font()).tint(theme.accent)
132 |     }
SwiftUI.PickerStyle.menu:2:43: note: 'menu' has been explicitly marked unavailable here
1 | protocol PickerStyle {
2 | @export(implementation) public static var menu: MenuPickerStyle { get }}
  |                                           `- note: 'menu' has been explicitly marked unavailable here
3 |
/Users/admin/builder/spi-builder-workspace/packages/swift/Sources/EnoughUI/Forms.swift:141:96: error: 'segmented' is unavailable in watchOS
139 |         self.title = title; _selection = selection; self.content = content()
140 |     }
141 |     public var body: some View { Picker(title, selection: $selection) { content }.pickerStyle(.segmented) }
    |                                                                                                `- error: 'segmented' is unavailable in watchOS
142 | }
143 | public struct EnoughRadioGroup<Selection: Hashable, Content: View>: View {
SwiftUI.PickerStyle.segmented:2:43: note: 'segmented' has been explicitly marked unavailable here
1 | protocol PickerStyle {
2 | @export(implementation) public static var segmented: SegmentedPickerStyle { get }}
  |                                           `- note: 'segmented' has been explicitly marked unavailable here
3 |
/Users/admin/builder/spi-builder-workspace/packages/swift/Sources/EnoughUI/Forms.swift:191:9: error: 'DatePicker' is only available in watchOS 10.0 or newer
177 |     }
178 | }
179 | public struct EnoughDatePicker: View {
    |               `- note: add '@available' attribute to enclosing struct
180 |     private let title: LocalizedStringKey
181 |     private let range: ClosedRange<Date>
    :
188 |         self.title = title; _selection = selection; self.range = range; self.components = displayedComponents
189 |     }
190 |     public var body: some View {
    |                `- note: add '@available' attribute to enclosing property
191 |         DatePicker(title, selection: $selection, in: range, displayedComponents: components).tint(theme.accent)
    |         |- error: 'DatePicker' is only available in watchOS 10.0 or newer
    |         `- note: add 'if #available' version check
192 |     }
193 | }
SwiftCompile normal arm64_32 /Users/admin/builder/spi-builder-workspace/packages/swift/Sources/EnoughUI/Forms.swift (in target 'EnoughUI' from project 'EnoughUI')
    cd /Users/admin/builder/spi-builder-workspace/.swiftpm/xcode
    builtin-SwiftPerFileCompile Forms.swift
SwiftCompile normal arm64_32 Compiling\ Layout.swift /Users/admin/builder/spi-builder-workspace/packages/swift/Sources/EnoughUI/Layout.swift (in target 'EnoughUI' from project 'EnoughUI')
SwiftCompile normal arm64_32 /Users/admin/builder/spi-builder-workspace/packages/swift/Sources/EnoughUI/Layout.swift (in target 'EnoughUI' from project 'EnoughUI')
    cd /Users/admin/builder/spi-builder-workspace/.swiftpm/xcode
    builtin-SwiftPerFileCompile Layout.swift
/Users/admin/builder/spi-builder-workspace/packages/swift/Sources/EnoughUI/Layout.swift:12:9: error: 'DisclosureGroup' is unavailable in watchOS
 10 |     }
 11 |     public var body: some View {
 12 |         DisclosureGroup(isExpanded: $isExpanded) { content.padding(.vertical, 10) } label: { label }
    |         `- error: 'DisclosureGroup' is unavailable in watchOS
 13 |             .tint(theme.accent).padding(14).background(theme.surface)
 14 |             .overlay(Rectangle().strokeBorder(theme.hairline))
SwiftUI.DisclosureGroup:4:27: note: 'DisclosureGroup' has been explicitly marked unavailable here
 2 | @available(tvOS, unavailable)
 3 | @available(watchOS, unavailable)
 4 | nonisolated public struct DisclosureGroup<Label, Content> : View, ~Sendable where Label : View, Content : View {
   |                           `- note: 'DisclosureGroup' has been explicitly marked unavailable here
 5 |     nonisolated public init(@ContentBuilder content: @escaping () -> Content, @ContentBuilder label: () -> Label)
 6 |     nonisolated public init(isExpanded: Binding<Bool>, @ContentBuilder content: @escaping () -> Content, @ContentBuilder label: () -> Label)
SwiftEmitModule normal arm64_32 Emitting\ module\ for\ EnoughUI (in target 'EnoughUI' from project 'EnoughUI')
/Users/admin/builder/spi-builder-workspace/packages/swift/Sources/EnoughUI/Forms.swift:182:29: error: 'DatePickerComponents' is only available in watchOS 10.0 or newer
177 |     }
178 | }
179 | public struct EnoughDatePicker: View {
    |               `- note: add '@available' attribute to enclosing struct
180 |     private let title: LocalizedStringKey
181 |     private let range: ClosedRange<Date>
182 |     private let components: DatePickerComponents
    |                             `- error: 'DatePickerComponents' is only available in watchOS 10.0 or newer
183 |     @Binding private var selection: Date
184 |     @Environment(\.enoughTheme) private var theme
/Users/admin/builder/spi-builder-workspace/packages/swift/Sources/EnoughUI/Forms.swift:187:38: error: 'DatePickerComponents' is only available in watchOS 10.0 or newer
177 |     }
178 | }
179 | public struct EnoughDatePicker: View {
    |               `- note: add '@available' attribute to enclosing struct
180 |     private let title: LocalizedStringKey
181 |     private let range: ClosedRange<Date>
    :
183 |     @Binding private var selection: Date
184 |     @Environment(\.enoughTheme) private var theme
185 |     public init(_ title: LocalizedStringKey, selection: Binding<Date>,
    |            `- note: add '@available' attribute to enclosing initializer
186 |                 in range: ClosedRange<Date> = Date.distantPast...Date.distantFuture,
187 |                 displayedComponents: DatePickerComponents = [.date]) {
    |                                      `- error: 'DatePickerComponents' is only available in watchOS 10.0 or newer
188 |         self.title = title; _selection = selection; self.range = range; self.components = displayedComponents
189 |     }
Failed frontend command:
/Applications/Xcode-27.0.0.app/Contents/Developer/Toolchains/XcodeDefault.xctoolchain/usr/bin/swift-frontend -frontend -emit-module -experimental-skip-non-inlinable-function-bodies-without-types /Users/admin/builder/spi-builder-workspace/packages/swift/Sources/EnoughUI/Actions.swift /Users/admin/builder/spi-builder-workspace/packages/swift/Sources/EnoughUI/Forms.swift /Users/admin/builder/spi-builder-workspace/packages/swift/Sources/EnoughUI/Layout.swift /Users/admin/builder/spi-builder-workspace/packages/swift/Sources/EnoughUI/Palette.swift /Users/admin/builder/spi-builder-workspace/packages/swift/Sources/EnoughUI/Presentation.swift /Users/admin/builder/spi-builder-workspace/packages/swift/Sources/EnoughUI/Selection.swift /Users/admin/builder/spi-builder-workspace/packages/swift/Sources/EnoughUI/Theme.swift -target arm64_32-apple-watchos9.0 -disable-cross-import-overlay-search -load-resolved-plugin /Applications/Xcode-27.0.0.app/Contents/Developer/Platforms/WatchOS.platform/Developer/usr/lib/swift/host/plugins/libFoundationMacros.dylib\#/Applications/Xcode-27.0.0.app/Contents/Developer/Platforms/WatchOS.platform/Developer/usr/bin/swift-plugin-server\#FoundationMacros -load-resolved-plugin /Applications/Xcode-27.0.0.app/Contents/Developer/Platforms/WatchOS.platform/Developer/usr/lib/swift/host/plugins/libObservationMacros.dylib\#/Applications/Xcode-27.0.0.app/Contents/Developer/Platforms/WatchOS.platform/Developer/usr/bin/swift-plugin-server\#ObservationMacros -load-resolved-plugin /Applications/Xcode-27.0.0.app/Contents/Developer/Platforms/WatchOS.platform/Developer/usr/lib/swift/host/plugins/libPreviewsMacros.dylib\#/Applications/Xcode-27.0.0.app/Contents/Developer/Platforms/WatchOS.platform/Developer/usr/bin/swift-plugin-server\#PreviewsMacros -load-resolved-plugin /Applications/Xcode-27.0.0.app/Contents/Developer/Platforms/WatchOS.platform/Developer/usr/lib/swift/host/plugins/libSwiftMacros.dylib\#/Applications/Xcode-27.0.0.app/Contents/Developer/Platforms/WatchOS.platform/Developer/usr/bin/swift-plugin-server\#SwiftMacros -load-resolved-plugin /Applications/Xcode-27.0.0.app/Contents/Developer/Platforms/WatchOS.platform/Developer/usr/lib/swift/host/plugins/libSwiftUIMacros.dylib\#/Applications/Xcode-27.0.0.app/Contents/Developer/Platforms/WatchOS.platform/Developer/usr/bin/swift-plugin-server\#SwiftUIMacros -disable-implicit-swift-modules -Xcc -fno-implicit-modules -Xcc -fno-implicit-module-maps -explicit-swift-module-map-file /Users/admin/builder/spi-builder-workspace/.derivedData/Build/Intermediates.noindex/EnoughUI.build/Debug-watchos/EnoughUI-t.build/Objects-normal/arm64_32/EnoughUI-dependencies-1.json -enable-objc-interop -sdk /Applications/Xcode-27.0.0.app/Contents/Developer/Platforms/WatchOS.platform/Developer/SDKs/WatchOS27.0.sdk -I /Users/admin/builder/spi-builder-workspace/.derivedData/Build/Products/Debug-watchos -Isystem /Applications/Xcode-27.0.0.app/Contents/Developer/Platforms/WatchOS.platform/Developer/usr/lib -F /Users/admin/builder/spi-builder-workspace/.derivedData/Build/Products/Debug-watchos -F /Applications/Xcode-27.0.0.app/Contents/Developer/Platforms/WatchOS.platform/Developer/Library/Frameworks -F /Applications/Xcode-27.0.0.app/Contents/Developer/Platforms/WatchOS.platform/Developer/SDKs/WatchOS27.0.sdk/Developer/Library/Frameworks -module-cache-path /Users/admin/builder/spi-builder-workspace/.derivedData/Build/Intermediates.noindex/SwiftExplicitPrecompiledModules -no-color-diagnostics -Xcc -fno-color-diagnostics -enable-testing -g -debug-info-format\=dwarf -dwarf-version\=4 -profile-generate -profile-coverage-mapping -swift-version 5 -Onone -D SWIFT_PACKAGE -D DEBUG -D SWIFT_MODULE_RESOURCE_BUNDLE_UNAVAILABLE -D Xcode -serialize-debugging-options -enable-experimental-feature DebugDescriptionMacro -empty-abi-descriptor -validate-clang-modules-once -clang-build-session-file /Users/admin/builder/spi-builder-workspace/.derivedData/ModuleCache.noindex/Session.modulevalidation -Xcc -working-directory -Xcc /Users/admin/builder/spi-builder-workspace/.swiftpm/xcode -enable-anonymous-context-mangled-names -file-compilation-dir /Users/admin/builder/spi-builder-workspace/.swiftpm/xcode -Xcc -D_LIBCPP_HARDENING_MODE\=_LIBCPP_HARDENING_MODE_DEBUG -Xcc -ivfsstatcache -Xcc /Users/admin/builder/spi-builder-workspace/.derivedData/SDKStatCaches.noindex/watchos27.0-24R360-e829b21a6f8c9b70876ba0858053c044b9db9bc9c079ee3c7b5f3373b13d10bc.sdkstatcache -Xcc -fmodules-prune-interval\=86400 -Xcc -fmodules-prune-after\=345600 -Xcc -I/Users/admin/builder/spi-builder-workspace/.derivedData/Build/Products/Debug-watchos/include -Xcc -I/Users/admin/builder/spi-builder-workspace/.derivedData/Build/Intermediates.noindex/EnoughUI.build/Debug-watchos/EnoughUI-t.build/DerivedSources-normal/arm64_32 -Xcc -I/Users/admin/builder/spi-builder-workspace/.derivedData/Build/Intermediates.noindex/EnoughUI.build/Debug-watchos/EnoughUI-t.build/DerivedSources/arm64_32 -Xcc -I/Users/admin/builder/spi-builder-workspace/.derivedData/Build/Intermediates.noindex/EnoughUI.build/Debug-watchos/EnoughUI-t.build/DerivedSources -Xcc -DSWIFT_PACKAGE -Xcc -DDEBUG\=1 -no-auto-bridging-header-chaining -module-name EnoughUI -package-name spi_builder_workspace -const-gather-protocols-file /Users/admin/builder/spi-builder-workspace/.derivedData/Build/Intermediates.noindex/EnoughUI.build/Debug-watchos/EnoughUI-t.build/Objects-normal/arm64_32/EnoughUI_const_extract_protocols.json -disable-clang-spi -clang-target arm64_32-apple-watchos27.0 -target-sdk-version 27.0 -target-sdk-name watchos27.0 -in-process-plugin-server-path /Applications/Xcode-27.0.0.app/Contents/Developer/Toolchains/XcodeDefault.xctoolchain/usr/lib/swift/host/libSwiftInProcPluginServer.dylib -emit-module-doc-path /Users/admin/builder/spi-builder-workspace/.derivedData/Build/Intermediates.noindex/EnoughUI.build/Debug-watchos/EnoughUI-t.build/Objects-normal/arm64_32/EnoughUI.swiftdoc -emit-module-source-info-path /Users/admin/builder/spi-builder-workspace/.derivedData/Build/Intermediates.noindex/EnoughUI.build/Debug-watchos/EnoughUI-t.build/Objects-normal/arm64_32/EnoughUI.swiftsourceinfo -emit-objc-header-path /Users/admin/builder/spi-builder-workspace/.derivedData/Build/Intermediates.noindex/EnoughUI.build/Debug-watchos/EnoughUI-t.build/Objects-normal/arm64_32/EnoughUI-Swift.h -serialize-diagnostics-path /Users/admin/builder/spi-builder-workspace/.derivedData/Build/Intermediates.noindex/EnoughUI.build/Debug-watchos/EnoughUI-t.build/Objects-normal/arm64_32/EnoughUI-primary-emit-module.dia -emit-dependencies-path /Users/admin/builder/spi-builder-workspace/.derivedData/Build/Intermediates.noindex/EnoughUI.build/Debug-watchos/EnoughUI-t.build/Objects-normal/arm64_32/EnoughUI-primary-emit-module.d -parse-as-library -o /Users/admin/builder/spi-builder-workspace/.derivedData/Build/Intermediates.noindex/EnoughUI.build/Debug-watchos/EnoughUI-t.build/Objects-normal/arm64_32/EnoughUI.swiftmodule -emit-abi-descriptor-path /Users/admin/builder/spi-builder-workspace/.derivedData/Build/Intermediates.noindex/EnoughUI.build/Debug-watchos/EnoughUI-t.build/Objects-normal/arm64_32/EnoughUI.abi.json
SwiftCompile normal arm64_32 (in target 'EnoughUI' from project 'EnoughUI')
    cd /Users/admin/builder/spi-builder-workspace/.swiftpm/xcode

SwiftCompile normal arm64_32 Compiling\ Actions.swift /Users/admin/builder/spi-builder-workspace/packages/swift/Sources/EnoughUI/Actions.swift (in target 'EnoughUI' from project 'EnoughUI')
/Users/admin/builder/spi-builder-workspace/packages/swift/Sources/EnoughUI/Actions.swift:98:34: error: 'Menu' is unavailable in watchOS
 96 |         self.label = label(); self.content = content()
 97 |     }
 98 |     public var body: some View { Menu { content } label: { label }.buttonStyle(EnoughButtonStyle()) }
    |                                  `- error: 'Menu' is unavailable in watchOS
 99 | }
100 |
SwiftUI.Menu:3:27: note: 'Menu' has been explicitly marked unavailable here
1 | @available(iOS 14.0, macOS 11.0, tvOS 17.0, *)
2 | @available(watchOS, unavailable)
3 | nonisolated public struct Menu<Label, Content> : View, ~Sendable where Label : View, Content : View {
  |                           `- note: 'Menu' has been explicitly marked unavailable here
4 |     nonisolated public var body: some View { get }
5 |     @available(macOS 11.0, iOS 14.0, tvOS 17.0, *)
SwiftCompile normal arm64_32 /Users/admin/builder/spi-builder-workspace/packages/swift/Sources/EnoughUI/Actions.swift (in target 'EnoughUI' from project 'EnoughUI')
    cd /Users/admin/builder/spi-builder-workspace/.swiftpm/xcode
    builtin-SwiftPerFileCompile Actions.swift
SwiftEmitModule normal arm64 Emitting\ module\ for\ EnoughUI (in target 'EnoughUI' from project 'EnoughUI')
/Users/admin/builder/spi-builder-workspace/packages/swift/Sources/EnoughUI/Forms.swift:182:29: error: 'DatePickerComponents' is only available in watchOS 10.0 or newer
177 |     }
178 | }
179 | public struct EnoughDatePicker: View {
    |               `- note: add '@available' attribute to enclosing struct
180 |     private let title: LocalizedStringKey
181 |     private let range: ClosedRange<Date>
182 |     private let components: DatePickerComponents
    |                             `- error: 'DatePickerComponents' is only available in watchOS 10.0 or newer
183 |     @Binding private var selection: Date
184 |     @Environment(\.enoughTheme) private var theme
SwiftCompile normal arm64 (in target 'EnoughUI' from project 'EnoughUI')
    cd /Users/admin/builder/spi-builder-workspace/.swiftpm/xcode

SwiftCompile normal arm64 Compiling\ Presentation.swift /Users/admin/builder/spi-builder-workspace/packages/swift/Sources/EnoughUI/Presentation.swift (in target 'EnoughUI' from project 'EnoughUI')
SwiftCompile normal arm64 /Users/admin/builder/spi-builder-workspace/packages/swift/Sources/EnoughUI/Presentation.swift (in target 'EnoughUI' from project 'EnoughUI')
    cd /Users/admin/builder/spi-builder-workspace/.swiftpm/xcode
    builtin-SwiftPerFileCompile Presentation.swift
SwiftCompile normal arm64 Compiling\ Layout.swift /Users/admin/builder/spi-builder-workspace/packages/swift/Sources/EnoughUI/Layout.swift (in target 'EnoughUI' from project 'EnoughUI')
SwiftCompile normal arm64 /Users/admin/builder/spi-builder-workspace/packages/swift/Sources/EnoughUI/Layout.swift (in target 'EnoughUI' from project 'EnoughUI')
    cd /Users/admin/builder/spi-builder-workspace/.swiftpm/xcode
    builtin-SwiftPerFileCompile Layout.swift
PruneExplicitPrecompiledModules /Users/admin/builder/spi-builder-workspace/.derivedData/Build/Intermediates.noindex/ExplicitPrecompiledModules
PruneExplicitPrecompiledModules /Users/admin/builder/spi-builder-workspace/.derivedData/SDKExplicitPrecompiledModules
PruneExplicitPrecompiledModules /Users/admin/builder/spi-builder-workspace/.derivedData/Build/Intermediates.noindex/SwiftExplicitPrecompiledModules
2026-10-09 04:40:38.904 xcodebuild[661:3925] [MT] IDERunDestination: Supported platforms for the buildables in the current scheme is empty.
** BUILD FAILED **
The following build commands failed:
	SwiftEmitModule normal arm64_32 Emitting\ module\ for\ EnoughUI (in target 'EnoughUI' from project 'EnoughUI')
	SwiftCompile normal arm64_32 (in target 'EnoughUI' from project 'EnoughUI')
	Building workspace EnoughUI with scheme EnoughUI
(3 failures)
Command line invocation:
    /Applications/Xcode-27.0.0.app/Contents/Developer/usr/bin/xcodebuild -IDEClonedSourcePackagesDirPathOverride=/Users/admin/builder/spi-builder-workspace/.dependencies -resolvePackageDependencies
Resolve Package Graph
Resolved source packages:
  EnoughUI: /Users/admin/builder/spi-builder-workspace
resolved source packages: EnoughUI
2026-10-09 04:40:45.877 xcodebuild[873:4914] [MT] IDERunDestination: Supported platforms for the buildables in the current scheme is empty.
{
  "dependencies" : [
  ],
  "manifest_display_name" : "EnoughUI",
  "name" : "EnoughUI",
  "path" : "/Users/admin/builder/spi-builder-workspace",
  "platforms" : [
    {
      "name" : "macos",
      "version" : "13.0"
    },
    {
      "name" : "ios",
      "version" : "16.0"
    }
  ],
  "products" : [
    {
      "name" : "EnoughUI",
      "targets" : [
        "EnoughUI"
      ],
      "type" : {
        "library" : [
          "automatic"
        ]
      }
    }
  ],
  "targets" : [
    {
      "c99name" : "EnoughUITests",
      "module_type" : "SwiftTarget",
      "name" : "EnoughUITests",
      "path" : "packages/swift/Tests/EnoughUITests",
      "sources" : [
        "EnoughUITests.swift"
      ],
      "target_dependencies" : [
        "EnoughUI"
      ],
      "type" : "test"
    },
    {
      "c99name" : "EnoughUI",
      "module_type" : "SwiftTarget",
      "name" : "EnoughUI",
      "path" : "packages/swift/Sources/EnoughUI",
      "product_memberships" : [
        "EnoughUI"
      ],
      "sources" : [
        "Actions.swift",
        "Forms.swift",
        "Layout.swift",
        "Palette.swift",
        "Presentation.swift",
        "Selection.swift",
        "Theme.swift"
      ],
      "type" : "library"
    }
  ],
  "tools_version" : "5.9"
}
{
  "workspace" : {
    "name" : "EnoughUI",
    "schemes" : [
      "EnoughUI"
    ]
  }
}
2026-10-09 04:40:47.172 xcodebuild[881:4983] [MT] IDERunDestination: Supported platforms for the buildables in the current scheme is empty.
Running build ...
env DEVELOPER_DIR=/Applications/Xcode-27.0.0-Release.Candidate.app xcrun xcodebuild -IDEClonedSourcePackagesDirPathOverride=$PWD/.dependencies -skipMacroValidation -skipPackagePluginValidation -derivedDataPath $PWD/.derivedData build -scheme EnoughUI -destination generic/platform=watchOS
Command line invocation:
    /Applications/Xcode-27.0.0.app/Contents/Developer/usr/bin/xcodebuild -IDEClonedSourcePackagesDirPathOverride=/Users/admin/builder/spi-builder-workspace/.dependencies -skipMacroValidation -skipPackagePluginValidation -derivedDataPath /Users/admin/builder/spi-builder-workspace/.derivedData build -scheme EnoughUI -destination generic/platform=watchOS
Resolve Package Graph
Resolved source packages:
  EnoughUI: /Users/admin/builder/spi-builder-workspace
ComputePackagePrebuildTargetDependencyGraph
Prepare packages
CreateBuildRequest
SendProjectDescription
CreateBuildOperation
ComputeTargetDependencyGraph
note: Building targets in dependency order
note: Target dependency graph (2 targets)
    Target 'EnoughUI-product' in project 'EnoughUI'
        ➜ Explicit dependency on target 'EnoughUI' in project 'EnoughUI'
    Target 'EnoughUI' in project 'EnoughUI' (no dependencies)
GatherProvisioningInputs
CreateBuildDescription
ClangStatCache /Applications/Xcode-27.0.0.app/Contents/Developer/Toolchains/XcodeDefault.xctoolchain/usr/bin/clang-stat-cache /Applications/Xcode-27.0.0.app/Contents/Developer/Platforms/WatchOS.platform/Developer/SDKs/WatchOS27.0.sdk /Users/admin/builder/spi-builder-workspace/.derivedData/SDKStatCaches.noindex/watchos27.0-24R360-e829b21a6f8c9b70876ba0858053c044b9db9bc9c079ee3c7b5f3373b13d10bc.sdkstatcache
    cd /Users/admin/builder/spi-builder-workspace/.swiftpm/xcode
    /Applications/Xcode-27.0.0.app/Contents/Developer/Toolchains/XcodeDefault.xctoolchain/usr/bin/clang-stat-cache /Applications/Xcode-27.0.0.app/Contents/Developer/Platforms/WatchOS.platform/Developer/SDKs/WatchOS27.0.sdk -o /Users/admin/builder/spi-builder-workspace/.derivedData/SDKStatCaches.noindex/watchos27.0-24R360-e829b21a6f8c9b70876ba0858053c044b9db9bc9c079ee3c7b5f3373b13d10bc.sdkstatcache
SwiftDriver EnoughUI normal arm64_32 com.apple.xcode.tools.swift.compiler (in target 'EnoughUI' from project 'EnoughUI')
    cd /Users/admin/builder/spi-builder-workspace/.swiftpm/xcode
    builtin-SwiftDriver -- /Applications/Xcode-27.0.0.app/Contents/Developer/Toolchains/XcodeDefault.xctoolchain/usr/bin/swiftc -parse-as-library -module-name EnoughUI -Onone @/Users/admin/builder/spi-builder-workspace/.derivedData/Build/Intermediates.noindex/EnoughUI.build/Debug-watchos/EnoughUI-t.build/Objects-normal/arm64_32/EnoughUI.SwiftFileList -DSWIFT_PACKAGE -DDEBUG -DSWIFT_MODULE_RESOURCE_BUNDLE_UNAVAILABLE -DXcode -plugin-path /Applications/Xcode-27.0.0.app/Contents/Developer/Toolchains/XcodeDefault.xctoolchain/usr/lib/swift/host/plugins/testing -enable-experimental-feature DebugDescriptionMacro -sdk /Applications/Xcode-27.0.0.app/Contents/Developer/Platforms/WatchOS.platform/Developer/SDKs/WatchOS27.0.sdk -target arm64_32-apple-watchos9.0 -g -module-cache-path /Users/admin/builder/spi-builder-workspace/.derivedData/ModuleCache.noindex -Xfrontend -serialize-debugging-options -profile-coverage-mapping -profile-generate -enable-testing -index-store-path /Users/admin/builder/spi-builder-workspace/.derivedData/Index.noindex/DataStore -Xcc -D_LIBCPP_HARDENING_MODE\=_LIBCPP_HARDENING_MODE_DEBUG -swift-version 5 -I /Users/admin/builder/spi-builder-workspace/.derivedData/Build/Products/Debug-watchos -Isystem /Applications/Xcode-27.0.0.app/Contents/Developer/Platforms/WatchOS.platform/Developer/usr/lib -F /Users/admin/builder/spi-builder-workspace/.derivedData/Build/Products/Debug-watchos -F /Applications/Xcode-27.0.0.app/Contents/Developer/Platforms/WatchOS.platform/Developer/Library/Frameworks -F /Applications/Xcode-27.0.0.app/Contents/Developer/Platforms/WatchOS.platform/Developer/SDKs/WatchOS27.0.sdk/Developer/Library/Frameworks -c -j10 -enable-batch-mode -incremental -Xcc -ivfsstatcache -Xcc /Users/admin/builder/spi-builder-workspace/.derivedData/SDKStatCaches.noindex/watchos27.0-24R360-e829b21a6f8c9b70876ba0858053c044b9db9bc9c079ee3c7b5f3373b13d10bc.sdkstatcache -output-file-map /Users/admin/builder/spi-builder-workspace/.derivedData/Build/Intermediates.noindex/EnoughUI.build/Debug-watchos/EnoughUI-t.build/Objects-normal/arm64_32/EnoughUI-OutputFileMap.json -save-temps -no-color-diagnostics -explicit-module-build -module-cache-path /Users/admin/builder/spi-builder-workspace/.derivedData/Build/Intermediates.noindex/SwiftExplicitPrecompiledModules -clang-scanner-module-cache-path /Users/admin/builder/spi-builder-workspace/.derivedData/ModuleCache.noindex -sdk-module-cache-path /Users/admin/builder/spi-builder-workspace/.derivedData/SDKExplicitPrecompiledModules -emit-dependencies -emit-module -emit-module-path /Users/admin/builder/spi-builder-workspace/.derivedData/Build/Intermediates.noindex/EnoughUI.build/Debug-watchos/EnoughUI-t.build/Objects-normal/arm64_32/EnoughUI.swiftmodule -serialize-diagnostics -dependency-scan-serialize-diagnostics-path /Users/admin/builder/spi-builder-workspace/.derivedData/Build/Intermediates.noindex/EnoughUI.build/Debug-watchos/EnoughUI-t.build/Objects-normal/arm64_32/EnoughUI-dependency-scan.dia -validate-clang-modules-once -clang-build-session-file /Users/admin/builder/spi-builder-workspace/.derivedData/ModuleCache.noindex/Session.modulevalidation -Xcc -fmodules-prune-interval\=86400 -Xcc -fmodules-prune-after\=345600 -package-name spi_builder_workspace -emit-const-values -const-gather-protocols-list /Users/admin/builder/spi-builder-workspace/.derivedData/Build/Intermediates.noindex/EnoughUI.build/Debug-watchos/EnoughUI-t.build/Objects-normal/arm64_32/EnoughUI_const_extract_protocols.json -Xcc -I/Users/admin/builder/spi-builder-workspace/.derivedData/Build/Products/Debug-watchos/include -Xcc -I/Users/admin/builder/spi-builder-workspace/.derivedData/Build/Intermediates.noindex/EnoughUI.build/Debug-watchos/EnoughUI-t.build/DerivedSources-normal/arm64_32 -Xcc -I/Users/admin/builder/spi-builder-workspace/.derivedData/Build/Intermediates.noindex/EnoughUI.build/Debug-watchos/EnoughUI-t.build/DerivedSources/arm64_32 -Xcc -I/Users/admin/builder/spi-builder-workspace/.derivedData/Build/Intermediates.noindex/EnoughUI.build/Debug-watchos/EnoughUI-t.build/DerivedSources -Xcc -DSWIFT_PACKAGE -Xcc -DDEBUG\=1 -emit-objc-header -emit-objc-header-path /Users/admin/builder/spi-builder-workspace/.derivedData/Build/Intermediates.noindex/EnoughUI.build/Debug-watchos/EnoughUI-t.build/Objects-normal/arm64_32/EnoughUI-Swift.h -working-directory /Users/admin/builder/spi-builder-workspace/.swiftpm/xcode -experimental-emit-module-separately -disable-cmo
SwiftDriver EnoughUI normal arm64 com.apple.xcode.tools.swift.compiler (in target 'EnoughUI' from project 'EnoughUI')
    cd /Users/admin/builder/spi-builder-workspace/.swiftpm/xcode
    builtin-SwiftDriver -- /Applications/Xcode-27.0.0.app/Contents/Developer/Toolchains/XcodeDefault.xctoolchain/usr/bin/swiftc -parse-as-library -module-name EnoughUI -Onone @/Users/admin/builder/spi-builder-workspace/.derivedData/Build/Intermediates.noindex/EnoughUI.build/Debug-watchos/EnoughUI-t.build/Objects-normal/arm64/EnoughUI.SwiftFileList -DSWIFT_PACKAGE -DDEBUG -DSWIFT_MODULE_RESOURCE_BUNDLE_UNAVAILABLE -DXcode -plugin-path /Applications/Xcode-27.0.0.app/Contents/Developer/Toolchains/XcodeDefault.xctoolchain/usr/lib/swift/host/plugins/testing -enable-experimental-feature DebugDescriptionMacro -sdk /Applications/Xcode-27.0.0.app/Contents/Developer/Platforms/WatchOS.platform/Developer/SDKs/WatchOS27.0.sdk -target arm64-apple-watchos9.0 -g -module-cache-path /Users/admin/builder/spi-builder-workspace/.derivedData/ModuleCache.noindex -Xfrontend -serialize-debugging-options -profile-coverage-mapping -profile-generate -enable-testing -index-store-path /Users/admin/builder/spi-builder-workspace/.derivedData/Index.noindex/DataStore -Xcc -D_LIBCPP_HARDENING_MODE\=_LIBCPP_HARDENING_MODE_DEBUG -swift-version 5 -I /Users/admin/builder/spi-builder-workspace/.derivedData/Build/Products/Debug-watchos -Isystem /Applications/Xcode-27.0.0.app/Contents/Developer/Platforms/WatchOS.platform/Developer/usr/lib -F /Users/admin/builder/spi-builder-workspace/.derivedData/Build/Products/Debug-watchos -F /Applications/Xcode-27.0.0.app/Contents/Developer/Platforms/WatchOS.platform/Developer/Library/Frameworks -F /Applications/Xcode-27.0.0.app/Contents/Developer/Platforms/WatchOS.platform/Developer/SDKs/WatchOS27.0.sdk/Developer/Library/Frameworks -c -j10 -enable-batch-mode -incremental -Xcc -ivfsstatcache -Xcc /Users/admin/builder/spi-builder-workspace/.derivedData/SDKStatCaches.noindex/watchos27.0-24R360-e829b21a6f8c9b70876ba0858053c044b9db9bc9c079ee3c7b5f3373b13d10bc.sdkstatcache -output-file-map /Users/admin/builder/spi-builder-workspace/.derivedData/Build/Intermediates.noindex/EnoughUI.build/Debug-watchos/EnoughUI-t.build/Objects-normal/arm64/EnoughUI-OutputFileMap.json -save-temps -no-color-diagnostics -explicit-module-build -module-cache-path /Users/admin/builder/spi-builder-workspace/.derivedData/Build/Intermediates.noindex/SwiftExplicitPrecompiledModules -clang-scanner-module-cache-path /Users/admin/builder/spi-builder-workspace/.derivedData/ModuleCache.noindex -sdk-module-cache-path /Users/admin/builder/spi-builder-workspace/.derivedData/SDKExplicitPrecompiledModules -emit-dependencies -emit-module -emit-module-path /Users/admin/builder/spi-builder-workspace/.derivedData/Build/Intermediates.noindex/EnoughUI.build/Debug-watchos/EnoughUI-t.build/Objects-normal/arm64/EnoughUI.swiftmodule -serialize-diagnostics -dependency-scan-serialize-diagnostics-path /Users/admin/builder/spi-builder-workspace/.derivedData/Build/Intermediates.noindex/EnoughUI.build/Debug-watchos/EnoughUI-t.build/Objects-normal/arm64/EnoughUI-dependency-scan.dia -validate-clang-modules-once -clang-build-session-file /Users/admin/builder/spi-builder-workspace/.derivedData/ModuleCache.noindex/Session.modulevalidation -Xcc -fmodules-prune-interval\=86400 -Xcc -fmodules-prune-after\=345600 -package-name spi_builder_workspace -emit-const-values -const-gather-protocols-list /Users/admin/builder/spi-builder-workspace/.derivedData/Build/Intermediates.noindex/EnoughUI.build/Debug-watchos/EnoughUI-t.build/Objects-normal/arm64/EnoughUI_const_extract_protocols.json -Xcc -I/Users/admin/builder/spi-builder-workspace/.derivedData/Build/Products/Debug-watchos/include -Xcc -I/Users/admin/builder/spi-builder-workspace/.derivedData/Build/Intermediates.noindex/EnoughUI.build/Debug-watchos/EnoughUI-t.build/DerivedSources-normal/arm64 -Xcc -I/Users/admin/builder/spi-builder-workspace/.derivedData/Build/Intermediates.noindex/EnoughUI.build/Debug-watchos/EnoughUI-t.build/DerivedSources/arm64 -Xcc -I/Users/admin/builder/spi-builder-workspace/.derivedData/Build/Intermediates.noindex/EnoughUI.build/Debug-watchos/EnoughUI-t.build/DerivedSources -Xcc -DSWIFT_PACKAGE -Xcc -DDEBUG\=1 -emit-objc-header -emit-objc-header-path /Users/admin/builder/spi-builder-workspace/.derivedData/Build/Intermediates.noindex/EnoughUI.build/Debug-watchos/EnoughUI-t.build/Objects-normal/arm64/EnoughUI-Swift.h -working-directory /Users/admin/builder/spi-builder-workspace/.swiftpm/xcode -experimental-emit-module-separately -disable-cmo
SwiftCompile normal arm64 Compiling\ Forms.swift /Users/admin/builder/spi-builder-workspace/packages/swift/Sources/EnoughUI/Forms.swift (in target 'EnoughUI' from project 'EnoughUI')
SwiftCompile normal arm64 /Users/admin/builder/spi-builder-workspace/packages/swift/Sources/EnoughUI/Forms.swift (in target 'EnoughUI' from project 'EnoughUI')
    cd /Users/admin/builder/spi-builder-workspace/.swiftpm/xcode
    builtin-SwiftPerFileCompile Forms.swift
/Users/admin/builder/spi-builder-workspace/packages/swift/Sources/EnoughUI/Forms.swift:182:29: error: 'DatePickerComponents' is only available in watchOS 10.0 or newer
177 |     }
178 | }
179 | public struct EnoughDatePicker: View {
    |               `- note: add '@available' attribute to enclosing struct
180 |     private let title: LocalizedStringKey
181 |     private let range: ClosedRange<Date>
182 |     private let components: DatePickerComponents
    |                             `- error: 'DatePickerComponents' is only available in watchOS 10.0 or newer
183 |     @Binding private var selection: Date
184 |     @Environment(\.enoughTheme) private var theme
/Users/admin/builder/spi-builder-workspace/packages/swift/Sources/EnoughUI/Forms.swift:187:38: error: 'DatePickerComponents' is only available in watchOS 10.0 or newer
177 |     }
178 | }
179 | public struct EnoughDatePicker: View {
    |               `- note: add '@available' attribute to enclosing struct
180 |     private let title: LocalizedStringKey
181 |     private let range: ClosedRange<Date>
    :
183 |     @Binding private var selection: Date
184 |     @Environment(\.enoughTheme) private var theme
185 |     public init(_ title: LocalizedStringKey, selection: Binding<Date>,
    |            `- note: add '@available' attribute to enclosing initializer
186 |                 in range: ClosedRange<Date> = Date.distantPast...Date.distantFuture,
187 |                 displayedComponents: DatePickerComponents = [.date]) {
    |                                      `- error: 'DatePickerComponents' is only available in watchOS 10.0 or newer
188 |         self.title = title; _selection = selection; self.range = range; self.components = displayedComponents
189 |     }
/Users/admin/builder/spi-builder-workspace/packages/swift/Sources/EnoughUI/Forms.swift:63:9: error: 'TextEditor' is unavailable in watchOS
 61 |     }
 62 |     public var body: some View {
 63 |         TextEditor(text: $text).font(theme.font()).scrollContentBackground(.hidden)
    |         `- error: 'TextEditor' is unavailable in watchOS
 64 |             .padding(8).frame(minHeight: minimumHeight).background(theme.surface)
 65 |             .overlay(Rectangle().strokeBorder(theme.hairline)).accessibilityLabel(Text(title))
SwiftUI.TextEditor:4:27: note: 'TextEditor' has been explicitly marked unavailable here
 2 | @available(tvOS, unavailable)
 3 | @available(watchOS, unavailable)
 4 | nonisolated public struct TextEditor : View, ~Sendable {
   |                           `- note: 'TextEditor' has been explicitly marked unavailable here
 5 |     nonisolated public init(text: Binding<String>)
 6 |     @available(iOS 18.0, macOS 15.0, visionOS 2.0, *)
/Users/admin/builder/spi-builder-workspace/packages/swift/Sources/EnoughUI/Forms.swift:130:71: error: 'menu' is unavailable in watchOS
128 |     }
129 |     public var body: some View {
130 |         Picker(title, selection: $selection) { content }.pickerStyle(.menu)
    |                                                                       `- error: 'menu' is unavailable in watchOS
131 |             .font(theme.font()).tint(theme.accent)
132 |     }
SwiftUI.PickerStyle.menu:2:43: note: 'menu' has been explicitly marked unavailable here
1 | protocol PickerStyle {
2 | @export(implementation) public static var menu: MenuPickerStyle { get }}
  |                                           `- note: 'menu' has been explicitly marked unavailable here
3 |
/Users/admin/builder/spi-builder-workspace/packages/swift/Sources/EnoughUI/Forms.swift:141:96: error: 'segmented' is unavailable in watchOS
139 |         self.title = title; _selection = selection; self.content = content()
140 |     }
141 |     public var body: some View { Picker(title, selection: $selection) { content }.pickerStyle(.segmented) }
    |                                                                                                `- error: 'segmented' is unavailable in watchOS
142 | }
143 | public struct EnoughRadioGroup<Selection: Hashable, Content: View>: View {
SwiftUI.PickerStyle.segmented:2:43: note: 'segmented' has been explicitly marked unavailable here
1 | protocol PickerStyle {
2 | @export(implementation) public static var segmented: SegmentedPickerStyle { get }}
  |                                           `- note: 'segmented' has been explicitly marked unavailable here
3 |
/Users/admin/builder/spi-builder-workspace/packages/swift/Sources/EnoughUI/Forms.swift:191:9: error: 'DatePicker' is only available in watchOS 10.0 or newer
177 |     }
178 | }
179 | public struct EnoughDatePicker: View {
    |               `- note: add '@available' attribute to enclosing struct
180 |     private let title: LocalizedStringKey
181 |     private let range: ClosedRange<Date>
    :
188 |         self.title = title; _selection = selection; self.range = range; self.components = displayedComponents
189 |     }
190 |     public var body: some View {
    |                `- note: add '@available' attribute to enclosing property
191 |         DatePicker(title, selection: $selection, in: range, displayedComponents: components).tint(theme.accent)
    |         |- error: 'DatePicker' is only available in watchOS 10.0 or newer
    |         `- note: add 'if #available' version check
192 |     }
193 | }
SwiftCompile normal arm64 Compiling\ Actions.swift /Users/admin/builder/spi-builder-workspace/packages/swift/Sources/EnoughUI/Actions.swift (in target 'EnoughUI' from project 'EnoughUI')
SwiftCompile normal arm64 /Users/admin/builder/spi-builder-workspace/packages/swift/Sources/EnoughUI/Actions.swift (in target 'EnoughUI' from project 'EnoughUI')
    cd /Users/admin/builder/spi-builder-workspace/.swiftpm/xcode
    builtin-SwiftPerFileCompile Actions.swift
/Users/admin/builder/spi-builder-workspace/packages/swift/Sources/EnoughUI/Actions.swift:98:34: error: 'Menu' is unavailable in watchOS
 96 |         self.label = label(); self.content = content()
 97 |     }
 98 |     public var body: some View { Menu { content } label: { label }.buttonStyle(EnoughButtonStyle()) }
    |                                  `- error: 'Menu' is unavailable in watchOS
 99 | }
100 |
SwiftUI.Menu:3:27: note: 'Menu' has been explicitly marked unavailable here
1 | @available(iOS 14.0, macOS 11.0, tvOS 17.0, *)
2 | @available(watchOS, unavailable)
3 | nonisolated public struct Menu<Label, Content> : View, ~Sendable where Label : View, Content : View {
  |                           `- note: 'Menu' has been explicitly marked unavailable here
4 |     nonisolated public var body: some View { get }
5 |     @available(macOS 11.0, iOS 14.0, tvOS 17.0, *)
SwiftCompile normal arm64 Compiling\ Palette.swift /Users/admin/builder/spi-builder-workspace/packages/swift/Sources/EnoughUI/Palette.swift (in target 'EnoughUI' from project 'EnoughUI')
SwiftCompile normal arm64 /Users/admin/builder/spi-builder-workspace/packages/swift/Sources/EnoughUI/Palette.swift (in target 'EnoughUI' from project 'EnoughUI')
    cd /Users/admin/builder/spi-builder-workspace/.swiftpm/xcode
    builtin-SwiftPerFileCompile Palette.swift
SwiftCompile normal arm64 Compiling\ Presentation.swift /Users/admin/builder/spi-builder-workspace/packages/swift/Sources/EnoughUI/Presentation.swift (in target 'EnoughUI' from project 'EnoughUI')
SwiftCompile normal arm64 /Users/admin/builder/spi-builder-workspace/packages/swift/Sources/EnoughUI/Presentation.swift (in target 'EnoughUI' from project 'EnoughUI')
    cd /Users/admin/builder/spi-builder-workspace/.swiftpm/xcode
    builtin-SwiftPerFileCompile Presentation.swift
SwiftCompile normal arm64 Compiling\ Selection.swift /Users/admin/builder/spi-builder-workspace/packages/swift/Sources/EnoughUI/Selection.swift (in target 'EnoughUI' from project 'EnoughUI')
SwiftCompile normal arm64 /Users/admin/builder/spi-builder-workspace/packages/swift/Sources/EnoughUI/Selection.swift (in target 'EnoughUI' from project 'EnoughUI')
    cd /Users/admin/builder/spi-builder-workspace/.swiftpm/xcode
    builtin-SwiftPerFileCompile Selection.swift
SwiftCompile normal arm64 Compiling\ Layout.swift /Users/admin/builder/spi-builder-workspace/packages/swift/Sources/EnoughUI/Layout.swift (in target 'EnoughUI' from project 'EnoughUI')
/Users/admin/builder/spi-builder-workspace/packages/swift/Sources/EnoughUI/Layout.swift:12:9: error: 'DisclosureGroup' is unavailable in watchOS
 10 |     }
 11 |     public var body: some View {
 12 |         DisclosureGroup(isExpanded: $isExpanded) { content.padding(.vertical, 10) } label: { label }
    |         `- error: 'DisclosureGroup' is unavailable in watchOS
 13 |             .tint(theme.accent).padding(14).background(theme.surface)
 14 |             .overlay(Rectangle().strokeBorder(theme.hairline))
SwiftUI.DisclosureGroup:4:27: note: 'DisclosureGroup' has been explicitly marked unavailable here
 2 | @available(tvOS, unavailable)
 3 | @available(watchOS, unavailable)
 4 | nonisolated public struct DisclosureGroup<Label, Content> : View, ~Sendable where Label : View, Content : View {
   |                           `- note: 'DisclosureGroup' has been explicitly marked unavailable here
 5 |     nonisolated public init(@ContentBuilder content: @escaping () -> Content, @ContentBuilder label: () -> Label)
 6 |     nonisolated public init(isExpanded: Binding<Bool>, @ContentBuilder content: @escaping () -> Content, @ContentBuilder label: () -> Label)
SwiftCompile normal arm64 /Users/admin/builder/spi-builder-workspace/packages/swift/Sources/EnoughUI/Layout.swift (in target 'EnoughUI' from project 'EnoughUI')
    cd /Users/admin/builder/spi-builder-workspace/.swiftpm/xcode
    builtin-SwiftPerFileCompile Layout.swift
SwiftCompile normal arm64 Compiling\ Theme.swift /Users/admin/builder/spi-builder-workspace/packages/swift/Sources/EnoughUI/Theme.swift (in target 'EnoughUI' from project 'EnoughUI')
SwiftCompile normal arm64 /Users/admin/builder/spi-builder-workspace/packages/swift/Sources/EnoughUI/Theme.swift (in target 'EnoughUI' from project 'EnoughUI')
    cd /Users/admin/builder/spi-builder-workspace/.swiftpm/xcode
    builtin-SwiftPerFileCompile Theme.swift
SwiftEmitModule normal arm64 Emitting\ module\ for\ EnoughUI (in target 'EnoughUI' from project 'EnoughUI')
/Users/admin/builder/spi-builder-workspace/packages/swift/Sources/EnoughUI/Forms.swift:182:29: error: 'DatePickerComponents' is only available in watchOS 10.0 or newer
177 |     }
178 | }
179 | public struct EnoughDatePicker: View {
    |               `- note: add '@available' attribute to enclosing struct
180 |     private let title: LocalizedStringKey
181 |     private let range: ClosedRange<Date>
182 |     private let components: DatePickerComponents
    |                             `- error: 'DatePickerComponents' is only available in watchOS 10.0 or newer
183 |     @Binding private var selection: Date
184 |     @Environment(\.enoughTheme) private var theme
/Users/admin/builder/spi-builder-workspace/packages/swift/Sources/EnoughUI/Forms.swift:187:38: error: 'DatePickerComponents' is only available in watchOS 10.0 or newer
177 |     }
178 | }
179 | public struct EnoughDatePicker: View {
    |               `- note: add '@available' attribute to enclosing struct
180 |     private let title: LocalizedStringKey
181 |     private let range: ClosedRange<Date>
    :
183 |     @Binding private var selection: Date
184 |     @Environment(\.enoughTheme) private var theme
185 |     public init(_ title: LocalizedStringKey, selection: Binding<Date>,
    |            `- note: add '@available' attribute to enclosing initializer
186 |                 in range: ClosedRange<Date> = Date.distantPast...Date.distantFuture,
187 |                 displayedComponents: DatePickerComponents = [.date]) {
    |                                      `- error: 'DatePickerComponents' is only available in watchOS 10.0 or newer
188 |         self.title = title; _selection = selection; self.range = range; self.components = displayedComponents
189 |     }
Failed frontend command:
/Applications/Xcode-27.0.0.app/Contents/Developer/Toolchains/XcodeDefault.xctoolchain/usr/bin/swift-frontend -frontend -emit-module -experimental-skip-non-inlinable-function-bodies-without-types /Users/admin/builder/spi-builder-workspace/packages/swift/Sources/EnoughUI/Actions.swift /Users/admin/builder/spi-builder-workspace/packages/swift/Sources/EnoughUI/Forms.swift /Users/admin/builder/spi-builder-workspace/packages/swift/Sources/EnoughUI/Layout.swift /Users/admin/builder/spi-builder-workspace/packages/swift/Sources/EnoughUI/Palette.swift /Users/admin/builder/spi-builder-workspace/packages/swift/Sources/EnoughUI/Presentation.swift /Users/admin/builder/spi-builder-workspace/packages/swift/Sources/EnoughUI/Selection.swift /Users/admin/builder/spi-builder-workspace/packages/swift/Sources/EnoughUI/Theme.swift -target arm64-apple-watchos9.0 -disable-cross-import-overlay-search -load-resolved-plugin /Applications/Xcode-27.0.0.app/Contents/Developer/Platforms/WatchOS.platform/Developer/usr/lib/swift/host/plugins/libFoundationMacros.dylib\#/Applications/Xcode-27.0.0.app/Contents/Developer/Platforms/WatchOS.platform/Developer/usr/bin/swift-plugin-server\#FoundationMacros -load-resolved-plugin /Applications/Xcode-27.0.0.app/Contents/Developer/Platforms/WatchOS.platform/Developer/usr/lib/swift/host/plugins/libObservationMacros.dylib\#/Applications/Xcode-27.0.0.app/Contents/Developer/Platforms/WatchOS.platform/Developer/usr/bin/swift-plugin-server\#ObservationMacros -load-resolved-plugin /Applications/Xcode-27.0.0.app/Contents/Developer/Platforms/WatchOS.platform/Developer/usr/lib/swift/host/plugins/libPreviewsMacros.dylib\#/Applications/Xcode-27.0.0.app/Contents/Developer/Platforms/WatchOS.platform/Developer/usr/bin/swift-plugin-server\#PreviewsMacros -load-resolved-plugin /Applications/Xcode-27.0.0.app/Contents/Developer/Platforms/WatchOS.platform/Developer/usr/lib/swift/host/plugins/libSwiftMacros.dylib\#/Applications/Xcode-27.0.0.app/Contents/Developer/Platforms/WatchOS.platform/Developer/usr/bin/swift-plugin-server\#SwiftMacros -load-resolved-plugin /Applications/Xcode-27.0.0.app/Contents/Developer/Platforms/WatchOS.platform/Developer/usr/lib/swift/host/plugins/libSwiftUIMacros.dylib\#/Applications/Xcode-27.0.0.app/Contents/Developer/Platforms/WatchOS.platform/Developer/usr/bin/swift-plugin-server\#SwiftUIMacros -disable-implicit-swift-modules -Xcc -fno-implicit-modules -Xcc -fno-implicit-module-maps -explicit-swift-module-map-file /Users/admin/builder/spi-builder-workspace/.derivedData/Build/Intermediates.noindex/EnoughUI.build/Debug-watchos/EnoughUI-t.build/Objects-normal/arm64/EnoughUI-dependencies-2.json -Xllvm -aarch64-use-tbi -enable-objc-interop -stack-check -sdk /Applications/Xcode-27.0.0.app/Contents/Developer/Platforms/WatchOS.platform/Developer/SDKs/WatchOS27.0.sdk -I /Users/admin/builder/spi-builder-workspace/.derivedData/Build/Products/Debug-watchos -Isystem /Applications/Xcode-27.0.0.app/Contents/Developer/Platforms/WatchOS.platform/Developer/usr/lib -F /Users/admin/builder/spi-builder-workspace/.derivedData/Build/Products/Debug-watchos -F /Applications/Xcode-27.0.0.app/Contents/Developer/Platforms/WatchOS.platform/Developer/Library/Frameworks -F /Applications/Xcode-27.0.0.app/Contents/Developer/Platforms/WatchOS.platform/Developer/SDKs/WatchOS27.0.sdk/Developer/Library/Frameworks -module-cache-path /Users/admin/builder/spi-builder-workspace/.derivedData/Build/Intermediates.noindex/SwiftExplicitPrecompiledModules -no-color-diagnostics -Xcc -fno-color-diagnostics -enable-testing -g -debug-info-format\=dwarf -dwarf-version\=4 -profile-generate -profile-coverage-mapping -swift-version 5 -Onone -D SWIFT_PACKAGE -D DEBUG -D SWIFT_MODULE_RESOURCE_BUNDLE_UNAVAILABLE -D Xcode -serialize-debugging-options -enable-experimental-feature DebugDescriptionMacro -empty-abi-descriptor -validate-clang-modules-once -clang-build-session-file /Users/admin/builder/spi-builder-workspace/.derivedData/ModuleCache.noindex/Session.modulevalidation -Xcc -working-directory -Xcc /Users/admin/builder/spi-builder-workspace/.swiftpm/xcode -enable-anonymous-context-mangled-names -file-compilation-dir /Users/admin/builder/spi-builder-workspace/.swiftpm/xcode -Xcc -D_LIBCPP_HARDENING_MODE\=_LIBCPP_HARDENING_MODE_DEBUG -Xcc -ivfsstatcache -Xcc /Users/admin/builder/spi-builder-workspace/.derivedData/SDKStatCaches.noindex/watchos27.0-24R360-e829b21a6f8c9b70876ba0858053c044b9db9bc9c079ee3c7b5f3373b13d10bc.sdkstatcache -Xcc -fmodules-prune-interval\=86400 -Xcc -fmodules-prune-after\=345600 -Xcc -I/Users/admin/builder/spi-builder-workspace/.derivedData/Build/Products/Debug-watchos/include -Xcc -I/Users/admin/builder/spi-builder-workspace/.derivedData/Build/Intermediates.noindex/EnoughUI.build/Debug-watchos/EnoughUI-t.build/DerivedSources-normal/arm64 -Xcc -I/Users/admin/builder/spi-builder-workspace/.derivedData/Build/Intermediates.noindex/EnoughUI.build/Debug-watchos/EnoughUI-t.build/DerivedSources/arm64 -Xcc -I/Users/admin/builder/spi-builder-workspace/.derivedData/Build/Intermediates.noindex/EnoughUI.build/Debug-watchos/EnoughUI-t.build/DerivedSources -Xcc -DSWIFT_PACKAGE -Xcc -DDEBUG\=1 -no-auto-bridging-header-chaining -module-name EnoughUI -package-name spi_builder_workspace -const-gather-protocols-file /Users/admin/builder/spi-builder-workspace/.derivedData/Build/Intermediates.noindex/EnoughUI.build/Debug-watchos/EnoughUI-t.build/Objects-normal/arm64/EnoughUI_const_extract_protocols.json -disable-clang-spi -clang-target arm64-apple-watchos27.0 -target-sdk-version 27.0 -target-sdk-name watchos27.0 -in-process-plugin-server-path /Applications/Xcode-27.0.0.app/Contents/Developer/Toolchains/XcodeDefault.xctoolchain/usr/lib/swift/host/libSwiftInProcPluginServer.dylib -emit-module-doc-path /Users/admin/builder/spi-builder-workspace/.derivedData/Build/Intermediates.noindex/EnoughUI.build/Debug-watchos/EnoughUI-t.build/Objects-normal/arm64/EnoughUI.swiftdoc -emit-module-source-info-path /Users/admin/builder/spi-builder-workspace/.derivedData/Build/Intermediates.noindex/EnoughUI.build/Debug-watchos/EnoughUI-t.build/Objects-normal/arm64/EnoughUI.swiftsourceinfo -emit-objc-header-path /Users/admin/builder/spi-builder-workspace/.derivedData/Build/Intermediates.noindex/EnoughUI.build/Debug-watchos/EnoughUI-t.build/Objects-normal/arm64/EnoughUI-Swift.h -serialize-diagnostics-path /Users/admin/builder/spi-builder-workspace/.derivedData/Build/Intermediates.noindex/EnoughUI.build/Debug-watchos/EnoughUI-t.build/Objects-normal/arm64/EnoughUI-primary-emit-module.dia -emit-dependencies-path /Users/admin/builder/spi-builder-workspace/.derivedData/Build/Intermediates.noindex/EnoughUI.build/Debug-watchos/EnoughUI-t.build/Objects-normal/arm64/EnoughUI-primary-emit-module.d -parse-as-library -o /Users/admin/builder/spi-builder-workspace/.derivedData/Build/Intermediates.noindex/EnoughUI.build/Debug-watchos/EnoughUI-t.build/Objects-normal/arm64/EnoughUI.swiftmodule -emit-abi-descriptor-path /Users/admin/builder/spi-builder-workspace/.derivedData/Build/Intermediates.noindex/EnoughUI.build/Debug-watchos/EnoughUI-t.build/Objects-normal/arm64/EnoughUI.abi.json
SwiftCompile normal arm64 (in target 'EnoughUI' from project 'EnoughUI')
    cd /Users/admin/builder/spi-builder-workspace/.swiftpm/xcode

SwiftEmitModule normal arm64_32 Emitting\ module\ for\ EnoughUI (in target 'EnoughUI' from project 'EnoughUI')
/Users/admin/builder/spi-builder-workspace/packages/swift/Sources/EnoughUI/Forms.swift:182:29: error: 'DatePickerComponents' is only available in watchOS 10.0 or newer
177 |     }
178 | }
179 | public struct EnoughDatePicker: View {
    |               `- note: add '@available' attribute to enclosing struct
180 |     private let title: LocalizedStringKey
181 |     private let range: ClosedRange<Date>
182 |     private let components: DatePickerComponents
    |                             `- error: 'DatePickerComponents' is only available in watchOS 10.0 or newer
183 |     @Binding private var selection: Date
184 |     @Environment(\.enoughTheme) private var theme
/Users/admin/builder/spi-builder-workspace/packages/swift/Sources/EnoughUI/Forms.swift:187:38: error: 'DatePickerComponents' is only available in watchOS 10.0 or newer
177 |     }
178 | }
179 | public struct EnoughDatePicker: View {
    |               `- note: add '@available' attribute to enclosing struct
180 |     private let title: LocalizedStringKey
181 |     private let range: ClosedRange<Date>
    :
183 |     @Binding private var selection: Date
184 |     @Environment(\.enoughTheme) private var theme
185 |     public init(_ title: LocalizedStringKey, selection: Binding<Date>,
    |            `- note: add '@available' attribute to enclosing initializer
186 |                 in range: ClosedRange<Date> = Date.distantPast...Date.distantFuture,
187 |                 displayedComponents: DatePickerComponents = [.date]) {
    |                                      `- error: 'DatePickerComponents' is only available in watchOS 10.0 or newer
188 |         self.title = title; _selection = selection; self.range = range; self.components = displayedComponents
189 |     }
Failed frontend command:
/Applications/Xcode-27.0.0.app/Contents/Developer/Toolchains/XcodeDefault.xctoolchain/usr/bin/swift-frontend -frontend -emit-module -experimental-skip-non-inlinable-function-bodies-without-types /Users/admin/builder/spi-builder-workspace/packages/swift/Sources/EnoughUI/Actions.swift /Users/admin/builder/spi-builder-workspace/packages/swift/Sources/EnoughUI/Forms.swift /Users/admin/builder/spi-builder-workspace/packages/swift/Sources/EnoughUI/Layout.swift /Users/admin/builder/spi-builder-workspace/packages/swift/Sources/EnoughUI/Palette.swift /Users/admin/builder/spi-builder-workspace/packages/swift/Sources/EnoughUI/Presentation.swift /Users/admin/builder/spi-builder-workspace/packages/swift/Sources/EnoughUI/Selection.swift /Users/admin/builder/spi-builder-workspace/packages/swift/Sources/EnoughUI/Theme.swift -target arm64_32-apple-watchos9.0 -disable-cross-import-overlay-search -load-resolved-plugin /Applications/Xcode-27.0.0.app/Contents/Developer/Platforms/WatchOS.platform/Developer/usr/lib/swift/host/plugins/libFoundationMacros.dylib\#/Applications/Xcode-27.0.0.app/Contents/Developer/Platforms/WatchOS.platform/Developer/usr/bin/swift-plugin-server\#FoundationMacros -load-resolved-plugin /Applications/Xcode-27.0.0.app/Contents/Developer/Platforms/WatchOS.platform/Developer/usr/lib/swift/host/plugins/libObservationMacros.dylib\#/Applications/Xcode-27.0.0.app/Contents/Developer/Platforms/WatchOS.platform/Developer/usr/bin/swift-plugin-server\#ObservationMacros -load-resolved-plugin /Applications/Xcode-27.0.0.app/Contents/Developer/Platforms/WatchOS.platform/Developer/usr/lib/swift/host/plugins/libPreviewsMacros.dylib\#/Applications/Xcode-27.0.0.app/Contents/Developer/Platforms/WatchOS.platform/Developer/usr/bin/swift-plugin-server\#PreviewsMacros -load-resolved-plugin /Applications/Xcode-27.0.0.app/Contents/Developer/Platforms/WatchOS.platform/Developer/usr/lib/swift/host/plugins/libSwiftMacros.dylib\#/Applications/Xcode-27.0.0.app/Contents/Developer/Platforms/WatchOS.platform/Developer/usr/bin/swift-plugin-server\#SwiftMacros -load-resolved-plugin /Applications/Xcode-27.0.0.app/Contents/Developer/Platforms/WatchOS.platform/Developer/usr/lib/swift/host/plugins/libSwiftUIMacros.dylib\#/Applications/Xcode-27.0.0.app/Contents/Developer/Platforms/WatchOS.platform/Developer/usr/bin/swift-plugin-server\#SwiftUIMacros -disable-implicit-swift-modules -Xcc -fno-implicit-modules -Xcc -fno-implicit-module-maps -explicit-swift-module-map-file /Users/admin/builder/spi-builder-workspace/.derivedData/Build/Intermediates.noindex/EnoughUI.build/Debug-watchos/EnoughUI-t.build/Objects-normal/arm64_32/EnoughUI-dependencies-1.json -enable-objc-interop -sdk /Applications/Xcode-27.0.0.app/Contents/Developer/Platforms/WatchOS.platform/Developer/SDKs/WatchOS27.0.sdk -I /Users/admin/builder/spi-builder-workspace/.derivedData/Build/Products/Debug-watchos -Isystem /Applications/Xcode-27.0.0.app/Contents/Developer/Platforms/WatchOS.platform/Developer/usr/lib -F /Users/admin/builder/spi-builder-workspace/.derivedData/Build/Products/Debug-watchos -F /Applications/Xcode-27.0.0.app/Contents/Developer/Platforms/WatchOS.platform/Developer/Library/Frameworks -F /Applications/Xcode-27.0.0.app/Contents/Developer/Platforms/WatchOS.platform/Developer/SDKs/WatchOS27.0.sdk/Developer/Library/Frameworks -module-cache-path /Users/admin/builder/spi-builder-workspace/.derivedData/Build/Intermediates.noindex/SwiftExplicitPrecompiledModules -no-color-diagnostics -Xcc -fno-color-diagnostics -enable-testing -g -debug-info-format\=dwarf -dwarf-version\=4 -profile-generate -profile-coverage-mapping -swift-version 5 -Onone -D SWIFT_PACKAGE -D DEBUG -D SWIFT_MODULE_RESOURCE_BUNDLE_UNAVAILABLE -D Xcode -serialize-debugging-options -enable-experimental-feature DebugDescriptionMacro -empty-abi-descriptor -validate-clang-modules-once -clang-build-session-file /Users/admin/builder/spi-builder-workspace/.derivedData/ModuleCache.noindex/Session.modulevalidation -Xcc -working-directory -Xcc /Users/admin/builder/spi-builder-workspace/.swiftpm/xcode -enable-anonymous-context-mangled-names -file-compilation-dir /Users/admin/builder/spi-builder-workspace/.swiftpm/xcode -Xcc -D_LIBCPP_HARDENING_MODE\=_LIBCPP_HARDENING_MODE_DEBUG -Xcc -ivfsstatcache -Xcc /Users/admin/builder/spi-builder-workspace/.derivedData/SDKStatCaches.noindex/watchos27.0-24R360-e829b21a6f8c9b70876ba0858053c044b9db9bc9c079ee3c7b5f3373b13d10bc.sdkstatcache -Xcc -fmodules-prune-interval\=86400 -Xcc -fmodules-prune-after\=345600 -Xcc -I/Users/admin/builder/spi-builder-workspace/.derivedData/Build/Products/Debug-watchos/include -Xcc -I/Users/admin/builder/spi-builder-workspace/.derivedData/Build/Intermediates.noindex/EnoughUI.build/Debug-watchos/EnoughUI-t.build/DerivedSources-normal/arm64_32 -Xcc -I/Users/admin/builder/spi-builder-workspace/.derivedData/Build/Intermediates.noindex/EnoughUI.build/Debug-watchos/EnoughUI-t.build/DerivedSources/arm64_32 -Xcc -I/Users/admin/builder/spi-builder-workspace/.derivedData/Build/Intermediates.noindex/EnoughUI.build/Debug-watchos/EnoughUI-t.build/DerivedSources -Xcc -DSWIFT_PACKAGE -Xcc -DDEBUG\=1 -no-auto-bridging-header-chaining -module-name EnoughUI -package-name spi_builder_workspace -const-gather-protocols-file /Users/admin/builder/spi-builder-workspace/.derivedData/Build/Intermediates.noindex/EnoughUI.build/Debug-watchos/EnoughUI-t.build/Objects-normal/arm64_32/EnoughUI_const_extract_protocols.json -disable-clang-spi -clang-target arm64_32-apple-watchos27.0 -target-sdk-version 27.0 -target-sdk-name watchos27.0 -in-process-plugin-server-path /Applications/Xcode-27.0.0.app/Contents/Developer/Toolchains/XcodeDefault.xctoolchain/usr/lib/swift/host/libSwiftInProcPluginServer.dylib -emit-module-doc-path /Users/admin/builder/spi-builder-workspace/.derivedData/Build/Intermediates.noindex/EnoughUI.build/Debug-watchos/EnoughUI-t.build/Objects-normal/arm64_32/EnoughUI.swiftdoc -emit-module-source-info-path /Users/admin/builder/spi-builder-workspace/.derivedData/Build/Intermediates.noindex/EnoughUI.build/Debug-watchos/EnoughUI-t.build/Objects-normal/arm64_32/EnoughUI.swiftsourceinfo -emit-objc-header-path /Users/admin/builder/spi-builder-workspace/.derivedData/Build/Intermediates.noindex/EnoughUI.build/Debug-watchos/EnoughUI-t.build/Objects-normal/arm64_32/EnoughUI-Swift.h -serialize-diagnostics-path /Users/admin/builder/spi-builder-workspace/.derivedData/Build/Intermediates.noindex/EnoughUI.build/Debug-watchos/EnoughUI-t.build/Objects-normal/arm64_32/EnoughUI-primary-emit-module.dia -emit-dependencies-path /Users/admin/builder/spi-builder-workspace/.derivedData/Build/Intermediates.noindex/EnoughUI.build/Debug-watchos/EnoughUI-t.build/Objects-normal/arm64_32/EnoughUI-primary-emit-module.d -parse-as-library -o /Users/admin/builder/spi-builder-workspace/.derivedData/Build/Intermediates.noindex/EnoughUI.build/Debug-watchos/EnoughUI-t.build/Objects-normal/arm64_32/EnoughUI.swiftmodule -emit-abi-descriptor-path /Users/admin/builder/spi-builder-workspace/.derivedData/Build/Intermediates.noindex/EnoughUI.build/Debug-watchos/EnoughUI-t.build/Objects-normal/arm64_32/EnoughUI.abi.json
SwiftCompile normal arm64_32 (in target 'EnoughUI' from project 'EnoughUI')
    cd /Users/admin/builder/spi-builder-workspace/.swiftpm/xcode

SwiftCompile normal arm64_32 Compiling\ Actions.swift /Users/admin/builder/spi-builder-workspace/packages/swift/Sources/EnoughUI/Actions.swift (in target 'EnoughUI' from project 'EnoughUI')
/Users/admin/builder/spi-builder-workspace/packages/swift/Sources/EnoughUI/Actions.swift:98:34: error: 'Menu' is unavailable in watchOS
 96 |         self.label = label(); self.content = content()
 97 |     }
 98 |     public var body: some View { Menu { content } label: { label }.buttonStyle(EnoughButtonStyle()) }
    |                                  `- error: 'Menu' is unavailable in watchOS
 99 | }
100 |
SwiftUI.Menu:3:27: note: 'Menu' has been explicitly marked unavailable here
1 | @available(iOS 14.0, macOS 11.0, tvOS 17.0, *)
2 | @available(watchOS, unavailable)
3 | nonisolated public struct Menu<Label, Content> : View, ~Sendable where Label : View, Content : View {
  |                           `- note: 'Menu' has been explicitly marked unavailable here
4 |     nonisolated public var body: some View { get }
5 |     @available(macOS 11.0, iOS 14.0, tvOS 17.0, *)
SwiftCompile normal arm64_32 /Users/admin/builder/spi-builder-workspace/packages/swift/Sources/EnoughUI/Actions.swift (in target 'EnoughUI' from project 'EnoughUI')
    cd /Users/admin/builder/spi-builder-workspace/.swiftpm/xcode
    builtin-SwiftPerFileCompile Actions.swift
SwiftCompile normal arm64_32 Compiling\ Forms.swift /Users/admin/builder/spi-builder-workspace/packages/swift/Sources/EnoughUI/Forms.swift (in target 'EnoughUI' from project 'EnoughUI')
SwiftCompile normal arm64_32 /Users/admin/builder/spi-builder-workspace/packages/swift/Sources/EnoughUI/Forms.swift (in target 'EnoughUI' from project 'EnoughUI')
    cd /Users/admin/builder/spi-builder-workspace/.swiftpm/xcode
    builtin-SwiftPerFileCompile Forms.swift
PruneExplicitPrecompiledModules /Users/admin/builder/spi-builder-workspace/.derivedData/Build/Intermediates.noindex/SwiftExplicitPrecompiledModules
PruneExplicitPrecompiledModules /Users/admin/builder/spi-builder-workspace/.derivedData/SDKExplicitPrecompiledModules
PruneExplicitPrecompiledModules /Users/admin/builder/spi-builder-workspace/.derivedData/Build/Intermediates.noindex/ExplicitPrecompiledModules
2026-10-09 04:40:48.120 xcodebuild[882:5011] [MT] IDERunDestination: Supported platforms for the buildables in the current scheme is empty.
** BUILD FAILED **
The following build commands failed:
	SwiftEmitModule normal arm64 Emitting\ module\ for\ EnoughUI (in target 'EnoughUI' from project 'EnoughUI')
	SwiftCompile normal arm64 (in target 'EnoughUI' from project 'EnoughUI')
	SwiftEmitModule normal arm64_32 Emitting\ module\ for\ EnoughUI (in target 'EnoughUI' from project 'EnoughUI')
	SwiftCompile normal arm64_32 (in target 'EnoughUI' from project 'EnoughUI')
	Building workspace EnoughUI with scheme EnoughUI
(5 failures)
BUILD FAILURE 6.4 watchOS