The Swift Package Index logo.Swift Package Index

Build Information

Failed to build AblyChat, reference main (5b973e), with Swift 6.2 for visionOS using Xcode 26.3 on 30 Sep 2026 18:32:48 UTC.

Build Command

env DEVELOPER_DIR=/Applications/Xcode-26.3.0.app xcrun xcodebuild -IDEClonedSourcePackagesDirPathOverride=$PWD/.dependencies -skipMacroValidation -skipPackagePluginValidation -derivedDataPath $PWD/.derivedData build -scheme AblyChat-Package -destination generic/platform=xrOS

Build Log

    builtin-copy -exclude .DS_Store -exclude CVS -exclude .svn -exclude .git -exclude .hg -resolve-src-symlinks -rename /Users/admin/builder/spi-builder-workspace/.derivedData/Build/Intermediates.noindex/swift-argument-parser.build/Debug-xros/ArgumentParser.build/Objects-normal/arm64/ArgumentParser.swiftdoc /Users/admin/builder/spi-builder-workspace/.derivedData/Build/Products/Debug-xros/ArgumentParser.swiftmodule/arm64-apple-xros.swiftdoc
Copy /Users/admin/builder/spi-builder-workspace/.derivedData/Build/Products/Debug-xros/ArgumentParser.swiftmodule/arm64-apple-xros.abi.json /Users/admin/builder/spi-builder-workspace/.derivedData/Build/Intermediates.noindex/swift-argument-parser.build/Debug-xros/ArgumentParser.build/Objects-normal/arm64/ArgumentParser.abi.json (in target 'ArgumentParser' from project 'swift-argument-parser')
    cd /Users/admin/builder/spi-builder-workspace/.dependencies/checkouts/swift-argument-parser
    builtin-copy -exclude .DS_Store -exclude CVS -exclude .svn -exclude .git -exclude .hg -resolve-src-symlinks -rename /Users/admin/builder/spi-builder-workspace/.derivedData/Build/Intermediates.noindex/swift-argument-parser.build/Debug-xros/ArgumentParser.build/Objects-normal/arm64/ArgumentParser.abi.json /Users/admin/builder/spi-builder-workspace/.derivedData/Build/Products/Debug-xros/ArgumentParser.swiftmodule/arm64-apple-xros.abi.json
Copy /Users/admin/builder/spi-builder-workspace/.derivedData/Build/Products/Debug-xros/ArgumentParser.swiftmodule/Project/arm64-apple-xros.swiftsourceinfo /Users/admin/builder/spi-builder-workspace/.derivedData/Build/Intermediates.noindex/swift-argument-parser.build/Debug-xros/ArgumentParser.build/Objects-normal/arm64/ArgumentParser.swiftsourceinfo (in target 'ArgumentParser' from project 'swift-argument-parser')
    cd /Users/admin/builder/spi-builder-workspace/.dependencies/checkouts/swift-argument-parser
    builtin-copy -exclude .DS_Store -exclude CVS -exclude .svn -exclude .git -exclude .hg -resolve-src-symlinks -rename /Users/admin/builder/spi-builder-workspace/.derivedData/Build/Intermediates.noindex/swift-argument-parser.build/Debug-xros/ArgumentParser.build/Objects-normal/arm64/ArgumentParser.swiftsourceinfo /Users/admin/builder/spi-builder-workspace/.derivedData/Build/Products/Debug-xros/ArgumentParser.swiftmodule/Project/arm64-apple-xros.swiftsourceinfo
SwiftMergeGeneratedHeaders /Users/admin/builder/spi-builder-workspace/.derivedData/Build/Intermediates.noindex/GeneratedModuleMaps-xros/AblyChat-Swift.h /Users/admin/builder/spi-builder-workspace/.derivedData/Build/Intermediates.noindex/AblyChat.build/Debug-xros/AblyChat.build/Objects-normal/arm64/AblyChat-Swift.h (in target 'AblyChat' from project 'AblyChat')
    cd /Users/admin/builder/spi-builder-workspace
    builtin-swiftHeaderTool -arch arm64 /Users/admin/builder/spi-builder-workspace/.derivedData/Build/Intermediates.noindex/AblyChat.build/Debug-xros/AblyChat.build/Objects-normal/arm64/AblyChat-Swift.h -o /Users/admin/builder/spi-builder-workspace/.derivedData/Build/Intermediates.noindex/GeneratedModuleMaps-xros/AblyChat-Swift.h
Copy /Users/admin/builder/spi-builder-workspace/.derivedData/Build/Products/Debug-xros/AblyChat.swiftmodule/arm64-apple-xros.swiftmodule /Users/admin/builder/spi-builder-workspace/.derivedData/Build/Intermediates.noindex/AblyChat.build/Debug-xros/AblyChat.build/Objects-normal/arm64/AblyChat.swiftmodule (in target 'AblyChat' from project 'AblyChat')
    cd /Users/admin/builder/spi-builder-workspace
    builtin-copy -exclude .DS_Store -exclude CVS -exclude .svn -exclude .git -exclude .hg -resolve-src-symlinks -rename /Users/admin/builder/spi-builder-workspace/.derivedData/Build/Intermediates.noindex/AblyChat.build/Debug-xros/AblyChat.build/Objects-normal/arm64/AblyChat.swiftmodule /Users/admin/builder/spi-builder-workspace/.derivedData/Build/Products/Debug-xros/AblyChat.swiftmodule/arm64-apple-xros.swiftmodule
Copy /Users/admin/builder/spi-builder-workspace/.derivedData/Build/Products/Debug-xros/AblyChat.swiftmodule/arm64-apple-xros.swiftdoc /Users/admin/builder/spi-builder-workspace/.derivedData/Build/Intermediates.noindex/AblyChat.build/Debug-xros/AblyChat.build/Objects-normal/arm64/AblyChat.swiftdoc (in target 'AblyChat' from project 'AblyChat')
    cd /Users/admin/builder/spi-builder-workspace
    builtin-copy -exclude .DS_Store -exclude CVS -exclude .svn -exclude .git -exclude .hg -resolve-src-symlinks -rename /Users/admin/builder/spi-builder-workspace/.derivedData/Build/Intermediates.noindex/AblyChat.build/Debug-xros/AblyChat.build/Objects-normal/arm64/AblyChat.swiftdoc /Users/admin/builder/spi-builder-workspace/.derivedData/Build/Products/Debug-xros/AblyChat.swiftmodule/arm64-apple-xros.swiftdoc
Copy /Users/admin/builder/spi-builder-workspace/.derivedData/Build/Products/Debug-xros/AblyChat.swiftmodule/arm64-apple-xros.abi.json /Users/admin/builder/spi-builder-workspace/.derivedData/Build/Intermediates.noindex/AblyChat.build/Debug-xros/AblyChat.build/Objects-normal/arm64/AblyChat.abi.json (in target 'AblyChat' from project 'AblyChat')
    cd /Users/admin/builder/spi-builder-workspace
    builtin-copy -exclude .DS_Store -exclude CVS -exclude .svn -exclude .git -exclude .hg -resolve-src-symlinks -rename /Users/admin/builder/spi-builder-workspace/.derivedData/Build/Intermediates.noindex/AblyChat.build/Debug-xros/AblyChat.build/Objects-normal/arm64/AblyChat.abi.json /Users/admin/builder/spi-builder-workspace/.derivedData/Build/Products/Debug-xros/AblyChat.swiftmodule/arm64-apple-xros.abi.json
Copy /Users/admin/builder/spi-builder-workspace/.derivedData/Build/Products/Debug-xros/AblyChat.swiftmodule/Project/arm64-apple-xros.swiftsourceinfo /Users/admin/builder/spi-builder-workspace/.derivedData/Build/Intermediates.noindex/AblyChat.build/Debug-xros/AblyChat.build/Objects-normal/arm64/AblyChat.swiftsourceinfo (in target 'AblyChat' from project 'AblyChat')
    cd /Users/admin/builder/spi-builder-workspace
    builtin-copy -exclude .DS_Store -exclude CVS -exclude .svn -exclude .git -exclude .hg -resolve-src-symlinks -rename /Users/admin/builder/spi-builder-workspace/.derivedData/Build/Intermediates.noindex/AblyChat.build/Debug-xros/AblyChat.build/Objects-normal/arm64/AblyChat.swiftsourceinfo /Users/admin/builder/spi-builder-workspace/.derivedData/Build/Products/Debug-xros/AblyChat.swiftmodule/Project/arm64-apple-xros.swiftsourceinfo
SwiftDriver\ Compilation DequeModule normal arm64 com.apple.xcode.tools.swift.compiler (in target 'DequeModule' from project 'swift-collections')
    cd /Users/admin/builder/spi-builder-workspace/.swiftpm/xcode
    builtin-Swift-Compilation -- /Applications/Xcode-26.3.0.app/Contents/Developer/Toolchains/XcodeDefault.xctoolchain/usr/bin/swiftc -module-name DequeModule -Onone -enforce-exclusivity\=checked @/Users/admin/builder/spi-builder-workspace/.derivedData/Build/Intermediates.noindex/swift-collections.build/Debug-xros/DequeModule.build/Objects-normal/arm64/DequeModule.SwiftFileList -DSWIFT_PACKAGE -DDEBUG -DSWIFT_MODULE_RESOURCE_BUNDLE_UNAVAILABLE -DCOLLECTIONS_RANDOMIZED_TESTING -DXcode -plugin-path /Applications/Xcode-26.3.0.app/Contents/Developer/Toolchains/XcodeDefault.xctoolchain/usr/lib/swift/host/plugins/testing -enable-experimental-feature DebugDescriptionMacro -sdk /Applications/Xcode-26.3.0.app/Contents/Developer/Platforms/XROS.platform/Developer/SDKs/XROS26.2.sdk -target arm64-apple-xros1.0 -g -module-cache-path /Users/admin/builder/spi-builder-workspace/.derivedData/ModuleCache.noindex -Xfrontend -serialize-debugging-options -profile-coverage-mapping -profile-generate -enable-testing -suppress-warnings -index-store-path /Users/admin/builder/spi-builder-workspace/.derivedData/Index.noindex/DataStore -Xcc -D_LIBCPP_HARDENING_MODE\=_LIBCPP_HARDENING_MODE_DEBUG -swift-version 5 -I /Users/admin/builder/spi-builder-workspace/.derivedData/Build/Products/Debug-xros -Isystem /Applications/Xcode-26.3.0.app/Contents/Developer/Platforms/XROS.platform/Developer/usr/lib -F /Users/admin/builder/spi-builder-workspace/.derivedData/Build/Products/Debug-xros/PackageFrameworks -F /Users/admin/builder/spi-builder-workspace/.derivedData/Build/Products/Debug-xros -F /Applications/Xcode-26.3.0.app/Contents/Developer/Platforms/XROS.platform/Developer/Library/Frameworks -F /Applications/Xcode-26.3.0.app/Contents/Developer/Platforms/XROS.platform/Developer/SDKs/XROS26.2.sdk/Developer/Library/Frameworks -c -j10 -enable-batch-mode -incremental -Xcc -ivfsstatcache -Xcc /Users/admin/builder/spi-builder-workspace/.derivedData/SDKStatCaches.noindex/xros26.2-23N301-dc75598d0054f22ec865fa860f139d72f5e64962d3ee001da1d77d1957dffdab.sdkstatcache -output-file-map /Users/admin/builder/spi-builder-workspace/.derivedData/Build/Intermediates.noindex/swift-collections.build/Debug-xros/DequeModule.build/Objects-normal/arm64/DequeModule-OutputFileMap.json -use-frontend-parseable-output -save-temps -no-color-diagnostics -explicit-module-build -module-cache-path /Users/admin/builder/spi-builder-workspace/.derivedData/Build/Intermediates.noindex/SwiftExplicitPrecompiledModules -clang-scanner-module-cache-path /Users/admin/builder/spi-builder-workspace/.derivedData/ModuleCache.noindex -sdk-module-cache-path /Users/admin/builder/spi-builder-workspace/.derivedData/ModuleCache.noindex -serialize-diagnostics -emit-dependencies -emit-module -emit-module-path /Users/admin/builder/spi-builder-workspace/.derivedData/Build/Intermediates.noindex/swift-collections.build/Debug-xros/DequeModule.build/Objects-normal/arm64/DequeModule.swiftmodule -validate-clang-modules-once -clang-build-session-file /Users/admin/builder/spi-builder-workspace/.derivedData/ModuleCache.noindex/Session.modulevalidation -Xcc -I/Users/admin/builder/spi-builder-workspace/.derivedData/Build/Intermediates.noindex/swift-collections.build/Debug-xros/DequeModule.build/swift-overrides.hmap -emit-const-values -Xfrontend -const-gather-protocols-file -Xfrontend /Users/admin/builder/spi-builder-workspace/.derivedData/Build/Intermediates.noindex/swift-collections.build/Debug-xros/DequeModule.build/Objects-normal/arm64/DequeModule_const_extract_protocols.json -Xcc -I/Users/admin/builder/spi-builder-workspace/.derivedData/Build/Products/Debug-xros/include -Xcc -I/Users/admin/builder/spi-builder-workspace/.derivedData/Build/Intermediates.noindex/swift-collections.build/Debug-xros/DequeModule.build/DerivedSources-normal/arm64 -Xcc -I/Users/admin/builder/spi-builder-workspace/.derivedData/Build/Intermediates.noindex/swift-collections.build/Debug-xros/DequeModule.build/DerivedSources/arm64 -Xcc -I/Users/admin/builder/spi-builder-workspace/.derivedData/Build/Intermediates.noindex/swift-collections.build/Debug-xros/DequeModule.build/DerivedSources -Xcc -DSWIFT_PACKAGE -Xcc -DDEBUG\=1 -emit-objc-header -emit-objc-header-path /Users/admin/builder/spi-builder-workspace/.derivedData/Build/Intermediates.noindex/swift-collections.build/Debug-xros/DequeModule.build/Objects-normal/arm64/DequeModule-Swift.h -working-directory /Users/admin/builder/spi-builder-workspace/.swiftpm/xcode -experimental-emit-module-separately -disable-cmo
SwiftCompile normal arm64 Compiling\ NameSpecification.swift,\ Option.swift,\ OptionGroup.swift,\ AsyncParsableCommand.swift /Users/admin/builder/spi-builder-workspace/.dependencies/checkouts/swift-argument-parser/Sources/ArgumentParser/Parsable\ Properties/NameSpecification.swift /Users/admin/builder/spi-builder-workspace/.dependencies/checkouts/swift-argument-parser/Sources/ArgumentParser/Parsable\ Properties/Option.swift /Users/admin/builder/spi-builder-workspace/.dependencies/checkouts/swift-argument-parser/Sources/ArgumentParser/Parsable\ Properties/OptionGroup.swift /Users/admin/builder/spi-builder-workspace/.dependencies/checkouts/swift-argument-parser/Sources/ArgumentParser/Parsable\ Types/AsyncParsableCommand.swift (in target 'ArgumentParser' from project 'swift-argument-parser')
SwiftCompile normal arm64 /Users/admin/builder/spi-builder-workspace/.dependencies/checkouts/swift-argument-parser/Sources/ArgumentParser/Parsable\ Properties/NameSpecification.swift (in target 'ArgumentParser' from project 'swift-argument-parser')
    cd /Users/admin/builder/spi-builder-workspace/.swiftpm/xcode

SwiftCompile normal arm64 /Users/admin/builder/spi-builder-workspace/.dependencies/checkouts/swift-argument-parser/Sources/ArgumentParser/Parsable\ Properties/Option.swift (in target 'ArgumentParser' from project 'swift-argument-parser')
    cd /Users/admin/builder/spi-builder-workspace/.swiftpm/xcode

SwiftCompile normal arm64 /Users/admin/builder/spi-builder-workspace/.dependencies/checkouts/swift-argument-parser/Sources/ArgumentParser/Parsable\ Properties/OptionGroup.swift (in target 'ArgumentParser' from project 'swift-argument-parser')
    cd /Users/admin/builder/spi-builder-workspace/.swiftpm/xcode

SwiftCompile normal arm64 /Users/admin/builder/spi-builder-workspace/.dependencies/checkouts/swift-argument-parser/Sources/ArgumentParser/Parsable\ Types/AsyncParsableCommand.swift (in target 'ArgumentParser' from project 'swift-argument-parser')
    cd /Users/admin/builder/spi-builder-workspace/.swiftpm/xcode

SwiftCompile normal arm64 Compiling\ CommandConfiguration.swift,\ CommandGroup.swift,\ EnumerableFlag.swift,\ ExpressibleByArgument.swift /Users/admin/builder/spi-builder-workspace/.dependencies/checkouts/swift-argument-parser/Sources/ArgumentParser/Parsable\ Types/CommandConfiguration.swift /Users/admin/builder/spi-builder-workspace/.dependencies/checkouts/swift-argument-parser/Sources/ArgumentParser/Parsable\ Types/CommandGroup.swift /Users/admin/builder/spi-builder-workspace/.dependencies/checkouts/swift-argument-parser/Sources/ArgumentParser/Parsable\ Types/EnumerableFlag.swift /Users/admin/builder/spi-builder-workspace/.dependencies/checkouts/swift-argument-parser/Sources/ArgumentParser/Parsable\ Types/ExpressibleByArgument.swift (in target 'ArgumentParser' from project 'swift-argument-parser')
SwiftCompile normal arm64 /Users/admin/builder/spi-builder-workspace/.dependencies/checkouts/swift-argument-parser/Sources/ArgumentParser/Parsable\ Types/CommandConfiguration.swift (in target 'ArgumentParser' from project 'swift-argument-parser')
    cd /Users/admin/builder/spi-builder-workspace/.swiftpm/xcode

SwiftCompile normal arm64 /Users/admin/builder/spi-builder-workspace/.dependencies/checkouts/swift-argument-parser/Sources/ArgumentParser/Parsable\ Types/CommandGroup.swift (in target 'ArgumentParser' from project 'swift-argument-parser')
    cd /Users/admin/builder/spi-builder-workspace/.swiftpm/xcode

SwiftCompile normal arm64 /Users/admin/builder/spi-builder-workspace/.dependencies/checkouts/swift-argument-parser/Sources/ArgumentParser/Parsable\ Types/EnumerableFlag.swift (in target 'ArgumentParser' from project 'swift-argument-parser')
    cd /Users/admin/builder/spi-builder-workspace/.swiftpm/xcode

SwiftCompile normal arm64 /Users/admin/builder/spi-builder-workspace/.dependencies/checkouts/swift-argument-parser/Sources/ArgumentParser/Parsable\ Types/ExpressibleByArgument.swift (in target 'ArgumentParser' from project 'swift-argument-parser')
    cd /Users/admin/builder/spi-builder-workspace/.swiftpm/xcode

SwiftCompile normal arm64 Compiling\ HelpGenerator.swift,\ MessageInfo.swift,\ UsageGenerator.swift,\ CollectionExtensions.swift /Users/admin/builder/spi-builder-workspace/.dependencies/checkouts/swift-argument-parser/Sources/ArgumentParser/Usage/HelpGenerator.swift /Users/admin/builder/spi-builder-workspace/.dependencies/checkouts/swift-argument-parser/Sources/ArgumentParser/Usage/MessageInfo.swift /Users/admin/builder/spi-builder-workspace/.dependencies/checkouts/swift-argument-parser/Sources/ArgumentParser/Usage/UsageGenerator.swift /Users/admin/builder/spi-builder-workspace/.dependencies/checkouts/swift-argument-parser/Sources/ArgumentParser/Utilities/CollectionExtensions.swift (in target 'ArgumentParser' from project 'swift-argument-parser')
SwiftCompile normal arm64 /Users/admin/builder/spi-builder-workspace/.dependencies/checkouts/swift-argument-parser/Sources/ArgumentParser/Usage/HelpGenerator.swift (in target 'ArgumentParser' from project 'swift-argument-parser')
    cd /Users/admin/builder/spi-builder-workspace/.swiftpm/xcode

SwiftCompile normal arm64 /Users/admin/builder/spi-builder-workspace/.dependencies/checkouts/swift-argument-parser/Sources/ArgumentParser/Usage/MessageInfo.swift (in target 'ArgumentParser' from project 'swift-argument-parser')
    cd /Users/admin/builder/spi-builder-workspace/.swiftpm/xcode

SwiftCompile normal arm64 /Users/admin/builder/spi-builder-workspace/.dependencies/checkouts/swift-argument-parser/Sources/ArgumentParser/Usage/UsageGenerator.swift (in target 'ArgumentParser' from project 'swift-argument-parser')
    cd /Users/admin/builder/spi-builder-workspace/.swiftpm/xcode

SwiftCompile normal arm64 /Users/admin/builder/spi-builder-workspace/.dependencies/checkouts/swift-argument-parser/Sources/ArgumentParser/Utilities/CollectionExtensions.swift (in target 'ArgumentParser' from project 'swift-argument-parser')
    cd /Users/admin/builder/spi-builder-workspace/.swiftpm/xcode

SwiftDriverJobDiscovery normal arm64 Compiling InputOrigin.swift, Name.swift, Parsed.swift, ParsedValues.swift (in target 'ArgumentParser' from project 'swift-argument-parser')
SwiftCompile normal arm64 Compiling\ ArgumentHelp.swift,\ ArgumentVisibility.swift,\ CompletionKind.swift,\ Errors.swift,\ Flag.swift /Users/admin/builder/spi-builder-workspace/.dependencies/checkouts/swift-argument-parser/Sources/ArgumentParser/Parsable\ Properties/ArgumentHelp.swift /Users/admin/builder/spi-builder-workspace/.dependencies/checkouts/swift-argument-parser/Sources/ArgumentParser/Parsable\ Properties/ArgumentVisibility.swift /Users/admin/builder/spi-builder-workspace/.dependencies/checkouts/swift-argument-parser/Sources/ArgumentParser/Parsable\ Properties/CompletionKind.swift /Users/admin/builder/spi-builder-workspace/.dependencies/checkouts/swift-argument-parser/Sources/ArgumentParser/Parsable\ Properties/Errors.swift /Users/admin/builder/spi-builder-workspace/.dependencies/checkouts/swift-argument-parser/Sources/ArgumentParser/Parsable\ Properties/Flag.swift (in target 'ArgumentParser' from project 'swift-argument-parser')
SwiftCompile normal arm64 /Users/admin/builder/spi-builder-workspace/.dependencies/checkouts/swift-argument-parser/Sources/ArgumentParser/Parsable\ Properties/ArgumentHelp.swift (in target 'ArgumentParser' from project 'swift-argument-parser')
    cd /Users/admin/builder/spi-builder-workspace/.swiftpm/xcode

SwiftCompile normal arm64 /Users/admin/builder/spi-builder-workspace/.dependencies/checkouts/swift-argument-parser/Sources/ArgumentParser/Parsable\ Properties/ArgumentVisibility.swift (in target 'ArgumentParser' from project 'swift-argument-parser')
    cd /Users/admin/builder/spi-builder-workspace/.swiftpm/xcode

SwiftCompile normal arm64 /Users/admin/builder/spi-builder-workspace/.dependencies/checkouts/swift-argument-parser/Sources/ArgumentParser/Parsable\ Properties/CompletionKind.swift (in target 'ArgumentParser' from project 'swift-argument-parser')
    cd /Users/admin/builder/spi-builder-workspace/.swiftpm/xcode

SwiftCompile normal arm64 /Users/admin/builder/spi-builder-workspace/.dependencies/checkouts/swift-argument-parser/Sources/ArgumentParser/Parsable\ Properties/Errors.swift (in target 'ArgumentParser' from project 'swift-argument-parser')
    cd /Users/admin/builder/spi-builder-workspace/.swiftpm/xcode

SwiftCompile normal arm64 /Users/admin/builder/spi-builder-workspace/.dependencies/checkouts/swift-argument-parser/Sources/ArgumentParser/Parsable\ Properties/Flag.swift (in target 'ArgumentParser' from project 'swift-argument-parser')
    cd /Users/admin/builder/spi-builder-workspace/.swiftpm/xcode

SwiftDriverJobDiscovery normal arm64 Compiling Platform.swift, SequenceExtensions.swift, StringExtensions.swift, Tree.swift (in target 'ArgumentParser' from project 'swift-argument-parser')
SwiftDriverJobDiscovery normal arm64 Compiling CommandConfiguration.swift, CommandGroup.swift, EnumerableFlag.swift, ExpressibleByArgument.swift (in target 'ArgumentParser' from project 'swift-argument-parser')
SwiftCompile normal arm64 Compiling\ RoomOptions.swift,\ RoomReaction.swift,\ RoomReactionDTO.swift,\ RoomReactions.swift,\ RoomStatus.swift /Users/admin/builder/spi-builder-workspace/Sources/AblyChat/RoomOptions.swift /Users/admin/builder/spi-builder-workspace/Sources/AblyChat/RoomReaction.swift /Users/admin/builder/spi-builder-workspace/Sources/AblyChat/RoomReactionDTO.swift /Users/admin/builder/spi-builder-workspace/Sources/AblyChat/RoomReactions.swift /Users/admin/builder/spi-builder-workspace/Sources/AblyChat/RoomStatus.swift (in target 'AblyChat' from project 'AblyChat')
SwiftCompile normal arm64 /Users/admin/builder/spi-builder-workspace/Sources/AblyChat/RoomOptions.swift (in target 'AblyChat' from project 'AblyChat')
    cd /Users/admin/builder/spi-builder-workspace/.swiftpm/xcode

SwiftCompile normal arm64 /Users/admin/builder/spi-builder-workspace/Sources/AblyChat/RoomReaction.swift (in target 'AblyChat' from project 'AblyChat')
    cd /Users/admin/builder/spi-builder-workspace/.swiftpm/xcode

SwiftCompile normal arm64 /Users/admin/builder/spi-builder-workspace/Sources/AblyChat/RoomReactionDTO.swift (in target 'AblyChat' from project 'AblyChat')
    cd /Users/admin/builder/spi-builder-workspace/.swiftpm/xcode

SwiftCompile normal arm64 /Users/admin/builder/spi-builder-workspace/Sources/AblyChat/RoomReactions.swift (in target 'AblyChat' from project 'AblyChat')
    cd /Users/admin/builder/spi-builder-workspace/.swiftpm/xcode

SwiftCompile normal arm64 /Users/admin/builder/spi-builder-workspace/Sources/AblyChat/RoomStatus.swift (in target 'AblyChat' from project 'AblyChat')
    cd /Users/admin/builder/spi-builder-workspace/.swiftpm/xcode

SwiftDriverJobDiscovery normal arm64 Compiling Configuration.swift (in target 'Table' from project 'Table')
SwiftCompile normal arm64 Compiling\ Connection.swift,\ DefaultConnection.swift,\ DefaultMessageReactions.swift,\ DefaultMessages.swift,\ DefaultOccupancy.swift,\ DefaultPresence.swift /Users/admin/builder/spi-builder-workspace/Sources/AblyChat/Connection.swift /Users/admin/builder/spi-builder-workspace/Sources/AblyChat/DefaultConnection.swift /Users/admin/builder/spi-builder-workspace/Sources/AblyChat/DefaultMessageReactions.swift /Users/admin/builder/spi-builder-workspace/Sources/AblyChat/DefaultMessages.swift /Users/admin/builder/spi-builder-workspace/Sources/AblyChat/DefaultOccupancy.swift /Users/admin/builder/spi-builder-workspace/Sources/AblyChat/DefaultPresence.swift (in target 'AblyChat' from project 'AblyChat')
SwiftCompile normal arm64 /Users/admin/builder/spi-builder-workspace/Sources/AblyChat/Connection.swift (in target 'AblyChat' from project 'AblyChat')
    cd /Users/admin/builder/spi-builder-workspace/.swiftpm/xcode

SwiftCompile normal arm64 /Users/admin/builder/spi-builder-workspace/Sources/AblyChat/DefaultConnection.swift (in target 'AblyChat' from project 'AblyChat')
    cd /Users/admin/builder/spi-builder-workspace/.swiftpm/xcode

SwiftCompile normal arm64 /Users/admin/builder/spi-builder-workspace/Sources/AblyChat/DefaultMessageReactions.swift (in target 'AblyChat' from project 'AblyChat')
    cd /Users/admin/builder/spi-builder-workspace/.swiftpm/xcode

SwiftCompile normal arm64 /Users/admin/builder/spi-builder-workspace/Sources/AblyChat/DefaultMessages.swift (in target 'AblyChat' from project 'AblyChat')
    cd /Users/admin/builder/spi-builder-workspace/.swiftpm/xcode

SwiftCompile normal arm64 /Users/admin/builder/spi-builder-workspace/Sources/AblyChat/DefaultOccupancy.swift (in target 'AblyChat' from project 'AblyChat')
    cd /Users/admin/builder/spi-builder-workspace/.swiftpm/xcode

SwiftCompile normal arm64 /Users/admin/builder/spi-builder-workspace/Sources/AblyChat/DefaultPresence.swift (in target 'AblyChat' from project 'AblyChat')
    cd /Users/admin/builder/spi-builder-workspace/.swiftpm/xcode

SwiftCompile normal arm64 Compiling\ Dictionary+Extensions.swift,\ String+Extensions.swift,\ Headers.swift,\ InternalError.swift,\ InternalRawRepresentable.swift /Users/admin/builder/spi-builder-workspace/Sources/AblyChat/Extensions/Dictionary+Extensions.swift /Users/admin/builder/spi-builder-workspace/Sources/AblyChat/Extensions/String+Extensions.swift /Users/admin/builder/spi-builder-workspace/Sources/AblyChat/Headers.swift /Users/admin/builder/spi-builder-workspace/Sources/AblyChat/InternalError.swift /Users/admin/builder/spi-builder-workspace/Sources/AblyChat/InternalRawRepresentable.swift (in target 'AblyChat' from project 'AblyChat')
SwiftCompile normal arm64 /Users/admin/builder/spi-builder-workspace/Sources/AblyChat/Extensions/Dictionary+Extensions.swift (in target 'AblyChat' from project 'AblyChat')
    cd /Users/admin/builder/spi-builder-workspace/.swiftpm/xcode

SwiftCompile normal arm64 /Users/admin/builder/spi-builder-workspace/Sources/AblyChat/Extensions/String+Extensions.swift (in target 'AblyChat' from project 'AblyChat')
    cd /Users/admin/builder/spi-builder-workspace/.swiftpm/xcode

SwiftCompile normal arm64 /Users/admin/builder/spi-builder-workspace/Sources/AblyChat/Headers.swift (in target 'AblyChat' from project 'AblyChat')
    cd /Users/admin/builder/spi-builder-workspace/.swiftpm/xcode

SwiftCompile normal arm64 /Users/admin/builder/spi-builder-workspace/Sources/AblyChat/InternalError.swift (in target 'AblyChat' from project 'AblyChat')
    cd /Users/admin/builder/spi-builder-workspace/.swiftpm/xcode

SwiftCompile normal arm64 /Users/admin/builder/spi-builder-workspace/Sources/AblyChat/InternalRawRepresentable.swift (in target 'AblyChat' from project 'AblyChat')
    cd /Users/admin/builder/spi-builder-workspace/.swiftpm/xcode

SwiftDriverJobDiscovery normal arm64 Compiling DefaultStringInterpolation+Table.swift (in target 'Table' from project 'Table')
SwiftDriver\ Compilation Table normal arm64 com.apple.xcode.tools.swift.compiler (in target 'Table' from project 'Table')
    cd /Users/admin/builder/spi-builder-workspace/.swiftpm/xcode
    builtin-Swift-Compilation -- /Applications/Xcode-26.3.0.app/Contents/Developer/Toolchains/XcodeDefault.xctoolchain/usr/bin/swiftc -module-name Table -Onone -enforce-exclusivity\=checked @/Users/admin/builder/spi-builder-workspace/.derivedData/Build/Intermediates.noindex/Table.build/Debug-xros/Table.build/Objects-normal/arm64/Table.SwiftFileList -DSWIFT_PACKAGE -DDEBUG -DSWIFT_MODULE_RESOURCE_BUNDLE_UNAVAILABLE -DXcode -plugin-path /Applications/Xcode-26.3.0.app/Contents/Developer/Toolchains/XcodeDefault.xctoolchain/usr/lib/swift/host/plugins/testing -enable-experimental-feature DebugDescriptionMacro -sdk /Applications/Xcode-26.3.0.app/Contents/Developer/Platforms/XROS.platform/Developer/SDKs/XROS26.2.sdk -target arm64-apple-xros1.0 -g -module-cache-path /Users/admin/builder/spi-builder-workspace/.derivedData/ModuleCache.noindex -Xfrontend -serialize-debugging-options -profile-coverage-mapping -profile-generate -enable-testing -suppress-warnings -index-store-path /Users/admin/builder/spi-builder-workspace/.derivedData/Index.noindex/DataStore -Xcc -D_LIBCPP_HARDENING_MODE\=_LIBCPP_HARDENING_MODE_DEBUG -swift-version 5 -I /Users/admin/builder/spi-builder-workspace/.derivedData/Build/Products/Debug-xros -Isystem /Applications/Xcode-26.3.0.app/Contents/Developer/Platforms/XROS.platform/Developer/usr/lib -F /Users/admin/builder/spi-builder-workspace/.derivedData/Build/Products/Debug-xros -F /Applications/Xcode-26.3.0.app/Contents/Developer/Platforms/XROS.platform/Developer/Library/Frameworks -F /Applications/Xcode-26.3.0.app/Contents/Developer/Platforms/XROS.platform/Developer/SDKs/XROS26.2.sdk/Developer/Library/Frameworks -c -j10 -enable-batch-mode -incremental -Xcc -ivfsstatcache -Xcc /Users/admin/builder/spi-builder-workspace/.derivedData/SDKStatCaches.noindex/xros26.2-23N301-dc75598d0054f22ec865fa860f139d72f5e64962d3ee001da1d77d1957dffdab.sdkstatcache -output-file-map /Users/admin/builder/spi-builder-workspace/.derivedData/Build/Intermediates.noindex/Table.build/Debug-xros/Table.build/Objects-normal/arm64/Table-OutputFileMap.json -use-frontend-parseable-output -save-temps -no-color-diagnostics -explicit-module-build -module-cache-path /Users/admin/builder/spi-builder-workspace/.derivedData/Build/Intermediates.noindex/SwiftExplicitPrecompiledModules -clang-scanner-module-cache-path /Users/admin/builder/spi-builder-workspace/.derivedData/ModuleCache.noindex -sdk-module-cache-path /Users/admin/builder/spi-builder-workspace/.derivedData/ModuleCache.noindex -serialize-diagnostics -emit-dependencies -emit-module -emit-module-path /Users/admin/builder/spi-builder-workspace/.derivedData/Build/Intermediates.noindex/Table.build/Debug-xros/Table.build/Objects-normal/arm64/Table.swiftmodule -validate-clang-modules-once -clang-build-session-file /Users/admin/builder/spi-builder-workspace/.derivedData/ModuleCache.noindex/Session.modulevalidation -Xcc -I/Users/admin/builder/spi-builder-workspace/.derivedData/Build/Intermediates.noindex/Table.build/Debug-xros/Table.build/swift-overrides.hmap -emit-const-values -Xfrontend -const-gather-protocols-file -Xfrontend /Users/admin/builder/spi-builder-workspace/.derivedData/Build/Intermediates.noindex/Table.build/Debug-xros/Table.build/Objects-normal/arm64/Table_const_extract_protocols.json -Xcc -I/Users/admin/builder/spi-builder-workspace/.derivedData/Build/Products/Debug-xros/include -Xcc -I/Users/admin/builder/spi-builder-workspace/.derivedData/Build/Intermediates.noindex/Table.build/Debug-xros/Table.build/DerivedSources-normal/arm64 -Xcc -I/Users/admin/builder/spi-builder-workspace/.derivedData/Build/Intermediates.noindex/Table.build/Debug-xros/Table.build/DerivedSources/arm64 -Xcc -I/Users/admin/builder/spi-builder-workspace/.derivedData/Build/Intermediates.noindex/Table.build/Debug-xros/Table.build/DerivedSources -Xcc -DSWIFT_PACKAGE -Xcc -DDEBUG\=1 -emit-objc-header -emit-objc-header-path /Users/admin/builder/spi-builder-workspace/.derivedData/Build/Intermediates.noindex/Table.build/Debug-xros/Table.build/Objects-normal/arm64/Table-Swift.h -working-directory /Users/admin/builder/spi-builder-workspace/.swiftpm/xcode -experimental-emit-module-separately -disable-cmo
SwiftDriverJobDiscovery normal arm64 Compiling ParserError.swift, SplitArguments.swift, DumpHelpGenerator.swift, HelpCommand.swift (in target 'ArgumentParser' from project 'swift-argument-parser')
SwiftCompile normal arm64 Compiling\ JSONCodable.swift,\ JSONValue.swift,\ Logging.swift,\ Message.swift,\ MessageReaction+JSON.swift /Users/admin/builder/spi-builder-workspace/Sources/AblyChat/JSONCodable.swift /Users/admin/builder/spi-builder-workspace/Sources/AblyChat/JSONValue.swift /Users/admin/builder/spi-builder-workspace/Sources/AblyChat/Logging.swift /Users/admin/builder/spi-builder-workspace/Sources/AblyChat/Message.swift /Users/admin/builder/spi-builder-workspace/Sources/AblyChat/MessageReaction+JSON.swift (in target 'AblyChat' from project 'AblyChat')
SwiftCompile normal arm64 /Users/admin/builder/spi-builder-workspace/Sources/AblyChat/JSONCodable.swift (in target 'AblyChat' from project 'AblyChat')
    cd /Users/admin/builder/spi-builder-workspace/.swiftpm/xcode

SwiftCompile normal arm64 /Users/admin/builder/spi-builder-workspace/Sources/AblyChat/JSONValue.swift (in target 'AblyChat' from project 'AblyChat')
    cd /Users/admin/builder/spi-builder-workspace/.swiftpm/xcode

SwiftCompile normal arm64 /Users/admin/builder/spi-builder-workspace/Sources/AblyChat/Logging.swift (in target 'AblyChat' from project 'AblyChat')
    cd /Users/admin/builder/spi-builder-workspace/.swiftpm/xcode

SwiftCompile normal arm64 /Users/admin/builder/spi-builder-workspace/Sources/AblyChat/Message.swift (in target 'AblyChat' from project 'AblyChat')
    cd /Users/admin/builder/spi-builder-workspace/.swiftpm/xcode

SwiftCompile normal arm64 /Users/admin/builder/spi-builder-workspace/Sources/AblyChat/MessageReaction+JSON.swift (in target 'AblyChat' from project 'AblyChat')
    cd /Users/admin/builder/spi-builder-workspace/.swiftpm/xcode

SwiftCompile normal arm64 Compiling\ TimerManager.swift,\ Typing.swift,\ TypingOperationQueue.swift,\ TypingTimerManager.swift,\ Version.swift /Users/admin/builder/spi-builder-workspace/Sources/AblyChat/TimerManager.swift /Users/admin/builder/spi-builder-workspace/Sources/AblyChat/Typing.swift /Users/admin/builder/spi-builder-workspace/Sources/AblyChat/TypingOperationQueue.swift /Users/admin/builder/spi-builder-workspace/Sources/AblyChat/TypingTimerManager.swift /Users/admin/builder/spi-builder-workspace/Sources/AblyChat/Version.swift (in target 'AblyChat' from project 'AblyChat')
SwiftCompile normal arm64 /Users/admin/builder/spi-builder-workspace/Sources/AblyChat/TimerManager.swift (in target 'AblyChat' from project 'AblyChat')
    cd /Users/admin/builder/spi-builder-workspace/.swiftpm/xcode

SwiftCompile normal arm64 /Users/admin/builder/spi-builder-workspace/Sources/AblyChat/Typing.swift (in target 'AblyChat' from project 'AblyChat')
    cd /Users/admin/builder/spi-builder-workspace/.swiftpm/xcode

SwiftCompile normal arm64 /Users/admin/builder/spi-builder-workspace/Sources/AblyChat/TypingOperationQueue.swift (in target 'AblyChat' from project 'AblyChat')
    cd /Users/admin/builder/spi-builder-workspace/.swiftpm/xcode

SwiftCompile normal arm64 /Users/admin/builder/spi-builder-workspace/Sources/AblyChat/TypingTimerManager.swift (in target 'AblyChat' from project 'AblyChat')
    cd /Users/admin/builder/spi-builder-workspace/.swiftpm/xcode

SwiftCompile normal arm64 /Users/admin/builder/spi-builder-workspace/Sources/AblyChat/Version.swift (in target 'AblyChat' from project 'AblyChat')
    cd /Users/admin/builder/spi-builder-workspace/.swiftpm/xcode

SwiftDriverJobDiscovery normal arm64 Compiling NameSpecification.swift, Option.swift, OptionGroup.swift, AsyncParsableCommand.swift (in target 'ArgumentParser' from project 'swift-argument-parser')
SwiftCompile normal arm64 Compiling\ DefaultRoomReactions.swift,\ DefaultTyping.swift,\ Dependencies.swift,\ ErrorInfo.swift,\ Events.swift /Users/admin/builder/spi-builder-workspace/Sources/AblyChat/DefaultRoomReactions.swift /Users/admin/builder/spi-builder-workspace/Sources/AblyChat/DefaultTyping.swift /Users/admin/builder/spi-builder-workspace/Sources/AblyChat/Dependencies.swift /Users/admin/builder/spi-builder-workspace/Sources/AblyChat/ErrorInfo.swift /Users/admin/builder/spi-builder-workspace/Sources/AblyChat/Events.swift (in target 'AblyChat' from project 'AblyChat')
SwiftCompile normal arm64 /Users/admin/builder/spi-builder-workspace/Sources/AblyChat/DefaultRoomReactions.swift (in target 'AblyChat' from project 'AblyChat')
    cd /Users/admin/builder/spi-builder-workspace/.swiftpm/xcode

SwiftCompile normal arm64 /Users/admin/builder/spi-builder-workspace/Sources/AblyChat/DefaultTyping.swift (in target 'AblyChat' from project 'AblyChat')
    cd /Users/admin/builder/spi-builder-workspace/.swiftpm/xcode

SwiftCompile normal arm64 /Users/admin/builder/spi-builder-workspace/Sources/AblyChat/Dependencies.swift (in target 'AblyChat' from project 'AblyChat')
    cd /Users/admin/builder/spi-builder-workspace/.swiftpm/xcode

SwiftCompile normal arm64 /Users/admin/builder/spi-builder-workspace/Sources/AblyChat/ErrorInfo.swift (in target 'AblyChat' from project 'AblyChat')
    cd /Users/admin/builder/spi-builder-workspace/.swiftpm/xcode

SwiftCompile normal arm64 /Users/admin/builder/spi-builder-workspace/Sources/AblyChat/Events.swift (in target 'AblyChat' from project 'AblyChat')
    cd /Users/admin/builder/spi-builder-workspace/.swiftpm/xcode

SwiftDriverJobDiscovery normal arm64 Compiling ParsableArguments.swift, ParsableArgumentsValidation.swift, ParsableCommand.swift, ArgumentDecoder.swift (in target 'ArgumentParser' from project 'swift-argument-parser')
SwiftCompile normal arm64 Compiling\ Rooms.swift,\ SimpleClock.swift,\ Subscription.swift,\ SubscriptionAsyncSequence.swift,\ SubscriptionStorage.swift /Users/admin/builder/spi-builder-workspace/Sources/AblyChat/Rooms.swift /Users/admin/builder/spi-builder-workspace/Sources/AblyChat/SimpleClock.swift /Users/admin/builder/spi-builder-workspace/Sources/AblyChat/Subscription.swift /Users/admin/builder/spi-builder-workspace/Sources/AblyChat/SubscriptionAsyncSequence.swift /Users/admin/builder/spi-builder-workspace/Sources/AblyChat/SubscriptionStorage.swift (in target 'AblyChat' from project 'AblyChat')
SwiftCompile normal arm64 /Users/admin/builder/spi-builder-workspace/Sources/AblyChat/Rooms.swift (in target 'AblyChat' from project 'AblyChat')
    cd /Users/admin/builder/spi-builder-workspace/.swiftpm/xcode

SwiftCompile normal arm64 /Users/admin/builder/spi-builder-workspace/Sources/AblyChat/SimpleClock.swift (in target 'AblyChat' from project 'AblyChat')
    cd /Users/admin/builder/spi-builder-workspace/.swiftpm/xcode

SwiftCompile normal arm64 /Users/admin/builder/spi-builder-workspace/Sources/AblyChat/Subscription.swift (in target 'AblyChat' from project 'AblyChat')
    cd /Users/admin/builder/spi-builder-workspace/.swiftpm/xcode

SwiftCompile normal arm64 /Users/admin/builder/spi-builder-workspace/Sources/AblyChat/SubscriptionAsyncSequence.swift (in target 'AblyChat' from project 'AblyChat')
    cd /Users/admin/builder/spi-builder-workspace/.swiftpm/xcode

SwiftCompile normal arm64 /Users/admin/builder/spi-builder-workspace/Sources/AblyChat/SubscriptionStorage.swift (in target 'AblyChat' from project 'AblyChat')
    cd /Users/admin/builder/spi-builder-workspace/.swiftpm/xcode

SwiftDriverJobDiscovery normal arm64 Compiling BashCompletionsGenerator.swift, CompletionsGenerator.swift, FishCompletionsGenerator.swift, ZshCompletionsGenerator.swift, Argument.swift (in target 'ArgumentParser' from project 'swift-argument-parser')
SwiftCompile normal arm64 Compiling\ MessageReaction.swift,\ MessageReactions.swift,\ Messages.swift,\ Metadata.swift,\ Occupancy.swift /Users/admin/builder/spi-builder-workspace/Sources/AblyChat/MessageReaction.swift /Users/admin/builder/spi-builder-workspace/Sources/AblyChat/MessageReactions.swift /Users/admin/builder/spi-builder-workspace/Sources/AblyChat/Messages.swift /Users/admin/builder/spi-builder-workspace/Sources/AblyChat/Metadata.swift /Users/admin/builder/spi-builder-workspace/Sources/AblyChat/Occupancy.swift (in target 'AblyChat' from project 'AblyChat')
SwiftCompile normal arm64 /Users/admin/builder/spi-builder-workspace/Sources/AblyChat/MessageReaction.swift (in target 'AblyChat' from project 'AblyChat')
    cd /Users/admin/builder/spi-builder-workspace/.swiftpm/xcode

SwiftCompile normal arm64 /Users/admin/builder/spi-builder-workspace/Sources/AblyChat/MessageReactions.swift (in target 'AblyChat' from project 'AblyChat')
    cd /Users/admin/builder/spi-builder-workspace/.swiftpm/xcode

SwiftCompile normal arm64 /Users/admin/builder/spi-builder-workspace/Sources/AblyChat/Messages.swift (in target 'AblyChat' from project 'AblyChat')
    cd /Users/admin/builder/spi-builder-workspace/.swiftpm/xcode

SwiftCompile normal arm64 /Users/admin/builder/spi-builder-workspace/Sources/AblyChat/Metadata.swift (in target 'AblyChat' from project 'AblyChat')
    cd /Users/admin/builder/spi-builder-workspace/.swiftpm/xcode

SwiftCompile normal arm64 /Users/admin/builder/spi-builder-workspace/Sources/AblyChat/Occupancy.swift (in target 'AblyChat' from project 'AblyChat')
    cd /Users/admin/builder/spi-builder-workspace/.swiftpm/xcode

SwiftDriverJobDiscovery normal arm64 Compiling ArgumentHelp.swift, ArgumentVisibility.swift, CompletionKind.swift, Errors.swift, Flag.swift (in target 'ArgumentParser' from project 'swift-argument-parser')
SwiftCompile normal arm64 Compiling\ OperationMetadata.swift,\ PaginatedResult.swift,\ Presence.swift,\ Room.swift,\ RoomLifecycleManager.swift /Users/admin/builder/spi-builder-workspace/Sources/AblyChat/OperationMetadata.swift /Users/admin/builder/spi-builder-workspace/Sources/AblyChat/PaginatedResult.swift /Users/admin/builder/spi-builder-workspace/Sources/AblyChat/Presence.swift /Users/admin/builder/spi-builder-workspace/Sources/AblyChat/Room.swift /Users/admin/builder/spi-builder-workspace/Sources/AblyChat/RoomLifecycleManager.swift (in target 'AblyChat' from project 'AblyChat')
SwiftCompile normal arm64 /Users/admin/builder/spi-builder-workspace/Sources/AblyChat/OperationMetadata.swift (in target 'AblyChat' from project 'AblyChat')
    cd /Users/admin/builder/spi-builder-workspace/.swiftpm/xcode

SwiftCompile normal arm64 /Users/admin/builder/spi-builder-workspace/Sources/AblyChat/PaginatedResult.swift (in target 'AblyChat' from project 'AblyChat')
    cd /Users/admin/builder/spi-builder-workspace/.swiftpm/xcode

SwiftCompile normal arm64 /Users/admin/builder/spi-builder-workspace/Sources/AblyChat/Presence.swift (in target 'AblyChat' from project 'AblyChat')
    cd /Users/admin/builder/spi-builder-workspace/.swiftpm/xcode

SwiftCompile normal arm64 /Users/admin/builder/spi-builder-workspace/Sources/AblyChat/Room.swift (in target 'AblyChat' from project 'AblyChat')
    cd /Users/admin/builder/spi-builder-workspace/.swiftpm/xcode

SwiftCompile normal arm64 /Users/admin/builder/spi-builder-workspace/Sources/AblyChat/RoomLifecycleManager.swift (in target 'AblyChat' from project 'AblyChat')
    cd /Users/admin/builder/spi-builder-workspace/.swiftpm/xcode

SwiftDriverJobDiscovery normal arm64 Compiling ArgumentDefinition.swift, ArgumentSet.swift, CommandParser.swift, InputKey.swift (in target 'ArgumentParser' from project 'swift-argument-parser')
SwiftCompile normal arm64 Compiling\ Ably+Dependencies.swift,\ InternalAblyCocoaTypes.swift,\ BufferingPolicy.swift,\ ChatAPI.swift,\ ChatClient.swift,\ ClockProtocol.swift /Users/admin/builder/spi-builder-workspace/Sources/AblyChat/AblyCocoaExtensions/Ably+Dependencies.swift /Users/admin/builder/spi-builder-workspace/Sources/AblyChat/AblyCocoaExtensions/InternalAblyCocoaTypes.swift /Users/admin/builder/spi-builder-workspace/Sources/AblyChat/BufferingPolicy.swift /Users/admin/builder/spi-builder-workspace/Sources/AblyChat/ChatAPI.swift /Users/admin/builder/spi-builder-workspace/Sources/AblyChat/ChatClient.swift /Users/admin/builder/spi-builder-workspace/Sources/AblyChat/ClockProtocol.swift (in target 'AblyChat' from project 'AblyChat')
SwiftCompile normal arm64 /Users/admin/builder/spi-builder-workspace/Sources/AblyChat/AblyCocoaExtensions/Ably+Dependencies.swift (in target 'AblyChat' from project 'AblyChat')
    cd /Users/admin/builder/spi-builder-workspace/.swiftpm/xcode

SwiftCompile normal arm64 /Users/admin/builder/spi-builder-workspace/Sources/AblyChat/AblyCocoaExtensions/InternalAblyCocoaTypes.swift (in target 'AblyChat' from project 'AblyChat')
    cd /Users/admin/builder/spi-builder-workspace/.swiftpm/xcode

SwiftCompile normal arm64 /Users/admin/builder/spi-builder-workspace/Sources/AblyChat/BufferingPolicy.swift (in target 'AblyChat' from project 'AblyChat')
    cd /Users/admin/builder/spi-builder-workspace/.swiftpm/xcode

SwiftCompile normal arm64 /Users/admin/builder/spi-builder-workspace/Sources/AblyChat/ChatAPI.swift (in target 'AblyChat' from project 'AblyChat')
    cd /Users/admin/builder/spi-builder-workspace/.swiftpm/xcode

SwiftCompile normal arm64 /Users/admin/builder/spi-builder-workspace/Sources/AblyChat/ChatClient.swift (in target 'AblyChat' from project 'AblyChat')
    cd /Users/admin/builder/spi-builder-workspace/.swiftpm/xcode

SwiftCompile normal arm64 /Users/admin/builder/spi-builder-workspace/Sources/AblyChat/ClockProtocol.swift (in target 'AblyChat' from project 'AblyChat')
    cd /Users/admin/builder/spi-builder-workspace/.swiftpm/xcode

SwiftDriverJobDiscovery normal arm64 Compiling HelpGenerator.swift, MessageInfo.swift, UsageGenerator.swift, CollectionExtensions.swift (in target 'ArgumentParser' from project 'swift-argument-parser')
SwiftDriver\ Compilation ArgumentParser normal arm64 com.apple.xcode.tools.swift.compiler (in target 'ArgumentParser' from project 'swift-argument-parser')
    cd /Users/admin/builder/spi-builder-workspace/.swiftpm/xcode
    builtin-Swift-Compilation -- /Applications/Xcode-26.3.0.app/Contents/Developer/Toolchains/XcodeDefault.xctoolchain/usr/bin/swiftc -module-name ArgumentParser -Onone -enforce-exclusivity\=checked @/Users/admin/builder/spi-builder-workspace/.derivedData/Build/Intermediates.noindex/swift-argument-parser.build/Debug-xros/ArgumentParser.build/Objects-normal/arm64/ArgumentParser.SwiftFileList -DSWIFT_PACKAGE -DDEBUG -DSWIFT_MODULE_RESOURCE_BUNDLE_UNAVAILABLE -DXcode -enable-experimental-feature StrictConcurrency -plugin-path /Applications/Xcode-26.3.0.app/Contents/Developer/Toolchains/XcodeDefault.xctoolchain/usr/lib/swift/host/plugins/testing -enable-experimental-feature DebugDescriptionMacro -sdk /Applications/Xcode-26.3.0.app/Contents/Developer/Platforms/XROS.platform/Developer/SDKs/XROS26.2.sdk -target arm64-apple-xros1.0 -g -module-cache-path /Users/admin/builder/spi-builder-workspace/.derivedData/ModuleCache.noindex -Xfrontend -serialize-debugging-options -profile-coverage-mapping -profile-generate -enable-testing -suppress-warnings -index-store-path /Users/admin/builder/spi-builder-workspace/.derivedData/Index.noindex/DataStore -Xcc -D_LIBCPP_HARDENING_MODE\=_LIBCPP_HARDENING_MODE_DEBUG -swift-version 5 -I /Users/admin/builder/spi-builder-workspace/.derivedData/Build/Products/Debug-xros -Isystem /Applications/Xcode-26.3.0.app/Contents/Developer/Platforms/XROS.platform/Developer/usr/lib -F /Users/admin/builder/spi-builder-workspace/.derivedData/Build/Products/Debug-xros/PackageFrameworks -F /Users/admin/builder/spi-builder-workspace/.derivedData/Build/Products/Debug-xros -F /Applications/Xcode-26.3.0.app/Contents/Developer/Platforms/XROS.platform/Developer/Library/Frameworks -F /Applications/Xcode-26.3.0.app/Contents/Developer/Platforms/XROS.platform/Developer/SDKs/XROS26.2.sdk/Developer/Library/Frameworks -c -j10 -enable-batch-mode -incremental -Xcc -ivfsstatcache -Xcc /Users/admin/builder/spi-builder-workspace/.derivedData/SDKStatCaches.noindex/xros26.2-23N301-dc75598d0054f22ec865fa860f139d72f5e64962d3ee001da1d77d1957dffdab.sdkstatcache -output-file-map /Users/admin/builder/spi-builder-workspace/.derivedData/Build/Intermediates.noindex/swift-argument-parser.build/Debug-xros/ArgumentParser.build/Objects-normal/arm64/ArgumentParser-OutputFileMap.json -use-frontend-parseable-output -save-temps -no-color-diagnostics -explicit-module-build -module-cache-path /Users/admin/builder/spi-builder-workspace/.derivedData/Build/Intermediates.noindex/SwiftExplicitPrecompiledModules -clang-scanner-module-cache-path /Users/admin/builder/spi-builder-workspace/.derivedData/ModuleCache.noindex -sdk-module-cache-path /Users/admin/builder/spi-builder-workspace/.derivedData/ModuleCache.noindex -serialize-diagnostics -emit-dependencies -emit-module -emit-module-path /Users/admin/builder/spi-builder-workspace/.derivedData/Build/Intermediates.noindex/swift-argument-parser.build/Debug-xros/ArgumentParser.build/Objects-normal/arm64/ArgumentParser.swiftmodule -validate-clang-modules-once -clang-build-session-file /Users/admin/builder/spi-builder-workspace/.derivedData/ModuleCache.noindex/Session.modulevalidation -Xcc -I/Users/admin/builder/spi-builder-workspace/.derivedData/Build/Intermediates.noindex/swift-argument-parser.build/Debug-xros/ArgumentParser.build/swift-overrides.hmap -emit-const-values -Xfrontend -const-gather-protocols-file -Xfrontend /Users/admin/builder/spi-builder-workspace/.derivedData/Build/Intermediates.noindex/swift-argument-parser.build/Debug-xros/ArgumentParser.build/Objects-normal/arm64/ArgumentParser_const_extract_protocols.json -Xcc -I/Users/admin/builder/spi-builder-workspace/.derivedData/Build/Products/Debug-xros/include -Xcc -I/Users/admin/builder/spi-builder-workspace/.derivedData/Build/Intermediates.noindex/swift-argument-parser.build/Debug-xros/ArgumentParser.build/DerivedSources-normal/arm64 -Xcc -I/Users/admin/builder/spi-builder-workspace/.derivedData/Build/Intermediates.noindex/swift-argument-parser.build/Debug-xros/ArgumentParser.build/DerivedSources/arm64 -Xcc -I/Users/admin/builder/spi-builder-workspace/.derivedData/Build/Intermediates.noindex/swift-argument-parser.build/Debug-xros/ArgumentParser.build/DerivedSources -Xcc -DSWIFT_PACKAGE -Xcc -DDEBUG\=1 -emit-objc-header -emit-objc-header-path /Users/admin/builder/spi-builder-workspace/.derivedData/Build/Intermediates.noindex/swift-argument-parser.build/Debug-xros/ArgumentParser.build/Objects-normal/arm64/ArgumentParser-Swift.h -working-directory /Users/admin/builder/spi-builder-workspace/.swiftpm/xcode -experimental-emit-module-separately -disable-cmo
SwiftDriverJobDiscovery normal arm64 Compiling RoomOptions.swift, RoomReaction.swift, RoomReactionDTO.swift, RoomReactions.swift, RoomStatus.swift (in target 'AblyChat' from project 'AblyChat')
SwiftDriverJobDiscovery normal arm64 Compiling TimerManager.swift, Typing.swift, TypingOperationQueue.swift, TypingTimerManager.swift, Version.swift (in target 'AblyChat' from project 'AblyChat')
Ld /Users/admin/builder/spi-builder-workspace/.derivedData/Build/Products/Debug-xros/Table.o normal (in target 'Table' from project 'Table')
    cd /Users/admin/builder/spi-builder-workspace/.dependencies/checkouts/Table
    /Applications/Xcode-26.3.0.app/Contents/Developer/Toolchains/XcodeDefault.xctoolchain/usr/bin/clang -Xlinker -reproducible -target arm64-apple-xros1.0 -r -isysroot /Applications/Xcode-26.3.0.app/Contents/Developer/Platforms/XROS.platform/Developer/SDKs/XROS26.2.sdk -O0 -w -L/Users/admin/builder/spi-builder-workspace/.derivedData/Build/Intermediates.noindex/EagerLinkingTBDs/Debug-xros -L/Users/admin/builder/spi-builder-workspace/.derivedData/Build/Products/Debug-xros -L/Applications/Xcode-26.3.0.app/Contents/Developer/Platforms/XROS.platform/Developer/usr/lib -F/Users/admin/builder/spi-builder-workspace/.derivedData/Build/Intermediates.noindex/EagerLinkingTBDs/Debug-xros -F/Users/admin/builder/spi-builder-workspace/.derivedData/Build/Products/Debug-xros -iframework /Applications/Xcode-26.3.0.app/Contents/Developer/Platforms/XROS.platform/Developer/Library/Frameworks -iframework /Applications/Xcode-26.3.0.app/Contents/Developer/Platforms/XROS.platform/Developer/SDKs/XROS26.2.sdk/Developer/Library/Frameworks -filelist /Users/admin/builder/spi-builder-workspace/.derivedData/Build/Intermediates.noindex/Table.build/Debug-xros/Table.build/Objects-normal/arm64/Table.LinkFileList -nostdlib -Xlinker -object_path_lto -Xlinker /Users/admin/builder/spi-builder-workspace/.derivedData/Build/Intermediates.noindex/Table.build/Debug-xros/Table.build/Objects-normal/arm64/Table_lto.o -rdynamic -Xlinker -no_deduplicate -Xlinker -debug_variant -Xlinker -dependency_info -Xlinker /Users/admin/builder/spi-builder-workspace/.derivedData/Build/Intermediates.noindex/Table.build/Debug-xros/Table.build/Objects-normal/arm64/Table_dependency_info.dat -fobjc-link-runtime -L/Applications/Xcode-26.3.0.app/Contents/Developer/Toolchains/XcodeDefault.xctoolchain/usr/lib/swift/xros -L/usr/lib/swift -Xlinker -add_ast_path -Xlinker /Users/admin/builder/spi-builder-workspace/.derivedData/Build/Intermediates.noindex/Table.build/Debug-xros/Table.build/Objects-normal/arm64/Table.swiftmodule @/Users/admin/builder/spi-builder-workspace/.derivedData/Build/Intermediates.noindex/Table.build/Debug-xros/Table.build/Objects-normal/arm64/Table-linker-args.resp -o /Users/admin/builder/spi-builder-workspace/.derivedData/Build/Products/Debug-xros/Table.o
ExtractAppIntentsMetadata (in target 'InternalCollectionsUtilities' from project 'swift-collections')
    cd /Users/admin/builder/spi-builder-workspace/.dependencies/checkouts/swift-collections
    /Applications/Xcode-26.3.0.app/Contents/Developer/Toolchains/XcodeDefault.xctoolchain/usr/bin/appintentsmetadataprocessor --toolchain-dir /var/run/com.apple.security.cryptexd/mnt/com.apple.MobileAsset.MetalToolchain-v17.3.7003.10.NZb94y/Metal.xctoolchain --module-name InternalCollectionsUtilities --sdk-root /Applications/Xcode-26.3.0.app/Contents/Developer/Platforms/XROS.platform/Developer/SDKs/XROS26.2.sdk --xcode-version 17C529 --platform-family xrOS --deployment-target 1.0 --bundle-identifier swift-collections.InternalCollectionsUtilities --output /Users/admin/builder/spi-builder-workspace/.derivedData/Build/Products/Debug-xros/InternalCollectionsUtilities.appintents --target-triple arm64-apple-xros1.0 --binary-file /Users/admin/builder/spi-builder-workspace/.derivedData/Build/Products/Debug-xros/InternalCollectionsUtilities.o --dependency-file /Users/admin/builder/spi-builder-workspace/.derivedData/Build/Intermediates.noindex/swift-collections.build/Debug-xros/InternalCollectionsUtilities.build/Objects-normal/arm64/InternalCollectionsUtilities_dependency_info.dat --stringsdata-file /Users/admin/builder/spi-builder-workspace/.derivedData/Build/Intermediates.noindex/swift-collections.build/Debug-xros/InternalCollectionsUtilities.build/Objects-normal/arm64/ExtractedAppShortcutsMetadata.stringsdata --source-file-list /Users/admin/builder/spi-builder-workspace/.derivedData/Build/Intermediates.noindex/swift-collections.build/Debug-xros/InternalCollectionsUtilities.build/Objects-normal/arm64/InternalCollectionsUtilities.SwiftFileList --metadata-file-list /Users/admin/builder/spi-builder-workspace/.derivedData/Build/Intermediates.noindex/swift-collections.build/Debug-xros/InternalCollectionsUtilities.build/InternalCollectionsUtilities.DependencyMetadataFileList --static-metadata-file-list /Users/admin/builder/spi-builder-workspace/.derivedData/Build/Intermediates.noindex/swift-collections.build/Debug-xros/InternalCollectionsUtilities.build/InternalCollectionsUtilities.DependencyStaticMetadataFileList --swift-const-vals-list /Users/admin/builder/spi-builder-workspace/.derivedData/Build/Intermediates.noindex/swift-collections.build/Debug-xros/InternalCollectionsUtilities.build/Objects-normal/arm64/InternalCollectionsUtilities.SwiftConstValuesFileList --force --compile-time-extraction --deployment-aware-processing --validate-assistant-intents --no-app-shortcuts-localization
2026-09-30 14:32:17.669 appintentsmetadataprocessor[2104:10349] Starting appintentsmetadataprocessor export
2026-09-30 14:32:17.836 appintentsmetadataprocessor[2104:10349] Extracted no relevant App Intents symbols, skipping writing output
ExtractAppIntentsMetadata (in target 'ArgumentParserToolInfo' from project 'swift-argument-parser')
    cd /Users/admin/builder/spi-builder-workspace/.dependencies/checkouts/swift-argument-parser
    /Applications/Xcode-26.3.0.app/Contents/Developer/Toolchains/XcodeDefault.xctoolchain/usr/bin/appintentsmetadataprocessor --toolchain-dir /var/run/com.apple.security.cryptexd/mnt/com.apple.MobileAsset.MetalToolchain-v17.3.7003.10.NZb94y/Metal.xctoolchain --module-name ArgumentParserToolInfo --sdk-root /Applications/Xcode-26.3.0.app/Contents/Developer/Platforms/XROS.platform/Developer/SDKs/XROS26.2.sdk --xcode-version 17C529 --platform-family xrOS --deployment-target 1.0 --bundle-identifier swift-argument-parser.ArgumentParserToolInfo --output /Users/admin/builder/spi-builder-workspace/.derivedData/Build/Products/Debug-xros/ArgumentParserToolInfo.appintents --target-triple arm64-apple-xros1.0 --binary-file /Users/admin/builder/spi-builder-workspace/.derivedData/Build/Products/Debug-xros/ArgumentParserToolInfo.o --dependency-file /Users/admin/builder/spi-builder-workspace/.derivedData/Build/Intermediates.noindex/swift-argument-parser.build/Debug-xros/ArgumentParserToolInfo.build/Objects-normal/arm64/ArgumentParserToolInfo_dependency_info.dat --stringsdata-file /Users/admin/builder/spi-builder-workspace/.derivedData/Build/Intermediates.noindex/swift-argument-parser.build/Debug-xros/ArgumentParserToolInfo.build/Objects-normal/arm64/ExtractedAppShortcutsMetadata.stringsdata --source-file-list /Users/admin/builder/spi-builder-workspace/.derivedData/Build/Intermediates.noindex/swift-argument-parser.build/Debug-xros/ArgumentParserToolInfo.build/Objects-normal/arm64/ArgumentParserToolInfo.SwiftFileList --metadata-file-list /Users/admin/builder/spi-builder-workspace/.derivedData/Build/Intermediates.noindex/swift-argument-parser.build/Debug-xros/ArgumentParserToolInfo.build/ArgumentParserToolInfo.DependencyMetadataFileList --static-metadata-file-list /Users/admin/builder/spi-builder-workspace/.derivedData/Build/Intermediates.noindex/swift-argument-parser.build/Debug-xros/ArgumentParserToolInfo.build/ArgumentParserToolInfo.DependencyStaticMetadataFileList --swift-const-vals-list /Users/admin/builder/spi-builder-workspace/.derivedData/Build/Intermediates.noindex/swift-argument-parser.build/Debug-xros/ArgumentParserToolInfo.build/Objects-normal/arm64/ArgumentParserToolInfo.SwiftConstValuesFileList --force --compile-time-extraction --deployment-aware-processing --validate-assistant-intents --no-app-shortcuts-localization
2026-09-30 14:32:17.670 appintentsmetadataprocessor[2105:10350] Starting appintentsmetadataprocessor export
2026-09-30 14:32:17.831 appintentsmetadataprocessor[2105:10350] Extracted no relevant App Intents symbols, skipping writing output
SwiftDriverJobDiscovery normal arm64 Compiling DefaultRoomReactions.swift, DefaultTyping.swift, Dependencies.swift, ErrorInfo.swift, Events.swift (in target 'AblyChat' from project 'AblyChat')
SwiftDriverJobDiscovery normal arm64 Compiling Dictionary+Extensions.swift, String+Extensions.swift, Headers.swift, InternalError.swift, InternalRawRepresentable.swift (in target 'AblyChat' from project 'AblyChat')
SwiftDriver AsyncAlgorithms normal arm64 com.apple.xcode.tools.swift.compiler (in target 'AsyncAlgorithms' from project 'swift-async-algorithms')
    cd /Users/admin/builder/spi-builder-workspace/.swiftpm/xcode
    builtin-SwiftDriver -- /Applications/Xcode-26.3.0.app/Contents/Developer/Toolchains/XcodeDefault.xctoolchain/usr/bin/swiftc -module-name AsyncAlgorithms -Onone -enforce-exclusivity\=checked @/Users/admin/builder/spi-builder-workspace/.derivedData/Build/Intermediates.noindex/swift-async-algorithms.build/Debug-xros/AsyncAlgorithms.build/Objects-normal/arm64/AsyncAlgorithms.SwiftFileList -DSWIFT_PACKAGE -DDEBUG -DSWIFT_MODULE_RESOURCE_BUNDLE_UNAVAILABLE -DXcode -enable-experimental-feature StrictConcurrency\=complete -plugin-path /Applications/Xcode-26.3.0.app/Contents/Developer/Toolchains/XcodeDefault.xctoolchain/usr/lib/swift/host/plugins/testing -enable-experimental-feature DebugDescriptionMacro -sdk /Applications/Xcode-26.3.0.app/Contents/Developer/Platforms/XROS.platform/Developer/SDKs/XROS26.2.sdk -target arm64-apple-xros1.0 -g -module-cache-path /Users/admin/builder/spi-builder-workspace/.derivedData/ModuleCache.noindex -Xfrontend -serialize-debugging-options -profile-coverage-mapping -profile-generate -enable-testing -suppress-warnings -index-store-path /Users/admin/builder/spi-builder-workspace/.derivedData/Index.noindex/DataStore -Xcc -D_LIBCPP_HARDENING_MODE\=_LIBCPP_HARDENING_MODE_DEBUG -swift-version 5 -I /Users/admin/builder/spi-builder-workspace/.derivedData/Build/Products/Debug-xros -Isystem /Applications/Xcode-26.3.0.app/Contents/Developer/Platforms/XROS.platform/Developer/usr/lib -F /Users/admin/builder/spi-builder-workspace/.derivedData/Build/Products/Debug-xros/PackageFrameworks -F /Users/admin/builder/spi-builder-workspace/.derivedData/Build/Products/Debug-xros/PackageFrameworks -F /Users/admin/builder/spi-builder-workspace/.derivedData/Build/Products/Debug-xros/PackageFrameworks -F /Users/admin/builder/spi-builder-workspace/.derivedData/Build/Products/Debug-xros -F /Applications/Xcode-26.3.0.app/Contents/Developer/Platforms/XROS.platform/Developer/Library/Frameworks -F /Applications/Xcode-26.3.0.app/Contents/Developer/Platforms/XROS.platform/Developer/SDKs/XROS26.2.sdk/Developer/Library/Frameworks -c -j10 -enable-batch-mode -incremental -Xcc -ivfsstatcache -Xcc /Users/admin/builder/spi-builder-workspace/.derivedData/SDKStatCaches.noindex/xros26.2-23N301-dc75598d0054f22ec865fa860f139d72f5e64962d3ee001da1d77d1957dffdab.sdkstatcache -output-file-map /Users/admin/builder/spi-builder-workspace/.derivedData/Build/Intermediates.noindex/swift-async-algorithms.build/Debug-xros/AsyncAlgorithms.build/Objects-normal/arm64/AsyncAlgorithms-OutputFileMap.json -use-frontend-parseable-output -save-temps -no-color-diagnostics -explicit-module-build -module-cache-path /Users/admin/builder/spi-builder-workspace/.derivedData/Build/Intermediates.noindex/SwiftExplicitPrecompiledModules -clang-scanner-module-cache-path /Users/admin/builder/spi-builder-workspace/.derivedData/ModuleCache.noindex -sdk-module-cache-path /Users/admin/builder/spi-builder-workspace/.derivedData/ModuleCache.noindex -serialize-diagnostics -emit-dependencies -emit-module -emit-module-path /Users/admin/builder/spi-builder-workspace/.derivedData/Build/Intermediates.noindex/swift-async-algorithms.build/Debug-xros/AsyncAlgorithms.build/Objects-normal/arm64/AsyncAlgorithms.swiftmodule -validate-clang-modules-once -clang-build-session-file /Users/admin/builder/spi-builder-workspace/.derivedData/ModuleCache.noindex/Session.modulevalidation -Xcc -I/Users/admin/builder/spi-builder-workspace/.derivedData/Build/Intermediates.noindex/swift-async-algorithms.build/Debug-xros/AsyncAlgorithms.build/swift-overrides.hmap -emit-const-values -Xfrontend -const-gather-protocols-file -Xfrontend /Users/admin/builder/spi-builder-workspace/.derivedData/Build/Intermediates.noindex/swift-async-algorithms.build/Debug-xros/AsyncAlgorithms.build/Objects-normal/arm64/AsyncAlgorithms_const_extract_protocols.json -Xcc -I/Users/admin/builder/spi-builder-workspace/.derivedData/Build/Products/Debug-xros/include -Xcc -I/Users/admin/builder/spi-builder-workspace/.derivedData/Build/Intermediates.noindex/swift-async-algorithms.build/Debug-xros/AsyncAlgorithms.build/DerivedSources-normal/arm64 -Xcc -I/Users/admin/builder/spi-builder-workspace/.derivedData/Build/Intermediates.noindex/swift-async-algorithms.build/Debug-xros/AsyncAlgorithms.build/DerivedSources/arm64 -Xcc -I/Users/admin/builder/spi-builder-workspace/.derivedData/Build/Intermediates.noindex/swift-async-algorithms.build/Debug-xros/AsyncAlgorithms.build/DerivedSources -Xcc -DSWIFT_PACKAGE -Xcc -DDEBUG\=1 -emit-objc-header -emit-objc-header-path /Users/admin/builder/spi-builder-workspace/.derivedData/Build/Intermediates.noindex/swift-async-algorithms.build/Debug-xros/AsyncAlgorithms.build/Objects-normal/arm64/AsyncAlgorithms-Swift.h -working-directory /Users/admin/builder/spi-builder-workspace/.swiftpm/xcode -experimental-emit-module-separately -disable-cmo
ExtractAppIntentsMetadata (in target 'Table' from project 'Table')
    cd /Users/admin/builder/spi-builder-workspace/.dependencies/checkouts/Table
    /Applications/Xcode-26.3.0.app/Contents/Developer/Toolchains/XcodeDefault.xctoolchain/usr/bin/appintentsmetadataprocessor --toolchain-dir /var/run/com.apple.security.cryptexd/mnt/com.apple.MobileAsset.MetalToolchain-v17.3.7003.10.NZb94y/Metal.xctoolchain --module-name Table --sdk-root /Applications/Xcode-26.3.0.app/Contents/Developer/Platforms/XROS.platform/Developer/SDKs/XROS26.2.sdk --xcode-version 17C529 --platform-family xrOS --deployment-target 1.0 --bundle-identifier table.Table --output /Users/admin/builder/spi-builder-workspace/.derivedData/Build/Products/Debug-xros/Table.appintents --target-triple arm64-apple-xros1.0 --binary-file /Users/admin/builder/spi-builder-workspace/.derivedData/Build/Products/Debug-xros/Table.o --dependency-file /Users/admin/builder/spi-builder-workspace/.derivedData/Build/Intermediates.noindex/Table.build/Debug-xros/Table.build/Objects-normal/arm64/Table_dependency_info.dat --stringsdata-file /Users/admin/builder/spi-builder-workspace/.derivedData/Build/Intermediates.noindex/Table.build/Debug-xros/Table.build/Objects-normal/arm64/ExtractedAppShortcutsMetadata.stringsdata --source-file-list /Users/admin/builder/spi-builder-workspace/.derivedData/Build/Intermediates.noindex/Table.build/Debug-xros/Table.build/Objects-normal/arm64/Table.SwiftFileList --metadata-file-list /Users/admin/builder/spi-builder-workspace/.derivedData/Build/Intermediates.noindex/Table.build/Debug-xros/Table.build/Table.DependencyMetadataFileList --static-metadata-file-list /Users/admin/builder/spi-builder-workspace/.derivedData/Build/Intermediates.noindex/Table.build/Debug-xros/Table.build/Table.DependencyStaticMetadataFileList --swift-const-vals-list /Users/admin/builder/spi-builder-workspace/.derivedData/Build/Intermediates.noindex/Table.build/Debug-xros/Table.build/Objects-normal/arm64/Table.SwiftConstValuesFileList --force --compile-time-extraction --deployment-aware-processing --validate-assistant-intents --no-app-shortcuts-localization
2026-09-30 14:32:17.669 appintentsmetadataprocessor[2113:10372] Starting appintentsmetadataprocessor export
2026-09-30 14:32:17.839 appintentsmetadataprocessor[2113:10372] Extracted no relevant App Intents symbols, skipping writing output
SwiftDriverJobDiscovery normal arm64 Compiling JSONCodable.swift, JSONValue.swift, Logging.swift, Message.swift, MessageReaction+JSON.swift (in target 'AblyChat' from project 'AblyChat')
RegisterExecutionPolicyException /Users/admin/builder/spi-builder-workspace/.derivedData/Build/Products/Debug-xros/Ably.o (in target 'Ably' from project 'ably-cocoa')
    cd /Users/admin/builder/spi-builder-workspace/.dependencies/checkouts/ably-cocoa
    builtin-RegisterExecutionPolicyException /Users/admin/builder/spi-builder-workspace/.derivedData/Build/Products/Debug-xros/Ably.o
SwiftDriverJobDiscovery normal arm64 Compiling Rooms.swift, SimpleClock.swift, Subscription.swift, SubscriptionAsyncSequence.swift, SubscriptionStorage.swift (in target 'AblyChat' from project 'AblyChat')
SwiftDriverJobDiscovery normal arm64 Compiling Connection.swift, DefaultConnection.swift, DefaultMessageReactions.swift, DefaultMessages.swift, DefaultOccupancy.swift, DefaultPresence.swift (in target 'AblyChat' from project 'AblyChat')
SwiftDriverJobDiscovery normal arm64 Compiling MessageReaction.swift, MessageReactions.swift, Messages.swift, Metadata.swift, Occupancy.swift (in target 'AblyChat' from project 'AblyChat')
SwiftCompile normal arm64 Compiling\ BoundedBufferStateMachine.swift,\ BoundedBufferStorage.swift,\ UnboundedBufferStateMachine.swift,\ UnboundedBufferStorage.swift,\ AsyncChannel.swift /Users/admin/builder/spi-builder-workspace/.dependencies/checkouts/swift-async-algorithms/Sources/AsyncAlgorithms/Buffer/BoundedBufferStateMachine.swift /Users/admin/builder/spi-builder-workspace/.dependencies/checkouts/swift-async-algorithms/Sources/AsyncAlgorithms/Buffer/BoundedBufferStorage.swift /Users/admin/builder/spi-builder-workspace/.dependencies/checkouts/swift-async-algorithms/Sources/AsyncAlgorithms/Buffer/UnboundedBufferStateMachine.swift /Users/admin/builder/spi-builder-workspace/.dependencies/checkouts/swift-async-algorithms/Sources/AsyncAlgorithms/Buffer/UnboundedBufferStorage.swift /Users/admin/builder/spi-builder-workspace/.dependencies/checkouts/swift-async-algorithms/Sources/AsyncAlgorithms/Channels/AsyncChannel.swift (in target 'AsyncAlgorithms' from project 'swift-async-algorithms')
SwiftCompile normal arm64 /Users/admin/builder/spi-builder-workspace/.dependencies/checkouts/swift-async-algorithms/Sources/AsyncAlgorithms/Buffer/BoundedBufferStateMachine.swift (in target 'AsyncAlgorithms' from project 'swift-async-algorithms')
    cd /Users/admin/builder/spi-builder-workspace/.swiftpm/xcode

SwiftCompile normal arm64 /Users/admin/builder/spi-builder-workspace/.dependencies/checkouts/swift-async-algorithms/Sources/AsyncAlgorithms/Buffer/BoundedBufferStorage.swift (in target 'AsyncAlgorithms' from project 'swift-async-algorithms')
    cd /Users/admin/builder/spi-builder-workspace/.swiftpm/xcode

SwiftCompile normal arm64 /Users/admin/builder/spi-builder-workspace/.dependencies/checkouts/swift-async-algorithms/Sources/AsyncAlgorithms/Buffer/UnboundedBufferStateMachine.swift (in target 'AsyncAlgorithms' from project 'swift-async-algorithms')
    cd /Users/admin/builder/spi-builder-workspace/.swiftpm/xcode

SwiftCompile normal arm64 /Users/admin/builder/spi-builder-workspace/.dependencies/checkouts/swift-async-algorithms/Sources/AsyncAlgorithms/Buffer/UnboundedBufferStorage.swift (in target 'AsyncAlgorithms' from project 'swift-async-algorithms')
    cd /Users/admin/builder/spi-builder-workspace/.swiftpm/xcode

SwiftCompile normal arm64 /Users/admin/builder/spi-builder-workspace/.dependencies/checkouts/swift-async-algorithms/Sources/AsyncAlgorithms/Channels/AsyncChannel.swift (in target 'AsyncAlgorithms' from project 'swift-async-algorithms')
    cd /Users/admin/builder/spi-builder-workspace/.swiftpm/xcode

SwiftCompile normal arm64 Compiling\ AsyncThrottleSequence.swift,\ AsyncThrowingExclusiveReductionsSequence.swift,\ AsyncThrowingInclusiveReductionsSequence.swift,\ AsyncTimerSequence.swift,\ AsyncBufferSequence.swift /Users/admin/builder/spi-builder-workspace/.dependencies/checkouts/swift-async-algorithms/Sources/AsyncAlgorithms/AsyncThrottleSequence.swift /Users/admin/builder/spi-builder-workspace/.dependencies/checkouts/swift-async-algorithms/Sources/AsyncAlgorithms/AsyncThrowingExclusiveReductionsSequence.swift /Users/admin/builder/spi-builder-workspace/.dependencies/checkouts/swift-async-algorithms/Sources/AsyncAlgorithms/AsyncThrowingInclusiveReductionsSequence.swift /Users/admin/builder/spi-builder-workspace/.dependencies/checkouts/swift-async-algorithms/Sources/AsyncAlgorithms/AsyncTimerSequence.swift /Users/admin/builder/spi-builder-workspace/.dependencies/checkouts/swift-async-algorithms/Sources/AsyncAlgorithms/Buffer/AsyncBufferSequence.swift (in target 'AsyncAlgorithms' from project 'swift-async-algorithms')
SwiftCompile normal arm64 /Users/admin/builder/spi-builder-workspace/.dependencies/checkouts/swift-async-algorithms/Sources/AsyncAlgorithms/AsyncThrottleSequence.swift (in target 'AsyncAlgorithms' from project 'swift-async-algorithms')
    cd /Users/admin/builder/spi-builder-workspace/.swiftpm/xcode

SwiftCompile normal arm64 /Users/admin/builder/spi-builder-workspace/.dependencies/checkouts/swift-async-algorithms/Sources/AsyncAlgorithms/AsyncThrowingExclusiveReductionsSequence.swift (in target 'AsyncAlgorithms' from project 'swift-async-algorithms')
    cd /Users/admin/builder/spi-builder-workspace/.swiftpm/xcode

SwiftCompile normal arm64 /Users/admin/builder/spi-builder-workspace/.dependencies/checkouts/swift-async-algorithms/Sources/AsyncAlgorithms/AsyncThrowingInclusiveReductionsSequence.swift (in target 'AsyncAlgorithms' from project 'swift-async-algorithms')
    cd /Users/admin/builder/spi-builder-workspace/.swiftpm/xcode

SwiftCompile normal arm64 /Users/admin/builder/spi-builder-workspace/.dependencies/checkouts/swift-async-algorithms/Sources/AsyncAlgorithms/AsyncTimerSequence.swift (in target 'AsyncAlgorithms' from project 'swift-async-algorithms')
    cd /Users/admin/builder/spi-builder-workspace/.swiftpm/xcode

SwiftCompile normal arm64 /Users/admin/builder/spi-builder-workspace/.dependencies/checkouts/swift-async-algorithms/Sources/AsyncAlgorithms/Buffer/AsyncBufferSequence.swift (in target 'AsyncAlgorithms' from project 'swift-async-algorithms')
    cd /Users/admin/builder/spi-builder-workspace/.swiftpm/xcode

SwiftCompile normal arm64 Compiling\ CombineLatestStateMachine.swift,\ CombineLatestStorage.swift,\ AsyncDebounceSequence.swift,\ DebounceStateMachine.swift,\ DebounceStorage.swift /Users/admin/builder/spi-builder-workspace/.dependencies/checkouts/swift-async-algorithms/Sources/AsyncAlgorithms/CombineLatest/CombineLatestStateMachine.swift /Users/admin/builder/spi-builder-workspace/.dependencies/checkouts/swift-async-algorithms/Sources/AsyncAlgorithms/CombineLatest/CombineLatestStorage.swift /Users/admin/builder/spi-builder-workspace/.dependencies/checkouts/swift-async-algorithms/Sources/AsyncAlgorithms/Debounce/AsyncDebounceSequence.swift /Users/admin/builder/spi-builder-workspace/.dependencies/checkouts/swift-async-algorithms/Sources/AsyncAlgorithms/Debounce/DebounceStateMachine.swift /Users/admin/builder/spi-builder-workspace/.dependencies/checkouts/swift-async-algorithms/Sources/AsyncAlgorithms/Debounce/DebounceStorage.swift (in target 'AsyncAlgorithms' from project 'swift-async-algorithms')
SwiftCompile normal arm64 /Users/admin/builder/spi-builder-workspace/.dependencies/checkouts/swift-async-algorithms/Sources/AsyncAlgorithms/CombineLatest/CombineLatestStateMachine.swift (in target 'AsyncAlgorithms' from project 'swift-async-algorithms')
    cd /Users/admin/builder/spi-builder-workspace/.swiftpm/xcode

SwiftCompile normal arm64 /Users/admin/builder/spi-builder-workspace/.dependencies/checkouts/swift-async-algorithms/Sources/AsyncAlgorithms/CombineLatest/CombineLatestStorage.swift (in target 'AsyncAlgorithms' from project 'swift-async-algorithms')
    cd /Users/admin/builder/spi-builder-workspace/.swiftpm/xcode

SwiftCompile normal arm64 /Users/admin/builder/spi-builder-workspace/.dependencies/checkouts/swift-async-algorithms/Sources/AsyncAlgorithms/Debounce/AsyncDebounceSequence.swift (in target 'AsyncAlgorithms' from project 'swift-async-algorithms')
    cd /Users/admin/builder/spi-builder-workspace/.swiftpm/xcode

SwiftCompile normal arm64 /Users/admin/builder/spi-builder-workspace/.dependencies/checkouts/swift-async-algorithms/Sources/AsyncAlgorithms/Debounce/DebounceStateMachine.swift (in target 'AsyncAlgorithms' from project 'swift-async-algorithms')
    cd /Users/admin/builder/spi-builder-workspace/.swiftpm/xcode

SwiftCompile normal arm64 /Users/admin/builder/spi-builder-workspace/.dependencies/checkouts/swift-async-algorithms/Sources/AsyncAlgorithms/Debounce/DebounceStorage.swift (in target 'AsyncAlgorithms' from project 'swift-async-algorithms')
    cd /Users/admin/builder/spi-builder-workspace/.swiftpm/xcode

SwiftCompile normal arm64 Compiling\ AsyncThrowingChannel.swift,\ ChannelStateMachine.swift,\ ChannelStorage.swift,\ AsyncCombineLatest2Sequence.swift,\ AsyncCombineLatest3Sequence.swift /Users/admin/builder/spi-builder-workspace/.dependencies/checkouts/swift-async-algorithms/Sources/AsyncAlgorithms/Channels/AsyncThrowingChannel.swift /Users/admin/builder/spi-builder-workspace/.dependencies/checkouts/swift-async-algorithms/Sources/AsyncAlgorithms/Channels/ChannelStateMachine.swift /Users/admin/builder/spi-builder-workspace/.dependencies/checkouts/swift-async-algorithms/Sources/AsyncAlgorithms/Channels/ChannelStorage.swift /Users/admin/builder/spi-builder-workspace/.dependencies/checkouts/swift-async-algorithms/Sources/AsyncAlgorithms/CombineLatest/AsyncCombineLatest2Sequence.swift /Users/admin/builder/spi-builder-workspace/.dependencies/checkouts/swift-async-algorithms/Sources/AsyncAlgorithms/CombineLatest/AsyncCombineLatest3Sequence.swift (in target 'AsyncAlgorithms' from project 'swift-async-algorithms')
SwiftCompile normal arm64 /Users/admin/builder/spi-builder-workspace/.dependencies/checkouts/swift-async-algorithms/Sources/AsyncAlgorithms/Channels/AsyncThrowingChannel.swift (in target 'AsyncAlgorithms' from project 'swift-async-algorithms')
    cd /Users/admin/builder/spi-builder-workspace/.swiftpm/xcode

SwiftCompile normal arm64 /Users/admin/builder/spi-builder-workspace/.dependencies/checkouts/swift-async-algorithms/Sources/AsyncAlgorithms/Channels/ChannelStateMachine.swift (in target 'AsyncAlgorithms' from project 'swift-async-algorithms')
    cd /Users/admin/builder/spi-builder-workspace/.swiftpm/xcode

SwiftCompile normal arm64 /Users/admin/builder/spi-builder-workspace/.dependencies/checkouts/swift-async-algorithms/Sources/AsyncAlgorithms/Channels/ChannelStorage.swift (in target 'AsyncAlgorithms' from project 'swift-async-algorithms')
    cd /Users/admin/builder/spi-builder-workspace/.swiftpm/xcode

SwiftCompile normal arm64 /Users/admin/builder/spi-builder-workspace/.dependencies/checkouts/swift-async-algorithms/Sources/AsyncAlgorithms/CombineLatest/AsyncCombineLatest2Sequence.swift (in target 'AsyncAlgorithms' from project 'swift-async-algorithms')
    cd /Users/admin/builder/spi-builder-workspace/.swiftpm/xcode

SwiftCompile normal arm64 /Users/admin/builder/spi-builder-workspace/.dependencies/checkouts/swift-async-algorithms/Sources/AsyncAlgorithms/CombineLatest/AsyncCombineLatest3Sequence.swift (in target 'AsyncAlgorithms' from project 'swift-async-algorithms')
    cd /Users/admin/builder/spi-builder-workspace/.swiftpm/xcode

SwiftCompile normal arm64 Compiling\ AsyncAdjacentPairsSequence.swift,\ AsyncBufferedByteIterator.swift,\ AsyncChain2Sequence.swift,\ AsyncChain3Sequence.swift,\ AsyncChunkedByGroupSequence.swift /Users/admin/builder/spi-builder-workspace/.dependencies/checkouts/swift-async-algorithms/Sources/AsyncAlgorithms/AsyncAdjacentPairsSequence.swift /Users/admin/builder/spi-builder-workspace/.dependencies/checkouts/swift-async-algorithms/Sources/AsyncAlgorithms/AsyncBufferedByteIterator.swift /Users/admin/builder/spi-builder-workspace/.dependencies/checkouts/swift-async-algorithms/Sources/AsyncAlgorithms/AsyncChain2Sequence.swift /Users/admin/builder/spi-builder-workspace/.dependencies/checkouts/swift-async-algorithms/Sources/AsyncAlgorithms/AsyncChain3Sequence.swift /Users/admin/builder/spi-builder-workspace/.dependencies/checkouts/swift-async-algorithms/Sources/AsyncAlgorithms/AsyncChunkedByGroupSequence.swift (in target 'AsyncAlgorithms' from project 'swift-async-algorithms')
SwiftCompile normal arm64 /Users/admin/builder/spi-builder-workspace/.dependencies/checkouts/swift-async-algorithms/Sources/AsyncAlgorithms/AsyncAdjacentPairsSequence.swift (in target 'AsyncAlgorithms' from project 'swift-async-algorithms')
    cd /Users/admin/builder/spi-builder-workspace/.swiftpm/xcode

SwiftCompile normal arm64 /Users/admin/builder/spi-builder-workspace/.dependencies/checkouts/swift-async-algorithms/Sources/AsyncAlgorithms/AsyncBufferedByteIterator.swift (in target 'AsyncAlgorithms' from project 'swift-async-algorithms')
    cd /Users/admin/builder/spi-builder-workspace/.swiftpm/xcode

SwiftCompile normal arm64 /Users/admin/builder/spi-builder-workspace/.dependencies/checkouts/swift-async-algorithms/Sources/AsyncAlgorithms/AsyncChain2Sequence.swift (in target 'AsyncAlgorithms' from project 'swift-async-algorithms')
    cd /Users/admin/builder/spi-builder-workspace/.swiftpm/xcode

SwiftCompile normal arm64 /Users/admin/builder/spi-builder-workspace/.dependencies/checkouts/swift-async-algorithms/Sources/AsyncAlgorithms/AsyncChain3Sequence.swift (in target 'AsyncAlgorithms' from project 'swift-async-algorithms')
    cd /Users/admin/builder/spi-builder-workspace/.swiftpm/xcode

SwiftCompile normal arm64 /Users/admin/builder/spi-builder-workspace/.dependencies/checkouts/swift-async-algorithms/Sources/AsyncAlgorithms/AsyncChunkedByGroupSequence.swift (in target 'AsyncAlgorithms' from project 'swift-async-algorithms')
    cd /Users/admin/builder/spi-builder-workspace/.swiftpm/xcode

SwiftEmitModule normal arm64 Emitting\ module\ for\ AsyncAlgorithms (in target 'AsyncAlgorithms' from project 'swift-async-algorithms')
EmitSwiftModule normal arm64 (in target 'AsyncAlgorithms' from project 'swift-async-algorithms')
    cd /Users/admin/builder/spi-builder-workspace/.swiftpm/xcode

SwiftDriverJobDiscovery normal arm64 Compiling OperationMetadata.swift, PaginatedResult.swift, Presence.swift, Room.swift, RoomLifecycleManager.swift (in target 'AblyChat' from project 'AblyChat')
SwiftCompile normal arm64 Compiling\ UnsafeTransfer.swift,\ AsyncZip2Sequence.swift,\ AsyncZip3Sequence.swift,\ ZipStateMachine.swift,\ ZipStorage.swift /Users/admin/builder/spi-builder-workspace/.dependencies/checkouts/swift-async-algorithms/Sources/AsyncAlgorithms/UnsafeTransfer.swift /Users/admin/builder/spi-builder-workspace/.dependencies/checkouts/swift-async-algorithms/Sources/AsyncAlgorithms/Zip/AsyncZip2Sequence.swift /Users/admin/builder/spi-builder-workspace/.dependencies/checkouts/swift-async-algorithms/Sources/AsyncAlgorithms/Zip/AsyncZip3Sequence.swift /Users/admin/builder/spi-builder-workspace/.dependencies/checkouts/swift-async-algorithms/Sources/AsyncAlgorithms/Zip/ZipStateMachine.swift /Users/admin/builder/spi-builder-workspace/.dependencies/checkouts/swift-async-algorithms/Sources/AsyncAlgorithms/Zip/ZipStorage.swift (in target 'AsyncAlgorithms' from project 'swift-async-algorithms')
SwiftCompile normal arm64 /Users/admin/builder/spi-builder-workspace/.dependencies/checkouts/swift-async-algorithms/Sources/AsyncAlgorithms/UnsafeTransfer.swift (in target 'AsyncAlgorithms' from project 'swift-async-algorithms')
    cd /Users/admin/builder/spi-builder-workspace/.swiftpm/xcode

SwiftCompile normal arm64 /Users/admin/builder/spi-builder-workspace/.dependencies/checkouts/swift-async-algorithms/Sources/AsyncAlgorithms/Zip/AsyncZip2Sequence.swift (in target 'AsyncAlgorithms' from project 'swift-async-algorithms')
    cd /Users/admin/builder/spi-builder-workspace/.swiftpm/xcode

SwiftCompile normal arm64 /Users/admin/builder/spi-builder-workspace/.dependencies/checkouts/swift-async-algorithms/Sources/AsyncAlgorithms/Zip/AsyncZip3Sequence.swift (in target 'AsyncAlgorithms' from project 'swift-async-algorithms')
    cd /Users/admin/builder/spi-builder-workspace/.swiftpm/xcode

SwiftCompile normal arm64 /Users/admin/builder/spi-builder-workspace/.dependencies/checkouts/swift-async-algorithms/Sources/AsyncAlgorithms/Zip/ZipStateMachine.swift (in target 'AsyncAlgorithms' from project 'swift-async-algorithms')
    cd /Users/admin/builder/spi-builder-workspace/.swiftpm/xcode

SwiftCompile normal arm64 /Users/admin/builder/spi-builder-workspace/.dependencies/checkouts/swift-async-algorithms/Sources/AsyncAlgorithms/Zip/ZipStorage.swift (in target 'AsyncAlgorithms' from project 'swift-async-algorithms')
    cd /Users/admin/builder/spi-builder-workspace/.swiftpm/xcode

SwiftDriverJobDiscovery normal arm64 Compiling AsyncAdjacentPairsSequence.swift, AsyncBufferedByteIterator.swift, AsyncChain2Sequence.swift, AsyncChain3Sequence.swift, AsyncChunkedByGroupSequence.swift (in target 'AsyncAlgorithms' from project 'swift-async-algorithms')
SwiftCompile normal arm64 Compiling\ Dictionary.swift,\ AsyncInterspersedSequence.swift,\ Locking.swift,\ AsyncMerge2Sequence.swift,\ AsyncMerge3Sequence.swift /Users/admin/builder/spi-builder-workspace/.dependencies/checkouts/swift-async-algorithms/Sources/AsyncAlgorithms/Dictionary.swift /Users/admin/builder/spi-builder-workspace/.dependencies/checkouts/swift-async-algorithms/Sources/AsyncAlgorithms/Interspersed/AsyncInterspersedSequence.swift /Users/admin/builder/spi-builder-workspace/.dependencies/checkouts/swift-async-algorithms/Sources/AsyncAlgorithms/Locking.swift /Users/admin/builder/spi-builder-workspace/.dependencies/checkouts/swift-async-algorithms/Sources/AsyncAlgorithms/Merge/AsyncMerge2Sequence.swift /Users/admin/builder/spi-builder-workspace/.dependencies/checkouts/swift-async-algorithms/Sources/AsyncAlgorithms/Merge/AsyncMerge3Sequence.swift (in target 'AsyncAlgorithms' from project 'swift-async-algorithms')
SwiftCompile normal arm64 /Users/admin/builder/spi-builder-workspace/.dependencies/checkouts/swift-async-algorithms/Sources/AsyncAlgorithms/Dictionary.swift (in target 'AsyncAlgorithms' from project 'swift-async-algorithms')
    cd /Users/admin/builder/spi-builder-workspace/.swiftpm/xcode

SwiftCompile normal arm64 /Users/admin/builder/spi-builder-workspace/.dependencies/checkouts/swift-async-algorithms/Sources/AsyncAlgorithms/Interspersed/AsyncInterspersedSequence.swift (in target 'AsyncAlgorithms' from project 'swift-async-algorithms')
    cd /Users/admin/builder/spi-builder-workspace/.swiftpm/xcode

SwiftCompile normal arm64 /Users/admin/builder/spi-builder-workspace/.dependencies/checkouts/swift-async-algorithms/Sources/AsyncAlgorithms/Locking.swift (in target 'AsyncAlgorithms' from project 'swift-async-algorithms')
    cd /Users/admin/builder/spi-builder-workspace/.swiftpm/xcode

SwiftCompile normal arm64 /Users/admin/builder/spi-builder-workspace/.dependencies/checkouts/swift-async-algorithms/Sources/AsyncAlgorithms/Merge/AsyncMerge2Sequence.swift (in target 'AsyncAlgorithms' from project 'swift-async-algorithms')
    cd /Users/admin/builder/spi-builder-workspace/.swiftpm/xcode

SwiftCompile normal arm64 /Users/admin/builder/spi-builder-workspace/.dependencies/checkouts/swift-async-algorithms/Sources/AsyncAlgorithms/Merge/AsyncMerge3Sequence.swift (in target 'AsyncAlgorithms' from project 'swift-async-algorithms')
    cd /Users/admin/builder/spi-builder-workspace/.swiftpm/xcode

SwiftDriverJobDiscovery normal arm64 Compiling AsyncThrottleSequence.swift, AsyncThrowingExclusiveReductionsSequence.swift, AsyncThrowingInclusiveReductionsSequence.swift, AsyncTimerSequence.swift, AsyncBufferSequence.swift (in target 'AsyncAlgorithms' from project 'swift-async-algorithms')
SwiftCompile normal arm64 Compiling\ AsyncInclusiveReductionsSequence.swift,\ AsyncJoinedBySeparatorSequence.swift,\ AsyncJoinedSequence.swift,\ AsyncRemoveDuplicatesSequence.swift,\ AsyncSyncSequence.swift /Users/admin/builder/spi-builder-workspace/.dependencies/checkouts/swift-async-algorithms/Sources/AsyncAlgorithms/AsyncInclusiveReductionsSequence.swift /Users/admin/builder/spi-builder-workspace/.dependencies/checkouts/swift-async-algorithms/Sources/AsyncAlgorithms/AsyncJoinedBySeparatorSequence.swift /Users/admin/builder/spi-builder-workspace/.dependencies/checkouts/swift-async-algorithms/Sources/AsyncAlgorithms/AsyncJoinedSequence.swift /Users/admin/builder/spi-builder-workspace/.dependencies/checkouts/swift-async-algorithms/Sources/AsyncAlgorithms/AsyncRemoveDuplicatesSequence.swift /Users/admin/builder/spi-builder-workspace/.dependencies/checkouts/swift-async-algorithms/Sources/AsyncAlgorithms/AsyncSyncSequence.swift (in target 'AsyncAlgorithms' from project 'swift-async-algorithms')
SwiftCompile normal arm64 /Users/admin/builder/spi-builder-workspace/.dependencies/checkouts/swift-async-algorithms/Sources/AsyncAlgorithms/AsyncInclusiveReductionsSequence.swift (in target 'AsyncAlgorithms' from project 'swift-async-algorithms')
    cd /Users/admin/builder/spi-builder-workspace/.swiftpm/xcode

SwiftCompile normal arm64 /Users/admin/builder/spi-builder-workspace/.dependencies/checkouts/swift-async-algorithms/Sources/AsyncAlgorithms/AsyncJoinedBySeparatorSequence.swift (in target 'AsyncAlgorithms' from project 'swift-async-algorithms')
    cd /Users/admin/builder/spi-builder-workspace/.swiftpm/xcode

SwiftCompile normal arm64 /Users/admin/builder/spi-builder-workspace/.dependencies/checkouts/swift-async-algorithms/Sources/AsyncAlgorithms/AsyncJoinedSequence.swift (in target 'AsyncAlgorithms' from project 'swift-async-algorithms')
    cd /Users/admin/builder/spi-builder-workspace/.swiftpm/xcode

SwiftCompile normal arm64 /Users/admin/builder/spi-builder-workspace/.dependencies/checkouts/swift-async-algorithms/Sources/AsyncAlgorithms/AsyncRemoveDuplicatesSequence.swift (in target 'AsyncAlgorithms' from project 'swift-async-algorithms')
    cd /Users/admin/builder/spi-builder-workspace/.swiftpm/xcode

SwiftCompile normal arm64 /Users/admin/builder/spi-builder-workspace/.dependencies/checkouts/swift-async-algorithms/Sources/AsyncAlgorithms/AsyncSyncSequence.swift (in target 'AsyncAlgorithms' from project 'swift-async-algorithms')
    cd /Users/admin/builder/spi-builder-workspace/.swiftpm/xcode

SwiftDriverJobDiscovery normal arm64 Compiling AsyncThrowingChannel.swift, ChannelStateMachine.swift, ChannelStorage.swift, AsyncCombineLatest2Sequence.swift, AsyncCombineLatest3Sequence.swift (in target 'AsyncAlgorithms' from project 'swift-async-algorithms')
SwiftCompile normal arm64 Compiling\ MergeStateMachine.swift,\ MergeStorage.swift,\ RangeReplaceableCollection.swift,\ Rethrow.swift,\ SetAlgebra.swift /Users/admin/builder/spi-builder-workspace/.dependencies/checkouts/swift-async-algorithms/Sources/AsyncAlgorithms/Merge/MergeStateMachine.swift /Users/admin/builder/spi-builder-workspace/.dependencies/checkouts/swift-async-algorithms/Sources/AsyncAlgorithms/Merge/MergeStorage.swift /Users/admin/builder/spi-builder-workspace/.dependencies/checkouts/swift-async-algorithms/Sources/AsyncAlgorithms/RangeReplaceableCollection.swift /Users/admin/builder/spi-builder-workspace/.dependencies/checkouts/swift-async-algorithms/Sources/AsyncAlgorithms/Rethrow.swift /Users/admin/builder/spi-builder-workspace/.dependencies/checkouts/swift-async-algorithms/Sources/AsyncAlgorithms/SetAlgebra.swift (in target 'AsyncAlgorithms' from project 'swift-async-algorithms')
SwiftCompile normal arm64 /Users/admin/builder/spi-builder-workspace/.dependencies/checkouts/swift-async-algorithms/Sources/AsyncAlgorithms/Merge/MergeStateMachine.swift (in target 'AsyncAlgorithms' from project 'swift-async-algorithms')
    cd /Users/admin/builder/spi-builder-workspace/.swiftpm/xcode

SwiftCompile normal arm64 /Users/admin/builder/spi-builder-workspace/.dependencies/checkouts/swift-async-algorithms/Sources/AsyncAlgorithms/Merge/MergeStorage.swift (in target 'AsyncAlgorithms' from project 'swift-async-algorithms')
    cd /Users/admin/builder/spi-builder-workspace/.swiftpm/xcode

SwiftCompile normal arm64 /Users/admin/builder/spi-builder-workspace/.dependencies/checkouts/swift-async-algorithms/Sources/AsyncAlgorithms/RangeReplaceableCollection.swift (in target 'AsyncAlgorithms' from project 'swift-async-algorithms')
    cd /Users/admin/builder/spi-builder-workspace/.swiftpm/xcode

SwiftCompile normal arm64 /Users/admin/builder/spi-builder-workspace/.dependencies/checkouts/swift-async-algorithms/Sources/AsyncAlgorithms/Rethrow.swift (in target 'AsyncAlgorithms' from project 'swift-async-algorithms')
    cd /Users/admin/builder/spi-builder-workspace/.swiftpm/xcode

SwiftCompile normal arm64 /Users/admin/builder/spi-builder-workspace/.dependencies/checkouts/swift-async-algorithms/Sources/AsyncAlgorithms/SetAlgebra.swift (in target 'AsyncAlgorithms' from project 'swift-async-algorithms')
    cd /Users/admin/builder/spi-builder-workspace/.swiftpm/xcode

SwiftDriverJobDiscovery normal arm64 Compiling BoundedBufferStateMachine.swift, BoundedBufferStorage.swift, UnboundedBufferStateMachine.swift, UnboundedBufferStorage.swift, AsyncChannel.swift (in target 'AsyncAlgorithms' from project 'swift-async-algorithms')
SwiftCompile normal arm64 Compiling\ AsyncChunkedOnProjectionSequence.swift,\ AsyncChunksOfCountOrSignalSequence.swift,\ AsyncChunksOfCountSequence.swift,\ AsyncCompactedSequence.swift,\ AsyncExclusiveReductionsSequence.swift /Users/admin/builder/spi-builder-workspace/.dependencies/checkouts/swift-async-algorithms/Sources/AsyncAlgorithms/AsyncChunkedOnProjectionSequence.swift /Users/admin/builder/spi-builder-workspace/.dependencies/checkouts/swift-async-algorithms/Sources/AsyncAlgorithms/AsyncChunksOfCountOrSignalSequence.swift /Users/admin/builder/spi-builder-workspace/.dependencies/checkouts/swift-async-algorithms/Sources/AsyncAlgorithms/AsyncChunksOfCountSequence.swift /Users/admin/builder/spi-builder-workspace/.dependencies/checkouts/swift-async-algorithms/Sources/AsyncAlgorithms/AsyncCompactedSequence.swift /Users/admin/builder/spi-builder-workspace/.dependencies/checkouts/swift-async-algorithms/Sources/AsyncAlgorithms/AsyncExclusiveReductionsSequence.swift (in target 'AsyncAlgorithms' from project 'swift-async-algorithms')
SwiftCompile normal arm64 /Users/admin/builder/spi-builder-workspace/.dependencies/checkouts/swift-async-algorithms/Sources/AsyncAlgorithms/AsyncChunkedOnProjectionSequence.swift (in target 'AsyncAlgorithms' from project 'swift-async-algorithms')
    cd /Users/admin/builder/spi-builder-workspace/.swiftpm/xcode

SwiftCompile normal arm64 /Users/admin/builder/spi-builder-workspace/.dependencies/checkouts/swift-async-algorithms/Sources/AsyncAlgorithms/AsyncChunksOfCountOrSignalSequence.swift (in target 'AsyncAlgorithms' from project 'swift-async-algorithms')
    cd /Users/admin/builder/spi-builder-workspace/.swiftpm/xcode

SwiftCompile normal arm64 /Users/admin/builder/spi-builder-workspace/.dependencies/checkouts/swift-async-algorithms/Sources/AsyncAlgorithms/AsyncChunksOfCountSequence.swift (in target 'AsyncAlgorithms' from project 'swift-async-algorithms')
    cd /Users/admin/builder/spi-builder-workspace/.swiftpm/xcode

SwiftCompile normal arm64 /Users/admin/builder/spi-builder-workspace/.dependencies/checkouts/swift-async-algorithms/Sources/AsyncAlgorithms/AsyncCompactedSequence.swift (in target 'AsyncAlgorithms' from project 'swift-async-algorithms')
    cd /Users/admin/builder/spi-builder-workspace/.swiftpm/xcode

SwiftCompile normal arm64 /Users/admin/builder/spi-builder-workspace/.dependencies/checkouts/swift-async-algorithms/Sources/AsyncAlgorithms/AsyncExclusiveReductionsSequence.swift (in target 'AsyncAlgorithms' from project 'swift-async-algorithms')
    cd /Users/admin/builder/spi-builder-workspace/.swiftpm/xcode

SwiftDriverJobDiscovery normal arm64 Compiling Ably+Dependencies.swift, InternalAblyCocoaTypes.swift, BufferingPolicy.swift, ChatAPI.swift, ChatClient.swift, ClockProtocol.swift (in target 'AblyChat' from project 'AblyChat')
SwiftDriverJobDiscovery normal arm64 Emitting module for AsyncAlgorithms (in target 'AsyncAlgorithms' from project 'swift-async-algorithms')
SwiftDriver\ Compilation AblyChat normal arm64 com.apple.xcode.tools.swift.compiler (in target 'AblyChat' from project 'AblyChat')
    cd /Users/admin/builder/spi-builder-workspace/.swiftpm/xcode
    builtin-Swift-Compilation -- /Applications/Xcode-26.3.0.app/Contents/Developer/Toolchains/XcodeDefault.xctoolchain/usr/bin/swiftc -module-name AblyChat -Onone -enforce-exclusivity\=checked @/Users/admin/builder/spi-builder-workspace/.derivedData/Build/Intermediates.noindex/AblyChat.build/Debug-xros/AblyChat.build/Objects-normal/arm64/AblyChat.SwiftFileList -DSWIFT_PACKAGE -DDEBUG -DSWIFT_MODULE_RESOURCE_BUNDLE_UNAVAILABLE -Xcc -fmodule-map-file\=/Users/admin/builder/spi-builder-workspace/.derivedData/Build/Intermediates.noindex/GeneratedModuleMaps-xros/msgpack.modulemap -Xcc -fmodule-map-file\=/Users/admin/builder/spi-builder-workspace/.derivedData/Build/Intermediates.noindex/GeneratedModuleMaps-xros/AblyDeltaCodec.modulemap -Xcc -fmodule-map-file\=/Users/admin/builder/spi-builder-workspace/.derivedData/Build/Intermediates.noindex/GeneratedModuleMaps-xros/_AblyPluginSupportPrivate.modulemap -DXcode -enable-upcoming-feature MemberImportVisibility -enable-upcoming-feature ExistentialAny -plugin-path /Applications/Xcode-26.3.0.app/Contents/Developer/Toolchains/XcodeDefault.xctoolchain/usr/lib/swift/host/plugins/testing -enable-experimental-feature DebugDescriptionMacro -sdk /Applications/Xcode-26.3.0.app/Contents/Developer/Platforms/XROS.platform/Developer/SDKs/XROS26.2.sdk -target arm64-apple-xros1.0 -g -module-cache-path /Users/admin/builder/spi-builder-workspace/.derivedData/ModuleCache.noindex -Xfrontend -serialize-debugging-options -profile-coverage-mapping -profile-generate -enable-testing -index-store-path /Users/admin/builder/spi-builder-workspace/.derivedData/Index.noindex/DataStore -Xcc -D_LIBCPP_HARDENING_MODE\=_LIBCPP_HARDENING_MODE_DEBUG -swift-version 6 -I /Users/admin/builder/spi-builder-workspace/.derivedData/Build/Products/Debug-xros -Isystem /Applications/Xcode-26.3.0.app/Contents/Developer/Platforms/XROS.platform/Developer/usr/lib -F /Users/admin/builder/spi-builder-workspace/.derivedData/Build/Products/Debug-xros/PackageFrameworks -F /Users/admin/builder/spi-builder-workspace/.derivedData/Build/Products/Debug-xros/PackageFrameworks -F /Users/admin/builder/spi-builder-workspace/.derivedData/Build/Products/Debug-xros/PackageFrameworks -F /Users/admin/builder/spi-builder-workspace/.derivedData/Build/Products/Debug-xros/PackageFrameworks -F /Users/admin/builder/spi-builder-workspace/.derivedData/Build/Products/Debug-xros -F /Applications/Xcode-26.3.0.app/Contents/Developer/Platforms/XROS.platform/Developer/Library/Frameworks -F /Applications/Xcode-26.3.0.app/Contents/Developer/Platforms/XROS.platform/Developer/SDKs/XROS26.2.sdk/Developer/Library/Frameworks -c -j10 -enable-batch-mode -incremental -Xcc -ivfsstatcache -Xcc /Users/admin/builder/spi-builder-workspace/.derivedData/SDKStatCaches.noindex/xros26.2-23N301-dc75598d0054f22ec865fa860f139d72f5e64962d3ee001da1d77d1957dffdab.sdkstatcache -output-file-map /Users/admin/builder/spi-builder-workspace/.derivedData/Build/Intermediates.noindex/AblyChat.build/Debug-xros/AblyChat.build/Objects-normal/arm64/AblyChat-OutputFileMap.json -use-frontend-parseable-output -save-temps -no-color-diagnostics -explicit-module-build -module-cache-path /Users/admin/builder/spi-builder-workspace/.derivedData/Build/Intermediates.noindex/SwiftExplicitPrecompiledModules -clang-scanner-module-cache-path /Users/admin/builder/spi-builder-workspace/.derivedData/ModuleCache.noindex -sdk-module-cache-path /Users/admin/builder/spi-builder-workspace/.derivedData/ModuleCache.noindex -serialize-diagnostics -emit-dependencies -emit-module -emit-module-path /Users/admin/builder/spi-builder-workspace/.derivedData/Build/Intermediates.noindex/AblyChat.build/Debug-xros/AblyChat.build/Objects-normal/arm64/AblyChat.swiftmodule -validate-clang-modules-once -clang-build-session-file /Users/admin/builder/spi-builder-workspace/.derivedData/ModuleCache.noindex/Session.modulevalidation -package-name spi_builder_workspace -Xcc -I/Users/admin/builder/spi-builder-workspace/.derivedData/Build/Intermediates.noindex/AblyChat.build/Debug-xros/AblyChat.build/swift-overrides.hmap -emit-const-values -Xfrontend -const-gather-protocols-file -Xfrontend /Users/admin/builder/spi-builder-workspace/.derivedData/Build/Intermediates.noindex/AblyChat.build/Debug-xros/AblyChat.build/Objects-normal/arm64/AblyChat_const_extract_protocols.json -Xcc -I/Users/admin/builder/spi-builder-workspace/.dependencies/checkouts/msgpack-objective-C/include -Xcc -I/Users/admin/builder/spi-builder-workspace/.dependencies/checkouts/delta-codec-cocoa/include -Xcc -I/Users/admin/builder/spi-builder-workspace/.dependencies/checkouts/ably-cocoa-plugin-support/Sources/_AblyPluginSupportPrivate/include -Xcc -I/Users/admin/builder/spi-builder-workspace/.dependencies/checkouts/ably-cocoa/Source/include -Xcc -I/Users/admin/builder/spi-builder-workspace/.derivedData/Build/Products/Debug-xros/include -Xcc -I/Users/admin/builder/spi-builder-workspace/.derivedData/Build/Intermediates.noindex/AblyChat.build/Debug-xros/AblyChat.build/DerivedSources-normal/arm64 -Xcc -I/Users/admin/builder/spi-builder-workspace/.derivedData/Build/Intermediates.noindex/AblyChat.build/Debug-xros/AblyChat.build/DerivedSources/arm64 -Xcc -I/Users/admin/builder/spi-builder-workspace/.derivedData/Build/Intermediates.noindex/AblyChat.build/Debug-xros/AblyChat.build/DerivedSources -Xcc -DSWIFT_PACKAGE -Xcc -DDEBUG\=1 -emit-objc-header -emit-objc-header-path /Users/admin/builder/spi-builder-workspace/.derivedData/Build/Intermediates.noindex/AblyChat.build/Debug-xros/AblyChat.build/Objects-normal/arm64/AblyChat-Swift.h -working-directory /Users/admin/builder/spi-builder-workspace/.swiftpm/xcode -experimental-emit-module-separately -disable-cmo
SwiftDriver\ Compilation\ Requirements AsyncAlgorithms normal arm64 com.apple.xcode.tools.swift.compiler (in target 'AsyncAlgorithms' from project 'swift-async-algorithms')
    cd /Users/admin/builder/spi-builder-workspace/.swiftpm/xcode
    builtin-Swift-Compilation-Requirements -- /Applications/Xcode-26.3.0.app/Contents/Developer/Toolchains/XcodeDefault.xctoolchain/usr/bin/swiftc -module-name AsyncAlgorithms -Onone -enforce-exclusivity\=checked @/Users/admin/builder/spi-builder-workspace/.derivedData/Build/Intermediates.noindex/swift-async-algorithms.build/Debug-xros/AsyncAlgorithms.build/Objects-normal/arm64/AsyncAlgorithms.SwiftFileList -DSWIFT_PACKAGE -DDEBUG -DSWIFT_MODULE_RESOURCE_BUNDLE_UNAVAILABLE -DXcode -enable-experimental-feature StrictConcurrency\=complete -plugin-path /Applications/Xcode-26.3.0.app/Contents/Developer/Toolchains/XcodeDefault.xctoolchain/usr/lib/swift/host/plugins/testing -enable-experimental-feature DebugDescriptionMacro -sdk /Applications/Xcode-26.3.0.app/Contents/Developer/Platforms/XROS.platform/Developer/SDKs/XROS26.2.sdk -target arm64-apple-xros1.0 -g -module-cache-path /Users/admin/builder/spi-builder-workspace/.derivedData/ModuleCache.noindex -Xfrontend -serialize-debugging-options -profile-coverage-mapping -profile-generate -enable-testing -suppress-warnings -index-store-path /Users/admin/builder/spi-builder-workspace/.derivedData/Index.noindex/DataStore -Xcc -D_LIBCPP_HARDENING_MODE\=_LIBCPP_HARDENING_MODE_DEBUG -swift-version 5 -I /Users/admin/builder/spi-builder-workspace/.derivedData/Build/Products/Debug-xros -Isystem /Applications/Xcode-26.3.0.app/Contents/Developer/Platforms/XROS.platform/Developer/usr/lib -F /Users/admin/builder/spi-builder-workspace/.derivedData/Build/Products/Debug-xros/PackageFrameworks -F /Users/admin/builder/spi-builder-workspace/.derivedData/Build/Products/Debug-xros/PackageFrameworks -F /Users/admin/builder/spi-builder-workspace/.derivedData/Build/Products/Debug-xros/PackageFrameworks -F /Users/admin/builder/spi-builder-workspace/.derivedData/Build/Products/Debug-xros -F /Applications/Xcode-26.3.0.app/Contents/Developer/Platforms/XROS.platform/Developer/Library/Frameworks -F /Applications/Xcode-26.3.0.app/Contents/Developer/Platforms/XROS.platform/Developer/SDKs/XROS26.2.sdk/Developer/Library/Frameworks -c -j10 -enable-batch-mode -incremental -Xcc -ivfsstatcache -Xcc /Users/admin/builder/spi-builder-workspace/.derivedData/SDKStatCaches.noindex/xros26.2-23N301-dc75598d0054f22ec865fa860f139d72f5e64962d3ee001da1d77d1957dffdab.sdkstatcache -output-file-map /Users/admin/builder/spi-builder-workspace/.derivedData/Build/Intermediates.noindex/swift-async-algorithms.build/Debug-xros/AsyncAlgorithms.build/Objects-normal/arm64/AsyncAlgorithms-OutputFileMap.json -use-frontend-parseable-output -save-temps -no-color-diagnostics -explicit-module-build -module-cache-path /Users/admin/builder/spi-builder-workspace/.derivedData/Build/Intermediates.noindex/SwiftExplicitPrecompiledModules -clang-scanner-module-cache-path /Users/admin/builder/spi-builder-workspace/.derivedData/ModuleCache.noindex -sdk-module-cache-path /Users/admin/builder/spi-builder-workspace/.derivedData/ModuleCache.noindex -serialize-diagnostics -emit-dependencies -emit-module -emit-module-path /Users/admin/builder/spi-builder-workspace/.derivedData/Build/Intermediates.noindex/swift-async-algorithms.build/Debug-xros/AsyncAlgorithms.build/Objects-normal/arm64/AsyncAlgorithms.swiftmodule -validate-clang-modules-once -clang-build-session-file /Users/admin/builder/spi-builder-workspace/.derivedData/ModuleCache.noindex/Session.modulevalidation -Xcc -I/Users/admin/builder/spi-builder-workspace/.derivedData/Build/Intermediates.noindex/swift-async-algorithms.build/Debug-xros/AsyncAlgorithms.build/swift-overrides.hmap -emit-const-values -Xfrontend -const-gather-protocols-file -Xfrontend /Users/admin/builder/spi-builder-workspace/.derivedData/Build/Intermediates.noindex/swift-async-algorithms.build/Debug-xros/AsyncAlgorithms.build/Objects-normal/arm64/AsyncAlgorithms_const_extract_protocols.json -Xcc -I/Users/admin/builder/spi-builder-workspace/.derivedData/Build/Products/Debug-xros/include -Xcc -I/Users/admin/builder/spi-builder-workspace/.derivedData/Build/Intermediates.noindex/swift-async-algorithms.build/Debug-xros/AsyncAlgorithms.build/DerivedSources-normal/arm64 -Xcc -I/Users/admin/builder/spi-builder-workspace/.derivedData/Build/Intermediates.noindex/swift-async-algorithms.build/Debug-xros/AsyncAlgorithms.build/DerivedSources/arm64 -Xcc -I/Users/admin/builder/spi-builder-workspace/.derivedData/Build/Intermediates.noindex/swift-async-algorithms.build/Debug-xros/AsyncAlgorithms.build/DerivedSources -Xcc -DSWIFT_PACKAGE -Xcc -DDEBUG\=1 -emit-objc-header -emit-objc-header-path /Users/admin/builder/spi-builder-workspace/.derivedData/Build/Intermediates.noindex/swift-async-algorithms.build/Debug-xros/AsyncAlgorithms.build/Objects-normal/arm64/AsyncAlgorithms-Swift.h -working-directory /Users/admin/builder/spi-builder-workspace/.swiftpm/xcode -experimental-emit-module-separately -disable-cmo
Ld /Users/admin/builder/spi-builder-workspace/.derivedData/Build/Products/Debug-xros/AblyChat.o normal (in target 'AblyChat' from project 'AblyChat')
    cd /Users/admin/builder/spi-builder-workspace
    /Applications/Xcode-26.3.0.app/Contents/Developer/Toolchains/XcodeDefault.xctoolchain/usr/bin/clang -Xlinker -reproducible -target arm64-apple-xros1.0 -r -isysroot /Applications/Xcode-26.3.0.app/Contents/Developer/Platforms/XROS.platform/Developer/SDKs/XROS26.2.sdk -O0 -L/Users/admin/builder/spi-builder-workspace/.derivedData/Build/Intermediates.noindex/EagerLinkingTBDs/Debug-xros -L/Users/admin/builder/spi-builder-workspace/.derivedData/Build/Products/Debug-xros -L/Applications/Xcode-26.3.0.app/Contents/Developer/Platforms/XROS.platform/Developer/usr/lib -F/Users/admin/builder/spi-builder-workspace/.derivedData/Build/Intermediates.noindex/EagerLinkingTBDs/Debug-xros -F/Users/admin/builder/spi-builder-workspace/.derivedData/Build/Products/Debug-xros/PackageFrameworks -F/Users/admin/builder/spi-builder-workspace/.derivedData/Build/Products/Debug-xros/PackageFrameworks -F/Users/admin/builder/spi-builder-workspace/.derivedData/Build/Products/Debug-xros/PackageFrameworks -F/Users/admin/builder/spi-builder-workspace/.derivedData/Build/Products/Debug-xros/PackageFrameworks -F/Users/admin/builder/spi-builder-workspace/.derivedData/Build/Products/Debug-xros -iframework /Applications/Xcode-26.3.0.app/Contents/Developer/Platforms/XROS.platform/Developer/Library/Frameworks -iframework /Applications/Xcode-26.3.0.app/Contents/Developer/Platforms/XROS.platform/Developer/SDKs/XROS26.2.sdk/Developer/Library/Frameworks -filelist /Users/admin/builder/spi-builder-workspace/.derivedData/Build/Intermediates.noindex/AblyChat.build/Debug-xros/AblyChat.build/Objects-normal/arm64/AblyChat.LinkFileList -nostdlib -Xlinker -object_path_lto -Xlinker /Users/admin/builder/spi-builder-workspace/.derivedData/Build/Intermediates.noindex/AblyChat.build/Debug-xros/AblyChat.build/Objects-normal/arm64/AblyChat_lto.o -rdynamic -Xlinker -no_deduplicate -Xlinker -debug_variant -Xlinker -dependency_info -Xlinker /Users/admin/builder/spi-builder-workspace/.derivedData/Build/Intermediates.noindex/AblyChat.build/Debug-xros/AblyChat.build/Objects-normal/arm64/AblyChat_dependency_info.dat -fobjc-link-runtime -L/Applications/Xcode-26.3.0.app/Contents/Developer/Toolchains/XcodeDefault.xctoolchain/usr/lib/swift/xros -L/usr/lib/swift -Xlinker -add_ast_path -Xlinker /Users/admin/builder/spi-builder-workspace/.derivedData/Build/Intermediates.noindex/AblyChat.build/Debug-xros/AblyChat.build/Objects-normal/arm64/AblyChat.swiftmodule @/Users/admin/builder/spi-builder-workspace/.derivedData/Build/Intermediates.noindex/AblyChat.build/Debug-xros/AblyChat.build/Objects-normal/arm64/AblyChat-linker-args.resp -o /Users/admin/builder/spi-builder-workspace/.derivedData/Build/Products/Debug-xros/AblyChat.o
SwiftMergeGeneratedHeaders /Users/admin/builder/spi-builder-workspace/.derivedData/Build/Intermediates.noindex/GeneratedModuleMaps-xros/AsyncAlgorithms-Swift.h /Users/admin/builder/spi-builder-workspace/.derivedData/Build/Intermediates.noindex/swift-async-algorithms.build/Debug-xros/AsyncAlgorithms.build/Objects-normal/arm64/AsyncAlgorithms-Swift.h (in target 'AsyncAlgorithms' from project 'swift-async-algorithms')
    cd /Users/admin/builder/spi-builder-workspace/.dependencies/checkouts/swift-async-algorithms
    builtin-swiftHeaderTool -arch arm64 /Users/admin/builder/spi-builder-workspace/.derivedData/Build/Intermediates.noindex/swift-async-algorithms.build/Debug-xros/AsyncAlgorithms.build/Objects-normal/arm64/AsyncAlgorithms-Swift.h -o /Users/admin/builder/spi-builder-workspace/.derivedData/Build/Intermediates.noindex/GeneratedModuleMaps-xros/AsyncAlgorithms-Swift.h
Copy /Users/admin/builder/spi-builder-workspace/.derivedData/Build/Products/Debug-xros/AsyncAlgorithms.swiftmodule/arm64-apple-xros.swiftmodule /Users/admin/builder/spi-builder-workspace/.derivedData/Build/Intermediates.noindex/swift-async-algorithms.build/Debug-xros/AsyncAlgorithms.build/Objects-normal/arm64/AsyncAlgorithms.swiftmodule (in target 'AsyncAlgorithms' from project 'swift-async-algorithms')
    cd /Users/admin/builder/spi-builder-workspace/.dependencies/checkouts/swift-async-algorithms
    builtin-copy -exclude .DS_Store -exclude CVS -exclude .svn -exclude .git -exclude .hg -resolve-src-symlinks -rename /Users/admin/builder/spi-builder-workspace/.derivedData/Build/Intermediates.noindex/swift-async-algorithms.build/Debug-xros/AsyncAlgorithms.build/Objects-normal/arm64/AsyncAlgorithms.swiftmodule /Users/admin/builder/spi-builder-workspace/.derivedData/Build/Products/Debug-xros/AsyncAlgorithms.swiftmodule/arm64-apple-xros.swiftmodule
Copy /Users/admin/builder/spi-builder-workspace/.derivedData/Build/Products/Debug-xros/AsyncAlgorithms.swiftmodule/arm64-apple-xros.swiftdoc /Users/admin/builder/spi-builder-workspace/.derivedData/Build/Intermediates.noindex/swift-async-algorithms.build/Debug-xros/AsyncAlgorithms.build/Objects-normal/arm64/AsyncAlgorithms.swiftdoc (in target 'AsyncAlgorithms' from project 'swift-async-algorithms')
    cd /Users/admin/builder/spi-builder-workspace/.dependencies/checkouts/swift-async-algorithms
    builtin-copy -exclude .DS_Store -exclude CVS -exclude .svn -exclude .git -exclude .hg -resolve-src-symlinks -rename /Users/admin/builder/spi-builder-workspace/.derivedData/Build/Intermediates.noindex/swift-async-algorithms.build/Debug-xros/AsyncAlgorithms.build/Objects-normal/arm64/AsyncAlgorithms.swiftdoc /Users/admin/builder/spi-builder-workspace/.derivedData/Build/Products/Debug-xros/AsyncAlgorithms.swiftmodule/arm64-apple-xros.swiftdoc
Copy /Users/admin/builder/spi-builder-workspace/.derivedData/Build/Products/Debug-xros/AsyncAlgorithms.swiftmodule/arm64-apple-xros.abi.json /Users/admin/builder/spi-builder-workspace/.derivedData/Build/Intermediates.noindex/swift-async-algorithms.build/Debug-xros/AsyncAlgorithms.build/Objects-normal/arm64/AsyncAlgorithms.abi.json (in target 'AsyncAlgorithms' from project 'swift-async-algorithms')
    cd /Users/admin/builder/spi-builder-workspace/.dependencies/checkouts/swift-async-algorithms
    builtin-copy -exclude .DS_Store -exclude CVS -exclude .svn -exclude .git -exclude .hg -resolve-src-symlinks -rename /Users/admin/builder/spi-builder-workspace/.derivedData/Build/Intermediates.noindex/swift-async-algorithms.build/Debug-xros/AsyncAlgorithms.build/Objects-normal/arm64/AsyncAlgorithms.abi.json /Users/admin/builder/spi-builder-workspace/.derivedData/Build/Products/Debug-xros/AsyncAlgorithms.swiftmodule/arm64-apple-xros.abi.json
Copy /Users/admin/builder/spi-builder-workspace/.derivedData/Build/Products/Debug-xros/AsyncAlgorithms.swiftmodule/Project/arm64-apple-xros.swiftsourceinfo /Users/admin/builder/spi-builder-workspace/.derivedData/Build/Intermediates.noindex/swift-async-algorithms.build/Debug-xros/AsyncAlgorithms.build/Objects-normal/arm64/AsyncAlgorithms.swiftsourceinfo (in target 'AsyncAlgorithms' from project 'swift-async-algorithms')
    cd /Users/admin/builder/spi-builder-workspace/.dependencies/checkouts/swift-async-algorithms
    builtin-copy -exclude .DS_Store -exclude CVS -exclude .svn -exclude .git -exclude .hg -resolve-src-symlinks -rename /Users/admin/builder/spi-builder-workspace/.derivedData/Build/Intermediates.noindex/swift-async-algorithms.build/Debug-xros/AsyncAlgorithms.build/Objects-normal/arm64/AsyncAlgorithms.swiftsourceinfo /Users/admin/builder/spi-builder-workspace/.derivedData/Build/Products/Debug-xros/AsyncAlgorithms.swiftmodule/Project/arm64-apple-xros.swiftsourceinfo
ExtractAppIntentsMetadata (in target 'AblyChat' from project 'AblyChat')
    cd /Users/admin/builder/spi-builder-workspace
    /Applications/Xcode-26.3.0.app/Contents/Developer/Toolchains/XcodeDefault.xctoolchain/usr/bin/appintentsmetadataprocessor --toolchain-dir /var/run/com.apple.security.cryptexd/mnt/com.apple.MobileAsset.MetalToolchain-v17.3.7003.10.NZb94y/Metal.xctoolchain --module-name AblyChat --sdk-root /Applications/Xcode-26.3.0.app/Contents/Developer/Platforms/XROS.platform/Developer/SDKs/XROS26.2.sdk --xcode-version 17C529 --platform-family xrOS --deployment-target 1.0 --bundle-identifier spi-builder-workspace.AblyChat --output /Users/admin/builder/spi-builder-workspace/.derivedData/Build/Products/Debug-xros/AblyChat.appintents --target-triple arm64-apple-xros1.0 --binary-file /Users/admin/builder/spi-builder-workspace/.derivedData/Build/Products/Debug-xros/AblyChat.o --dependency-file /Users/admin/builder/spi-builder-workspace/.derivedData/Build/Intermediates.noindex/AblyChat.build/Debug-xros/AblyChat.build/Objects-normal/arm64/AblyChat_dependency_info.dat --stringsdata-file /Users/admin/builder/spi-builder-workspace/.derivedData/Build/Intermediates.noindex/AblyChat.build/Debug-xros/AblyChat.build/Objects-normal/arm64/ExtractedAppShortcutsMetadata.stringsdata --source-file-list /Users/admin/builder/spi-builder-workspace/.derivedData/Build/Intermediates.noindex/AblyChat.build/Debug-xros/AblyChat.build/Objects-normal/arm64/AblyChat.SwiftFileList --metadata-file-list /Users/admin/builder/spi-builder-workspace/.derivedData/Build/Intermediates.noindex/AblyChat.build/Debug-xros/AblyChat.build/AblyChat.DependencyMetadataFileList --static-metadata-file-list /Users/admin/builder/spi-builder-workspace/.derivedData/Build/Intermediates.noindex/AblyChat.build/Debug-xros/AblyChat.build/AblyChat.DependencyStaticMetadataFileList --swift-const-vals-list /Users/admin/builder/spi-builder-workspace/.derivedData/Build/Intermediates.noindex/AblyChat.build/Debug-xros/AblyChat.build/Objects-normal/arm64/AblyChat.SwiftConstValuesFileList --force --compile-time-extraction --deployment-aware-processing --validate-assistant-intents --no-app-shortcuts-localization
2026-09-30 14:32:17.733 appintentsmetadataprocessor[2127:10487] Starting appintentsmetadataprocessor export
2026-09-30 14:32:17.893 appintentsmetadataprocessor[2127:10487] Extracted no relevant App Intents symbols, skipping writing output
SwiftDriver BuildTool normal arm64 com.apple.xcode.tools.swift.compiler (in target 'BuildTool' from project 'AblyChat')
    cd /Users/admin/builder/spi-builder-workspace/.swiftpm/xcode
    builtin-SwiftDriver -- /Applications/Xcode-26.3.0.app/Contents/Developer/Toolchains/XcodeDefault.xctoolchain/usr/bin/swiftc -module-name BuildTool -Onone -enforce-exclusivity\=checked @/Users/admin/builder/spi-builder-workspace/.derivedData/Build/Intermediates.noindex/AblyChat.build/Debug-xros/BuildTool.build/Objects-normal/arm64/BuildTool.SwiftFileList -DSWIFT_PACKAGE -DDEBUG -DXcode -enable-upcoming-feature MemberImportVisibility -enable-upcoming-feature ExistentialAny -plugin-path /Applications/Xcode-26.3.0.app/Contents/Developer/Toolchains/XcodeDefault.xctoolchain/usr/lib/swift/host/plugins/testing -enable-experimental-feature DebugDescriptionMacro -sdk /Applications/Xcode-26.3.0.app/Contents/Developer/Platforms/XROS.platform/Developer/SDKs/XROS26.2.sdk -target arm64-apple-xros1.0 -g -module-cache-path /Users/admin/builder/spi-builder-workspace/.derivedData/ModuleCache.noindex -Xfrontend -serialize-debugging-options -profile-coverage-mapping -profile-generate -enable-testing -index-store-path /Users/admin/builder/spi-builder-workspace/.derivedData/Index.noindex/DataStore -Xcc -D_LIBCPP_HARDENING_MODE\=_LIBCPP_HARDENING_MODE_DEBUG -swift-version 6 -I /Users/admin/builder/spi-builder-workspace/.derivedData/Build/Products/Debug-xros -Isystem /Applications/Xcode-26.3.0.app/Contents/Developer/Platforms/XROS.platform/Developer/usr/lib -F /Users/admin/builder/spi-builder-workspace/.derivedData/Build/Products/Debug-xros/PackageFrameworks -F /Users/admin/builder/spi-builder-workspace/.derivedData/Build/Products/Debug-xros/PackageFrameworks -F /Users/admin/builder/spi-builder-workspace/.derivedData/Build/Products/Debug-xros/PackageFrameworks -F /Users/admin/builder/spi-builder-workspace/.derivedData/Build/Products/Debug-xros/PackageFrameworks -F /Users/admin/builder/spi-builder-workspace/.derivedData/Build/Products/Debug-xros/PackageFrameworks -F /Users/admin/builder/spi-builder-workspace/.derivedData/Build/Products/Debug-xros/PackageFrameworks -F /Users/admin/builder/spi-builder-workspace/.derivedData/Build/Products/Debug-xros/PackageFrameworks -F /Users/admin/builder/spi-builder-workspace/.derivedData/Build/Products/Debug-xros -F /Applications/Xcode-26.3.0.app/Contents/Developer/Platforms/XROS.platform/Developer/Library/Frameworks -F /Applications/Xcode-26.3.0.app/Contents/Developer/Platforms/XROS.platform/Developer/SDKs/XROS26.2.sdk/Developer/Library/Frameworks -c -j10 -enable-batch-mode -incremental -Xcc -ivfsstatcache -Xcc /Users/admin/builder/spi-builder-workspace/.derivedData/SDKStatCaches.noindex/xros26.2-23N301-dc75598d0054f22ec865fa860f139d72f5e64962d3ee001da1d77d1957dffdab.sdkstatcache -output-file-map /Users/admin/builder/spi-builder-workspace/.derivedData/Build/Intermediates.noindex/AblyChat.build/Debug-xros/BuildTool.build/Objects-normal/arm64/BuildTool-OutputFileMap.json -use-frontend-parseable-output -save-temps -no-color-diagnostics -explicit-module-build -module-cache-path /Users/admin/builder/spi-builder-workspace/.derivedData/Build/Intermediates.noindex/SwiftExplicitPrecompiledModules -clang-scanner-module-cache-path /Users/admin/builder/spi-builder-workspace/.derivedData/ModuleCache.noindex -sdk-module-cache-path /Users/admin/builder/spi-builder-workspace/.derivedData/ModuleCache.noindex -serialize-diagnostics -emit-dependencies -emit-module -emit-module-path /Users/admin/builder/spi-builder-workspace/.derivedData/Build/Intermediates.noindex/AblyChat.build/Debug-xros/BuildTool.build/Objects-normal/arm64/BuildTool.swiftmodule -validate-clang-modules-once -clang-build-session-file /Users/admin/builder/spi-builder-workspace/.derivedData/ModuleCache.noindex/Session.modulevalidation -package-name spi_builder_workspace -emit-const-values -Xfrontend -const-gather-protocols-file -Xfrontend /Users/admin/builder/spi-builder-workspace/.derivedData/Build/Intermediates.noindex/AblyChat.build/Debug-xros/BuildTool.build/Objects-normal/arm64/BuildTool_const_extract_protocols.json -Xcc -I/Users/admin/builder/spi-builder-workspace/.derivedData/Build/Products/Debug-xros/include -Xcc -I/Users/admin/builder/spi-builder-workspace/.derivedData/Build/Intermediates.noindex/AblyChat.build/Debug-xros/BuildTool.build/DerivedSources-normal/arm64 -Xcc -I/Users/admin/builder/spi-builder-workspace/.derivedData/Build/Intermediates.noindex/AblyChat.build/Debug-xros/BuildTool.build/DerivedSources/arm64 -Xcc -I/Users/admin/builder/spi-builder-workspace/.derivedData/Build/Intermediates.noindex/AblyChat.build/Debug-xros/BuildTool.build/DerivedSources -Xcc -DSWIFT_PACKAGE -Xcc -DDEBUG\=1 -working-directory /Users/admin/builder/spi-builder-workspace/.swiftpm/xcode -experimental-emit-module-separately -disable-cmo
RegisterExecutionPolicyException /Users/admin/builder/spi-builder-workspace/.derivedData/Build/Products/Debug-xros/InternalCollectionsUtilities.o (in target 'InternalCollectionsUtilities' from project 'swift-collections')
    cd /Users/admin/builder/spi-builder-workspace/.dependencies/checkouts/swift-collections
    builtin-RegisterExecutionPolicyException /Users/admin/builder/spi-builder-workspace/.derivedData/Build/Products/Debug-xros/InternalCollectionsUtilities.o
RegisterExecutionPolicyException /Users/admin/builder/spi-builder-workspace/.derivedData/Build/Products/Debug-xros/ArgumentParserToolInfo.o (in target 'ArgumentParserToolInfo' from project 'swift-argument-parser')
    cd /Users/admin/builder/spi-builder-workspace/.dependencies/checkouts/swift-argument-parser
    builtin-RegisterExecutionPolicyException /Users/admin/builder/spi-builder-workspace/.derivedData/Build/Products/Debug-xros/ArgumentParserToolInfo.o
Ld /Users/admin/builder/spi-builder-workspace/.derivedData/Build/Products/Debug-xros/OrderedCollections.o normal (in target 'OrderedCollections' from project 'swift-collections')
    cd /Users/admin/builder/spi-builder-workspace/.dependencies/checkouts/swift-collections
    /Applications/Xcode-26.3.0.app/Contents/Developer/Toolchains/XcodeDefault.xctoolchain/usr/bin/clang -Xlinker -reproducible -target arm64-apple-xros1.0 -r -isysroot /Applications/Xcode-26.3.0.app/Contents/Developer/Platforms/XROS.platform/Developer/SDKs/XROS26.2.sdk -O0 -w -L/Users/admin/builder/spi-builder-workspace/.derivedData/Build/Intermediates.noindex/EagerLinkingTBDs/Debug-xros -L/Users/admin/builder/spi-builder-workspace/.derivedData/Build/Products/Debug-xros -L/Applications/Xcode-26.3.0.app/Contents/Developer/Platforms/XROS.platform/Developer/usr/lib -F/Users/admin/builder/spi-builder-workspace/.derivedData/Build/Intermediates.noindex/EagerLinkingTBDs/Debug-xros -F/Users/admin/builder/spi-builder-workspace/.derivedData/Build/Products/Debug-xros/PackageFrameworks -F/Users/admin/builder/spi-builder-workspace/.derivedData/Build/Products/Debug-xros -iframework /Applications/Xcode-26.3.0.app/Contents/Developer/Platforms/XROS.platform/Developer/Library/Frameworks -iframework /Applications/Xcode-26.3.0.app/Contents/Developer/Platforms/XROS.platform/Developer/SDKs/XROS26.2.sdk/Developer/Library/Frameworks -filelist /Users/admin/builder/spi-builder-workspace/.derivedData/Build/Intermediates.noindex/swift-collections.build/Debug-xros/OrderedCollections.build/Objects-normal/arm64/OrderedCollections.LinkFileList -nostdlib -Xlinker -object_path_lto -Xlinker /Users/admin/builder/spi-builder-workspace/.derivedData/Build/Intermediates.noindex/swift-collections.build/Debug-xros/OrderedCollections.build/Objects-normal/arm64/OrderedCollections_lto.o -rdynamic -Xlinker -no_deduplicate -Xlinker -debug_variant -Xlinker -dependency_info -Xlinker /Users/admin/builder/spi-builder-workspace/.derivedData/Build/Intermediates.noindex/swift-collections.build/Debug-xros/OrderedCollections.build/Objects-normal/arm64/OrderedCollections_dependency_info.dat -fobjc-link-runtime -L/Applications/Xcode-26.3.0.app/Contents/Developer/Toolchains/XcodeDefault.xctoolchain/usr/lib/swift/xros -L/usr/lib/swift -Xlinker -add_ast_path -Xlinker /Users/admin/builder/spi-builder-workspace/.derivedData/Build/Intermediates.noindex/swift-collections.build/Debug-xros/OrderedCollections.build/Objects-normal/arm64/OrderedCollections.swiftmodule @/Users/admin/builder/spi-builder-workspace/.derivedData/Build/Intermediates.noindex/swift-collections.build/Debug-xros/OrderedCollections.build/Objects-normal/arm64/OrderedCollections-linker-args.resp -o /Users/admin/builder/spi-builder-workspace/.derivedData/Build/Products/Debug-xros/OrderedCollections.o
Ld /Users/admin/builder/spi-builder-workspace/.derivedData/Build/Products/Debug-xros/DequeModule.o normal (in target 'DequeModule' from project 'swift-collections')
    cd /Users/admin/builder/spi-builder-workspace/.dependencies/checkouts/swift-collections
    /Applications/Xcode-26.3.0.app/Contents/Developer/Toolchains/XcodeDefault.xctoolchain/usr/bin/clang -Xlinker -reproducible -target arm64-apple-xros1.0 -r -isysroot /Applications/Xcode-26.3.0.app/Contents/Developer/Platforms/XROS.platform/Developer/SDKs/XROS26.2.sdk -O0 -w -L/Users/admin/builder/spi-builder-workspace/.derivedData/Build/Intermediates.noindex/EagerLinkingTBDs/Debug-xros -L/Users/admin/builder/spi-builder-workspace/.derivedData/Build/Products/Debug-xros -L/Applications/Xcode-26.3.0.app/Contents/Developer/Platforms/XROS.platform/Developer/usr/lib -F/Users/admin/builder/spi-builder-workspace/.derivedData/Build/Intermediates.noindex/EagerLinkingTBDs/Debug-xros -F/Users/admin/builder/spi-builder-workspace/.derivedData/Build/Products/Debug-xros/PackageFrameworks -F/Users/admin/builder/spi-builder-workspace/.derivedData/Build/Products/Debug-xros -iframework /Applications/Xcode-26.3.0.app/Contents/Developer/Platforms/XROS.platform/Developer/Library/Frameworks -iframework /Applications/Xcode-26.3.0.app/Contents/Developer/Platforms/XROS.platform/Developer/SDKs/XROS26.2.sdk/Developer/Library/Frameworks -filelist /Users/admin/builder/spi-builder-workspace/.derivedData/Build/Intermediates.noindex/swift-collections.build/Debug-xros/DequeModule.build/Objects-normal/arm64/DequeModule.LinkFileList -nostdlib -Xlinker -object_path_lto -Xlinker /Users/admin/builder/spi-builder-workspace/.derivedData/Build/Intermediates.noindex/swift-collections.build/Debug-xros/DequeModule.build/Objects-normal/arm64/DequeModule_lto.o -rdynamic -Xlinker -no_deduplicate -Xlinker -debug_variant -Xlinker -dependency_info -Xlinker /Users/admin/builder/spi-builder-workspace/.derivedData/Build/Intermediates.noindex/swift-collections.build/Debug-xros/DequeModule.build/Objects-normal/arm64/DequeModule_dependency_info.dat -fobjc-link-runtime -L/Applications/Xcode-26.3.0.app/Contents/Developer/Toolchains/XcodeDefault.xctoolchain/usr/lib/swift/xros -L/usr/lib/swift -Xlinker -add_ast_path -Xlinker /Users/admin/builder/spi-builder-workspace/.derivedData/Build/Intermediates.noindex/swift-collections.build/Debug-xros/DequeModule.build/Objects-normal/arm64/DequeModule.swiftmodule @/Users/admin/builder/spi-builder-workspace/.derivedData/Build/Intermediates.noindex/swift-collections.build/Debug-xros/DequeModule.build/Objects-normal/arm64/DequeModule-linker-args.resp -o /Users/admin/builder/spi-builder-workspace/.derivedData/Build/Products/Debug-xros/DequeModule.o
SwiftDriverJobDiscovery normal arm64 Compiling Dictionary.swift, AsyncInterspersedSequence.swift, Locking.swift, AsyncMerge2Sequence.swift, AsyncMerge3Sequence.swift (in target 'AsyncAlgorithms' from project 'swift-async-algorithms')
RegisterExecutionPolicyException /Users/admin/builder/spi-builder-workspace/.derivedData/Build/Products/Debug-xros/Table.o (in target 'Table' from project 'Table')
    cd /Users/admin/builder/spi-builder-workspace/.dependencies/checkouts/Table
    builtin-RegisterExecutionPolicyException /Users/admin/builder/spi-builder-workspace/.derivedData/Build/Products/Debug-xros/Table.o
Ld /Users/admin/builder/spi-builder-workspace/.derivedData/Build/Products/Debug-xros/ArgumentParser.o normal (in target 'ArgumentParser' from project 'swift-argument-parser')
    cd /Users/admin/builder/spi-builder-workspace/.dependencies/checkouts/swift-argument-parser
    /Applications/Xcode-26.3.0.app/Contents/Developer/Toolchains/XcodeDefault.xctoolchain/usr/bin/clang -Xlinker -reproducible -target arm64-apple-xros1.0 -r -isysroot /Applications/Xcode-26.3.0.app/Contents/Developer/Platforms/XROS.platform/Developer/SDKs/XROS26.2.sdk -O0 -w -L/Users/admin/builder/spi-builder-workspace/.derivedData/Build/Intermediates.noindex/EagerLinkingTBDs/Debug-xros -L/Users/admin/builder/spi-builder-workspace/.derivedData/Build/Products/Debug-xros -L/Applications/Xcode-26.3.0.app/Contents/Developer/Platforms/XROS.platform/Developer/usr/lib -F/Users/admin/builder/spi-builder-workspace/.derivedData/Build/Intermediates.noindex/EagerLinkingTBDs/Debug-xros -F/Users/admin/builder/spi-builder-workspace/.derivedData/Build/Products/Debug-xros/PackageFrameworks -F/Users/admin/builder/spi-builder-workspace/.derivedData/Build/Products/Debug-xros -iframework /Applications/Xcode-26.3.0.app/Contents/Developer/Platforms/XROS.platform/Developer/Library/Frameworks -iframework /Applications/Xcode-26.3.0.app/Contents/Developer/Platforms/XROS.platform/Developer/SDKs/XROS26.2.sdk/Developer/Library/Frameworks -filelist /Users/admin/builder/spi-builder-workspace/.derivedData/Build/Intermediates.noindex/swift-argument-parser.build/Debug-xros/ArgumentParser.build/Objects-normal/arm64/ArgumentParser.LinkFileList -nostdlib -Xlinker -object_path_lto -Xlinker /Users/admin/builder/spi-builder-workspace/.derivedData/Build/Intermediates.noindex/swift-argument-parser.build/Debug-xros/ArgumentParser.build/Objects-normal/arm64/ArgumentParser_lto.o -rdynamic -Xlinker -no_deduplicate -Xlinker -debug_variant -Xlinker -dependency_info -Xlinker /Users/admin/builder/spi-builder-workspace/.derivedData/Build/Intermediates.noindex/swift-argument-parser.build/Debug-xros/ArgumentParser.build/Objects-normal/arm64/ArgumentParser_dependency_info.dat -fobjc-link-runtime -L/Applications/Xcode-26.3.0.app/Contents/Developer/Toolchains/XcodeDefault.xctoolchain/usr/lib/swift/xros -L/usr/lib/swift -Xlinker -add_ast_path -Xlinker /Users/admin/builder/spi-builder-workspace/.derivedData/Build/Intermediates.noindex/swift-argument-parser.build/Debug-xros/ArgumentParser.build/Objects-normal/arm64/ArgumentParser.swiftmodule @/Users/admin/builder/spi-builder-workspace/.derivedData/Build/Intermediates.noindex/swift-argument-parser.build/Debug-xros/ArgumentParser.build/Objects-normal/arm64/ArgumentParser-linker-args.resp -o /Users/admin/builder/spi-builder-workspace/.derivedData/Build/Products/Debug-xros/ArgumentParser.o
ExtractAppIntentsMetadata (in target 'DequeModule' from project 'swift-collections')
    cd /Users/admin/builder/spi-builder-workspace/.dependencies/checkouts/swift-collections
    /Applications/Xcode-26.3.0.app/Contents/Developer/Toolchains/XcodeDefault.xctoolchain/usr/bin/appintentsmetadataprocessor --toolchain-dir /var/run/com.apple.security.cryptexd/mnt/com.apple.MobileAsset.MetalToolchain-v17.3.7003.10.NZb94y/Metal.xctoolchain --module-name DequeModule --sdk-root /Applications/Xcode-26.3.0.app/Contents/Developer/Platforms/XROS.platform/Developer/SDKs/XROS26.2.sdk --xcode-version 17C529 --platform-family xrOS --deployment-target 1.0 --bundle-identifier swift-collections.DequeModule --output /Users/admin/builder/spi-builder-workspace/.derivedData/Build/Products/Debug-xros/DequeModule.appintents --target-triple arm64-apple-xros1.0 --binary-file /Users/admin/builder/spi-builder-workspace/.derivedData/Build/Products/Debug-xros/DequeModule.o --dependency-file /Users/admin/builder/spi-builder-workspace/.derivedData/Build/Intermediates.noindex/swift-collections.build/Debug-xros/DequeModule.build/Objects-normal/arm64/DequeModule_dependency_info.dat --stringsdata-file /Users/admin/builder/spi-builder-workspace/.derivedData/Build/Intermediates.noindex/swift-collections.build/Debug-xros/DequeModule.build/Objects-normal/arm64/ExtractedAppShortcutsMetadata.stringsdata --source-file-list /Users/admin/builder/spi-builder-workspace/.derivedData/Build/Intermediates.noindex/swift-collections.build/Debug-xros/DequeModule.build/Objects-normal/arm64/DequeModule.SwiftFileList --metadata-file-list /Users/admin/builder/spi-builder-workspace/.derivedData/Build/Intermediates.noindex/swift-collections.build/Debug-xros/DequeModule.build/DequeModule.DependencyMetadataFileList --static-metadata-file-list /Users/admin/builder/spi-builder-workspace/.derivedData/Build/Intermediates.noindex/swift-collections.build/Debug-xros/DequeModule.build/DequeModule.DependencyStaticMetadataFileList --swift-const-vals-list /Users/admin/builder/spi-builder-workspace/.derivedData/Build/Intermediates.noindex/swift-collections.build/Debug-xros/DequeModule.build/Objects-normal/arm64/DequeModule.SwiftConstValuesFileList --force --compile-time-extraction --deployment-aware-processing --validate-assistant-intents --no-app-shortcuts-localization
2026-09-30 14:32:17.916 appintentsmetadataprocessor[2140:10548] Starting appintentsmetadataprocessor export
2026-09-30 14:32:18.054 appintentsmetadataprocessor[2140:10548] Extracted no relevant App Intents symbols, skipping writing output
ExtractAppIntentsMetadata (in target 'OrderedCollections' from project 'swift-collections')
    cd /Users/admin/builder/spi-builder-workspace/.dependencies/checkouts/swift-collections
    /Applications/Xcode-26.3.0.app/Contents/Developer/Toolchains/XcodeDefault.xctoolchain/usr/bin/appintentsmetadataprocessor --toolchain-dir /var/run/com.apple.security.cryptexd/mnt/com.apple.MobileAsset.MetalToolchain-v17.3.7003.10.NZb94y/Metal.xctoolchain --module-name OrderedCollections --sdk-root /Applications/Xcode-26.3.0.app/Contents/Developer/Platforms/XROS.platform/Developer/SDKs/XROS26.2.sdk --xcode-version 17C529 --platform-family xrOS --deployment-target 1.0 --bundle-identifier swift-collections.OrderedCollections --output /Users/admin/builder/spi-builder-workspace/.derivedData/Build/Products/Debug-xros/OrderedCollections.appintents --target-triple arm64-apple-xros1.0 --binary-file /Users/admin/builder/spi-builder-workspace/.derivedData/Build/Products/Debug-xros/OrderedCollections.o --dependency-file /Users/admin/builder/spi-builder-workspace/.derivedData/Build/Intermediates.noindex/swift-collections.build/Debug-xros/OrderedCollections.build/Objects-normal/arm64/OrderedCollections_dependency_info.dat --stringsdata-file /Users/admin/builder/spi-builder-workspace/.derivedData/Build/Intermediates.noindex/swift-collections.build/Debug-xros/OrderedCollections.build/Objects-normal/arm64/ExtractedAppShortcutsMetadata.stringsdata --source-file-list /Users/admin/builder/spi-builder-workspace/.derivedData/Build/Intermediates.noindex/swift-collections.build/Debug-xros/OrderedCollections.build/Objects-normal/arm64/OrderedCollections.SwiftFileList --metadata-file-list /Users/admin/builder/spi-builder-workspace/.derivedData/Build/Intermediates.noindex/swift-collections.build/Debug-xros/OrderedCollections.build/OrderedCollections.DependencyMetadataFileList --static-metadata-file-list /Users/admin/builder/spi-builder-workspace/.derivedData/Build/Intermediates.noindex/swift-collections.build/Debug-xros/OrderedCollections.build/OrderedCollections.DependencyStaticMetadataFileList --swift-const-vals-list /Users/admin/builder/spi-builder-workspace/.derivedData/Build/Intermediates.noindex/swift-collections.build/Debug-xros/OrderedCollections.build/Objects-normal/arm64/OrderedCollections.SwiftConstValuesFileList --force --compile-time-extraction --deployment-aware-processing --validate-assistant-intents --no-app-shortcuts-localization
2026-09-30 14:32:17.929 appintentsmetadataprocessor[2141:10567] Starting appintentsmetadataprocessor export
2026-09-30 14:32:18.060 appintentsmetadataprocessor[2141:10567] Extracted no relevant App Intents symbols, skipping writing output
RegisterExecutionPolicyException /Users/admin/builder/spi-builder-workspace/.derivedData/Build/Products/Debug-xros/AblyChat.o (in target 'AblyChat' from project 'AblyChat')
    cd /Users/admin/builder/spi-builder-workspace
    builtin-RegisterExecutionPolicyException /Users/admin/builder/spi-builder-workspace/.derivedData/Build/Products/Debug-xros/AblyChat.o
ExtractAppIntentsMetadata (in target 'ArgumentParser' from project 'swift-argument-parser')
    cd /Users/admin/builder/spi-builder-workspace/.dependencies/checkouts/swift-argument-parser
    /Applications/Xcode-26.3.0.app/Contents/Developer/Toolchains/XcodeDefault.xctoolchain/usr/bin/appintentsmetadataprocessor --toolchain-dir /var/run/com.apple.security.cryptexd/mnt/com.apple.MobileAsset.MetalToolchain-v17.3.7003.10.NZb94y/Metal.xctoolchain --module-name ArgumentParser --sdk-root /Applications/Xcode-26.3.0.app/Contents/Developer/Platforms/XROS.platform/Developer/SDKs/XROS26.2.sdk --xcode-version 17C529 --platform-family xrOS --deployment-target 1.0 --bundle-identifier swift-argument-parser.ArgumentParser --output /Users/admin/builder/spi-builder-workspace/.derivedData/Build/Products/Debug-xros/ArgumentParser.appintents --target-triple arm64-apple-xros1.0 --binary-file /Users/admin/builder/spi-builder-workspace/.derivedData/Build/Products/Debug-xros/ArgumentParser.o --dependency-file /Users/admin/builder/spi-builder-workspace/.derivedData/Build/Intermediates.noindex/swift-argument-parser.build/Debug-xros/ArgumentParser.build/Objects-normal/arm64/ArgumentParser_dependency_info.dat --stringsdata-file /Users/admin/builder/spi-builder-workspace/.derivedData/Build/Intermediates.noindex/swift-argument-parser.build/Debug-xros/ArgumentParser.build/Objects-normal/arm64/ExtractedAppShortcutsMetadata.stringsdata --source-file-list /Users/admin/builder/spi-builder-workspace/.derivedData/Build/Intermediates.noindex/swift-argument-parser.build/Debug-xros/ArgumentParser.build/Objects-normal/arm64/ArgumentParser.SwiftFileList --metadata-file-list /Users/admin/builder/spi-builder-workspace/.derivedData/Build/Intermediates.noindex/swift-argument-parser.build/Debug-xros/ArgumentParser.build/ArgumentParser.DependencyMetadataFileList --static-metadata-file-list /Users/admin/builder/spi-builder-workspace/.derivedData/Build/Intermediates.noindex/swift-argument-parser.build/Debug-xros/ArgumentParser.build/ArgumentParser.DependencyStaticMetadataFileList --swift-const-vals-list /Users/admin/builder/spi-builder-workspace/.derivedData/Build/Intermediates.noindex/swift-argument-parser.build/Debug-xros/ArgumentParser.build/Objects-normal/arm64/ArgumentParser.SwiftConstValuesFileList --force --compile-time-extraction --deployment-aware-processing --validate-assistant-intents --no-app-shortcuts-localization
2026-09-30 14:32:17.952 appintentsmetadataprocessor[2142:10580] Starting appintentsmetadataprocessor export
2026-09-30 14:32:18.081 appintentsmetadataprocessor[2142:10580] Extracted no relevant App Intents symbols, skipping writing output
SwiftDriverJobDiscovery normal arm64 Compiling AsyncInclusiveReductionsSequence.swift, AsyncJoinedBySeparatorSequence.swift, AsyncJoinedSequence.swift, AsyncRemoveDuplicatesSequence.swift, AsyncSyncSequence.swift (in target 'AsyncAlgorithms' from project 'swift-async-algorithms')
SwiftDriverJobDiscovery normal arm64 Compiling AsyncChunkedOnProjectionSequence.swift, AsyncChunksOfCountOrSignalSequence.swift, AsyncChunksOfCountSequence.swift, AsyncCompactedSequence.swift, AsyncExclusiveReductionsSequence.swift (in target 'AsyncAlgorithms' from project 'swift-async-algorithms')
RegisterExecutionPolicyException /Users/admin/builder/spi-builder-workspace/.derivedData/Build/Products/Debug-xros/DequeModule.o (in target 'DequeModule' from project 'swift-collections')
    cd /Users/admin/builder/spi-builder-workspace/.dependencies/checkouts/swift-collections
    builtin-RegisterExecutionPolicyException /Users/admin/builder/spi-builder-workspace/.derivedData/Build/Products/Debug-xros/DequeModule.o
SwiftDriverJobDiscovery normal arm64 Compiling UnsafeTransfer.swift, AsyncZip2Sequence.swift, AsyncZip3Sequence.swift, ZipStateMachine.swift, ZipStorage.swift (in target 'AsyncAlgorithms' from project 'swift-async-algorithms')
SwiftDriverJobDiscovery normal arm64 Compiling MergeStateMachine.swift, MergeStorage.swift, RangeReplaceableCollection.swift, Rethrow.swift, SetAlgebra.swift (in target 'AsyncAlgorithms' from project 'swift-async-algorithms')
RegisterExecutionPolicyException /Users/admin/builder/spi-builder-workspace/.derivedData/Build/Products/Debug-xros/OrderedCollections.o (in target 'OrderedCollections' from project 'swift-collections')
    cd /Users/admin/builder/spi-builder-workspace/.dependencies/checkouts/swift-collections
    builtin-RegisterExecutionPolicyException /Users/admin/builder/spi-builder-workspace/.derivedData/Build/Products/Debug-xros/OrderedCollections.o
SwiftEmitModule normal arm64 Emitting\ module\ for\ BuildTool (in target 'BuildTool' from project 'AblyChat')
EmitSwiftModule normal arm64 (in target 'BuildTool' from project 'AblyChat')
    cd /Users/admin/builder/spi-builder-workspace/.swiftpm/xcode

SwiftCompile normal arm64 Compiling\ XcodeRunner.swift /Users/admin/builder/spi-builder-workspace/Sources/BuildTool/XcodeRunner.swift (in target 'BuildTool' from project 'AblyChat')
SwiftCompile normal arm64 /Users/admin/builder/spi-builder-workspace/Sources/BuildTool/XcodeRunner.swift (in target 'BuildTool' from project 'AblyChat')
    cd /Users/admin/builder/spi-builder-workspace/.swiftpm/xcode

SwiftCompile normal arm64 Compiling\ ProcessRunner.swift /Users/admin/builder/spi-builder-workspace/Sources/BuildTool/ProcessRunner.swift (in target 'BuildTool' from project 'AblyChat')
Failed frontend command:
/Applications/Xcode-26.3.0.app/Contents/Developer/Toolchains/XcodeDefault.xctoolchain/usr/bin/swift-frontend -frontend -c /Users/admin/builder/spi-builder-workspace/Sources/BuildTool/BuildTool.swift /Users/admin/builder/spi-builder-workspace/Sources/BuildTool/Configuration.swift /Users/admin/builder/spi-builder-workspace/Sources/BuildTool/DestinationFetcher.swift /Users/admin/builder/spi-builder-workspace/Sources/BuildTool/DestinationPredicate.swift /Users/admin/builder/spi-builder-workspace/Sources/BuildTool/DestinationSpecifier.swift /Users/admin/builder/spi-builder-workspace/Sources/BuildTool/DestinationStrategy.swift /Users/admin/builder/spi-builder-workspace/Sources/BuildTool/Error.swift /Users/admin/builder/spi-builder-workspace/Sources/BuildTool/Platform.swift -primary-file /Users/admin/builder/spi-builder-workspace/Sources/BuildTool/ProcessRunner.swift /Users/admin/builder/spi-builder-workspace/Sources/BuildTool/String+Decoding.swift /Users/admin/builder/spi-builder-workspace/Sources/BuildTool/XcodeRunner.swift -emit-dependencies-path /Users/admin/builder/spi-builder-workspace/.derivedData/Build/Intermediates.noindex/AblyChat.build/Debug-xros/BuildTool.build/Objects-normal/arm64/ProcessRunner.d -emit-const-values-path /Users/admin/builder/spi-builder-workspace/.derivedData/Build/Intermediates.noindex/AblyChat.build/Debug-xros/BuildTool.build/Objects-normal/arm64/ProcessRunner.swiftconstvalues -emit-reference-dependencies-path /Users/admin/builder/spi-builder-workspace/.derivedData/Build/Intermediates.noindex/AblyChat.build/Debug-xros/BuildTool.build/Objects-normal/arm64/ProcessRunner.swiftdeps -serialize-diagnostics-path /Users/admin/builder/spi-builder-workspace/.derivedData/Build/Intermediates.noindex/AblyChat.build/Debug-xros/BuildTool.build/Objects-normal/arm64/ProcessRunner.dia -target arm64-apple-xros1.0 -load-resolved-plugin /Applications/Xcode-26.3.0.app/Contents/Developer/Platforms/XROS.platform/Developer/usr/lib/swift/host/plugins/libFoundationMacros.dylib\#/Applications/Xcode-26.3.0.app/Contents/Developer/Platforms/XROS.platform/Developer/usr/bin/swift-plugin-server\#FoundationMacros -load-resolved-plugin /Applications/Xcode-26.3.0.app/Contents/Developer/Platforms/XROS.platform/Developer/usr/lib/swift/host/plugins/libObservationMacros.dylib\#/Applications/Xcode-26.3.0.app/Contents/Developer/Platforms/XROS.platform/Developer/usr/bin/swift-plugin-server\#ObservationMacros -load-resolved-plugin /Applications/Xcode-26.3.0.app/Contents/Developer/Platforms/XROS.platform/Developer/usr/lib/swift/host/plugins/libSwiftMacros.dylib\#/Applications/Xcode-26.3.0.app/Contents/Developer/Platforms/XROS.platform/Developer/usr/bin/swift-plugin-server\#SwiftMacros -disable-implicit-swift-modules -Xcc -fno-implicit-modules -Xcc -fno-implicit-module-maps -explicit-swift-module-map-file /Users/admin/builder/spi-builder-workspace/.derivedData/Build/Intermediates.noindex/AblyChat.build/Debug-xros/BuildTool.build/Objects-normal/arm64/BuildTool-dependencies-1.json -Xllvm -aarch64-use-tbi -enable-objc-interop -stack-check -sdk /Applications/Xcode-26.3.0.app/Contents/Developer/Platforms/XROS.platform/Developer/SDKs/XROS26.2.sdk -I /Users/admin/builder/spi-builder-workspace/.derivedData/Build/Products/Debug-xros -Isystem /Applications/Xcode-26.3.0.app/Contents/Developer/Platforms/XROS.platform/Developer/usr/lib -F /Users/admin/builder/spi-builder-workspace/.derivedData/Build/Products/Debug-xros/PackageFrameworks -F /Users/admin/builder/spi-builder-workspace/.derivedData/Build/Products/Debug-xros/PackageFrameworks -F /Users/admin/builder/spi-builder-workspace/.derivedData/Build/Products/Debug-xros/PackageFrameworks -F /Users/admin/builder/spi-builder-workspace/.derivedData/Build/Products/Debug-xros/PackageFrameworks -F /Users/admin/builder/spi-builder-workspace/.derivedData/Build/Products/Debug-xros/PackageFrameworks -F /Users/admin/builder/spi-builder-workspace/.derivedData/Build/Products/Debug-xros/PackageFrameworks -F /Users/admin/builder/spi-builder-workspace/.derivedData/Build/Products/Debug-xros/PackageFrameworks -F /Users/admin/builder/spi-builder-workspace/.derivedData/Build/Products/Debug-xros -F /Applications/Xcode-26.3.0.app/Contents/Developer/Platforms/XROS.platform/Developer/Library/Frameworks -F /Applications/Xcode-26.3.0.app/Contents/Developer/Platforms/XROS.platform/Developer/SDKs/XROS26.2.sdk/Developer/Library/Frameworks -no-color-diagnostics -Xcc -fno-color-diagnostics -enable-testing -g -debug-info-format\=dwarf -dwarf-version\=4 -module-cache-path /Users/admin/builder/spi-builder-workspace/.derivedData/Build/Intermediates.noindex/SwiftExplicitPrecompiledModules -profile-generate -profile-coverage-mapping -swift-version 6 -enforce-exclusivity\=checked -Onone -D SWIFT_PACKAGE -D DEBUG -D Xcode -serialize-debugging-options -const-gather-protocols-file /Users/admin/builder/spi-builder-workspace/.derivedData/Build/Intermediates.noindex/AblyChat.build/Debug-xros/BuildTool.build/Objects-normal/arm64/BuildTool_const_extract_protocols.json -enable-upcoming-feature MemberImportVisibility -enable-upcoming-feature ExistentialAny -enable-experimental-feature DebugDescriptionMacro -empty-abi-descriptor -validate-clang-modules-once -clang-build-session-file /Users/admin/builder/spi-builder-workspace/.derivedData/ModuleCache.noindex/Session.modulevalidation -Xcc -working-directory -Xcc /Users/admin/builder/spi-builder-workspace/.swiftpm/xcode -enable-anonymous-context-mangled-names -file-compilation-dir /Users/admin/builder/spi-builder-workspace/.swiftpm/xcode -Xcc -D_LIBCPP_HARDENING_MODE\=_LIBCPP_HARDENING_MODE_DEBUG -Xcc -ivfsstatcache -Xcc /Users/admin/builder/spi-builder-workspace/.derivedData/SDKStatCaches.noindex/xros26.2-23N301-dc75598d0054f22ec865fa860f139d72f5e64962d3ee001da1d77d1957dffdab.sdkstatcache -Xcc -I/Users/admin/builder/spi-builder-workspace/.derivedData/Build/Products/Debug-xros/include -Xcc -I/Users/admin/builder/spi-builder-workspace/.derivedData/Build/Intermediates.noindex/AblyChat.build/Debug-xros/BuildTool.build/DerivedSources-normal/arm64 -Xcc -I/Users/admin/builder/spi-builder-workspace/.derivedData/Build/Intermediates.noindex/AblyChat.build/Debug-xros/BuildTool.build/DerivedSources/arm64 -Xcc -I/Users/admin/builder/spi-builder-workspace/.derivedData/Build/Intermediates.noindex/AblyChat.build/Debug-xros/BuildTool.build/DerivedSources -Xcc -DSWIFT_PACKAGE -Xcc -DDEBUG\=1 -no-auto-bridging-header-chaining -module-name BuildTool -package-name spi_builder_workspace -frontend-parseable-output -disable-clang-spi -target-sdk-version 26.2 -target-sdk-name xros26.2 -clang-target arm64-apple-xros26.2 -in-process-plugin-server-path /Applications/Xcode-26.3.0.app/Contents/Developer/Toolchains/XcodeDefault.xctoolchain/usr/lib/swift/host/libSwiftInProcPluginServer.dylib -o /Users/admin/builder/spi-builder-workspace/.derivedData/Build/Intermediates.noindex/AblyChat.build/Debug-xros/BuildTool.build/Objects-normal/arm64/ProcessRunner.o -index-unit-output-path /AblyChat.build/Debug-xros/BuildTool.build/Objects-normal/arm64/ProcessRunner.o -index-store-path /Users/admin/builder/spi-builder-workspace/.derivedData/Index.noindex/DataStore -index-system-modules
SwiftCompile normal arm64 /Users/admin/builder/spi-builder-workspace/Sources/BuildTool/ProcessRunner.swift (in target 'BuildTool' from project 'AblyChat')
    cd /Users/admin/builder/spi-builder-workspace/.swiftpm/xcode

/Users/admin/builder/spi-builder-workspace/Sources/BuildTool/ProcessRunner.swift:12:31: error: cannot find 'Process' in scope
                let process = Process()
                              ^~~~~~~
/Users/admin/builder/spi-builder-workspace/Sources/BuildTool/ProcessRunner.swift:38:31: error: cannot find 'Process' in scope
                let process = Process()
                              ^~~~~~~
SwiftCompile normal arm64 Compiling\ DestinationPredicate.swift /Users/admin/builder/spi-builder-workspace/Sources/BuildTool/DestinationPredicate.swift (in target 'BuildTool' from project 'AblyChat')
SwiftCompile normal arm64 /Users/admin/builder/spi-builder-workspace/Sources/BuildTool/DestinationPredicate.swift (in target 'BuildTool' from project 'AblyChat')
    cd /Users/admin/builder/spi-builder-workspace/.swiftpm/xcode

SwiftCompile normal arm64 Compiling\ Platform.swift /Users/admin/builder/spi-builder-workspace/Sources/BuildTool/Platform.swift (in target 'BuildTool' from project 'AblyChat')
SwiftCompile normal arm64 /Users/admin/builder/spi-builder-workspace/Sources/BuildTool/Platform.swift (in target 'BuildTool' from project 'AblyChat')
    cd /Users/admin/builder/spi-builder-workspace/.swiftpm/xcode

SwiftCompile normal arm64 Compiling\ DestinationSpecifier.swift /Users/admin/builder/spi-builder-workspace/Sources/BuildTool/DestinationSpecifier.swift (in target 'BuildTool' from project 'AblyChat')
SwiftCompile normal arm64 /Users/admin/builder/spi-builder-workspace/Sources/BuildTool/DestinationSpecifier.swift (in target 'BuildTool' from project 'AblyChat')
    cd /Users/admin/builder/spi-builder-workspace/.swiftpm/xcode

SwiftCompile normal arm64 Compiling\ BuildTool.swift,\ Configuration.swift /Users/admin/builder/spi-builder-workspace/Sources/BuildTool/BuildTool.swift /Users/admin/builder/spi-builder-workspace/Sources/BuildTool/Configuration.swift (in target 'BuildTool' from project 'AblyChat')
SwiftCompile normal arm64 /Users/admin/builder/spi-builder-workspace/Sources/BuildTool/BuildTool.swift (in target 'BuildTool' from project 'AblyChat')
    cd /Users/admin/builder/spi-builder-workspace/.swiftpm/xcode

SwiftCompile normal arm64 /Users/admin/builder/spi-builder-workspace/Sources/BuildTool/Configuration.swift (in target 'BuildTool' from project 'AblyChat')
    cd /Users/admin/builder/spi-builder-workspace/.swiftpm/xcode

SwiftCompile normal arm64 Compiling\ String+Decoding.swift /Users/admin/builder/spi-builder-workspace/Sources/BuildTool/String+Decoding.swift (in target 'BuildTool' from project 'AblyChat')
SwiftCompile normal arm64 /Users/admin/builder/spi-builder-workspace/Sources/BuildTool/String+Decoding.swift (in target 'BuildTool' from project 'AblyChat')
    cd /Users/admin/builder/spi-builder-workspace/.swiftpm/xcode

SwiftCompile normal arm64 Compiling\ DestinationFetcher.swift /Users/admin/builder/spi-builder-workspace/Sources/BuildTool/DestinationFetcher.swift (in target 'BuildTool' from project 'AblyChat')
SwiftCompile normal arm64 /Users/admin/builder/spi-builder-workspace/Sources/BuildTool/DestinationFetcher.swift (in target 'BuildTool' from project 'AblyChat')
    cd /Users/admin/builder/spi-builder-workspace/.swiftpm/xcode

SwiftCompile normal arm64 Compiling\ DestinationStrategy.swift /Users/admin/builder/spi-builder-workspace/Sources/BuildTool/DestinationStrategy.swift (in target 'BuildTool' from project 'AblyChat')
SwiftDriverJobDiscovery normal arm64 Compiling CombineLatestStateMachine.swift, CombineLatestStorage.swift, AsyncDebounceSequence.swift, DebounceStateMachine.swift, DebounceStorage.swift (in target 'AsyncAlgorithms' from project 'swift-async-algorithms')
SwiftCompile normal arm64 Compiling\ Error.swift /Users/admin/builder/spi-builder-workspace/Sources/BuildTool/Error.swift (in target 'BuildTool' from project 'AblyChat')
SwiftDriverJobDiscovery normal arm64 Compiling DestinationPredicate.swift (in target 'BuildTool' from project 'AblyChat')
SwiftDriver\ Compilation AsyncAlgorithms normal arm64 com.apple.xcode.tools.swift.compiler (in target 'AsyncAlgorithms' from project 'swift-async-algorithms')
    cd /Users/admin/builder/spi-builder-workspace/.swiftpm/xcode
    builtin-Swift-Compilation -- /Applications/Xcode-26.3.0.app/Contents/Developer/Toolchains/XcodeDefault.xctoolchain/usr/bin/swiftc -module-name AsyncAlgorithms -Onone -enforce-exclusivity\=checked @/Users/admin/builder/spi-builder-workspace/.derivedData/Build/Intermediates.noindex/swift-async-algorithms.build/Debug-xros/AsyncAlgorithms.build/Objects-normal/arm64/AsyncAlgorithms.SwiftFileList -DSWIFT_PACKAGE -DDEBUG -DSWIFT_MODULE_RESOURCE_BUNDLE_UNAVAILABLE -DXcode -enable-experimental-feature StrictConcurrency\=complete -plugin-path /Applications/Xcode-26.3.0.app/Contents/Developer/Toolchains/XcodeDefault.xctoolchain/usr/lib/swift/host/plugins/testing -enable-experimental-feature DebugDescriptionMacro -sdk /Applications/Xcode-26.3.0.app/Contents/Developer/Platforms/XROS.platform/Developer/SDKs/XROS26.2.sdk -target arm64-apple-xros1.0 -g -module-cache-path /Users/admin/builder/spi-builder-workspace/.derivedData/ModuleCache.noindex -Xfrontend -serialize-debugging-options -profile-coverage-mapping -profile-generate -enable-testing -suppress-warnings -index-store-path /Users/admin/builder/spi-builder-workspace/.derivedData/Index.noindex/DataStore -Xcc -D_LIBCPP_HARDENING_MODE\=_LIBCPP_HARDENING_MODE_DEBUG -swift-version 5 -I /Users/admin/builder/spi-builder-workspace/.derivedData/Build/Products/Debug-xros -Isystem /Applications/Xcode-26.3.0.app/Contents/Developer/Platforms/XROS.platform/Developer/usr/lib -F /Users/admin/builder/spi-builder-workspace/.derivedData/Build/Products/Debug-xros/PackageFrameworks -F /Users/admin/builder/spi-builder-workspace/.derivedData/Build/Products/Debug-xros/PackageFrameworks -F /Users/admin/builder/spi-builder-workspace/.derivedData/Build/Products/Debug-xros/PackageFrameworks -F /Users/admin/builder/spi-builder-workspace/.derivedData/Build/Products/Debug-xros -F /Applications/Xcode-26.3.0.app/Contents/Developer/Platforms/XROS.platform/Developer/Library/Frameworks -F /Applications/Xcode-26.3.0.app/Contents/Developer/Platforms/XROS.platform/Developer/SDKs/XROS26.2.sdk/Developer/Library/Frameworks -c -j10 -enable-batch-mode -incremental -Xcc -ivfsstatcache -Xcc /Users/admin/builder/spi-builder-workspace/.derivedData/SDKStatCaches.noindex/xros26.2-23N301-dc75598d0054f22ec865fa860f139d72f5e64962d3ee001da1d77d1957dffdab.sdkstatcache -output-file-map /Users/admin/builder/spi-builder-workspace/.derivedData/Build/Intermediates.noindex/swift-async-algorithms.build/Debug-xros/AsyncAlgorithms.build/Objects-normal/arm64/AsyncAlgorithms-OutputFileMap.json -use-frontend-parseable-output -save-temps -no-color-diagnostics -explicit-module-build -module-cache-path /Users/admin/builder/spi-builder-workspace/.derivedData/Build/Intermediates.noindex/SwiftExplicitPrecompiledModules -clang-scanner-module-cache-path /Users/admin/builder/spi-builder-workspace/.derivedData/ModuleCache.noindex -sdk-module-cache-path /Users/admin/builder/spi-builder-workspace/.derivedData/ModuleCache.noindex -serialize-diagnostics -emit-dependencies -emit-module -emit-module-path /Users/admin/builder/spi-builder-workspace/.derivedData/Build/Intermediates.noindex/swift-async-algorithms.build/Debug-xros/AsyncAlgorithms.build/Objects-normal/arm64/AsyncAlgorithms.swiftmodule -validate-clang-modules-once -clang-build-session-file /Users/admin/builder/spi-builder-workspace/.derivedData/ModuleCache.noindex/Session.modulevalidation -Xcc -I/Users/admin/builder/spi-builder-workspace/.derivedData/Build/Intermediates.noindex/swift-async-algorithms.build/Debug-xros/AsyncAlgorithms.build/swift-overrides.hmap -emit-const-values -Xfrontend -const-gather-protocols-file -Xfrontend /Users/admin/builder/spi-builder-workspace/.derivedData/Build/Intermediates.noindex/swift-async-algorithms.build/Debug-xros/AsyncAlgorithms.build/Objects-normal/arm64/AsyncAlgorithms_const_extract_protocols.json -Xcc -I/Users/admin/builder/spi-builder-workspace/.derivedData/Build/Products/Debug-xros/include -Xcc -I/Users/admin/builder/spi-builder-workspace/.derivedData/Build/Intermediates.noindex/swift-async-algorithms.build/Debug-xros/AsyncAlgorithms.build/DerivedSources-normal/arm64 -Xcc -I/Users/admin/builder/spi-builder-workspace/.derivedData/Build/Intermediates.noindex/swift-async-algorithms.build/Debug-xros/AsyncAlgorithms.build/DerivedSources/arm64 -Xcc -I/Users/admin/builder/spi-builder-workspace/.derivedData/Build/Intermediates.noindex/swift-async-algorithms.build/Debug-xros/AsyncAlgorithms.build/DerivedSources -Xcc -DSWIFT_PACKAGE -Xcc -DDEBUG\=1 -emit-objc-header -emit-objc-header-path /Users/admin/builder/spi-builder-workspace/.derivedData/Build/Intermediates.noindex/swift-async-algorithms.build/Debug-xros/AsyncAlgorithms.build/Objects-normal/arm64/AsyncAlgorithms-Swift.h -working-directory /Users/admin/builder/spi-builder-workspace/.swiftpm/xcode -experimental-emit-module-separately -disable-cmo
2026-09-30 14:31:49.016 xcodebuild[1354:7368] [MT] IDERunDestination: Supported platforms for the buildables in the current scheme is empty.
2026-09-30 14:31:49.181 xcodebuild[1354:7368] [MT] IDERunDestination: Supported platforms for the buildables in the current scheme is empty.
** BUILD FAILED **
The following build commands failed:
	SwiftCompile normal arm64 Compiling\ ProcessRunner.swift /Users/admin/builder/spi-builder-workspace/Sources/BuildTool/ProcessRunner.swift (in target 'BuildTool' from project 'AblyChat')
	SwiftCompile normal arm64 /Users/admin/builder/spi-builder-workspace/Sources/BuildTool/ProcessRunner.swift (in target 'BuildTool' from project 'AblyChat')
	Building workspace spi-builder-workspace with scheme AblyChat-Package
(3 failures)
Command line invocation:
    /Applications/Xcode-26.3.0.app/Contents/Developer/usr/bin/xcodebuild -IDEClonedSourcePackagesDirPathOverride=/Users/admin/builder/spi-builder-workspace/.dependencies -resolvePackageDependencies
Resolve Package Graph
Resolved source packages:
  swift-clocks: https://github.com/pointfreeco/swift-clocks @ 1.0.6
  ably-cocoa-plugin-support: https://github.com/ably/ably-cocoa-plugin-support @ 0.2.0
  AblyDeltaCodec: https://github.com/ably/delta-codec-cocoa @ 1.3.3
  swift-async-algorithms: https://github.com/apple/swift-async-algorithms @ 1.0.1
  Semaphore: https://github.com/ably-forks/swift-semaphore @ 0.1.0
  SwiftDocCPlugin: https://github.com/apple/swift-docc-plugin @ 1.4.3
  msgpack: https://github.com/rvi/msgpack-objective-C @ 0.4.0
  xctest-dynamic-overlay: https://github.com/pointfreeco/xctest-dynamic-overlay @ 1.5.2
  SymbolKit: https://github.com/swiftlang/swift-docc-symbolkit @ 1.0.0
  ably-cocoa: https://github.com/ably/ably-cocoa @ 1.2.51
  swift-concurrency-extras: https://github.com/pointfreeco/swift-concurrency-extras @ 1.3.1
  Table: https://github.com/JanGorman/Table.git @ 1.1.1
  swift-argument-parser: https://github.com/apple/swift-argument-parser @ 1.5.0
  swift-collections: https://github.com/apple/swift-collections.git @ 1.1.2
  AblyChat: /Users/admin/builder/spi-builder-workspace
resolved source packages: swift-clocks, ably-cocoa-plugin-support, AblyDeltaCodec, swift-async-algorithms, Semaphore, SwiftDocCPlugin, msgpack, xctest-dynamic-overlay, SymbolKit, ably-cocoa, swift-concurrency-extras, Table, swift-argument-parser, swift-collections, AblyChat
2026-09-30 14:32:19.115 xcodebuild[2154:10655] [MT] IDERunDestination: Supported platforms for the buildables in the current scheme is empty.
2026-09-30 14:32:19.282 xcodebuild[2154:10655] [MT] IDERunDestination: Supported platforms for the buildables in the current scheme is empty.
{
  "dependencies" : [
    {
      "identity" : "ably-cocoa",
      "requirement" : {
        "range" : [
          {
            "lower_bound" : "1.2.51",
            "upper_bound" : "2.0.0"
          }
        ]
      },
      "type" : "sourceControl",
      "url" : "https://github.com/ably/ably-cocoa"
    },
    {
      "identity" : "swift-argument-parser",
      "requirement" : {
        "range" : [
          {
            "lower_bound" : "1.5.0",
            "upper_bound" : "2.0.0"
          }
        ]
      },
      "type" : "sourceControl",
      "url" : "https://github.com/apple/swift-argument-parser"
    },
    {
      "identity" : "swift-async-algorithms",
      "requirement" : {
        "range" : [
          {
            "lower_bound" : "1.0.1",
            "upper_bound" : "2.0.0"
          }
        ]
      },
      "type" : "sourceControl",
      "url" : "https://github.com/apple/swift-async-algorithms"
    },
    {
      "identity" : "table",
      "requirement" : {
        "range" : [
          {
            "lower_bound" : "1.1.1",
            "upper_bound" : "2.0.0"
          }
        ]
      },
      "type" : "sourceControl",
      "url" : "https://github.com/JanGorman/Table.git"
    },
    {
      "identity" : "swift-docc-plugin",
      "requirement" : {
        "range" : [
          {
            "lower_bound" : "1.0.0",
            "upper_bound" : "2.0.0"
          }
        ]
      },
      "type" : "sourceControl",
      "url" : "https://github.com/apple/swift-docc-plugin"
    },
    {
      "identity" : "swift-semaphore",
      "requirement" : {
        "exact" : [
          "0.1.0"
        ]
      },
      "type" : "sourceControl",
      "url" : "https://github.com/ably-forks/swift-semaphore"
    },
    {
      "identity" : "swift-clocks",
      "requirement" : {
        "range" : [
          {
            "lower_bound" : "1.0.0",
            "upper_bound" : "2.0.0"
          }
        ]
      },
      "type" : "sourceControl",
      "url" : "https://github.com/pointfreeco/swift-clocks"
    }
  ],
  "manifest_display_name" : "AblyChat",
  "name" : "AblyChat",
  "path" : "/Users/admin/builder/spi-builder-workspace",
  "platforms" : [
    {
      "name" : "macos",
      "version" : "11.0"
    },
    {
      "name" : "ios",
      "version" : "14.0"
    },
    {
      "name" : "tvos",
      "version" : "14.0"
    }
  ],
  "products" : [
    {
      "name" : "AblyChat",
      "targets" : [
        "AblyChat"
      ],
      "type" : {
        "library" : [
          "automatic"
        ]
      }
    },
    {
      "name" : "BuildTool",
      "targets" : [
        "BuildTool"
      ],
      "type" : {
        "executable" : null
      }
    }
  ],
  "targets" : [
    {
      "c99name" : "BuildTool",
      "module_type" : "SwiftTarget",
      "name" : "BuildTool",
      "path" : "Sources/BuildTool",
      "product_dependencies" : [
        "ArgumentParser",
        "AsyncAlgorithms",
        "Table"
      ],
      "product_memberships" : [
        "BuildTool"
      ],
      "sources" : [
        "BuildTool.swift",
        "Configuration.swift",
        "DestinationFetcher.swift",
        "DestinationPredicate.swift",
        "DestinationSpecifier.swift",
        "DestinationStrategy.swift",
        "Error.swift",
        "Platform.swift",
        "ProcessRunner.swift",
        "String+Decoding.swift",
        "XcodeRunner.swift"
      ],
      "type" : "executable"
    },
    {
      "c99name" : "AblyChatTests",
      "module_type" : "SwiftTarget",
      "name" : "AblyChatTests",
      "path" : "Tests/AblyChatTests",
      "product_dependencies" : [
        "AsyncAlgorithms",
        "Clocks",
        "Semaphore"
      ],
      "resources" : [
        {
          "path" : "/Users/admin/builder/spi-builder-workspace/Tests/AblyChatTests/ably-common",
          "rule" : {
            "copy" : {
            }
          }
        }
      ],
      "sources" : [
        "ChatAPITests.swift",
        "ChatClientTests.swift",
        "DefaultInternalLoggerTests.swift",
        "DefaultMessageReactionsTests.swift",
        "DefaultMessagesTests.swift",
        "DefaultPresenceTests.swift",
        "DefaultRoomLifecycleManagerTests.swift",
        "DefaultRoomOccupancyTests.swift",
        "DefaultRoomReactionsTests.swift",
        "DefaultRoomTests.swift",
        "DefaultRoomsTests.swift",
        "DefaultTypingTests.swift",
        "ErrorInfoTests.swift",
        "Helpers/Equatable.swift",
        "Helpers/Helpers.swift",
        "Helpers/RoomLifecycleManager+AsyncSequence.swift",
        "Helpers/Sandbox.swift",
        "Helpers/SynchronizedAccess.swift",
        "Helpers/TestLogger.swift",
        "Helpers/Timeout.swift",
        "IntegrationTests.swift",
        "InternalLoggerTests.swift",
        "JSONValueTests.swift",
        "MessageSubscriptionResponseAsyncSequenceTests.swift",
        "MessageSubscriptionStorageTests.swift",
        "MessageTests.swift",
        "Mocks/MockAblyCocoaRealtime.swift",
        "Mocks/MockChannels.swift",
        "Mocks/MockConcreteAblyCocoaRealtime.swift",
        "Mocks/MockConnection.swift",
        "Mocks/MockHTTPPaginatedResponse.swift",
        "Mocks/MockInternalLogger.swift",
        "Mocks/MockInternalRealtimeClientFactory.swift",
        "Mocks/MockLogHandler.swift",
        "Mocks/MockRealtime.swift",
        "Mocks/MockRealtimeAnnotations.swift",
        "Mocks/MockRealtimeChannel.swift",
        "Mocks/MockRealtimePresence.swift",
        "Mocks/MockRoom.swift",
        "Mocks/MockRoomFactory.swift",
        "Mocks/MockRoomLifecycleManager.swift",
        "Mocks/MockRoomLifecycleManagerFactory.swift",
        "Mocks/MockSimpleClock.swift",
        "Mocks/MockTestClock.swift",
        "RoomOptionsTests.swift",
        "RoomReactionDTOTests.swift",
        "StringEncodeTests.swift",
        "SubscriptionAsyncSequenceTests.swift",
        "SubscriptionStorageTests.swift",
        "TypingOperationQueueTests.swift",
        "TypingTimerManagerTests.swift"
      ],
      "target_dependencies" : [
        "AblyChat"
      ],
      "type" : "test"
    },
    {
      "c99name" : "AblyChat",
      "module_type" : "SwiftTarget",
      "name" : "AblyChat",
      "path" : "Sources/AblyChat",
      "product_dependencies" : [
        "Ably"
      ],
      "product_memberships" : [
        "AblyChat"
      ],
      "sources" : [
        "AblyCocoaExtensions/Ably+Dependencies.swift",
        "AblyCocoaExtensions/InternalAblyCocoaTypes.swift",
        "BufferingPolicy.swift",
        "ChatAPI.swift",
        "ChatClient.swift",
        "ClockProtocol.swift",
        "Connection.swift",
        "DefaultConnection.swift",
        "DefaultMessageReactions.swift",
        "DefaultMessages.swift",
        "DefaultOccupancy.swift",
        "DefaultPresence.swift",
        "DefaultRoomReactions.swift",
        "DefaultTyping.swift",
        "Dependencies.swift",
        "ErrorInfo.swift",
        "Events.swift",
        "Extensions/Dictionary+Extensions.swift",
        "Extensions/String+Extensions.swift",
        "Headers.swift",
        "InternalError.swift",
        "InternalRawRepresentable.swift",
        "JSONCodable.swift",
        "JSONValue.swift",
        "Logging.swift",
        "Message.swift",
        "MessageReaction+JSON.swift",
        "MessageReaction.swift",
        "MessageReactions.swift",
        "Messages.swift",
        "Metadata.swift",
        "Occupancy.swift",
        "OperationMetadata.swift",
        "PaginatedResult.swift",
        "Presence.swift",
        "Room.swift",
        "RoomLifecycleManager.swift",
        "RoomOptions.swift",
        "RoomReaction.swift",
        "RoomReactionDTO.swift",
        "RoomReactions.swift",
        "RoomStatus.swift",
        "Rooms.swift",
        "SimpleClock.swift",
        "Subscription.swift",
        "SubscriptionAsyncSequence.swift",
        "SubscriptionStorage.swift",
        "TimerManager.swift",
        "Typing.swift",
        "TypingOperationQueue.swift",
        "TypingTimerManager.swift",
        "Version.swift"
      ],
      "type" : "library"
    }
  ],
  "tools_version" : "6.2"
}
{
  "workspace" : {
    "name" : "spi-builder-workspace",
    "schemes" : [
      "ably-cocoa",
      "AblyChat",
      "AblyChat-Package",
      "BuildTool",
      "Semaphore"
    ]
  }
}
2026-09-30 14:32:26.527 xcodebuild[2255:11188] [MT] IDERunDestination: Supported platforms for the buildables in the current scheme is empty.
2026-09-30 14:32:26.695 xcodebuild[2255:11188] [MT] IDERunDestination: Supported platforms for the buildables in the current scheme is empty.
{
  "workspace" : {
    "name" : "spi-builder-workspace",
    "schemes" : [
      "ably-cocoa",
      "AblyChat",
      "AblyChat-Package",
      "BuildTool",
      "Semaphore"
    ]
  }
}
2026-09-30 14:32:33.684 xcodebuild[2351:11690] [MT] IDERunDestination: Supported platforms for the buildables in the current scheme is empty.
2026-09-30 14:32:33.852 xcodebuild[2351:11690] [MT] IDERunDestination: Supported platforms for the buildables in the current scheme is empty.
Running build ...
env DEVELOPER_DIR=/Applications/Xcode-26.3.0.app xcrun xcodebuild -IDEClonedSourcePackagesDirPathOverride=$PWD/.dependencies -skipMacroValidation -skipPackagePluginValidation -derivedDataPath $PWD/.derivedData build -scheme AblyChat-Package -destination generic/platform=xrOS
Command line invocation:
    /Applications/Xcode-26.3.0.app/Contents/Developer/usr/bin/xcodebuild -IDEClonedSourcePackagesDirPathOverride=/Users/admin/builder/spi-builder-workspace/.dependencies -skipMacroValidation -skipPackagePluginValidation -derivedDataPath /Users/admin/builder/spi-builder-workspace/.derivedData build -scheme AblyChat-Package -destination generic/platform=xrOS
Resolve Package Graph
Resolved source packages:
  ably-cocoa-plugin-support: https://github.com/ably/ably-cocoa-plugin-support @ 0.2.0
  SwiftDocCPlugin: https://github.com/apple/swift-docc-plugin @ 1.4.3
  swift-argument-parser: https://github.com/apple/swift-argument-parser @ 1.5.0
  xctest-dynamic-overlay: https://github.com/pointfreeco/xctest-dynamic-overlay @ 1.5.2
  SymbolKit: https://github.com/swiftlang/swift-docc-symbolkit @ 1.0.0
  ably-cocoa: https://github.com/ably/ably-cocoa @ 1.2.51
  Table: https://github.com/JanGorman/Table.git @ 1.1.1
  msgpack: https://github.com/rvi/msgpack-objective-C @ 0.4.0
  swift-concurrency-extras: https://github.com/pointfreeco/swift-concurrency-extras @ 1.3.1
  swift-clocks: https://github.com/pointfreeco/swift-clocks @ 1.0.6
  swift-async-algorithms: https://github.com/apple/swift-async-algorithms @ 1.0.1
  Semaphore: https://github.com/ably-forks/swift-semaphore @ 0.1.0
  AblyChat: /Users/admin/builder/spi-builder-workspace
  swift-collections: https://github.com/apple/swift-collections.git @ 1.1.2
  AblyDeltaCodec: https://github.com/ably/delta-codec-cocoa @ 1.3.3
ComputePackagePrebuildTargetDependencyGraph
Prepare packages
CreateBuildRequest
SendProjectDescription
CreateBuildOperation
ComputeTargetDependencyGraph
note: Building targets in dependency order
note: Target dependency graph (24 targets)
    Target 'BuildTool' in project 'AblyChat'
        ➜ Explicit dependency on target 'ArgumentParser' in project 'swift-argument-parser'
        ➜ Explicit dependency on target 'AsyncAlgorithms' in project 'swift-async-algorithms'
        ➜ Explicit dependency on target 'Table' in project 'Table'
    Target 'Table' in project 'Table'
        ➜ Explicit dependency on target 'Table' in project 'Table'
    Target 'Table' in project 'Table' (no dependencies)
    Target 'AsyncAlgorithms' in project 'swift-async-algorithms'
        ➜ Explicit dependency on target 'AsyncAlgorithms' in project 'swift-async-algorithms'
        ➜ Explicit dependency on target 'OrderedCollections' in project 'swift-collections'
        ➜ Explicit dependency on target 'DequeModule' in project 'swift-collections'
    Target 'AsyncAlgorithms' in project 'swift-async-algorithms'
        ➜ Explicit dependency on target 'OrderedCollections' in project 'swift-collections'
        ➜ Explicit dependency on target 'DequeModule' in project 'swift-collections'
    Target 'DequeModule' in project 'swift-collections'
        ➜ Explicit dependency on target 'DequeModule' in project 'swift-collections'
        ➜ Explicit dependency on target 'InternalCollectionsUtilities' in project 'swift-collections'
    Target 'DequeModule' in project 'swift-collections'
        ➜ Explicit dependency on target 'InternalCollectionsUtilities' in project 'swift-collections'
    Target 'OrderedCollections' in project 'swift-collections'
        ➜ Explicit dependency on target 'OrderedCollections' in project 'swift-collections'
        ➜ Explicit dependency on target 'InternalCollectionsUtilities' in project 'swift-collections'
    Target 'OrderedCollections' in project 'swift-collections'
        ➜ Explicit dependency on target 'InternalCollectionsUtilities' in project 'swift-collections'
    Target 'InternalCollectionsUtilities' in project 'swift-collections' (no dependencies)
    Target 'ArgumentParser' in project 'swift-argument-parser'
        ➜ Explicit dependency on target 'ArgumentParser' in project 'swift-argument-parser'
        ➜ Explicit dependency on target 'ArgumentParserToolInfo' in project 'swift-argument-parser'
    Target 'ArgumentParser' in project 'swift-argument-parser'
        ➜ Explicit dependency on target 'ArgumentParserToolInfo' in project 'swift-argument-parser'
    Target 'ArgumentParserToolInfo' in project 'swift-argument-parser' (no dependencies)
    Target 'AblyChat' in project 'AblyChat'
        ➜ Explicit dependency on target 'AblyChat' in project 'AblyChat'
        ➜ Explicit dependency on target 'Ably' in project 'ably-cocoa'
    Target 'AblyChat' in project 'AblyChat'
        ➜ Explicit dependency on target 'Ably' in project 'ably-cocoa'
    Target 'Ably' in project 'ably-cocoa'
        ➜ Explicit dependency on target 'Ably' in project 'ably-cocoa'
        ➜ Explicit dependency on target 'ably-cocoa_Ably' in project 'ably-cocoa'
        ➜ Explicit dependency on target 'msgpack' in project 'msgpack'
        ➜ Explicit dependency on target 'AblyDeltaCodec' in project 'AblyDeltaCodec'
        ➜ Explicit dependency on target '_AblyPluginSupportPrivate' in project 'ably-cocoa-plugin-support'
    Target 'Ably' in project 'ably-cocoa'
        ➜ Explicit dependency on target 'ably-cocoa_Ably' in project 'ably-cocoa'
        ➜ Explicit dependency on target 'msgpack' in project 'msgpack'
        ➜ Explicit dependency on target 'AblyDeltaCodec' in project 'AblyDeltaCodec'
        ➜ Explicit dependency on target '_AblyPluginSupportPrivate' in project 'ably-cocoa-plugin-support'
    Target '_AblyPluginSupportPrivate' in project 'ably-cocoa-plugin-support'
        ➜ Explicit dependency on target '_AblyPluginSupportPrivate' in project 'ably-cocoa-plugin-support'
    Target '_AblyPluginSupportPrivate' in project 'ably-cocoa-plugin-support' (no dependencies)
    Target 'AblyDeltaCodec' in project 'AblyDeltaCodec'
        ➜ Explicit dependency on target 'AblyDeltaCodec' in project 'AblyDeltaCodec'
    Target 'AblyDeltaCodec' in project 'AblyDeltaCodec' (no dependencies)
    Target 'msgpack' in project 'msgpack'
        ➜ Explicit dependency on target 'msgpack' in project 'msgpack'
    Target 'msgpack' in project 'msgpack' (no dependencies)
    Target 'ably-cocoa_Ably' in project 'ably-cocoa' (no dependencies)
GatherProvisioningInputs
CreateBuildDescription
ClangStatCache /Applications/Xcode-26.3.0.app/Contents/Developer/Toolchains/XcodeDefault.xctoolchain/usr/bin/clang-stat-cache /Applications/Xcode-26.3.0.app/Contents/Developer/Platforms/XROS.platform/Developer/SDKs/XROS26.2.sdk /Users/admin/builder/spi-builder-workspace/.derivedData/SDKStatCaches.noindex/xros26.2-23N301-dc75598d0054f22ec865fa860f139d72f5e64962d3ee001da1d77d1957dffdab.sdkstatcache
    cd /Users/admin/builder/spi-builder-workspace/.swiftpm/xcode
    /Applications/Xcode-26.3.0.app/Contents/Developer/Toolchains/XcodeDefault.xctoolchain/usr/bin/clang-stat-cache /Applications/Xcode-26.3.0.app/Contents/Developer/Platforms/XROS.platform/Developer/SDKs/XROS26.2.sdk -o /Users/admin/builder/spi-builder-workspace/.derivedData/SDKStatCaches.noindex/xros26.2-23N301-dc75598d0054f22ec865fa860f139d72f5e64962d3ee001da1d77d1957dffdab.sdkstatcache
SwiftDriver BuildTool normal arm64 com.apple.xcode.tools.swift.compiler (in target 'BuildTool' from project 'AblyChat')
    cd /Users/admin/builder/spi-builder-workspace/.swiftpm/xcode
    builtin-SwiftDriver -- /Applications/Xcode-26.3.0.app/Contents/Developer/Toolchains/XcodeDefault.xctoolchain/usr/bin/swiftc -module-name BuildTool -Onone -enforce-exclusivity\=checked @/Users/admin/builder/spi-builder-workspace/.derivedData/Build/Intermediates.noindex/AblyChat.build/Debug-xros/BuildTool.build/Objects-normal/arm64/BuildTool.SwiftFileList -DSWIFT_PACKAGE -DDEBUG -DXcode -enable-upcoming-feature MemberImportVisibility -enable-upcoming-feature ExistentialAny -plugin-path /Applications/Xcode-26.3.0.app/Contents/Developer/Toolchains/XcodeDefault.xctoolchain/usr/lib/swift/host/plugins/testing -enable-experimental-feature DebugDescriptionMacro -sdk /Applications/Xcode-26.3.0.app/Contents/Developer/Platforms/XROS.platform/Developer/SDKs/XROS26.2.sdk -target arm64-apple-xros1.0 -g -module-cache-path /Users/admin/builder/spi-builder-workspace/.derivedData/ModuleCache.noindex -Xfrontend -serialize-debugging-options -profile-coverage-mapping -profile-generate -enable-testing -index-store-path /Users/admin/builder/spi-builder-workspace/.derivedData/Index.noindex/DataStore -Xcc -D_LIBCPP_HARDENING_MODE\=_LIBCPP_HARDENING_MODE_DEBUG -swift-version 6 -I /Users/admin/builder/spi-builder-workspace/.derivedData/Build/Products/Debug-xros -Isystem /Applications/Xcode-26.3.0.app/Contents/Developer/Platforms/XROS.platform/Developer/usr/lib -F /Users/admin/builder/spi-builder-workspace/.derivedData/Build/Products/Debug-xros/PackageFrameworks -F /Users/admin/builder/spi-builder-workspace/.derivedData/Build/Products/Debug-xros/PackageFrameworks -F /Users/admin/builder/spi-builder-workspace/.derivedData/Build/Products/Debug-xros/PackageFrameworks -F /Users/admin/builder/spi-builder-workspace/.derivedData/Build/Products/Debug-xros/PackageFrameworks -F /Users/admin/builder/spi-builder-workspace/.derivedData/Build/Products/Debug-xros/PackageFrameworks -F /Users/admin/builder/spi-builder-workspace/.derivedData/Build/Products/Debug-xros/PackageFrameworks -F /Users/admin/builder/spi-builder-workspace/.derivedData/Build/Products/Debug-xros/PackageFrameworks -F /Users/admin/builder/spi-builder-workspace/.derivedData/Build/Products/Debug-xros -F /Applications/Xcode-26.3.0.app/Contents/Developer/Platforms/XROS.platform/Developer/Library/Frameworks -F /Applications/Xcode-26.3.0.app/Contents/Developer/Platforms/XROS.platform/Developer/SDKs/XROS26.2.sdk/Developer/Library/Frameworks -c -j10 -enable-batch-mode -incremental -Xcc -ivfsstatcache -Xcc /Users/admin/builder/spi-builder-workspace/.derivedData/SDKStatCaches.noindex/xros26.2-23N301-dc75598d0054f22ec865fa860f139d72f5e64962d3ee001da1d77d1957dffdab.sdkstatcache -output-file-map /Users/admin/builder/spi-builder-workspace/.derivedData/Build/Intermediates.noindex/AblyChat.build/Debug-xros/BuildTool.build/Objects-normal/arm64/BuildTool-OutputFileMap.json -use-frontend-parseable-output -save-temps -no-color-diagnostics -explicit-module-build -module-cache-path /Users/admin/builder/spi-builder-workspace/.derivedData/Build/Intermediates.noindex/SwiftExplicitPrecompiledModules -clang-scanner-module-cache-path /Users/admin/builder/spi-builder-workspace/.derivedData/ModuleCache.noindex -sdk-module-cache-path /Users/admin/builder/spi-builder-workspace/.derivedData/ModuleCache.noindex -serialize-diagnostics -emit-dependencies -emit-module -emit-module-path /Users/admin/builder/spi-builder-workspace/.derivedData/Build/Intermediates.noindex/AblyChat.build/Debug-xros/BuildTool.build/Objects-normal/arm64/BuildTool.swiftmodule -validate-clang-modules-once -clang-build-session-file /Users/admin/builder/spi-builder-workspace/.derivedData/ModuleCache.noindex/Session.modulevalidation -package-name spi_builder_workspace -emit-const-values -Xfrontend -const-gather-protocols-file -Xfrontend /Users/admin/builder/spi-builder-workspace/.derivedData/Build/Intermediates.noindex/AblyChat.build/Debug-xros/BuildTool.build/Objects-normal/arm64/BuildTool_const_extract_protocols.json -Xcc -I/Users/admin/builder/spi-builder-workspace/.derivedData/Build/Products/Debug-xros/include -Xcc -I/Users/admin/builder/spi-builder-workspace/.derivedData/Build/Intermediates.noindex/AblyChat.build/Debug-xros/BuildTool.build/DerivedSources-normal/arm64 -Xcc -I/Users/admin/builder/spi-builder-workspace/.derivedData/Build/Intermediates.noindex/AblyChat.build/Debug-xros/BuildTool.build/DerivedSources/arm64 -Xcc -I/Users/admin/builder/spi-builder-workspace/.derivedData/Build/Intermediates.noindex/AblyChat.build/Debug-xros/BuildTool.build/DerivedSources -Xcc -DSWIFT_PACKAGE -Xcc -DDEBUG\=1 -working-directory /Users/admin/builder/spi-builder-workspace/.swiftpm/xcode -experimental-emit-module-separately -disable-cmo
Ld /Users/admin/builder/spi-builder-workspace/.derivedData/Build/Products/Debug-xros/AsyncAlgorithms.o normal (in target 'AsyncAlgorithms' from project 'swift-async-algorithms')
    cd /Users/admin/builder/spi-builder-workspace/.dependencies/checkouts/swift-async-algorithms
    /Applications/Xcode-26.3.0.app/Contents/Developer/Toolchains/XcodeDefault.xctoolchain/usr/bin/clang -Xlinker -reproducible -target arm64-apple-xros1.0 -r -isysroot /Applications/Xcode-26.3.0.app/Contents/Developer/Platforms/XROS.platform/Developer/SDKs/XROS26.2.sdk -O0 -w -L/Users/admin/builder/spi-builder-workspace/.derivedData/Build/Intermediates.noindex/EagerLinkingTBDs/Debug-xros -L/Users/admin/builder/spi-builder-workspace/.derivedData/Build/Products/Debug-xros -L/Applications/Xcode-26.3.0.app/Contents/Developer/Platforms/XROS.platform/Developer/usr/lib -F/Users/admin/builder/spi-builder-workspace/.derivedData/Build/Intermediates.noindex/EagerLinkingTBDs/Debug-xros -F/Users/admin/builder/spi-builder-workspace/.derivedData/Build/Products/Debug-xros/PackageFrameworks -F/Users/admin/builder/spi-builder-workspace/.derivedData/Build/Products/Debug-xros/PackageFrameworks -F/Users/admin/builder/spi-builder-workspace/.derivedData/Build/Products/Debug-xros/PackageFrameworks -F/Users/admin/builder/spi-builder-workspace/.derivedData/Build/Products/Debug-xros -iframework /Applications/Xcode-26.3.0.app/Contents/Developer/Platforms/XROS.platform/Developer/Library/Frameworks -iframework /Applications/Xcode-26.3.0.app/Contents/Developer/Platforms/XROS.platform/Developer/SDKs/XROS26.2.sdk/Developer/Library/Frameworks -filelist /Users/admin/builder/spi-builder-workspace/.derivedData/Build/Intermediates.noindex/swift-async-algorithms.build/Debug-xros/AsyncAlgorithms.build/Objects-normal/arm64/AsyncAlgorithms.LinkFileList -nostdlib -Xlinker -object_path_lto -Xlinker /Users/admin/builder/spi-builder-workspace/.derivedData/Build/Intermediates.noindex/swift-async-algorithms.build/Debug-xros/AsyncAlgorithms.build/Objects-normal/arm64/AsyncAlgorithms_lto.o -rdynamic -Xlinker -no_deduplicate -Xlinker -debug_variant -Xlinker -dependency_info -Xlinker /Users/admin/builder/spi-builder-workspace/.derivedData/Build/Intermediates.noindex/swift-async-algorithms.build/Debug-xros/AsyncAlgorithms.build/Objects-normal/arm64/AsyncAlgorithms_dependency_info.dat -fobjc-link-runtime -L/Applications/Xcode-26.3.0.app/Contents/Developer/Toolchains/XcodeDefault.xctoolchain/usr/lib/swift/xros -L/usr/lib/swift -Xlinker -add_ast_path -Xlinker /Users/admin/builder/spi-builder-workspace/.derivedData/Build/Intermediates.noindex/swift-async-algorithms.build/Debug-xros/AsyncAlgorithms.build/Objects-normal/arm64/AsyncAlgorithms.swiftmodule @/Users/admin/builder/spi-builder-workspace/.derivedData/Build/Intermediates.noindex/swift-async-algorithms.build/Debug-xros/AsyncAlgorithms.build/Objects-normal/arm64/AsyncAlgorithms-linker-args.resp -o /Users/admin/builder/spi-builder-workspace/.derivedData/Build/Products/Debug-xros/AsyncAlgorithms.o
RegisterExecutionPolicyException /Users/admin/builder/spi-builder-workspace/.derivedData/Build/Products/Debug-xros/ArgumentParser.o (in target 'ArgumentParser' from project 'swift-argument-parser')
    cd /Users/admin/builder/spi-builder-workspace/.dependencies/checkouts/swift-argument-parser
    builtin-RegisterExecutionPolicyException /Users/admin/builder/spi-builder-workspace/.derivedData/Build/Products/Debug-xros/ArgumentParser.o
ExtractAppIntentsMetadata (in target 'AsyncAlgorithms' from project 'swift-async-algorithms')
    cd /Users/admin/builder/spi-builder-workspace/.dependencies/checkouts/swift-async-algorithms
    /Applications/Xcode-26.3.0.app/Contents/Developer/Toolchains/XcodeDefault.xctoolchain/usr/bin/appintentsmetadataprocessor --toolchain-dir /var/run/com.apple.security.cryptexd/mnt/com.apple.MobileAsset.MetalToolchain-v17.3.7003.10.NZb94y/Metal.xctoolchain --module-name AsyncAlgorithms --sdk-root /Applications/Xcode-26.3.0.app/Contents/Developer/Platforms/XROS.platform/Developer/SDKs/XROS26.2.sdk --xcode-version 17C529 --platform-family xrOS --deployment-target 1.0 --bundle-identifier swift-async-algorithms.AsyncAlgorithms --output /Users/admin/builder/spi-builder-workspace/.derivedData/Build/Products/Debug-xros/AsyncAlgorithms.appintents --target-triple arm64-apple-xros1.0 --binary-file /Users/admin/builder/spi-builder-workspace/.derivedData/Build/Products/Debug-xros/AsyncAlgorithms.o --dependency-file /Users/admin/builder/spi-builder-workspace/.derivedData/Build/Intermediates.noindex/swift-async-algorithms.build/Debug-xros/AsyncAlgorithms.build/Objects-normal/arm64/AsyncAlgorithms_dependency_info.dat --stringsdata-file /Users/admin/builder/spi-builder-workspace/.derivedData/Build/Intermediates.noindex/swift-async-algorithms.build/Debug-xros/AsyncAlgorithms.build/Objects-normal/arm64/ExtractedAppShortcutsMetadata.stringsdata --source-file-list /Users/admin/builder/spi-builder-workspace/.derivedData/Build/Intermediates.noindex/swift-async-algorithms.build/Debug-xros/AsyncAlgorithms.build/Objects-normal/arm64/AsyncAlgorithms.SwiftFileList --metadata-file-list /Users/admin/builder/spi-builder-workspace/.derivedData/Build/Intermediates.noindex/swift-async-algorithms.build/Debug-xros/AsyncAlgorithms.build/AsyncAlgorithms.DependencyMetadataFileList --static-metadata-file-list /Users/admin/builder/spi-builder-workspace/.derivedData/Build/Intermediates.noindex/swift-async-algorithms.build/Debug-xros/AsyncAlgorithms.build/AsyncAlgorithms.DependencyStaticMetadataFileList --swift-const-vals-list /Users/admin/builder/spi-builder-workspace/.derivedData/Build/Intermediates.noindex/swift-async-algorithms.build/Debug-xros/AsyncAlgorithms.build/Objects-normal/arm64/AsyncAlgorithms.SwiftConstValuesFileList --force --compile-time-extraction --deployment-aware-processing --validate-assistant-intents --no-app-shortcuts-localization
2026-09-30 14:32:47.695 appintentsmetadataprocessor[2551:12724] Starting appintentsmetadataprocessor export
2026-09-30 14:32:47.821 appintentsmetadataprocessor[2551:12724] Extracted no relevant App Intents symbols, skipping writing output
RegisterExecutionPolicyException /Users/admin/builder/spi-builder-workspace/.derivedData/Build/Products/Debug-xros/AsyncAlgorithms.o (in target 'AsyncAlgorithms' from project 'swift-async-algorithms')
    cd /Users/admin/builder/spi-builder-workspace/.dependencies/checkouts/swift-async-algorithms
    builtin-RegisterExecutionPolicyException /Users/admin/builder/spi-builder-workspace/.derivedData/Build/Products/Debug-xros/AsyncAlgorithms.o
SwiftCompile normal arm64 Compiling\ DestinationStrategy.swift /Users/admin/builder/spi-builder-workspace/Sources/BuildTool/DestinationStrategy.swift (in target 'BuildTool' from project 'AblyChat')
SwiftCompile normal arm64 /Users/admin/builder/spi-builder-workspace/Sources/BuildTool/DestinationStrategy.swift (in target 'BuildTool' from project 'AblyChat')
    cd /Users/admin/builder/spi-builder-workspace/.swiftpm/xcode

SwiftCompile normal arm64 Compiling\ BuildTool.swift /Users/admin/builder/spi-builder-workspace/Sources/BuildTool/BuildTool.swift (in target 'BuildTool' from project 'AblyChat')
SwiftCompile normal arm64 /Users/admin/builder/spi-builder-workspace/Sources/BuildTool/BuildTool.swift (in target 'BuildTool' from project 'AblyChat')
    cd /Users/admin/builder/spi-builder-workspace/.swiftpm/xcode

SwiftCompile normal arm64 Compiling\ DestinationFetcher.swift /Users/admin/builder/spi-builder-workspace/Sources/BuildTool/DestinationFetcher.swift (in target 'BuildTool' from project 'AblyChat')
SwiftCompile normal arm64 /Users/admin/builder/spi-builder-workspace/Sources/BuildTool/DestinationFetcher.swift (in target 'BuildTool' from project 'AblyChat')
    cd /Users/admin/builder/spi-builder-workspace/.swiftpm/xcode

SwiftCompile normal arm64 Compiling\ Error.swift /Users/admin/builder/spi-builder-workspace/Sources/BuildTool/Error.swift (in target 'BuildTool' from project 'AblyChat')
SwiftCompile normal arm64 /Users/admin/builder/spi-builder-workspace/Sources/BuildTool/Error.swift (in target 'BuildTool' from project 'AblyChat')
    cd /Users/admin/builder/spi-builder-workspace/.swiftpm/xcode

SwiftCompile normal arm64 Compiling\ DestinationSpecifier.swift /Users/admin/builder/spi-builder-workspace/Sources/BuildTool/DestinationSpecifier.swift (in target 'BuildTool' from project 'AblyChat')
SwiftCompile normal arm64 /Users/admin/builder/spi-builder-workspace/Sources/BuildTool/DestinationSpecifier.swift (in target 'BuildTool' from project 'AblyChat')
    cd /Users/admin/builder/spi-builder-workspace/.swiftpm/xcode

SwiftCompile normal arm64 Compiling\ ProcessRunner.swift /Users/admin/builder/spi-builder-workspace/Sources/BuildTool/ProcessRunner.swift (in target 'BuildTool' from project 'AblyChat')
Failed frontend command:
/Applications/Xcode-26.3.0.app/Contents/Developer/Toolchains/XcodeDefault.xctoolchain/usr/bin/swift-frontend -frontend -c /Users/admin/builder/spi-builder-workspace/Sources/BuildTool/BuildTool.swift /Users/admin/builder/spi-builder-workspace/Sources/BuildTool/Configuration.swift /Users/admin/builder/spi-builder-workspace/Sources/BuildTool/DestinationFetcher.swift /Users/admin/builder/spi-builder-workspace/Sources/BuildTool/DestinationPredicate.swift /Users/admin/builder/spi-builder-workspace/Sources/BuildTool/DestinationSpecifier.swift /Users/admin/builder/spi-builder-workspace/Sources/BuildTool/DestinationStrategy.swift /Users/admin/builder/spi-builder-workspace/Sources/BuildTool/Error.swift /Users/admin/builder/spi-builder-workspace/Sources/BuildTool/Platform.swift -primary-file /Users/admin/builder/spi-builder-workspace/Sources/BuildTool/ProcessRunner.swift /Users/admin/builder/spi-builder-workspace/Sources/BuildTool/String+Decoding.swift /Users/admin/builder/spi-builder-workspace/Sources/BuildTool/XcodeRunner.swift -emit-dependencies-path /Users/admin/builder/spi-builder-workspace/.derivedData/Build/Intermediates.noindex/AblyChat.build/Debug-xros/BuildTool.build/Objects-normal/arm64/ProcessRunner.d -emit-const-values-path /Users/admin/builder/spi-builder-workspace/.derivedData/Build/Intermediates.noindex/AblyChat.build/Debug-xros/BuildTool.build/Objects-normal/arm64/ProcessRunner.swiftconstvalues -emit-reference-dependencies-path /Users/admin/builder/spi-builder-workspace/.derivedData/Build/Intermediates.noindex/AblyChat.build/Debug-xros/BuildTool.build/Objects-normal/arm64/ProcessRunner.swiftdeps -serialize-diagnostics-path /Users/admin/builder/spi-builder-workspace/.derivedData/Build/Intermediates.noindex/AblyChat.build/Debug-xros/BuildTool.build/Objects-normal/arm64/ProcessRunner.dia -target arm64-apple-xros1.0 -load-resolved-plugin /Applications/Xcode-26.3.0.app/Contents/Developer/Platforms/XROS.platform/Developer/usr/lib/swift/host/plugins/libFoundationMacros.dylib\#/Applications/Xcode-26.3.0.app/Contents/Developer/Platforms/XROS.platform/Developer/usr/bin/swift-plugin-server\#FoundationMacros -load-resolved-plugin /Applications/Xcode-26.3.0.app/Contents/Developer/Platforms/XROS.platform/Developer/usr/lib/swift/host/plugins/libObservationMacros.dylib\#/Applications/Xcode-26.3.0.app/Contents/Developer/Platforms/XROS.platform/Developer/usr/bin/swift-plugin-server\#ObservationMacros -load-resolved-plugin /Applications/Xcode-26.3.0.app/Contents/Developer/Platforms/XROS.platform/Developer/usr/lib/swift/host/plugins/libSwiftMacros.dylib\#/Applications/Xcode-26.3.0.app/Contents/Developer/Platforms/XROS.platform/Developer/usr/bin/swift-plugin-server\#SwiftMacros -disable-implicit-swift-modules -Xcc -fno-implicit-modules -Xcc -fno-implicit-module-maps -explicit-swift-module-map-file /Users/admin/builder/spi-builder-workspace/.derivedData/Build/Intermediates.noindex/AblyChat.build/Debug-xros/BuildTool.build/Objects-normal/arm64/BuildTool-dependencies-1.json -Xllvm -aarch64-use-tbi -enable-objc-interop -stack-check -sdk /Applications/Xcode-26.3.0.app/Contents/Developer/Platforms/XROS.platform/Developer/SDKs/XROS26.2.sdk -I /Users/admin/builder/spi-builder-workspace/.derivedData/Build/Products/Debug-xros -Isystem /Applications/Xcode-26.3.0.app/Contents/Developer/Platforms/XROS.platform/Developer/usr/lib -F /Users/admin/builder/spi-builder-workspace/.derivedData/Build/Products/Debug-xros/PackageFrameworks -F /Users/admin/builder/spi-builder-workspace/.derivedData/Build/Products/Debug-xros/PackageFrameworks -F /Users/admin/builder/spi-builder-workspace/.derivedData/Build/Products/Debug-xros/PackageFrameworks -F /Users/admin/builder/spi-builder-workspace/.derivedData/Build/Products/Debug-xros/PackageFrameworks -F /Users/admin/builder/spi-builder-workspace/.derivedData/Build/Products/Debug-xros/PackageFrameworks -F /Users/admin/builder/spi-builder-workspace/.derivedData/Build/Products/Debug-xros/PackageFrameworks -F /Users/admin/builder/spi-builder-workspace/.derivedData/Build/Products/Debug-xros/PackageFrameworks -F /Users/admin/builder/spi-builder-workspace/.derivedData/Build/Products/Debug-xros -F /Applications/Xcode-26.3.0.app/Contents/Developer/Platforms/XROS.platform/Developer/Library/Frameworks -F /Applications/Xcode-26.3.0.app/Contents/Developer/Platforms/XROS.platform/Developer/SDKs/XROS26.2.sdk/Developer/Library/Frameworks -no-color-diagnostics -Xcc -fno-color-diagnostics -enable-testing -g -debug-info-format\=dwarf -dwarf-version\=4 -module-cache-path /Users/admin/builder/spi-builder-workspace/.derivedData/Build/Intermediates.noindex/SwiftExplicitPrecompiledModules -profile-generate -profile-coverage-mapping -swift-version 6 -enforce-exclusivity\=checked -Onone -D SWIFT_PACKAGE -D DEBUG -D Xcode -serialize-debugging-options -const-gather-protocols-file /Users/admin/builder/spi-builder-workspace/.derivedData/Build/Intermediates.noindex/AblyChat.build/Debug-xros/BuildTool.build/Objects-normal/arm64/BuildTool_const_extract_protocols.json -enable-upcoming-feature MemberImportVisibility -enable-upcoming-feature ExistentialAny -enable-experimental-feature DebugDescriptionMacro -empty-abi-descriptor -validate-clang-modules-once -clang-build-session-file /Users/admin/builder/spi-builder-workspace/.derivedData/ModuleCache.noindex/Session.modulevalidation -Xcc -working-directory -Xcc /Users/admin/builder/spi-builder-workspace/.swiftpm/xcode -enable-anonymous-context-mangled-names -file-compilation-dir /Users/admin/builder/spi-builder-workspace/.swiftpm/xcode -Xcc -D_LIBCPP_HARDENING_MODE\=_LIBCPP_HARDENING_MODE_DEBUG -Xcc -ivfsstatcache -Xcc /Users/admin/builder/spi-builder-workspace/.derivedData/SDKStatCaches.noindex/xros26.2-23N301-dc75598d0054f22ec865fa860f139d72f5e64962d3ee001da1d77d1957dffdab.sdkstatcache -Xcc -I/Users/admin/builder/spi-builder-workspace/.derivedData/Build/Products/Debug-xros/include -Xcc -I/Users/admin/builder/spi-builder-workspace/.derivedData/Build/Intermediates.noindex/AblyChat.build/Debug-xros/BuildTool.build/DerivedSources-normal/arm64 -Xcc -I/Users/admin/builder/spi-builder-workspace/.derivedData/Build/Intermediates.noindex/AblyChat.build/Debug-xros/BuildTool.build/DerivedSources/arm64 -Xcc -I/Users/admin/builder/spi-builder-workspace/.derivedData/Build/Intermediates.noindex/AblyChat.build/Debug-xros/BuildTool.build/DerivedSources -Xcc -DSWIFT_PACKAGE -Xcc -DDEBUG\=1 -no-auto-bridging-header-chaining -module-name BuildTool -package-name spi_builder_workspace -frontend-parseable-output -disable-clang-spi -target-sdk-version 26.2 -target-sdk-name xros26.2 -clang-target arm64-apple-xros26.2 -in-process-plugin-server-path /Applications/Xcode-26.3.0.app/Contents/Developer/Toolchains/XcodeDefault.xctoolchain/usr/lib/swift/host/libSwiftInProcPluginServer.dylib -o /Users/admin/builder/spi-builder-workspace/.derivedData/Build/Intermediates.noindex/AblyChat.build/Debug-xros/BuildTool.build/Objects-normal/arm64/ProcessRunner.o -index-unit-output-path /AblyChat.build/Debug-xros/BuildTool.build/Objects-normal/arm64/ProcessRunner.o -index-store-path /Users/admin/builder/spi-builder-workspace/.derivedData/Index.noindex/DataStore -index-system-modules
SwiftCompile normal arm64 /Users/admin/builder/spi-builder-workspace/Sources/BuildTool/ProcessRunner.swift (in target 'BuildTool' from project 'AblyChat')
    cd /Users/admin/builder/spi-builder-workspace/.swiftpm/xcode

/Users/admin/builder/spi-builder-workspace/Sources/BuildTool/ProcessRunner.swift:12:31: error: cannot find 'Process' in scope
                let process = Process()
                              ^~~~~~~
/Users/admin/builder/spi-builder-workspace/Sources/BuildTool/ProcessRunner.swift:38:31: error: cannot find 'Process' in scope
                let process = Process()
                              ^~~~~~~
SwiftCompile normal arm64 Compiling\ String+Decoding.swift /Users/admin/builder/spi-builder-workspace/Sources/BuildTool/String+Decoding.swift (in target 'BuildTool' from project 'AblyChat')
SwiftCompile normal arm64 /Users/admin/builder/spi-builder-workspace/Sources/BuildTool/String+Decoding.swift (in target 'BuildTool' from project 'AblyChat')
    cd /Users/admin/builder/spi-builder-workspace/.swiftpm/xcode

SwiftCompile normal arm64 Compiling\ XcodeRunner.swift /Users/admin/builder/spi-builder-workspace/Sources/BuildTool/XcodeRunner.swift (in target 'BuildTool' from project 'AblyChat')
SwiftCompile normal arm64 /Users/admin/builder/spi-builder-workspace/Sources/BuildTool/XcodeRunner.swift (in target 'BuildTool' from project 'AblyChat')
    cd /Users/admin/builder/spi-builder-workspace/.swiftpm/xcode

SwiftCompile normal arm64 Compiling\ Configuration.swift /Users/admin/builder/spi-builder-workspace/Sources/BuildTool/Configuration.swift (in target 'BuildTool' from project 'AblyChat')
SwiftCompile normal arm64 /Users/admin/builder/spi-builder-workspace/Sources/BuildTool/Configuration.swift (in target 'BuildTool' from project 'AblyChat')
    cd /Users/admin/builder/spi-builder-workspace/.swiftpm/xcode

SwiftCompile normal arm64 Compiling\ Platform.swift /Users/admin/builder/spi-builder-workspace/Sources/BuildTool/Platform.swift (in target 'BuildTool' from project 'AblyChat')
SwiftCompile normal arm64 /Users/admin/builder/spi-builder-workspace/Sources/BuildTool/Platform.swift (in target 'BuildTool' from project 'AblyChat')
    cd /Users/admin/builder/spi-builder-workspace/.swiftpm/xcode

SwiftEmitModule normal arm64 Emitting\ module\ for\ BuildTool (in target 'BuildTool' from project 'AblyChat')
SwiftDriverJobDiscovery normal arm64 Compiling DestinationStrategy.swift (in target 'BuildTool' from project 'AblyChat')
2026-09-30 14:32:40.545 xcodebuild[2446:12192] [MT] IDERunDestination: Supported platforms for the buildables in the current scheme is empty.
2026-09-30 14:32:40.716 xcodebuild[2446:12192] [MT] IDERunDestination: Supported platforms for the buildables in the current scheme is empty.
** BUILD FAILED **
The following build commands failed:
	SwiftCompile normal arm64 Compiling\ ProcessRunner.swift /Users/admin/builder/spi-builder-workspace/Sources/BuildTool/ProcessRunner.swift (in target 'BuildTool' from project 'AblyChat')
	SwiftCompile normal arm64 /Users/admin/builder/spi-builder-workspace/Sources/BuildTool/ProcessRunner.swift (in target 'BuildTool' from project 'AblyChat')
	Building workspace spi-builder-workspace with scheme AblyChat-Package
(3 failures)
BUILD FAILURE 6.2 visionOS