Build Information
Failed to build GoogleCloudVisionV1, reference main (6ad31f), with Swift 6.2 for Android on 11 Oct 2026 16:02:37 UTC.
Build Command
bash -c docker run --pull=always --rm -v "checkouts-54344847-1":/host -w "$PWD" -e JAVA_HOME="/root/.sdkman/candidates/java/current" -e SPI_BUILD="1" -e SPI_PROCESSING="1" registry.gitlab.com/saguaro1/spi-images:android-6.2-latest swift build --swift-sdk aarch64-unknown-linux-android28 2>&1Build Log
========================================
RunAll
========================================
Builder version: 5.1.1
Interrupt handler set up.
========================================
Checkout
========================================
Clone URL: https://github.com/googleapis/swift-google-cloud-vision-v1.git
Reference: main
Initialized empty Git repository in /host/spi-builder-workspace/.git/
hint: Using 'master' as the name for the initial branch. This default branch name
hint: is subject to change. To configure the initial branch name to use in all
hint: of your new repositories, which will suppress this warning, call:
hint:
hint: git config --global init.defaultBranch <name>
hint:
hint: Names commonly chosen instead of 'master' are 'main', 'trunk' and
hint: 'development'. The just-created branch can be renamed via this command:
hint:
hint: git branch -m <name>
From https://github.com/googleapis/swift-google-cloud-vision-v1
* branch main -> FETCH_HEAD
* [new branch] main -> origin/main
HEAD is now at 6ad31f2 chore: release circa 2026-10-07 (#1382)
Cloned https://github.com/googleapis/swift-google-cloud-vision-v1.git
Revision (git rev-parse @):
6ad31f21b6016c541816751b20cfe735dd4cf5bd
SPI manifest file found: $PWD/.spi.yml
SUCCESS checkout https://github.com/googleapis/swift-google-cloud-vision-v1.git at main
========================================
Build
========================================
Selected platform: android
Swift version: 6.2
Building package at path: $PWD
https://github.com/googleapis/swift-google-cloud-vision-v1.git
Running build ...
bash -c docker run --pull=always --rm -v "checkouts-54344847-1":/host -w "$PWD" -e JAVA_HOME="/root/.sdkman/candidates/java/current" -e SPI_BUILD="1" -e SPI_PROCESSING="1" registry.gitlab.com/saguaro1/spi-images:android-6.2-latest swift build --swift-sdk aarch64-unknown-linux-android28 2>&1
android-6.2-latest: Pulling from saguaro1/spi-images
Digest: sha256:a839c9ce201f1dacc8eb056626ec7ab0a1c6d53d7b77c83feda395f4507c51be
Status: Image is up to date for registry.gitlab.com/saguaro1/spi-images:android-6.2-latest
Fetching https://github.com/googleapis/swift-google-auth
Fetching https://github.com/googleapis/swift-google-wkt
Fetching https://github.com/googleapis/swift-google-longrunning
Fetching https://github.com/googleapis/swift-google-type
Fetching https://github.com/googleapis/swift-google-rpc
Fetching https://github.com/apple/swift-log
[1/437] Fetching swift-google-type
[154/8694] Fetching swift-google-type, swift-log
[182/9313] Fetching swift-google-type, swift-log, swift-google-longrunning
[345/10336] Fetching swift-google-type, swift-log, swift-google-longrunning, swift-google-auth
[356/10758] Fetching swift-google-type, swift-log, swift-google-longrunning, swift-google-auth, swift-google-rpc
[468/11781] Fetching swift-google-type, swift-log, swift-google-longrunning, swift-google-auth, swift-google-rpc, swift-google-wkt
Fetched https://github.com/googleapis/swift-google-auth from cache (0.56s)
[6052/10758] Fetching swift-google-type, swift-log, swift-google-longrunning, swift-google-rpc, swift-google-wkt
Fetching https://github.com/googleapis/swift-google-gax
Fetched https://github.com/googleapis/swift-google-longrunning from cache (0.73s)
Fetched https://github.com/googleapis/swift-google-rpc from cache (0.73s)
Fetched https://github.com/googleapis/swift-google-wkt from cache (0.73s)
Fetched https://github.com/googleapis/swift-google-type from cache (0.74s)
Fetched https://github.com/apple/swift-log from cache (0.74s)
[1/1748] Fetching swift-google-gax
Fetched https://github.com/googleapis/swift-google-gax from cache (0.47s)
Computing version for https://github.com/googleapis/swift-google-wkt
Computed https://github.com/googleapis/swift-google-wkt at 0.5.0 (1.33s)
Fetching https://github.com/swift-extras/swift-extras-base64
[1/954] Fetching swift-extras-base64
Fetched https://github.com/swift-extras/swift-extras-base64 from cache (0.44s)
Computing version for https://github.com/googleapis/swift-google-type
Computed https://github.com/googleapis/swift-google-type at 0.5.0 (0.73s)
Computing version for https://github.com/googleapis/swift-google-rpc
Computed https://github.com/googleapis/swift-google-rpc at 0.5.0 (0.26s)
Computing version for https://github.com/googleapis/swift-google-longrunning
Computed https://github.com/googleapis/swift-google-longrunning at 0.5.0 (0.25s)
Computing version for https://github.com/googleapis/swift-google-gax
Computed https://github.com/googleapis/swift-google-gax at 0.5.0 (0.27s)
Fetching https://github.com/apple/swift-nio
Fetching https://github.com/swift-server/async-http-client.git
[1/16464] Fetching async-http-client
[16465/102838] Fetching async-http-client, swift-nio
Fetched https://github.com/swift-server/async-http-client.git from cache (1.19s)
[16412/86374] Fetching swift-nio
Fetched https://github.com/apple/swift-nio from cache (4.56s)
Computing version for https://github.com/googleapis/swift-google-auth
Computed https://github.com/googleapis/swift-google-auth at 0.5.0 (4.81s)
Fetching https://github.com/vapor/jwt-kit.git
Fetching https://github.com/apple/swift-system.git
[1/7241] Fetching swift-system
[364/17495] Fetching swift-system, jwt-kit
Fetched https://github.com/apple/swift-system.git from cache (1.11s)
Fetched https://github.com/vapor/jwt-kit.git from cache (1.11s)
Computing version for https://github.com/swift-extras/swift-extras-base64
Computed https://github.com/swift-extras/swift-extras-base64 at 1.2.0 (1.28s)
Computing version for https://github.com/swift-server/async-http-client.git
Computed https://github.com/swift-server/async-http-client.git at 1.36.2 (0.28s)
Fetching https://github.com/apple/swift-configuration.git
Fetching https://github.com/apple/swift-nio-ssl.git
Fetching https://github.com/apple/swift-service-context.git
Fetching https://github.com/apple/swift-nio-http2.git
Fetching https://github.com/apple/swift-algorithms.git
Fetching https://github.com/apple/swift-atomics.git
[1/1889] Fetching swift-atomics
[35/3390] Fetching swift-atomics, swift-service-context
[996/9554] Fetching swift-atomics, swift-service-context, swift-algorithms
[2435/26425] Fetching swift-atomics, swift-service-context, swift-algorithms, swift-nio-ssl
[2572/30353] Fetching swift-atomics, swift-service-context, swift-algorithms, swift-nio-ssl, swift-configuration
[14664/42647] Fetching swift-atomics, swift-service-context, swift-algorithms, swift-nio-ssl, swift-configuration, swift-nio-http2
Fetched https://github.com/apple/swift-atomics.git from cache (0.65s)
Fetching https://github.com/apple/swift-distributed-tracing.git
[13266/40758] Fetching swift-service-context, swift-algorithms, swift-nio-ssl, swift-configuration, swift-nio-http2
Fetched https://github.com/apple/swift-algorithms.git from cache (0.71s)
[8378/34594] Fetching swift-service-context, swift-nio-ssl, swift-configuration, swift-nio-http2
Fetching https://github.com/apple/swift-nio-extras.git
[29028/41145] Fetching swift-service-context, swift-nio-ssl, swift-configuration, swift-nio-http2, swift-distributed-tracing
[30950/47848] Fetching swift-service-context, swift-nio-ssl, swift-configuration, swift-nio-http2, swift-distributed-tracing, swift-nio-extras
Fetched https://github.com/apple/swift-nio-extras.git from cache (0.74s)
Fetching https://github.com/apple/swift-nio-transport-services.git
Fetched https://github.com/apple/swift-distributed-tracing.git from cache (0.83s)
Fetched https://github.com/apple/swift-service-context.git from cache (1.62s)
Fetched https://github.com/apple/swift-nio-http2.git from cache (1.63s)
[1/2867] Fetching swift-nio-transport-services
Fetched https://github.com/apple/swift-nio-transport-services.git from cache (0.54s)
Fetched https://github.com/apple/swift-configuration.git from cache (2.12s)
Fetched https://github.com/apple/swift-nio-ssl.git from cache (2.13s)
Computing version for https://github.com/apple/swift-service-context.git
Computed https://github.com/apple/swift-service-context.git at 1.3.0 (2.28s)
Computing version for https://github.com/apple/swift-algorithms.git
Computed https://github.com/apple/swift-algorithms.git at 1.2.1 (1.16s)
Fetching https://github.com/apple/swift-numerics.git
[1/6733] Fetching swift-numerics
Fetched https://github.com/apple/swift-numerics.git from cache (0.57s)
Computing version for https://github.com/apple/swift-log
Computed https://github.com/apple/swift-log at 1.16.1 (0.84s)
Computing version for https://github.com/apple/swift-distributed-tracing.git
Computed https://github.com/apple/swift-distributed-tracing.git at 1.5.0 (0.25s)
Computing version for https://github.com/apple/swift-atomics.git
Computed https://github.com/apple/swift-atomics.git at 1.3.1 (0.26s)
Computing version for https://github.com/apple/swift-numerics.git
Computed https://github.com/apple/swift-numerics.git at 1.1.1 (0.24s)
Computing version for https://github.com/apple/swift-nio
Computed https://github.com/apple/swift-nio at 2.104.0 (0.55s)
Fetching https://github.com/apple/swift-collections.git
[1/28703] Fetching swift-collections
Fetched https://github.com/apple/swift-collections.git from cache (1.72s)
Computing version for https://github.com/apple/swift-configuration.git
Computed https://github.com/apple/swift-configuration.git at 1.2.2 (2.62s)
Fetching https://github.com/swift-server/swift-service-lifecycle
[1/2867] Fetching swift-service-lifecycle
Fetched https://github.com/swift-server/swift-service-lifecycle from cache (0.50s)
Computing version for https://github.com/apple/swift-nio-transport-services.git
Computed https://github.com/apple/swift-nio-transport-services.git at 1.28.0 (0.75s)
Computing version for https://github.com/swift-server/swift-service-lifecycle
Computed https://github.com/swift-server/swift-service-lifecycle at 2.12.1 (0.26s)
Fetching https://github.com/apple/swift-async-algorithms.git
[1/6820] Fetching swift-async-algorithms
Fetched https://github.com/apple/swift-async-algorithms.git from cache (0.65s)
Computing version for https://github.com/apple/swift-async-algorithms.git
Computed https://github.com/apple/swift-async-algorithms.git at 1.1.7 (0.99s)
Computing version for https://github.com/apple/swift-collections.git
Computed https://github.com/apple/swift-collections.git at 1.7.2 (0.37s)
Computing version for https://github.com/apple/swift-nio-http2.git
Computed https://github.com/apple/swift-nio-http2.git at 1.46.0 (0.24s)
Computing version for https://github.com/vapor/jwt-kit.git
Computed https://github.com/vapor/jwt-kit.git at 5.7.1 (0.29s)
Fetching https://github.com/apple/swift-crypto.git
Fetching https://github.com/apple/swift-certificates.git
[1/18629] Fetching swift-crypto
[560/26242] Fetching swift-crypto, swift-certificates
Fetched https://github.com/apple/swift-certificates.git from cache (0.68s)
[2050/18629] Fetching swift-crypto
Fetched https://github.com/apple/swift-crypto.git from cache (1.68s)
Computing version for https://github.com/apple/swift-crypto.git
Computed https://github.com/apple/swift-crypto.git at 4.5.2 (2.70s)
Fetching https://github.com/apple/swift-asn1.git
[1/2009] Fetching swift-asn1
Fetched https://github.com/apple/swift-asn1.git from cache (0.44s)
Computing version for https://github.com/apple/swift-asn1.git
Computed https://github.com/apple/swift-asn1.git at 1.7.3 (0.69s)
Computing version for https://github.com/apple/swift-certificates.git
Computed https://github.com/apple/swift-certificates.git at 1.21.0 (0.21s)
Computing version for https://github.com/apple/swift-nio-ssl.git
Computed https://github.com/apple/swift-nio-ssl.git at 2.37.5 (0.19s)
Computing version for https://github.com/apple/swift-system.git
Computed https://github.com/apple/swift-system.git at 1.8.1 (0.17s)
Computing version for https://github.com/apple/swift-nio-extras.git
Computed https://github.com/apple/swift-nio-extras.git at 1.35.1 (0.27s)
Fetching https://github.com/apple/swift-http-structured-headers.git
Fetching https://github.com/apple/swift-http-types.git
[1/1253] Fetching swift-http-structured-headers
[1004/3192] Fetching swift-http-structured-headers, swift-http-types
Fetched https://github.com/apple/swift-http-structured-headers.git from cache (0.42s)
[20/1939] Fetching swift-http-types
Fetched https://github.com/apple/swift-http-types.git from cache (0.72s)
Computing version for https://github.com/apple/swift-http-structured-headers.git
Computed https://github.com/apple/swift-http-structured-headers.git at 1.7.0 (0.95s)
Computing version for https://github.com/apple/swift-http-types.git
Computed https://github.com/apple/swift-http-types.git at 1.8.0 (0.30s)
Creating working copy for https://github.com/apple/swift-nio-http2.git
Working copy of https://github.com/apple/swift-nio-http2.git resolved at 1.46.0
Creating working copy for https://github.com/apple/swift-asn1.git
Working copy of https://github.com/apple/swift-asn1.git resolved at 1.7.3
Creating working copy for https://github.com/apple/swift-nio-ssl.git
Working copy of https://github.com/apple/swift-nio-ssl.git resolved at 2.37.5
Creating working copy for https://github.com/apple/swift-log
Working copy of https://github.com/apple/swift-log resolved at 1.16.1
Creating working copy for https://github.com/googleapis/swift-google-type
Working copy of https://github.com/googleapis/swift-google-type resolved at 0.5.0
Creating working copy for https://github.com/apple/swift-service-context.git
Working copy of https://github.com/apple/swift-service-context.git resolved at 1.3.0
Creating working copy for https://github.com/apple/swift-crypto.git
Working copy of https://github.com/apple/swift-crypto.git resolved at 4.5.2
Creating working copy for https://github.com/apple/swift-http-types.git
Working copy of https://github.com/apple/swift-http-types.git resolved at 1.8.0
Creating working copy for https://github.com/apple/swift-collections.git
Working copy of https://github.com/apple/swift-collections.git resolved at 1.7.2
Creating working copy for https://github.com/googleapis/swift-google-wkt
Working copy of https://github.com/googleapis/swift-google-wkt resolved at 0.5.0
Creating working copy for https://github.com/apple/swift-nio
Working copy of https://github.com/apple/swift-nio resolved at 2.104.0
Creating working copy for https://github.com/apple/swift-async-algorithms.git
Working copy of https://github.com/apple/swift-async-algorithms.git resolved at 1.1.7
Creating working copy for https://github.com/apple/swift-certificates.git
Working copy of https://github.com/apple/swift-certificates.git resolved at 1.21.0
Creating working copy for https://github.com/googleapis/swift-google-gax
Working copy of https://github.com/googleapis/swift-google-gax resolved at 0.5.0
Creating working copy for https://github.com/apple/swift-nio-transport-services.git
Working copy of https://github.com/apple/swift-nio-transport-services.git resolved at 1.28.0
Creating working copy for https://github.com/swift-extras/swift-extras-base64
Working copy of https://github.com/swift-extras/swift-extras-base64 resolved at 1.2.0
Creating working copy for https://github.com/googleapis/swift-google-longrunning
Working copy of https://github.com/googleapis/swift-google-longrunning resolved at 0.5.0
Creating working copy for https://github.com/googleapis/swift-google-rpc
Working copy of https://github.com/googleapis/swift-google-rpc resolved at 0.5.0
Creating working copy for https://github.com/apple/swift-algorithms.git
Working copy of https://github.com/apple/swift-algorithms.git resolved at 1.2.1
Creating working copy for https://github.com/swift-server/swift-service-lifecycle
Working copy of https://github.com/swift-server/swift-service-lifecycle resolved at 2.12.1
Creating working copy for https://github.com/apple/swift-configuration.git
Working copy of https://github.com/apple/swift-configuration.git resolved at 1.2.2
Creating working copy for https://github.com/apple/swift-distributed-tracing.git
Working copy of https://github.com/apple/swift-distributed-tracing.git resolved at 1.5.0
Creating working copy for https://github.com/apple/swift-atomics.git
Working copy of https://github.com/apple/swift-atomics.git resolved at 1.3.1
Creating working copy for https://github.com/swift-server/async-http-client.git
Working copy of https://github.com/swift-server/async-http-client.git resolved at 1.36.2
Creating working copy for https://github.com/apple/swift-numerics.git
Working copy of https://github.com/apple/swift-numerics.git resolved at 1.1.1
Creating working copy for https://github.com/vapor/jwt-kit.git
Working copy of https://github.com/vapor/jwt-kit.git resolved at 5.7.1
Creating working copy for https://github.com/googleapis/swift-google-auth
Working copy of https://github.com/googleapis/swift-google-auth resolved at 0.5.0
Creating working copy for https://github.com/apple/swift-system.git
Working copy of https://github.com/apple/swift-system.git resolved at 1.8.1
Creating working copy for https://github.com/apple/swift-http-structured-headers.git
Working copy of https://github.com/apple/swift-http-structured-headers.git resolved at 1.7.0
Creating working copy for https://github.com/apple/swift-nio-extras.git
Working copy of https://github.com/apple/swift-nio-extras.git resolved at 1.35.1
Building for debugging...
[0/990] Write sources
[37/990] Compiling _AtomicsShims.c
[38/990] Write sources
[45/990] Compiling _NumericsShims _NumericsShims.c
[46/990] Write sources
[69/990] Compiling CXKCPShims shims.c
[70/990] Compiling SimpleFIPS202.c
[71/990] Write swift-version--11D90AFD9DD3AB2.txt
[72/990] Compiling KeccakSponge.c
[73/990] Compiling KeccakHash.c
[74/996] Compiling KeccakP-1600-opt64.c
[76/998] Emitting module _CertificateInternals
[76/998] Compiling pem_xaux.cc
[77/1015] Compiling pem_lib.cc
[78/1018] Compiling pkcs7.cc
[79/1018] Compiling d1_srtp.cc
[80/1029] Compiling pem_info.cc
[82/1068] Emitting module _NIOBase64
[83/1068] Compiling _NIOBase64 Base64.swift
[84/1069] Compiling InternalCollectionsUtilities UnsafeMutablePointer+Extras.swift
[85/1069] Compiling InternalCollectionsUtilities UnsafeMutableRawBufferPointer+Extras.swift
[86/1069] Compiling InternalCollectionsUtilities UnsafePointer+Extras.swift
[88/1072] Emitting module InternalCollectionsUtilities
[89/1072] Compiling InternalCollectionsUtilities BorrowingIteratorProtocol+Equality.swift
[90/1072] Compiling InternalCollectionsUtilities BorrowingIteratorProtocol+Extras.swift
[91/1072] Compiling InternalCollectionsUtilities Debugging.swift
[92/1072] Compiling InternalCollectionsUtilities Descriptions.swift
[93/1072] Compiling InternalCollectionsUtilities FixedWidthInteger+roundUpToPowerOfTwo.swift
[94/1072] Compiling InternalCollectionsUtilities Integer rank.swift
[95/1072] Compiling InternalCollectionsUtilities UInt+first and last set bit.swift
[96/1072] Compiling InternalCollectionsUtilities UInt+reversed.swift
[97/1072] Compiling InternalCollectionsUtilities UnsafeRawBufferPointer+Extras.swift
[98/1072] Compiling InternalCollectionsUtilities _SortedCollection.swift
[99/1072] Compiling InternalCollectionsUtilities _UniqueCollection.swift
[100/1072] Compiling RealModule RealFunctions.swift
[101/1072] Compiling RealModule Float80+Real.swift
[102/1072] Compiling RealModule Real.swift
[105/1078] Compiling RealModule Float16+Real.swift
[106/1078] Compiling InternalCollectionsUtilities Iterable+CopyContents.swift
[107/1078] Compiling InternalCollectionsUtilities Iterable+Equality.swift
[108/1078] Compiling InternalCollectionsUtilities LifetimeOverride.swift
[109/1078] Compiling InternalCollectionsUtilities MutableRef.swift
[110/1078] Compiling InternalCollectionsUtilities MutableSpan+Extras.swift
[111/1078] Compiling InternalCollectionsUtilities OutputSpan+Extras.swift
[112/1078] Compiling InternalCollectionsUtilities RandomAccessCollection+Offsets.swift
[113/1078] Compiling InternalCollectionsUtilities Span+Extras.swift
[114/1078] Emitting module RealModule
[117/1078] Compiling ServiceContextModule ServiceContextKey.swift
[120/1078] Compiling InternalCollectionsUtilities Strideable+LimitHelpers.swift
[121/1078] Compiling InternalCollectionsUtilities String+Padding.swift
[122/1078] Compiling InternalCollectionsUtilities TemporaryAllocation.swift
[123/1078] Compiling InternalCollectionsUtilities _UnsafeBitSet+Index.swift
[124/1078] Compiling Logging LoggingSystem.swift
[125/1079] Compiling InternalCollectionsUtilities _UnsafeBitSet+_Word.swift
[126/1079] Compiling InternalCollectionsUtilities _UnsafeBitSet.swift
[127/1079] Compiling InternalCollectionsUtilities UnsafeBufferPointer+Extras.swift
[128/1079] Compiling InternalCollectionsUtilities UnsafeMutableBufferPointer+Extras.swift
[142/1082] Compiling _NIODataStructures Heap.swift
[143/1082] Compiling RealModule RelaxedArithmetic.swift
[144/1083] Compiling Logging Logger+With.swift
[146/1083] Emitting module ServiceContextModule
[147/1083] Compiling ServiceContextModule ServiceContext.swift
[148/1084] Compiling Logging Logger+Attributes.swift
[151/1084] Compiling _NIODataStructures _TinyArray.swift
[152/1084] Compiling _NIODataStructures PriorityQueue.swift
[153/1084] Emitting module _NIODataStructures
[155/1085] Wrapping AST for _NIOBase64 for debugging
[157/1085] Compiling Logging Logger.swift
[158/1085] Compiling _CertificateInternals _TinyArray.swift
[158/1086] Wrapping AST for RealModule for debugging
[160/1090] Wrapping AST for InternalCollectionsUtilities for debugging
[162/1090] Compiling SpanPreview OutputSpan+InputSpanHelpers.swift
[163/1090] Emitting module SpanPreview
[163/1090] Wrapping AST for _CertificateInternals for debugging
[165/1090] Compiling SpanPreview InputSpan.swift
[165/1090] Wrapping AST for _NIODataStructures for debugging
[166/1090] Compiling SpanPreview MutableSpan+InputSpanHelpers.swift
[167/1091] Wrapping AST for ServiceContextModule for debugging
[168/1091] Compiling CSystem shims.c
[169/1092] Compiling CNIOWindows shim.c
[170/1097] Compiling CNIOWindows WSAStartup.c
[171/1097] Compiling CNIOWASI CNIOWASI.c
[173/1097] Compiling CNIOPosix event_loop_id.c
[174/1097] Compiling CNIOOpenBSD shim.c
[175/1097] Compiling CNIOLinux liburing_shims.c
[177/1097] Emitting module Instrumentation
[178/1097] Compiling Instrumentation NoOpInstrument.swift
[178/1098] Wrapping AST for SpanPreview for debugging
[179/1134] Compiling CNIOLinux shim.c
[181/1176] Compiling Instrumentation MultiplexInstrument.swift
[181/1176] Compiling CNIOLLHTTP c_nio_http.c
[182/1176] Compiling CNIOLLHTTP c_nio_api.c
[183/1176] Compiling CNIOFreeBSD shim.c
[185/1176] Compiling DequeModule UniqueDeque+Consumption.swift
[186/1176] Compiling DequeModule UniqueDeque+ContainerOperations.swift
[187/1176] Compiling DequeModule UniqueDeque+Deprecations.swift
[188/1176] Compiling DequeModule UniqueDeque+Descriptions.swift
[189/1176] Compiling DequeModule UniqueDeque+Equatable.swift
[190/1176] Compiling DequeModule UniqueDeque+Hashable.swift
[190/1181] Compiling CNIOExtrasZlib zutil.c
[191/1181] Compiling CNIOLLHTTP c_nio_llhttp.c
[192/1181] Compiling CNIOExtrasZlib trees.c
[193/1181] Compiling CNIOExtrasZlib inftrees.c
[195/1181] Compiling DequeModule UniqueDeque+Initializers.swift
[196/1181] Compiling DequeModule UniqueDeque+Insertions.swift
[197/1181] Compiling DequeModule UniqueDeque+Iterable.swift
[198/1181] Compiling DequeModule UniqueDeque+Prepend.swift
[199/1181] Compiling DequeModule UniqueDeque+Removals.swift
[199/1181] Compiling CNIOExtrasZlib inffast.c
[200/1181] Compiling CNIOExtrasZlib inflate.c
[202/1181] Compiling DequeModule RigidDeque+ContainerOperations.swift
[203/1181] Compiling DequeModule RigidDeque+Deprecations.swift
[203/1181] Compiling CNIOExtrasZlib crc32.c
[204/1181] Compiling CNIOExtrasZlib deflate.c
[205/1181] Compiling CNIODarwin shim.c
[206/1181] Compiling CNIOExtrasZlib adler32.c
[207/1181] Compiling fiat_p256_adx_sqr.S
[209/1181] Compiling DequeModule _DequeBuffer.swift
[210/1181] Compiling DequeModule _DequeBufferHeader.swift
[211/1181] Compiling DequeModule RigidDeque+Append.swift
[212/1181] Compiling DequeModule RigidDeque+Consumption.swift
[215/1181] Compiling DequeModule RigidDeque+Prepend.swift
[216/1181] Compiling DequeModule RigidDeque+Removals.swift
[217/1181] Compiling DequeModule RigidDeque+Replacements.swift
[218/1181] Compiling DequeModule RigidDeque+Testing.swift
[219/1181] Compiling DequeModule RigidDeque.swift
[220/1181] Compiling DequeModule UniqueDeque+Append.swift
[221/1181] Compiling DequeModule RigidDeque+Descriptions.swift
[222/1181] Compiling DequeModule RigidDeque+Equatable.swift
[223/1181] Compiling DequeModule RigidDeque+Hashable.swift
[224/1181] Compiling DequeModule RigidDeque+Initializers.swift
[225/1181] Compiling DequeModule RigidDeque+Insertions.swift
[226/1181] Compiling DequeModule RigidDeque+Iterable.swift
[226/1181] Compiling fiat_p256_adx_mul.S
[227/1181] Compiling fiat_curve25519_adx_square.S
[228/1181] Compiling fiat_curve25519_adx_mul.S
[230/1181] Emitting module SwiftASN1
[230/1181] Compiling CNIOBoringSSLShims shims.c
[232/1181] Compiling DequeModule Deque+Codable.swift
[233/1181] Compiling DequeModule Deque+Collection.swift
[234/1181] Compiling DequeModule Deque+CustomReflectable.swift
[235/1181] Compiling DequeModule Deque+Descriptions.swift
[236/1181] Compiling DequeModule Deque+Equatable.swift
[237/1181] Compiling DequeModule Deque+ExpressibleByArrayLiteral.swift
[238/1181] Compiling DequeModule Deque+Extras.swift
[239/1181] Compiling DequeModule Deque+Hashable.swift
[240/1181] Compiling DequeModule Deque+Testing.swift
[241/1181] Compiling DequeModule Deque._Storage.swift
[242/1181] Compiling DequeModule Deque._UnsafeHandle.swift
[243/1181] Compiling DequeModule Deque.swift
[244/1181] Compiling ExtrasBase64 Base32.swift
[245/1181] Compiling Logging MetadataProvider.swift
[253/1186] Emitting module Logging
[272/1187] Compiling Instrumentation InstrumentationSystem.swift
[274/1187] Compiling Instrumentation Instrument.swift
[275/1187] Compiling Instrumentation Locks.swift
[286/1188] Wrapping AST for Logging for debugging
[298/1197] Emitting module SystemPackage
[298/1197] Wrapping AST for SwiftASN1 for debugging
[299/1197] Wrapping AST for Instrumentation for debugging
[301/1197] Compiling Tracing TracingTime.swift
[302/1198] Compiling Tracing TracerProtocol+Legacy.swift
[303/1198] Compiling Tracing TracerProtocol.swift
[304/1198] Compiling Tracing Tracer.swift
[305/1198] Compiling Tracing WithTracer.swift
[305/1198] Compiling tls_method.cc
[307/1198] Compiling Tracing NoOpTracer.swift
[308/1198] Emitting module Tracing
[309/1198] Compiling Tracing SpanProtocol.swift
[310/1198] Compiling Tracing InstrumentationSystem+Tracing.swift
[311/1199] Compiling tls_record.cc
[313/1199] Compiling SystemPackage SystemString.swift
[314/1199] Compiling SystemPackage Util+StringArray.swift
[315/1199] Compiling SystemPackage Util.swift
[316/1199] Compiling SystemPackage UtilConsumers.swift
[317/1199] Compiling SystemPackage WinSDK+Overlay.swift
[318/1200] Wrapping AST for Tracing for debugging
[319/1200] Wrapping AST for SystemPackage for debugging
[320/1200] Compiling tls13_enc.cc
[321/1200] Compiling tls13_server.cc
[322/1200] Compiling t1_enc.cc
[324/1200] Compiling DequeModule UniqueDeque+Replacements.swift
[325/1200] Compiling DequeModule UniqueDeque.swift
[326/1200] Compiling DequeModule _DequeSlot.swift
[327/1200] Compiling DequeModule _UnsafeDequeHandle.swift
[328/1200] Compiling DequeModule _UnsafeDequeSegments.swift
[328/1200] Compiling tls13_both.cc
[330/1200] Emitting module DequeModule
[330/1201] Compiling tls13_client.cc
[332/1244] Compiling ssl_x509.cc
[333/1244] Wrapping AST for DequeModule for debugging
[334/1244] Compiling ssl_versions.cc
[335/1244] Compiling ssl_transcript.cc
[336/1244] Compiling ssl_stat.cc
[337/1244] Compiling ssl_session.cc
[338/1244] Compiling ssl_privkey.cc
[340/1244] Compiling Configuration EnvironmentKeyEncoder.swift
[341/1244] Compiling Configuration EnvironmentVariablesProvider.swift
[342/1244] Compiling Configuration CommonProviderFileSystem.swift
[343/1244] Compiling Configuration DirectoryFilesProvider.swift
[344/1244] Compiling Configuration FileProvider.swift
[345/1244] Compiling Configuration FileProviderSnapshot.swift
[345/1249] Compiling ssl_key_share.cc
[347/1249] Compiling ExtrasBase64 Base64+Span.swift
[348/1249] Compiling ExtrasBase64 Base64.swift
[349/1249] Compiling ExtrasBase64 Base32+Span.swift
[349/1249] Compiling ssl_file.cc
[350/1249] Compiling ssl_lib.cc
[352/1249] Emitting module ExtrasBase64
[353/1250] Compiling ssl_credential.cc
[354/1281] Compiling ssl_cert.cc
[355/1281] Wrapping AST for ExtrasBase64 for debugging
[356/1281] Compiling ssl_buffer.cc
[357/1281] Compiling ssl_cipher.cc
[359/1281] Compiling GoogleWKT WKTEnum.swift
[360/1281] Compiling GoogleWKT WKTEnumValue.swift
[361/1281] Compiling GoogleWKT WKTField.swift
[362/1281] Compiling GoogleWKT WKTMethod.swift
[363/1281] Compiling GoogleWKT WKTMixin.swift
[364/1281] Compiling GoogleWKT WKTOption.swift
[365/1281] Compiling Configuration CombineLatestManyStorage.swift
[366/1281] Compiling Configuration AsyncSequences.swift
[367/1281] Compiling Configuration FoundationExtensions.swift
[368/1281] Compiling Configuration Span.swift
[369/1281] Compiling Configuration ConfigBytesFromStringDecoder.swift
[370/1281] Compiling Configuration JSONSnapshot.swift
[371/1281] Compiling Configuration PropertyListSnapshot.swift
[372/1281] Compiling Configuration ReloadingFileProvider.swift
[373/1281] Compiling Configuration ReloadingFileProviderMetrics.swift
[374/1281] Compiling Configuration YAMLSnapshot.swift
[375/1281] Compiling Configuration InMemoryProvider.swift
[376/1281] Compiling Configuration MutableInMemoryProvider.swift
[377/1281] Compiling Configuration ConfigProvider+Operators.swift
[378/1281] Compiling Configuration KeyMappingProvider.swift
[379/1281] Compiling Configuration SecretsSpecifier.swift
[380/1281] Compiling Configuration AsyncCombineLatestManySequence.swift
[381/1281] Compiling Configuration CombineLatestManyStateMachine.swift
[381/1281] Compiling ssl_aead_ctx.cc
[382/1281] Compiling ssl_asn1.cc
[383/1281] Compiling s3_pkt.cc
[385/1281] Compiling GoogleWKT WKTStringValue.swift
[386/1281] Compiling GoogleWKT WKTTimestamp.swift
[387/1281] Compiling GoogleWKT WKTUInt32Value.swift
[388/1281] Compiling GoogleWKT WKTUInt64Value.swift
[389/1281] Compiling GoogleWKT WKTDoubleValue.swift
[390/1281] Compiling GoogleWKT WKTDuration.swift
[391/1281] Compiling GoogleWKT WKTEmpty.swift
[392/1281] Compiling GoogleWKT WKTFieldMask.swift
[393/1281] Compiling GoogleWKT WKTFloatValue.swift
[394/1281] Compiling GoogleWKT WKTInt32Value.swift
[395/1281] Compiling GoogleWKT WKTInt64Value.swift
[396/1281] Compiling GoogleWKT WKTRecursive.swift
[397/1285] Compiling GoogleWKT UnknownFields.swift
[398/1285] Compiling GoogleWKT WKTAny.swift
[399/1285] Compiling GoogleWKT WKTAnyError.swift
[400/1285] Compiling GoogleWKT WKTBoolValue.swift
[401/1285] Compiling GoogleWKT WKTBytesValue.swift
[401/1285] Compiling s3_lib.cc
[402/1285] Compiling s3_both.cc
[404/1285] Compiling GoogleWKT WKTValue.swift
[405/1285] Compiling GoogleWKT WKTApi.swift
[412/1285] Compiling GoogleWKT WKTSourceContext.swift
[413/1285] Compiling GoogleWKT WKTSyntax.swift
[414/1285] Compiling GoogleWKT WKTType.swift
[415/1285] Compiling GoogleWKT PackageVersion.swift
[416/1285] Emitting module GoogleWKT
[417/1285] Compiling GoogleWKT AnyPackable.swift
[418/1285] Compiling GoogleWKT DecodeToDefault.swift
[419/1285] Compiling GoogleWKT DiscoveryBase64.swift
[420/1285] Compiling GoogleWKT ProtoJSONDecoder.swift
[421/1285] Compiling GoogleWKT ProtoJSONEncoder.swift
[422/1286] Emitting module Configuration
[441/1286] Compiling handshake_server.cc
[443/1320] Compiling handshake.cc
[444/1320] Wrapping AST for GoogleWKT for debugging
[445/1320] Wrapping AST for Configuration for debugging
[446/1320] Compiling handshake_client.cc
[448/1320] Compiling GoogleRpc LocalizedMessage.swift
[449/1320] Compiling GoogleRpc PackageVersion.swift
[450/1322] Emitting module GoogleType
[451/1324] Compiling GoogleRpc HttpResponse.swift
[453/1324] Compiling GoogleRpc RequestInfo.swift
[454/1324] Compiling GoogleRpc ResourceInfo.swift
[455/1324] Compiling GoogleRpc BadRequest.swift
[456/1324] Compiling GoogleRpc Code.swift
[459/1324] Emitting module GoogleRpc
[460/1324] Compiling GoogleRpc Help.swift
[461/1324] Compiling GoogleRpc HttpHeader.swift
[462/1324] Compiling GoogleRpc PreconditionFailure.swift
[463/1324] Compiling GoogleRpc QuotaFailure.swift
[464/1324] Compiling GoogleRpc HttpRequest.swift
[464/1324] Compiling handoff.cc
[466/1324] Compiling GoogleRpc Status.swift
[467/1324] Compiling GoogleType Quaternion.swift
[469/1324] Compiling GoogleRpc RetryInfo.swift
[472/1324] Compiling GoogleRpc DebugInfo.swift
[473/1324] Compiling GoogleRpc ErrorInfo.swift
[478/1325] Wrapping AST for GoogleRpc for debugging
[485/1325] Compiling extensions.cc
[487/1325] Compiling GoogleType TimeOfDay.swift
[488/1325] Compiling GoogleType TimeZone.swift
[489/1326] Compiling encrypted_client_hello.cc
[490/1326] Compiling md5-x86_64-linux.S
[491/1326] Wrapping AST for GoogleType for debugging
[492/1326] Compiling dtls_record.cc
[493/1326] Compiling md5-586-linux.S
[494/1326] Compiling md5-x86_64-apple.S
[495/1326] Compiling chacha20_poly1305_x86_64-linux.S
[496/1326] Compiling chacha20_poly1305_x86_64-apple.S
[497/1326] Compiling md5-586-apple.S
[498/1326] Compiling chacha20_poly1305_armv8-win.S
[499/1326] Compiling chacha20_poly1305_armv8-apple.S
[500/1326] Compiling chacha20_poly1305_armv8-linux.S
[501/1326] Compiling chacha-x86_64-linux.S
[502/1326] Compiling chacha-x86_64-apple.S
[503/1326] Compiling chacha-x86-linux.S
[504/1326] Compiling chacha-x86-apple.S
[505/1326] Compiling chacha-armv8-win.S
[506/1326] Compiling chacha-armv8-linux.S
[507/1326] Compiling chacha-armv8-apple.S
[508/1326] Compiling chacha-armv4-linux.S
[509/1326] Compiling aes128gcmsiv-x86_64-linux.S
[510/1326] Compiling d1_pkt.cc
[511/1326] Compiling aes128gcmsiv-x86_64-apple.S
[512/1326] Compiling x86_64-mont5-linux.S
[513/1326] Compiling x86_64-mont-linux.S
[514/1326] Compiling x86_64-mont5-apple.S
[515/1326] Compiling x86_64-mont-apple.S
[516/1326] Compiling x86-mont-linux.S
[516/1326] Compiling x86-mont-apple.S
[518/1326] Compiling err_data.cc
[519/1326] Compiling vpaes-x86_64-linux.S
[520/1326] Compiling dtls_method.cc
[521/1326] Compiling vpaes-x86_64-apple.S
[522/1326] Compiling vpaes-x86-linux.S
[523/1326] Compiling bio_ssl.cc
[524/1326] Compiling vpaes-armv8-win.S
[525/1326] Compiling vpaes-x86-apple.S
[526/1326] Compiling vpaes-armv8-linux.S
[527/1326] Compiling vpaes-armv8-apple.S
[528/1326] Compiling sha512-x86_64-linux.S
[529/1326] Compiling vpaes-armv7-linux.S
[530/1326] Compiling sha512-armv8-win.S
[531/1326] Compiling sha512-x86_64-apple.S
[532/1326] Compiling d1_lib.cc
[533/1326] Compiling sha512-586-linux.S
[534/1326] Compiling sha512-armv8-apple.S
[535/1326] Compiling sha256-x86_64-linux.S
[535/1326] Compiling sha512-armv4-linux.S
[537/1326] Compiling sha512-586-apple.S
[538/1326] Compiling sha256-x86_64-apple.S
[539/1326] Compiling sha256-armv8-win.S
[540/1326] Compiling sha512-armv8-linux.S
[541/1326] Compiling sha256-armv4-linux.S
[542/1326] Compiling sha256-586-linux.S
[543/1326] Compiling sha1-x86_64-linux.S
[544/1326] Compiling sha256-armv8-apple.S
[545/1326] Compiling sha256-586-apple.S
[545/1326] Compiling sha256-armv8-linux.S
[547/1326] Compiling sha1-x86_64-apple.S
[548/1326] Compiling sha1-armv8-win.S
[549/1326] Compiling sha1-armv8-apple.S
[550/1326] Compiling sha1-armv4-large-linux.S
[551/1326] Compiling rsaz-avx2-linux.S
[552/1326] Compiling sha1-586-linux.S
[553/1326] Compiling sha1-armv8-linux.S
[554/1326] Compiling sha1-586-apple.S
[555/1326] Compiling p256_beeu-x86_64-asm-linux.S
[556/1326] Compiling rsaz-avx2-apple.S
[557/1326] Compiling rdrand-x86_64-linux.S
[558/1326] Compiling rdrand-x86_64-apple.S
[558/1326] Compiling p256_beeu-x86_64-asm-apple.S
[560/1326] Compiling p256_beeu-armv8-asm-win.S
[561/1326] Compiling p256_beeu-armv8-asm-linux.S
[562/1326] Compiling p256_beeu-armv8-asm-apple.S
[563/1326] Compiling p256-x86_64-asm-linux.S
[564/1326] Compiling p256-x86_64-asm-apple.S
[565/1326] Compiling p256-armv8-asm-apple.S
[566/1326] Compiling p256-armv8-asm-win.S
[567/1326] Compiling ghashv8-armv8-win.S
[568/1326] Compiling p256-armv8-asm-linux.S
[569/1326] Compiling ghashv8-armv8-linux.S
[570/1326] Compiling ghashv8-armv8-apple.S
[571/1326] Compiling ghashv8-armv7-linux.S
[572/1326] Compiling ghash-x86_64-linux.S
[573/1326] Compiling ghash-x86_64-apple.S
[574/1326] Compiling ghash-x86-apple.S
[575/1326] Compiling ghash-x86-linux.S
[576/1326] Compiling ghash-ssse3-x86_64-apple.S
[577/1326] Compiling ghash-ssse3-x86_64-linux.S
[578/1326] Compiling ghash-ssse3-x86-apple.S
[578/1326] Compiling ghash-ssse3-x86-linux.S
[580/1326] Compiling co-586-linux.S
[581/1326] Compiling ghash-neon-armv8-apple.S
[582/1326] Compiling ghash-neon-armv8-win.S
[583/1326] Compiling ghash-armv4-linux.S
[584/1326] Compiling ghash-neon-armv8-linux.S
[585/1326] Compiling bn-armv8-linux.S
[586/1326] Compiling bn-586-apple.S
[587/1326] Compiling co-586-apple.S
[588/1326] Compiling bn-armv8-win.S
[589/1326] Compiling bn-586-linux.S
[590/1326] Compiling bn-armv8-apple.S
[591/1326] Compiling bsaes-armv7-linux.S
[592/1326] Compiling armv8-mont-win.S
[593/1326] Compiling armv8-mont-apple.S
[594/1326] Compiling armv8-mont-linux.S
[595/1326] Compiling armv4-mont-linux.S
[596/1326] Compiling aesv8-gcm-armv8-win.S
[597/1326] Compiling aesv8-gcm-armv8-apple.S
[598/1326] Compiling aesv8-armv8-apple.S
[599/1326] Compiling aesv8-armv8-linux.S
[600/1326] Compiling aesv8-armv8-win.S
[601/1326] Compiling aesni-x86_64-linux.S
[602/1326] Compiling aesv8-armv7-linux.S
[603/1326] Compiling aesv8-gcm-armv8-linux.S
[604/1326] Compiling aesni-x86_64-apple.S
[605/1326] Compiling aesni-x86-linux.S
[606/1326] Compiling aesni-gcm-x86_64-linux.S
[607/1326] Compiling aes-gcm-avx2-x86_64-linux.S
[608/1326] Compiling aesni-x86-apple.S
[609/1326] Compiling aes-gcm-avx2-x86_64-apple.S
[610/1326] Compiling aesni-gcm-x86_64-apple.S
[611/1326] Compiling aes-gcm-avx10-x86_64-apple.S
[612/1326] Compiling aes-gcm-avx10-x86_64-linux.S
[613/1326] Compiling d1_both.cc
[614/1326] Compiling x_val.cc
[614/1326] Compiling x_sig.cc
[616/1326] Compiling x_req.cc
[617/1326] Compiling x_spki.cc
[618/1326] Compiling x_x509a.cc
[619/1326] Compiling x_x509.cc
[620/1326] Compiling x_pubkey.cc
[621/1326] Compiling x_name.cc
[622/1326] Compiling x_all.cc
[623/1326] Compiling x_crl.cc
[624/1326] Compiling x_exten.cc
[625/1326] Compiling x_attrib.cc
[626/1326] Compiling x509spki.cc
[627/1326] Compiling x_algor.cc
[628/1326] Compiling x509rset.cc
[629/1326] Compiling x509name.cc
[630/1326] Compiling x509cset.cc
[631/1326] Compiling x509_txt.cc
[632/1326] Compiling x509_vfy.cc
[633/1326] Compiling x509_vpm.cc
[634/1326] Compiling x509_v3.cc
[635/1326] Compiling x509_trs.cc
[636/1326] Compiling x509_set.cc
[637/1326] Compiling x509_req.cc
[638/1326] Compiling x509_obj.cc
[639/1326] Compiling x509_lu.cc
[640/1326] Compiling x509_def.cc
[641/1326] Compiling x509_ext.cc
[642/1326] Compiling x509_cmp.cc
[643/1326] Compiling x509_d2.cc
[644/1326] Compiling x509.cc
[645/1326] Compiling x509_att.cc
[646/1326] Compiling v3_utl.cc
[647/1326] Compiling v3_pmaps.cc
[648/1326] Compiling v3_skey.cc
[649/1326] Compiling v3_prn.cc
[650/1326] Compiling v3_purp.cc
[651/1326] Compiling v3_ocsp.cc
[652/1326] Compiling v3_pcons.cc
[653/1326] Compiling v3_ncons.cc
[654/1326] Compiling v3_lib.cc
[655/1326] Compiling v3_int.cc
[656/1326] Compiling v3_info.cc
[657/1326] Compiling v3_enum.cc
[658/1326] Compiling v3_ia5.cc
[659/1326] Compiling v3_extku.cc
[660/1326] Compiling v3_genn.cc
[661/1326] Compiling v3_crld.cc
[662/1326] Compiling v3_bitst.cc
[663/1326] Compiling v3_cpols.cc
[664/1326] Compiling v3_conf.cc
[665/1326] Compiling v3_akeya.cc
[666/1326] Compiling v3_alt.cc
[667/1326] Compiling v3_bcons.cc
[668/1326] Compiling v3_akey.cc
[669/1326] Compiling t_x509.cc
[670/1326] Compiling t_x509a.cc
[671/1326] Compiling t_req.cc
[672/1326] Compiling t_crl.cc
[673/1326] Compiling rsa_pss.cc
[674/1326] Compiling i2d_pr.cc
[675/1326] Compiling name_print.cc
[676/1326] Compiling policy.cc
[677/1326] Compiling by_file.cc
[678/1326] Compiling asn1_gen.cc
[679/1326] Compiling a_verify.cc
[680/1326] Compiling algorithm.cc
[681/1326] Compiling by_dir.cc
[682/1326] Compiling a_sign.cc
[683/1326] Compiling a_digest.cc
[684/1326] Compiling trust_token.cc
[685/1326] Compiling thread_pthread.cc
[686/1326] Compiling thread_win.cc
[687/1326] Compiling voprf.cc
[688/1326] Compiling thread.cc
[689/1326] Compiling thread_none.cc
[690/1326] Compiling pmbtoken.cc
[691/1326] Compiling stack.cc
[692/1326] Compiling sha256.cc
[693/1326] Compiling spake2plus.cc
[694/1326] Compiling sha512.cc
[695/1326] Compiling sha1.cc
[696/1326] Compiling slhdsa.cc
[697/1326] Compiling siphash.cc
[698/1326] Compiling rsa_print.cc
[699/1326] Compiling rc4.cc
[700/1326] Compiling rsa_extra.cc
[701/1326] Compiling rsa_crypt.cc
[701/1326] Compiling windows.cc
[702/1326] Compiling refcount.cc
[704/1326] Compiling urandom.cc
[705/1326] Compiling trusty.cc
[706/1326] Compiling rsa_asn1.cc
[707/1326] Compiling forkunsafe.cc
[708/1326] Compiling rand.cc
[709/1326] Compiling ios.cc
[710/1326] Compiling poly1305_arm_asm.S
[711/1326] Compiling passive.cc
[712/1326] Compiling deterministic.cc
[713/1326] Compiling getentropy.cc
[714/1326] Compiling fork_detect.cc
[715/1326] Compiling poly1305_vec.cc
[716/1326] Compiling poly1305_arm.cc
[717/1326] Compiling pool.cc
[718/1326] Compiling poly1305.cc
[719/1326] Compiling pem_pk8.cc
[720/1326] Compiling pem_x509.cc
[721/1326] Compiling pkcs8_x509.cc
[722/1326] Compiling pkcs8.cc
[723/1326] Compiling pem_pkey.cc
[724/1326] Compiling p5_pbev2.cc
[725/1326] Compiling pkcs7_x509.cc
[726/1326] Compiling pem_oth.cc
[727/1326] Compiling mlkem.cc
[728/1326] Compiling mem.cc
[729/1326] Compiling obj.cc
[730/1326] Compiling mldsa.cc
[731/1326] Compiling md5.cc
[732/1326] Compiling obj_xref.cc
[732/1326] Compiling pem_all.cc
[734/1326] Compiling poly_rq_mul.S
[735/1326] Compiling fips_shared_support.cc
[736/1326] Compiling md4.cc
[737/1326] Compiling lhash.cc
[738/1326] Compiling kyber.cc
[739/1326] Compiling sign.cc
[740/1326] Compiling scrypt.cc
[741/1326] Compiling hrss.cc
[742/1326] Compiling ex_data.cc
[743/1326] Compiling hpke.cc
[744/1326] Compiling print.cc
[745/1326] Compiling pbkdf.cc
[746/1326] Compiling p_x25519.cc
[747/1326] Compiling p_x25519_asn1.cc
[748/1326] Compiling p_rsa_asn1.cc
[749/1326] Compiling p_ed25519.cc
[750/1326] Compiling p_rsa.cc
[751/1326] Compiling p_hkdf.cc
[752/1326] Compiling p_ed25519_asn1.cc
[753/1326] Compiling p_ec.cc
[754/1326] Compiling p_ec_asn1.cc
[755/1326] Compiling p_dh.cc
[756/1326] Compiling p_dh_asn1.cc
[757/1326] Compiling evp_ctx.cc
[758/1326] Compiling p_dsa_asn1.cc
[759/1326] Compiling evp_asn1.cc
[760/1326] Compiling evp.cc
[761/1326] Compiling err.cc
[762/1326] Compiling engine.cc
[763/1326] Compiling ecdh.cc
[764/1326] Compiling hash_to_curve.cc
[765/1326] Compiling ecdsa_asn1.cc
[766/1326] Compiling ec_derive.cc
[767/1326] Compiling dsa.cc
[768/1326] Compiling dsa_asn1.cc
[769/1326] Compiling ec_asn1.cc
[770/1326] Compiling bcm.cc
[771/1326] Compiling params.cc
[771/1326] Compiling x25519-asm-arm.S
[773/1326] Compiling digest_extra.cc
[774/1326] Compiling des.cc
[775/1326] Compiling dh_asn1.cc
[776/1326] Compiling curve25519_64_adx.cc
[777/1326] Compiling cpu_intel.cc
[778/1326] Compiling spake25519.cc
[779/1326] Compiling crypto.cc
[780/1326] Compiling curve25519.cc
[781/1326] Compiling cpu_arm_freebsd.cc
[782/1326] Compiling cpu_arm_linux.cc
[783/1326] Compiling cpu_aarch64_win.cc
[784/1326] Compiling cpu_aarch64_sysreg.cc
[785/1326] Compiling cpu_aarch64_openbsd.cc
[786/1326] Compiling cpu_aarch64_linux.cc
[787/1326] Compiling cpu_aarch64_fuchsia.cc
[788/1326] Compiling cpu_aarch64_apple.cc
[789/1326] Compiling tls_cbc.cc
[790/1326] Compiling conf.cc
[791/1326] Compiling get_cipher.cc
[792/1326] Compiling e_tls.cc
[793/1326] Compiling e_rc4.cc
[794/1326] Compiling e_rc2.cc
[795/1326] Compiling e_des.cc
[796/1326] Compiling e_null.cc
[797/1326] Compiling derive_key.cc
[798/1326] Compiling e_aesctrhmac.cc
[799/1326] Compiling e_chacha20poly1305.cc
[800/1326] Compiling e_aesgcmsiv.cc
[801/1326] Compiling chacha.cc
[802/1326] Compiling unicode.cc
[803/1326] Compiling buf.cc
[804/1326] Compiling asn1_compat.cc
[805/1326] Compiling ber.cc
[806/1326] Compiling cbs.cc
[807/1326] Compiling convert.cc
[808/1326] Compiling cbb.cc
[809/1326] Compiling blake2.cc
[810/1326] Compiling socket_helper.cc
[811/1326] Compiling bn_asn1.cc
[812/1326] Compiling printf.cc
[813/1326] Compiling pair.cc
[814/1326] Compiling socket.cc
[815/1326] Compiling hexdump.cc
[816/1326] Compiling errno.cc
[817/1326] Compiling fd.cc
[818/1326] Compiling file.cc
[819/1326] Compiling bio_mem.cc
[820/1326] Compiling connect.cc
[821/1326] Compiling bio.cc
[822/1326] Compiling base64.cc
[823/1326] Compiling tasn_typ.cc
[824/1326] Compiling tasn_fre.cc
[825/1326] Compiling tasn_utl.cc
[826/1326] Compiling tasn_enc.cc
[827/1326] Compiling tasn_new.cc
[828/1326] Compiling posix_time.cc
[829/1326] Compiling f_string.cc
[830/1326] Compiling tasn_dec.cc
[831/1326] Compiling f_int.cc
[832/1326] Compiling asn_pack.cc
[833/1326] Compiling asn1_par.cc
[834/1326] Compiling a_utctm.cc
[835/1326] Compiling asn1_lib.cc
[836/1326] Compiling a_type.cc
[837/1326] Compiling a_octet.cc
[838/1326] Compiling a_time.cc
[839/1326] Compiling a_strnid.cc
[840/1326] Compiling a_strex.cc
[841/1326] Compiling a_object.cc
[842/1326] Compiling a_i2d_fp.cc
[843/1326] Compiling a_dup.cc
[844/1326] Compiling a_bool.cc
[845/1326] Compiling a_mbstr.cc
[846/1326] Compiling CGoogleGaxCRC32C CGoogleGaxCRC32C.c
[847/1326] Compiling a_gentm.cc
[848/1326] Compiling a_int.cc
[849/1326] Compiling a_bitstr.cc
[850/1326] Compiling a_d2i_fp.cc
[851/1326] Compiling fiat_p256_adx_sqr.S
[852/1326] Compiling CCryptoBoringSSLShims shims.c
[853/1326] Compiling fiat_curve25519_adx_square.S
[854/1326] Compiling fiat_p256_adx_mul.S
[855/1326] Compiling md5-x86_64-linux.S
[856/1326] Compiling fiat_curve25519_adx_mul.S
[857/1326] Compiling md5-x86_64-apple.S
[858/1326] Compiling md5-586-linux.S
[858/1326] Compiling chacha20_poly1305_x86_64-linux.S
[860/1326] Compiling md5-586-apple.S
[861/1326] Compiling chacha20_poly1305_x86_64-apple.S
[862/1326] Compiling chacha20_poly1305_armv8-win.S
[863/1326] Compiling err_data.cc
[864/1326] Compiling chacha20_poly1305_armv8-linux.S
[865/1326] Compiling chacha20_poly1305_armv8-apple.S
[866/1326] Compiling chacha-x86_64-linux.S
[867/1326] Compiling chacha-x86_64-apple.S
[868/1326] Compiling chacha-x86-linux.S
[869/1326] Compiling chacha-x86-apple.S
[870/1326] Compiling chacha-armv8-win.S
[871/1326] Compiling chacha-armv8-linux.S
[872/1326] Compiling chacha-armv4-linux.S
[873/1326] Compiling chacha-armv8-apple.S
[874/1326] Compiling aes128gcmsiv-x86_64-linux.S
[875/1326] Compiling aes128gcmsiv-x86_64-apple.S
[876/1326] Compiling x86_64-mont5-apple.S
[877/1326] Compiling x86_64-mont5-linux.S
[878/1326] Compiling x86_64-mont-linux.S
[879/1326] Compiling x86_64-mont-apple.S
[880/1326] Compiling x86-mont-linux.S
[881/1326] Compiling x86-mont-apple.S
[882/1326] Compiling vpaes-x86_64-apple.S
[883/1326] Compiling vpaes-x86_64-linux.S
[884/1326] Compiling vpaes-x86-apple.S
[884/1326] Compiling vpaes-x86-linux.S
[886/1326] Compiling vpaes-armv8-win.S
[887/1326] Compiling vpaes-armv8-linux.S
[888/1326] Compiling vpaes-armv7-linux.S
[889/1326] Compiling vpaes-armv8-apple.S
[890/1326] Compiling sha512-x86_64-linux.S
[891/1326] Compiling sha512-x86_64-apple.S
[892/1326] Compiling sha512-armv8-win.S
[893/1326] Compiling sha512-armv8-linux.S
[894/1326] Compiling sha512-armv8-apple.S
[895/1326] Compiling sha512-armv4-linux.S
[896/1326] Compiling sha512-586-linux.S
[897/1326] Compiling sha512-586-apple.S
[898/1326] Compiling sha256-x86_64-linux.S
[899/1326] Compiling c-nioatomics.c
[900/1326] Compiling sha256-x86_64-apple.S
[901/1326] Compiling sha256-armv8-linux.S
[902/1326] Compiling sha256-armv8-apple.S
[903/1326] Compiling sha256-armv8-win.S
[904/1326] Compiling sha256-armv4-linux.S
[904/1326] Compiling sha256-586-apple.S
[906/1326] Compiling sha256-586-linux.S
[907/1326] Compiling sha1-x86_64-linux.S
[908/1326] Compiling c-atomics.c
[909/1326] Compiling sha1-armv8-win.S
[910/1326] Compiling sha1-armv8-linux.S
[911/1326] Compiling sha1-x86_64-apple.S
[912/1326] Compiling sha1-armv4-large-linux.S
[912/1326] Compiling sha1-armv8-apple.S
[914/1333] Compiling sha1-586-linux.S
[915/1333] Compiling rsaz-avx2-linux.S
[916/1333] Compiling sha1-586-apple.S
[918/1333] Compiling NIOConcurrencyHelpers NIOLockedValueBox.swift
[919/1333] Compiling NIOConcurrencyHelpers lock.swift
[919/1333] Compiling rsaz-avx2-apple.S
[920/1333] Compiling rdrand-x86_64-linux.S
[921/1333] Compiling p256_beeu-x86_64-asm-linux.S
[922/1333] Compiling rdrand-x86_64-apple.S
[924/1333] Compiling NIOConcurrencyHelpers NIOLock.swift
[925/1333] Compiling NIOConcurrencyHelpers NIOAtomic.swift
[926/1333] Emitting module NIOConcurrencyHelpers
[927/1333] Compiling NIOConcurrencyHelpers atomics.swift
[928/1333] Compiling NIOConcurrencyHelpers NIOThreadPoolWorkAvailable.swift
[928/1334] Compiling p256_beeu-armv8-asm-win.S
[930/1334] Compiling p256_beeu-x86_64-asm-apple.S
[931/1334] Compiling p256_beeu-armv8-asm-linux.S
[932/1334] Compiling p256_beeu-armv8-asm-apple.S
[933/1334] Compiling p256-x86_64-asm-linux.S
[934/1334] Compiling p256-x86_64-asm-apple.S
[935/1334] Compiling p256-armv8-asm-win.S
[936/1334] Compiling p256-armv8-asm-linux.S
[937/1334] Wrapping AST for NIOConcurrencyHelpers for debugging
[938/1334] Compiling ghashv8-armv8-win.S
[939/1334] Compiling p256-armv8-asm-apple.S
[940/1334] Compiling ghashv8-armv8-linux.S
[941/1334] Compiling ghashv8-armv8-apple.S
[941/1334] Compiling ghashv8-armv7-linux.S
[941/1334] Compiling ghash-x86_64-linux.S
[944/1334] Compiling ghash-x86_64-apple.S
[945/1334] Compiling ghash-x86-apple.S
[946/1334] Compiling ghash-x86-linux.S
[947/1334] Compiling ghash-ssse3-x86_64-linux.S
[948/1334] Compiling ghash-ssse3-x86-linux.S
[949/1334] Compiling ghash-neon-armv8-win.S
[950/1334] Compiling ghash-ssse3-x86-apple.S
[951/1334] Compiling ghash-neon-armv8-linux.S
[952/1334] Compiling ghash-ssse3-x86_64-apple.S
[953/1334] Compiling ghash-neon-armv8-apple.S
[954/1334] Compiling ghash-armv4-linux.S
[955/1334] Compiling co-586-linux.S
[956/1334] Compiling co-586-apple.S
[957/1334] Compiling bsaes-armv7-linux.S
[958/1334] Compiling bn-armv8-linux.S
[959/1334] Compiling bn-armv8-win.S
[960/1334] Compiling bn-586-linux.S
[961/1334] Compiling bn-armv8-apple.S
[962/1334] Compiling bn-586-apple.S
[963/1334] Compiling armv8-mont-win.S
[964/1334] Compiling armv8-mont-apple.S
[965/1334] Compiling armv4-mont-linux.S
[966/1334] Compiling armv8-mont-linux.S
[967/1334] Compiling aesv8-gcm-armv8-win.S
[968/1334] Compiling aesv8-gcm-armv8-linux.S
[969/1334] Compiling aesv8-gcm-armv8-apple.S
[970/1334] Compiling aesv8-armv8-win.S
[971/1334] Compiling aesv8-armv8-linux.S
[972/1334] Compiling aesv8-armv7-linux.S
[972/1334] Compiling aesni-x86_64-apple.S
[974/1334] Compiling aesv8-armv8-apple.S
[975/1334] Compiling aesni-x86_64-linux.S
[976/1334] Compiling aesni-x86-linux.S
[977/1334] Compiling aesni-x86-apple.S
[978/1334] Compiling aesni-gcm-x86_64-linux.S
[979/1334] Compiling aes-gcm-avx512-x86_64-linux.S
[980/1334] Compiling aes-gcm-avx2-x86_64-apple.S
[981/1334] Compiling aesni-gcm-x86_64-apple.S
[982/1334] Compiling aes-gcm-avx512-x86_64-apple.S
[983/1334] Compiling aes-gcm-avx2-x86_64-linux.S
[984/1334] Compiling xwing.cc
[985/1334] Compiling x_x509a.cc
[986/1334] Compiling x_x509.cc
[987/1334] Compiling x_sig.cc
[988/1334] Compiling x_spki.cc
[989/1334] Compiling x_req.cc
[990/1334] Compiling x_name.cc
[991/1334] Compiling x_pubkey.cc
[992/1334] Compiling x_exten.cc
[993/1334] Compiling x_crl.cc
[994/1334] Compiling x_attrib.cc
[995/1334] Compiling x_all.cc
[996/1334] Compiling x_algor.cc
[997/1334] Compiling x509spki.cc
[998/1334] Compiling x509name.cc
[999/1334] Compiling x509rset.cc
[1000/1334] Compiling x509cset.cc
[1001/1334] Compiling x509_vpm.cc
[1002/1334] Compiling x509_v3.cc
[1003/1334] Compiling x509_trs.cc
[1004/1334] Compiling x509_vfy.cc
[1005/1334] Compiling x509_txt.cc
[1006/1334] Compiling x509_set.cc
[1007/1334] Compiling x509_req.cc
[1008/1334] Compiling x509_lu.cc
[1009/1334] Compiling x509_obj.cc
[1010/1334] Compiling x509_ext.cc
[1011/1334] Compiling x509_def.cc
[1012/1334] Compiling x509_cmp.cc
[1013/1334] Compiling x509_d2.cc
[1014/1334] Compiling x509.cc
[1015/1334] Compiling x509_att.cc
[1016/1334] Compiling v3_utl.cc
[1017/1334] Compiling v3_skey.cc
[1018/1334] Compiling v3_prn.cc
[1019/1334] Compiling v3_pmaps.cc
[1019/1334] Compiling v3_purp.cc
[1021/1334] Compiling v3_pcons.cc
[1022/1334] Compiling v3_ocsp.cc
[1023/1334] Compiling v3_ncons.cc
[1024/1334] Compiling v3_lib.cc
[1025/1334] Compiling v3_int.cc
[1026/1334] Compiling v3_info.cc
[1027/1334] Compiling v3_ia5.cc
[1028/1334] Compiling v3_genn.cc
[1029/1334] Compiling v3_extku.cc
[1030/1334] Compiling v3_enum.cc
[1031/1334] Compiling v3_crld.cc
[1032/1334] Compiling v3_cpols.cc
[1033/1334] Compiling v3_conf.cc
[1034/1334] Compiling v3_bitst.cc
[1035/1334] Compiling v3_bcons.cc
[1036/1334] Compiling v3_alt.cc
[1037/1334] Compiling v3_akeya.cc
[1038/1334] Compiling v3_akey.cc
[1039/1334] Compiling t_x509a.cc
[1040/1334] Compiling t_x509.cc
[1041/1334] Compiling i2d_pr.cc
[1042/1334] Compiling t_req.cc
[1043/1334] Compiling t_crl.cc
[1044/1334] Compiling name_print.cc
[1045/1334] Compiling rsa_pss.cc
[1046/1334] Compiling policy.cc
[1047/1334] Compiling by_file.cc
[1048/1334] Compiling by_dir.cc
[1049/1334] Compiling asn1_gen.cc
[1050/1334] Compiling algorithm.cc
[1051/1334] Compiling a_digest.cc
[1052/1334] Compiling a_sign.cc
[1053/1334] Compiling a_verify.cc
[1054/1334] Compiling voprf.cc
[1055/1334] Compiling trust_token.cc
[1056/1334] Compiling thread_win.cc
[1057/1334] Compiling thread.cc
[1058/1334] Compiling thread_pthread.cc
[1059/1334] Compiling thread_none.cc
[1060/1334] Compiling stack.cc
[1061/1334] Compiling pmbtoken.cc
[1062/1334] Compiling slhdsa.cc
[1063/1334] Compiling spake2plus.cc
[1064/1334] Compiling sha512.cc
[1065/1334] Compiling siphash.cc
[1066/1334] Compiling sha256.cc
[1067/1334] Compiling sha1.cc
[1068/1334] Compiling rsa_print.cc
[1069/1334] Compiling rsa_extra.cc
[1070/1334] Compiling refcount.cc
[1071/1334] Compiling rsa_crypt.cc
[1072/1334] Compiling rc4.cc
[1072/1334] Compiling windows.cc
[1074/1334] Compiling urandom.cc
[1075/1334] Compiling trusty.cc
[1076/1334] Compiling rand.cc
[1077/1334] Compiling rsa_asn1.cc
[1078/1334] Compiling ios.cc
[1079/1334] Compiling passive.cc
[1080/1334] Compiling getentropy.cc
[1081/1334] Compiling forkunsafe.cc
[1082/1334] Compiling poly1305_arm_asm.S
[1083/1334] Compiling deterministic.cc
[1084/1334] Compiling fork_detect.cc
[1085/1334] Compiling poly1305_vec.cc
[1086/1334] Compiling poly1305_arm.cc
[1087/1334] Compiling pool.cc
[1088/1334] Compiling poly1305.cc
[1089/1334] Compiling pkcs8.cc
[1090/1334] Compiling pkcs8_x509.cc
[1090/1334] Compiling p5_pbev2.cc
[1092/1334] Compiling pkcs7_x509.cc
[1093/1334] Compiling pkcs7.cc
[1094/1334] Compiling pem_xaux.cc
[1095/1334] Compiling pem_x509.cc
[1096/1334] Compiling pem_pkey.cc
[1097/1334] Compiling pem_oth.cc
[1098/1334] Compiling pem_lib.cc
[1099/1334] Compiling pem_pk8.cc
[1100/1334] Compiling mlkem.cc
[1101/1334] Compiling pem_info.cc
[1102/1334] Compiling pem_all.cc
[1103/1334] Compiling obj_xref.cc
[1104/1334] Compiling obj.cc
[1105/1334] Compiling mldsa.cc
[1106/1334] Compiling mem.cc
[1107/1334] Compiling poly_rq_mul.S
[1108/1334] Compiling fips_shared_support.cc
[1109/1334] Compiling lhash.cc
[1110/1334] Compiling md4.cc
[1111/1334] Compiling md5.cc
[1112/1334] Compiling kyber.cc
[1113/1334] Compiling hrss.cc
[1114/1334] Compiling ex_data.cc
[1115/1334] Compiling scrypt.cc
[1116/1334] Compiling fuzzer_mode.cc
[1117/1334] Compiling sign.cc
[1118/1334] Compiling hpke.cc
[1119/1334] Compiling pbkdf.cc
[1120/1334] Compiling print.cc
[1121/1334] Compiling p_x25519_asn1.cc
[1122/1334] Compiling p_ed25519.cc
[1123/1334] Compiling p_x25519.cc
[1124/1334] Compiling p_rsa.cc
[1125/1334] Compiling p_rsa_asn1.cc
[1126/1334] Compiling p_hkdf.cc
[1127/1334] Compiling p_ed25519_asn1.cc
[1128/1334] Compiling p_ec.cc
[1129/1334] Compiling evp_ctx.cc
[1130/1334] Compiling p_dsa_asn1.cc
[1131/1334] Compiling p_dh.cc
[1132/1334] Compiling p_ec_asn1.cc
[1133/1334] Compiling p_dh_asn1.cc
[1134/1334] Compiling err.cc
[1135/1334] Compiling engine.cc
[1136/1334] Compiling evp.cc
[1137/1334] Compiling ecdsa_p1363.cc
[1138/1334] Compiling evp_asn1.cc
[1139/1334] Compiling ecdh.cc
[1140/1334] Compiling ec_derive.cc
[1141/1334] Compiling hash_to_curve.cc
[1142/1334] Compiling ecdsa_asn1.cc
[1143/1334] Compiling dsa.cc
[1144/1334] Compiling dsa_asn1.cc
[1145/1334] Compiling ec_asn1.cc
[1146/1334] Compiling des.cc
[1147/1334] Compiling params.cc
[1148/1334] Compiling digest_extra.cc
[1149/1334] Compiling x25519-asm-arm.S
[1150/1334] Compiling curve25519_64_adx.cc
[1151/1334] Compiling spake25519.cc
[1152/1334] Compiling dh_asn1.cc
[1153/1334] Compiling curve25519.cc
[1154/1334] Compiling cpu_intel.cc
[1155/1334] Compiling crypto.cc
[1156/1334] Compiling cpu_arm_linux.cc
[1157/1334] Compiling cpu_arm_freebsd.cc
[1158/1334] Compiling cpu_aarch64_win.cc
[1159/1334] Compiling cpu_aarch64_sysreg.cc
[1160/1334] Compiling cpu_aarch64_openbsd.cc
[1161/1334] Compiling cpu_aarch64_linux.cc
[1162/1334] Compiling cpu_aarch64_fuchsia.cc
[1163/1334] Compiling cpu_aarch64_apple.cc
[1164/1334] Compiling conf.cc
[1165/1334] Compiling tls_cbc.cc
[1166/1334] Compiling get_cipher.cc
[1167/1334] Compiling e_rc4.cc
[1168/1334] Compiling e_rc2.cc
[1169/1334] Compiling e_tls.cc
[1170/1334] Compiling cms.cc
[1171/1334] Compiling e_des.cc
[1172/1334] Compiling e_null.cc
[1173/1334] Compiling e_chacha20poly1305.cc
[1174/1334] Compiling derive_key.cc
[1175/1334] Compiling e_aesgcmsiv.cc
[1175/1334] Compiling e_aeseax.cc
[1177/1334] Compiling chacha.cc
[1178/1334] Compiling e_aesctrhmac.cc
[1179/1334] Compiling cbs.cc
[1180/1334] Compiling unicode.cc
[1181/1334] Compiling buf.cc
[1182/1334] Compiling sqrt.cc
[1183/1334] Compiling exponentiation.cc
[1184/1334] Compiling asn1_compat.cc
[1185/1334] Compiling ber.cc
[1186/1334] Compiling cbb.cc
[1187/1334] Compiling div.cc
[1188/1334] Compiling blake2.cc
[1189/1334] Compiling printf.cc
[1190/1334] Compiling hexdump.cc
[1191/1334] Compiling pair.cc
[1192/1334] Compiling convert.cc
[1193/1334] Compiling file.cc
[1194/1334] Compiling bn_asn1.cc
[1195/1334] Compiling errno.cc
[1196/1334] Compiling bio_mem.cc
[1197/1334] Compiling fd.cc
[1198/1334] Compiling bio.cc
[1199/1334] Compiling base64.cc
[1200/1334] Compiling tasn_typ.cc
[1201/1334] Compiling tasn_fre.cc
[1202/1334] Compiling tasn_utl.cc
[1203/1334] Compiling tasn_enc.cc
[1204/1334] Compiling tasn_new.cc
[1205/1334] Compiling asn1_par.cc
[1206/1334] Compiling f_string.cc
[1207/1334] Compiling posix_time.cc
[1208/1334] Compiling asn_pack.cc
[1209/1334] Compiling f_int.cc
[1210/1334] Compiling tasn_dec.cc
[1211/1334] Compiling a_utctm.cc
[1212/1334] Compiling a_strnid.cc
[1213/1334] Compiling a_octet.cc
[1214/1334] Compiling a_type.cc
[1215/1334] Compiling asn1_lib.cc
[1216/1334] Compiling bcm.cc
[1217/1334] Compiling a_time.cc
[1218/1334] Compiling a_strex.cc
[1219/1334] Compiling a_i2d_fp.cc
[1220/1334] Compiling a_d2i_fp.cc
[1221/1334] Compiling a_dup.cc
[1222/1334] Compiling CAsyncHTTPClient CAsyncHTTPClient.c
[1222/1334] Write sources
[1225/1344] Compiling a_object.cc
[1225/1344] Write sources
[1227/1352] Compiling a_mbstr.cc
[1228/1377] Compiling a_int.cc
[1229/1377] Compiling a_gentm.cc
[1230/1377] Compiling a_bool.cc
[1231/1377] Compiling aes.cc
[1233/1377] Compiling Algorithms Indexed.swift
[1234/1377] Compiling Algorithms Intersperse.swift
[1235/1379] Compiling Algorithms Partition.swift
[1236/1379] Compiling Algorithms Permutations.swift
[1237/1379] Compiling Algorithms FlattenCollection.swift
[1238/1379] Compiling Algorithms Grouped.swift
[1239/1379] Compiling Algorithms Keyed.swift
[1240/1379] Compiling Algorithms MinMax.swift
[1240/1379] Compiling a_bitstr.cc
[1242/1387] Compiling Atomics IntegerOperations.swift
[1243/1387] Compiling Atomics Unmanaged extensions.swift
[1244/1387] Compiling Algorithms EitherSequence.swift
[1245/1387] Compiling Algorithms FirstNonNil.swift
[1246/1387] Compiling Algorithms Joined.swift
[1247/1387] Compiling Algorithms Split.swift
[1248/1387] Compiling Algorithms Stride.swift
[1249/1387] Compiling Algorithms Suffix.swift
[1251/1390] Compiling Algorithms Reductions.swift
[1252/1390] Compiling Algorithms Rotate.swift
[1259/1390] Compiling Algorithms Trim.swift
[1260/1390] Compiling Algorithms Unique.swift
[1261/1390] Compiling Algorithms Windows.swift
[1262/1390] Compiling CryptoBoringWrapper RandomBytes.swift
[1263/1390] Compiling CryptoBoringWrapper FiniteFieldArithmeticContext.swift
[1268/1390] Compiling Algorithms Compacted.swift
[1269/1390] Compiling Algorithms Cycle.swift
[1272/1390] Emitting module CryptoBoringWrapper
[1273/1390] Compiling CryptoBoringWrapper BoringSSLAEAD.swift
[1274/1390] Compiling CryptoBoringWrapper EllipticCurvePoint.swift
[1275/1390] Compiling CryptoBoringWrapper CryptoKitErrors_boring.swift
[1276/1390] Compiling CryptoBoringWrapper ArbitraryPrecisionInteger.swift
[1277/1390] Compiling CryptoBoringWrapper EllipticCurve.swift
[1278/1391] Emitting module Atomics
[1280/1391] Compiling Algorithms AdjacentPairs.swift
[1281/1391] Compiling Algorithms Chain.swift
[1282/1391] Compiling Algorithms Chunked.swift
[1283/1391] Compiling Algorithms Combinations.swift
[1291/1392] Emitting module Algorithms
[1292/1393] Wrapping AST for CryptoBoringWrapper for debugging
[1293/1477] Wrapping AST for Atomics for debugging
[1294/1477] Wrapping AST for Algorithms for debugging
[1296/1541] Compiling NIOCore NIOCoreSendableMetatype.swift
[1297/1541] Compiling NIOCore NIODecodedAsyncSequence.swift
[1298/1541] Compiling NIOCore NIOLoopBound.swift
[1299/1541] Compiling NIOCore NIOPooledRecvBufferAllocator.swift
[1300/1541] Compiling NIOCore NIOScheduledCallback.swift
[1301/1541] Compiling NIOCore NIOSendable.swift
[1302/1541] Compiling NIOCore NIOSplitLinesMessageDecoder.swift
[1303/1541] Compiling NIOCore NIOTransportAccessibleChannelCore.swift
[1304/1541] Compiling NIOCore RecvByteBufferAllocator.swift
[1305/1549] Compiling NIOCore ByteBuffer-multi-int.swift
[1306/1549] Compiling NIOCore ByteBuffer-quicBinaryEncodingStrategy.swift
[1307/1549] Compiling NIOCore ByteBuffer-views.swift
[1308/1549] Compiling NIOCore Channel.swift
[1309/1549] Compiling NIOCore ChannelHandler.swift
[1310/1549] Compiling NIOCore ChannelHandlers.swift
[1311/1549] Compiling NIOCore ChannelInvoker.swift
[1312/1549] Compiling NIOCore ChannelOption.swift
[1313/1549] Compiling NIOCore ChannelPipeline.swift
[1314/1549] Compiling NIOCore EventLoopFuture+Deprecated.swift
[1315/1549] Compiling NIOCore EventLoopFuture+WithEventLoop.swift
[1316/1549] Compiling NIOCore EventLoopFuture.swift
[1320/1560] Compiling NIOCore AddressedEnvelope.swift
[1321/1560] Compiling NIOCore AsyncAwaitSupport.swift
[1322/1560] Compiling NIOCore AsyncChannel.swift
[1323/1560] Compiling NIOCore AsyncChannelHandler.swift
[1324/1560] Compiling NIOCore AsyncChannelInboundStream.swift
[1325/1560] Compiling NIOCore AsyncChannelOutboundWriter.swift
[1326/1560] Compiling NIOCore NIOAsyncSequenceProducer.swift
[1327/1560] Compiling NIOCore NIOAsyncSequenceProducerStrategies.swift
[1328/1560] Compiling NIOCore NIOAsyncWriter.swift
[1329/1560] Compiling NIOCore DeadChannel.swift
[1330/1560] Compiling NIOCore DispatchQueue+WithFuture.swift
[1331/1560] Compiling NIOCore EventLoop+Deprecated.swift
[1332/1560] Compiling NIOCore EventLoop+SerialExecutor.swift
[1333/1560] Compiling NIOCore EventLoop.swift
[1334/1560] Compiling NIOCore EventLoopFuture+AssumeIsolated.swift
[1341/1560] Compiling NIOCore CircularBuffer.swift
[1342/1560] Compiling NIOCore Codec.swift
[1343/1560] Compiling NIOCore ConvenienceOptionSupport.swift
[1353/1560] Compiling NIOCore FileDescriptor.swift
[1354/1560] Compiling NIOCore FileHandle.swift
[1355/1560] Compiling NIOCore FileRegion.swift
[1356/1560] Compiling NIOCore GlobalSingletons.swift
[1357/1560] Compiling NIOCore IO.swift
[1358/1560] Compiling NIOCore IOData.swift
[1359/1560] Compiling NIOCore IPProtocol.swift
[1360/1560] Compiling NIOCore IntegerBitPacking.swift
[1361/1560] Compiling NIOCore IntegerTypes.swift
[1362/1560] Compiling NIOCore Interfaces.swift
[1363/1560] Compiling NIOCore Linux.swift
[1364/1560] Compiling NIOCore MarkedCircularBuffer.swift
[1365/1560] Compiling NIOCore MulticastChannel.swift
[1366/1560] Compiling NIOCore NIOAny.swift
[1367/1560] Compiling NIOCore NIOCloseOnErrorHandler.swift
[1368/1560] Compiling NIOCore NIOThrowingAsyncSequenceProducer.swift
[1369/1560] Compiling NIOCore BSDSocketAPI.swift
[1370/1560] Compiling NIOCore ByteBuffer-aux.swift
[1371/1560] Compiling NIOCore ByteBuffer-binaryEncodedLengthPrefix.swift
[1372/1560] Compiling NIOCore ByteBuffer-conversions.swift
[1373/1560] Compiling NIOCore ByteBuffer-core.swift
[1374/1560] Compiling NIOCore ByteBuffer-hex.swift
[1375/1560] Compiling NIOCore ByteBuffer-int.swift
[1376/1560] Compiling NIOCore ByteBuffer-lengthPrefix.swift
[1380/1560] Emitting module Crypto
[1381/1560] Compiling Crypto Signature.swift
[1382/1560] Compiling Crypto CryptoKitErrors_boring.swift
[1383/1560] Compiling Crypto Optional+withUnsafeBytes_boring.swift
[1384/1560] Compiling Crypto RNG_boring.swift
[1385/1560] Compiling Crypto SafeCompare_boring.swift
[1386/1560] Compiling Crypto Zeroization_boring.swift
[1387/1560] Compiling Crypto _CryptoModuleAnchor.swift
[1388/1560] Compiling Crypto PrettyBytes.swift
[1389/1560] Compiling Crypto SafeCompare.swift
[1390/1560] Compiling Crypto SecureBytes.swift
[1391/1560] Compiling Crypto Zeroization.swift
[1407/1560] Compiling NIOCore SingleStepByteToMessageDecoder.swift
[1408/1560] Compiling NIOCore SocketAddresses.swift
[1409/1560] Compiling NIOCore SocketOptionProvider.swift
[1410/1560] Compiling NIOCore SystemCallHelpers.swift
[1411/1560] Compiling NIOCore TimeAmount+Duration.swift
[1412/1560] Compiling NIOCore TypeAssistedChannelHandler.swift
[1413/1560] Compiling NIOCore UniversalBootstrapSupport.swift
[1414/1560] Compiling NIOCore Utilities.swift
[1415/1560] Compiling Crypto HPKE-LabeledExtract.swift
[1416/1560] Compiling Crypto HPKE-Utils.swift
[1417/1560] Compiling Crypto DHKEM.swift
[1418/1560] Compiling Crypto HPKE-KEM-Curve25519.swift
[1419/1560] Compiling Crypto HPKE-NIST-EC-KEMs.swift
[1420/1560] Compiling Crypto HPKE-KEM.swift
[1421/1560] Compiling Crypto HPKE-Errors.swift
[1422/1560] Compiling Crypto HPKE.swift
[1423/1560] Compiling Crypto HPKE-Context.swift
[1424/1560] Compiling Crypto HPKE-KeySchedule.swift
[1425/1560] Compiling Crypto HPKE-Modes.swift
[1426/1560] Compiling Crypto Insecure.swift
[1435/1561] Wrapping AST for Crypto for debugging
[1437/1623] Emitting module CryptoExtras
[1438/1631] Compiling CryptoExtras ARCServer.swift
[1439/1631] Compiling CryptoExtras ChaCha20CTR_boring.swift
[1440/1631] Compiling CryptoExtras ChaCha20CTR.swift
[1441/1631] Compiling CryptoExtras BoringSSLSHA512256Context.swift
[1442/1631] Compiling CryptoExtras BoringSSLSHA512256HashFunction.swift
[1443/1631] Compiling CryptoExtras SHA512256.swift
[1444/1631] Compiling CryptoExtras SHA512256Digest.swift
[1445/1631] Compiling CryptoExtras Curve25519+PEM.swift
[1446/1631] Compiling CryptoExtras ObjectIdentifier.swift
[1447/1631] Compiling CryptoExtras PKCS8DERRepresentation.swift
[1448/1631] Compiling CryptoExtras PKCS8PrivateKey.swift
[1449/1631] Compiling CryptoExtras RFC8410AlgorithmIdentifier.swift
[1450/1631] Compiling CryptoExtras ECToolbox_boring.swift
[1451/1631] Compiling CryptoExtras ECToolbox.swift
[1452/1631] Compiling CryptoExtras HashToField.swift
[1453/1631] Compiling CryptoExtras KDF.swift
[1454/1631] Compiling CryptoExtras PBKDF2_boring.swift
[1455/1631] Compiling CryptoExtras PBKDF2_commoncrypto.swift
[1456/1631] Compiling CryptoExtras ThreadOps.swift
[1457/1631] Compiling CryptoExtras ThreadPosix.swift
[1458/1631] Compiling CryptoExtras ThreadSpecific.swift
[1459/1631] Compiling CryptoExtras ThreadWindows.swift
[1460/1631] Compiling CryptoExtras DLEQ.swift
[1461/1631] Compiling CryptoExtras Prover.swift
[1462/1631] Compiling CryptoExtras Verifier.swift
[1463/1631] Compiling CryptoExtras ZKPToolbox.swift
[1464/1631] Compiling CryptoExtras AES_CBC.swift
[1465/1631] Compiling CryptoExtras AES_CFB.swift
[1466/1631] Compiling CryptoExtras AES_CTR.swift
[1467/1631] Compiling CryptoExtras AES_GCM_SIV.swift
[1468/1631] Compiling CryptoExtras Block Function.swift
[1469/1631] Compiling CryptoExtras AES_CBC_boring.swift
[1470/1631] Compiling CryptoExtras AES_CFB_boring.swift
[1471/1631] Compiling CryptoExtras AES_CTR_boring.swift
[1472/1631] Compiling CryptoExtras AES_GCM_SIV_boring.swift
[1473/1631] Compiling CryptoExtras Data+Extensions.swift
[1474/1631] Compiling CryptoExtras DigestType.swift
[1475/1631] Compiling CryptoExtras Error.swift
[1476/1631] Compiling CryptoExtras I2OSP.swift
[1477/1631] Compiling CryptoExtras IntegerEncoding.swift
[1478/1631] Compiling CryptoExtras PEMDocument.swift
[1479/1631] Compiling CryptoExtras PrettyBytes.swift
[1480/1631] Compiling CryptoExtras SubjectPublicKeyInfo.swift
[1481/1631] Compiling CryptoExtras BoringSSLPassphraseCallbackManager.swift
[1482/1631] Compiling CryptoExtras RSA+BlindSigning.swift
[1483/1631] Compiling CryptoExtras RSA.swift
[1484/1631] Compiling CryptoExtras RSA_boring.swift
[1485/1631] Compiling CryptoExtras Reexport.swift
[1486/1631] Compiling CryptoExtras Zeroization_boring.swift
[1487/1631] Compiling CryptoExtras BoringSSLHelpers.swift
[1488/1631] Compiling CryptoExtras CryptoKitErrors_boring.swift
[1489/1631] Compiling CryptoExtras PBKDF2.swift
[1490/1631] Compiling CryptoExtras Scrypt_boring.swift
[1491/1631] Compiling CryptoExtras Scrypt.swift
[1492/1631] Compiling CryptoExtras OPRF.swift
[1493/1631] Compiling CryptoExtras OPRFClient.swift
[1494/1631] Compiling CryptoExtras OPRFServer.swift
[1495/1631] Compiling CryptoExtras VOPRF+API.swift
[1496/1631] Compiling CryptoExtras VOPRFClient.swift
[1497/1631] Compiling CryptoExtras VOPRFServer.swift
[1498/1631] Compiling CryptoExtras CMAC.swift
[1499/1631] Compiling CryptoExtras ARC+API.swift
[1500/1631] Compiling CryptoExtras ARC.swift
[1501/1631] Compiling CryptoExtras ARCCredential.swift
[1502/1631] Compiling CryptoExtras ARCEncoding.swift
[1503/1631] Compiling CryptoExtras ARCPrecredential.swift
[1504/1631] Compiling CryptoExtras ARCPresentation.swift
[1505/1631] Compiling CryptoExtras ARCRequest.swift
[1506/1631] Compiling CryptoExtras ARCResponse.swift
[1534/1632] Wrapping AST for CryptoExtras for debugging
[1536/1634] Emitting module _CryptoExtras
[1537/1634] Compiling _CryptoExtras Exports.swift
[1538/1635] Wrapping AST for _CryptoExtras for debugging
[1540/1730] Emitting module NIOCore
[1541/1735] Wrapping AST for NIOCore for debugging
[1543/1788] Compiling NIOFoundationEssentialsCompat Codable+ByteBuffer.swift
[1544/1788] Emitting module NIOFoundationEssentialsCompat
[1545/1788] Compiling NIOFoundationEssentialsCompat ByteBuffer-foundation.swift
[1546/1789] Wrapping AST for NIOFoundationEssentialsCompat for debugging
[1548/1789] Emitting module NIOEmbedded
[1549/1789] Compiling NIOEmbedded Embedded.swift
[1550/1789] Compiling NIOEmbedded AsyncTestingEventLoop.swift
[1551/1789] Compiling NIOEmbedded AsyncTestingChannel.swift
[1552/1790] Wrapping AST for NIOEmbedded for debugging
[1554/1790] Compiling NIOPosix PipeChannel.swift
[1555/1790] Compiling NIOPosix PipePair.swift
[1556/1790] Compiling NIOPosix Pool.swift
[1557/1790] Compiling NIOPosix PosixSingletons+ConcurrencyTakeOver.swift
[1558/1790] Compiling NIOPosix PosixSingletons.swift
[1559/1790] Compiling NIOPosix RawSocketBootstrap.swift
[1560/1790] Compiling NIOPosix Resolver.swift
[1561/1797] Emitting module NIOPosix
[1562/1797] Compiling NIOPosix GetaddrinfoResolver.swift
[1563/1797] Compiling NIOPosix HappyEyeballs.swift
[1564/1797] Compiling NIOPosix IO.swift
[1565/1797] Compiling NIOPosix IntegerBitPacking.swift
[1566/1797] Compiling NIOPosix IntegerTypes.swift
[1567/1797] Compiling NIOPosix Linux.swift
[1568/1797] Compiling NIOPosix LinuxCPUSet.swift
[1569/1797] Compiling NIOPosix LinuxUring.swift
[1570/1797] Compiling NIOPosix Selectable.swift
[1571/1797] Compiling NIOPosix SelectableChannel.swift
[1572/1797] Compiling NIOPosix SelectableEventLoop.swift
[1573/1797] Compiling NIOPosix SelectorEpoll.swift
[1574/1797] Compiling NIOPosix SelectorGeneric.swift
[1575/1797] Compiling NIOPosix SelectorKqueue.swift
[1576/1797] Compiling NIOPosix BSDSocketAPICommon.swift
[1577/1797] Compiling NIOPosix BSDSocketAPIPosix.swift
[1578/1797] Compiling NIOPosix BSDSocketAPIWindows.swift
[1579/1797] Compiling NIOPosix BaseSocket.swift
[1580/1797] Compiling NIOPosix BaseSocketChannel+AccessibleTransport.swift
[1581/1797] Compiling NIOPosix BaseSocketChannel+SocketOptionProvider.swift
[1582/1797] Compiling NIOPosix BaseSocketChannel.swift
[1583/1797] Compiling NIOPosix BaseStreamSocketChannel.swift
[1584/1797] Compiling NIOPosix Bootstrap.swift
[1585/1797] Compiling NIOPosix ControlMessage.swift
[1586/1797] Compiling NIOPosix DatagramVectorReadManager.swift
[1587/1797] Compiling NIOPosix Errors+Any.swift
[1588/1797] Compiling NIOPosix FileDescriptor.swift
[1589/1810] Compiling NIOPosix PendingWritesManager.swift
[1597/1810] Compiling NIOPosix Thread.swift
[1598/1810] Compiling NIOPosix ThreadPosix.swift
[1599/1810] Compiling NIOPosix ThreadWindows.swift
[1600/1810] Compiling NIOPosix Utilities.swift
[1601/1810] Compiling NIOPosix VsockAddress.swift
[1602/1810] Compiling NIOPosix SelectorUring.swift
[1603/1810] Compiling NIOPosix SelectorWSAPoll.swift
[1604/1810] Compiling NIOPosix ServerSocket.swift
[1605/1810] Compiling NIOPosix Socket.swift
[1606/1810] Compiling NIOPosix SocketChannel.swift
[1607/1810] Compiling NIOPosix SocketProtocols.swift
[1608/1810] Compiling NIOPosix StructuredConcurrencyHelpers.swift
[1609/1810] Compiling NIOPosix System.swift
[1610/1810] Compiling NIOPosix MultiThreadedEventLoopGroup.swift
[1611/1810] Compiling NIOPosix NIOPosixSendableMetatype.swift
[1612/1810] Compiling NIOPosix NIORandomizedDNSResolver.swift
[1613/1810] Compiling NIOPosix NIOThreadPool.swift
[1614/1810] Compiling NIOPosix NonBlockingFileIO.swift
[1615/1810] Compiling NIOPosix PendingDatagramWritesManager.swift
[1630/1810] Compiling X509 NameConstraints.swift
[1631/1810] Compiling X509 SubjectAlternativeName.swift
[1632/1810] Compiling X509 SubjectKeyIdentifier.swift
[1633/1810] Compiling X509 Extension.swift
[1634/1810] Compiling X509 Extensions.swift
[1635/1810] Compiling X509 ExtensionsBuilder.swift
[1636/1810] Compiling X509 GeneralName.swift
[1637/1810] Compiling X509 Lock.swift
[1638/1810] Compiling X509 LockedValueBox.swift
[1639/1810] Compiling X509 BasicOCSPResponse.swift
[1640/1810] Compiling X509 DirectoryString.swift
[1641/1810] Compiling X509 OCSPCertID.swift
[1642/1810] Compiling X509 OCSPCertStatus.swift
[1643/1810] Compiling NIOPosix VsockChannelEvents.swift
[1644/1810] Compiling NIOPosix Windows.swift
[1645/1810] Compiling X509 BasicConstraintsPolicy.swift
[1646/1810] Compiling X509 DNSNames.swift
[1647/1810] Compiling X509 ExpiryPolicy.swift
[1648/1810] Compiling X509 IPConstraints.swift
[1649/1810] Compiling X509 NameConstraintsPolicy.swift
[1650/1810] Compiling X509 RFC5280Policy.swift
[1651/1810] Compiling X509 URIConstraints.swift
[1652/1810] Compiling X509 VersionPolicy.swift
[1653/1810] Compiling X509 ServerIdentityPolicy.swift
[1654/1810] Compiling X509 TrustRootLoading.swift
[1655/1810] Compiling X509 UnverifiedChain.swift
[1656/1810] Compiling X509 DomainComponent.swift
[1657/1810] Compiling X509 EmailAddress.swift
[1658/1810] Compiling X509 LocalityName.swift
[1659/1810] Compiling X509 OrganizationName.swift
[1660/1810] Compiling X509 OrganizationalUnitName.swift
[1661/1810] Compiling X509 StateOrProvinceName.swift
[1662/1810] Compiling X509 StreetAddress.swift
[1663/1810] Compiling X509 Error.swift
[1664/1810] Compiling X509 AuthorityInformationAccess.swift
[1665/1810] Compiling X509 AuthorityKeyIdentifier.swift
[1666/1810] Compiling X509 BasicConstraints.swift
[1667/1810] Compiling X509 ExtendedKeyUsage.swift
[1668/1810] Compiling X509 ExtensionIdentifiers.swift
[1669/1810] Compiling X509 KeyUsage.swift
[1684/1810] Emitting module X509
[1706/1811] Wrapping AST for NIOPosix for debugging
[1708/1813] Emitting module NIO
[1709/1813] Compiling NIO Exports.swift
[1710/1814] Wrapping AST for NIO for debugging
[1712/1853] Compiling NIOTLS TLSEvents.swift
[1713/1853] Compiling X509 ValidatedCertificateChain.swift
[1714/1853] Compiling X509 VerificationDiagnostic.swift
[1715/1853] Compiling X509 Verifier.swift
[1716/1853] Compiling X509 VerifierPolicy.swift
[1717/1853] Compiling X509 AlgorithmIdentifier.swift
[1718/1853] Compiling X509 ECDSASignature.swift
[1719/1853] Compiling X509 RSAPKCS1PublicKey.swift
[1720/1853] Compiling X509 SubjectPublicKeyInfo.swift
[1721/1853] Compiling X509 TBSCertificate.swift
[1722/1853] Compiling X509 Time.swift
[1723/1853] Compiling X509 TimeCalculations.swift
[1724/1853] Compiling X509 Validity.swift
[1725/1853] Compiling X509 X509SendableMetatype.swift
[1727/1854] Emitting module NIOTLS
[1728/1854] Compiling NIOTLS ProtocolNegotiationHandlerStateMachine.swift
[1729/1854] Compiling NIOTLS ApplicationProtocolNegotiationHandler.swift
[1730/1854] Compiling NIOTLS NIOTypedApplicationProtocolNegotiationHandler.swift
[1731/1854] Compiling NIOFoundationCompat WaitSpinningRunLoop.swift
[1732/1854] Compiling NIOFoundationCompat JSONSerialization+ByteBuffer.swift
[1733/1854] Compiling NIOFoundationCompat Exports.swift
[1734/1854] Emitting module NIOFoundationCompat
[1736/1855] Compiling NIOSOCKS SOCKSResponse.swift
[1737/1856] Compiling NIOSOCKS SelectedAuthenticationMethod.swift
[1738/1856] Compiling NIOSOCKS ClientStateMachine.swift
[1738/1856] Wrapping AST for NIOFoundationCompat for debugging
[1739/1856] Wrapping AST for X509 for debugging
[1741/1856] Compiling NIOTLS SNIHandler.swift
[1742/1857] Emitting module NIOSOCKS
[1743/1857] Compiling NIOHTTP1 HTTPServerPipelineHandler.swift
[1744/1857] Compiling NIOHTTP1 HTTPServerProtocolErrorHandler.swift
[1745/1857] Compiling NIOHTTP1 HTTPHeaders+Validation.swift
[1746/1857] Compiling NIOHTTP1 HTTPPipelineSetup.swift
[1747/1857] Compiling NIOHTTP1 ByteCollectionUtils.swift
[1748/1857] Compiling NIOHTTP1 HTTPDecoder.swift
[1749/1857] Compiling NIOHTTP1 HTTPEncoder.swift
[1750/1857] Compiling NIOHTTP1 HTTPHeaderValidator.swift
[1751/1871] Compiling NIOSOCKS ServerStateMachine.swift
[1754/1925] Compiling JWTKit AudienceClaim.swift
[1755/1925] Compiling JWTKit BoolClaim.swift
[1756/1927] Compiling JWTKit IssuedAtClaim.swift
[1757/1927] Compiling JWTKit IssuerClaim.swift
[1758/1927] Compiling JWTKit JWTClaim.swift
[1759/1927] Compiling JWTKit ECDSA.swift
[1760/1927] Compiling JWTKit ECDSACurve.swift
[1761/1927] Compiling JWTKit LocaleClaim.swift
[1762/1927] Compiling JWTKit NotBeforeClaim.swift
[1762/1928] Wrapping AST for NIOSOCKS for debugging
[1763/1932] Wrapping AST for NIOTLS for debugging
[1765/1957] Compiling NIOSSL AndroidCABundle.swift
[1766/1957] Compiling NIOSSL ByteBufferBIO.swift
[1767/1957] Emitting module JWTKit
[1768/1961] Compiling NIOSSL LinuxCABundle.swift
[1769/1961] Compiling NIOSSL NIOSSLClientHandler.swift
[1770/1966] Compiling NIOSSL SSLContext.swift
[1771/1966] Compiling NIOSSL SSLErrors.swift
[1772/1966] Compiling NIOSSL NIOSSLServerHandler.swift
[1773/1966] Compiling NIOSSL ObjectIdentifier.swift
[1774/1966] Compiling NIOSSL PosixPort.swift
[1775/1966] Compiling NIOSSL SSLCallbacks.swift
[1776/1966] Compiling NIOSSL SSLCertificate.swift
[1777/1966] Compiling NIOSSL SSLCertificateExtensions.swift
[1778/1966] Compiling NIOSSL SSLCertificateName.swift
[1779/1966] Compiling NIOSSL SSLConnection.swift
[1782/1966] Compiling JWTKit JWTSerializer.swift
[1783/1966] Compiling JWTKit JWTSigner.swift
[1784/1966] Compiling JWTKit JWTKeyCollection+MLDSA.swift
[1785/1966] Compiling JWTKit MLDSA.swift
[1786/1966] Compiling JWTKit MLDSA65+MLDSAKey.swift
[1787/1966] Compiling JWTKit MLDSA87+MLDSAKey.swift
[1788/1966] Compiling JWTKit MLDSAError.swift
[1789/1966] Compiling JWTKit MLDSAKey.swift
[1790/1966] Compiling JWTKit MLDSASigner.swift
[1791/1966] Compiling JWTKit MLDSAType.swift
[1792/1966] Compiling JWTKit JWTKeyCollection+UnsecuredNone.swift
[1793/1966] Compiling JWTKit UnsecuredNoneSigner.swift
[1794/1966] Compiling JWTKit JWTKeyCollection+RSA.swift
[1795/1966] Compiling JWTKit RSA.swift
[1796/1966] Compiling JWTKit RSAError.swift
[1797/1966] Compiling JWTKit RSASigner.swift
[1798/1966] Compiling JWTKit Base64URL.swift
[1799/1966] Compiling JWTKit CryptoSigner.swift
[1800/1966] Compiling JWTKit JWTAlgorithm.swift
[1801/1966] Compiling JWTKit JWTError.swift
[1802/1966] Compiling JWTKit JWTHeader+CommonFields.swift
[1803/1966] Compiling JWTKit JWTHeader.swift
[1804/1966] Compiling JWTKit JWTHeaderField.swift
[1805/1966] Compiling JWTKit JWTKeyCollection.swift
[1806/1966] Compiling JWTKit JWTParser+MandatoryVerificationFields.swift
[1807/1966] Compiling JWTKit JWTParser.swift
[1808/1966] Compiling JWTKit JWTPayload.swift
[1812/1966] Emitting module NIOHTTP1
[1814/1967] Compiling NIOSSL NIOSSLHandler+Configuration.swift
[1815/1967] Compiling NIOSSL NIOSSLHandler.swift
[1818/1967] Compiling NIOSSL SSLInit.swift
[1819/1967] Compiling NIOSSL SSLPKCS12Bundle.swift
[1822/1967] Compiling NIOSSL CustomPrivateKey.swift
[1823/1967] Compiling NIOSSL FreeBSDCABundle.swift
[1824/1967] Compiling NIOSSL IdentityVerification.swift
[1825/1967] Compiling NIOSSL SubjectAlternativeName.swift
[1826/1967] Compiling NIOSSL NIOSSLSecureBytes.swift
[1827/1967] Compiling NIOSSL RNG.swift
[1828/1967] Compiling NIOSSL SafeCompare.swift
[1829/1967] Compiling NIOSSL SSLPrivateKey.swift
[1830/1967] Compiling NIOSSL SSLPublicKey.swift
[1831/1967] Compiling NIOSSL SecurityFrameworkCertificateVerification.swift
[1832/1967] Compiling NIOSSL String+unsafeUninitializedCapacity.swift
[1833/1967] Compiling JWTKit JWTKeyCollection+EdDSA.swift
[1834/1967] Compiling JWTKit HMAC.swift
[1835/1967] Compiling JWTKit HMACError.swift
[1836/1967] Compiling JWTKit HMACSigner.swift
[1837/1967] Compiling JWTKit JWTKeyCollection+HMAC.swift
[1838/1967] Compiling JWTKit Insecure.swift
[1839/1967] Compiling JWTKit JWK.swift
[1840/1967] Compiling JWTKit JWKIdentifier.swift
[1841/1967] Compiling JWTKit JWKS.swift
[1842/1967] Compiling JWTKit JWKSigner.swift
[1842/1967] Wrapping AST for NIOHTTP1 for debugging
[1844/1984] Emitting module NIOHTTPCompression
[1845/1984] Emitting module NIOSSL
[1846/1988] Compiling NIOHTTPCompression HTTPRequestCompressor.swift
[1847/1988] Compiling NIOHPACK IndexedHeaderTable.swift
[1848/1988] Compiling NIOHPACK IntegerCoding.swift
[1849/1989] Compiling NIOHTTPCompression HTTPDecompressor.swift
[1850/1989] Compiling NIOHPACK StaticHeaderTable.swift
[1851/1989] Compiling NIOHTTPCompression HTTPResponseCompressor.swift
[1852/1989] Compiling NIOHPACK HuffmanTables.swift
[1853/1989] Compiling NIOHPACK HuffmanCoding.swift
[1854/1989] Compiling NIOHTTPCompression HTTPDecompression.swift
[1855/1989] Compiling NIOHTTPCompression HTTPCompression.swift
[1865/1990] Emitting module NIOHPACK
[1866/1990] Compiling JWTKit CustomizedJSONCoders.swift
[1867/1990] Compiling JWTKit Utilities.swift
[1868/1990] Compiling JWTKit AppleIdentityToken.swift
[1869/1990] Compiling JWTKit FirebaseAuthIdentityToken.swift
[1870/1990] Compiling JWTKit GoogleIdentityToken.swift
[1871/1990] Compiling JWTKit MicrosoftIdentityToken.swift
[1872/1990] Compiling JWTKit EmptyPolicy.swift
[1873/1990] Compiling JWTKit ValidationTimePayload.swift
[1874/1990] Compiling JWTKit X5CVerifier.swift
[1875/1991] Wrapping AST for NIOHTTPCompression for debugging
[1877/1991] Compiling NIOHPACK DynamicHeaderTable.swift
[1878/1991] Compiling NIOHPACK HPACKDecoder.swift
[1879/1991] Compiling NIOHPACK HPACKEncoder.swift
[1880/1991] Compiling NIOHPACK HPACKErrors.swift
[1881/1991] Compiling NIOHPACK HPACKHeader.swift
[1882/1991] Compiling NIOHPACK HeaderTables.swift
[1904/1992] Wrapping AST for JWTKit for debugging
[1905/1992] Wrapping AST for NIOHPACK for debugging
[1907/2023] Compiling NIOHTTP2 HTTP2UserEvents.swift
[1908/2023] Compiling NIOSSL TLSConfiguration.swift
[1909/2023] Compiling NIOSSL UniversalBootstrapSupport.swift
[1910/2023] Compiling NIOSSL UnsafeKeyAndChainTarget.swift
[1911/2056] Wrapping AST for NIOSSL for debugging
[1913/2056] Emitting module NIOHTTP2
[1914/2064] Compiling NIOHTTP2 MaySendFrames.swift
[1915/2064] Compiling NIOHTTP2 SendingDataState.swift
[1916/2064] Compiling NIOHTTP2 SendingGoawayState.swift
[1917/2064] Compiling NIOHTTP2 SendingHeadersState.swift
[1918/2064] Compiling NIOHTTP2 SendingPushPromiseState.swift
[1919/2064] Compiling NIOHTTP2 SendingRstStreamState.swift
[1920/2064] Compiling NIOHTTP2 SendingWindowUpdateState.swift
[1921/2064] Compiling NIOHTTP2 HTTP2SettingsState.swift
[1922/2064] Compiling NIOHTTP2 HasExtendedConnectSettings.swift
[1923/2064] Compiling NIOHTTP2 DOSHeuristics.swift
[1924/2064] Compiling NIOHTTP2 Error+Any.swift
[1925/2064] Compiling NIOHTTP2 ConcurrentStreamBuffer.swift
[1926/2064] Compiling NIOHTTP2 ControlFrameBuffer.swift
[1927/2064] Compiling NIOHTTP2 OutboundFlowControlBuffer.swift
[1928/2064] Compiling NIOHTTP2 OutboundFrameBuffer.swift
[1929/2064] Compiling NIOHTTP2 GlitchesMonitor.swift
[1930/2064] Compiling NIOHTTP2 HPACKHeaders+Validation.swift
[1931/2064] Compiling NIOHTTP2 HTTP2ChannelHandler+InboundStreamMultiplexer.swift
[1932/2064] Compiling NIOHTTP2 ConnectionStateMachine.swift
[1933/2064] Compiling NIOHTTP2 ConnectionStreamsState.swift
[1934/2064] Compiling NIOHTTP2 MayReceiveFrames.swift
[1935/2064] Compiling NIOHTTP2 ReceivingDataState.swift
[1936/2064] Compiling NIOHTTP2 ReceivingGoAwayState.swift
[1937/2064] Compiling NIOHTTP2 ReceivingHeadersState.swift
[1938/2064] Compiling NIOHTTP2 ReceivingPushPromiseState.swift
[1939/2064] Compiling NIOHTTP2 ReceivingRstStreamState.swift
[1940/2064] Compiling NIOHTTP2 ReceivingWindowUpdateState.swift
[1941/2064] Compiling NIOHTTP2 NIOHTTP2ServerConnectionManagementHandler.swift
[1942/2064] Compiling NIOHTTP2 StreamChannelFlowController.swift
[1943/2064] Compiling NIOHTTP2 StreamChannelList.swift
[1944/2064] Compiling NIOHTTP2 StreamMap.swift
[1945/2064] Compiling NIOHTTP2 StreamStateMachine.swift
[1946/2064] Compiling NIOHTTP2 Timer.swift
[1947/2064] Compiling NIOHTTP2 UnsafeTransfer.swift
[1948/2064] Compiling NIOHTTP2 WatermarkedFlowController.swift
[1949/2064] Compiling NIOHTTP2 HasFlowControlWindows.swift
[1950/2064] Compiling NIOHTTP2 HasLocalSettings.swift
[1951/2064] Compiling NIOHTTP2 HasRemoteSettings.swift
[1952/2064] Compiling NIOHTTP2 LocallyQuiescingState.swift
[1953/2064] Compiling NIOHTTP2 QuiescingState.swift
[1954/2064] Compiling NIOHTTP2 RemotelyQuiescingState.swift
[1955/2064] Compiling NIOHTTP2 SendAndReceiveGoawayState.swift
[1956/2064] Compiling NIOHTTP2 StateMachineResult.swift
[1957/2064] Compiling NIOHTTP2 ContentLengthVerifier.swift
[1958/2064] Compiling NIOHTTP2 HTTP2FrameParser.swift
[1959/2064] Compiling NIOHTTP2 HTTP2PingData.swift
[1960/2064] Compiling NIOHTTP2 HTTP2PipelineHelpers.swift
[1961/2064] Compiling NIOHTTP2 HTTP2Settings.swift
[1962/2064] Compiling NIOHTTP2 HTTP2Stream.swift
[1963/2064] Compiling NIOHTTP2 HTTP2StreamChannel+OutboundStreamMultiplexer.swift
[1964/2064] Compiling NIOHTTP2 HTTP2StreamChannel.swift
[1965/2064] Compiling NIOHTTP2 HTTP2StreamDelegate.swift
[1966/2064] Compiling NIOHTTP2 HTTP2StreamID.swift
[1967/2064] Compiling NIOHTTP2 HTTP2StreamMultiplexer.swift
[1968/2064] Compiling NIOHTTP2 HTTP2ToHTTP1Codec.swift
[1970/2064] Compiling NIOHTTP2 InboundEventBuffer.swift
[1971/2064] Compiling NIOHTTP2 InboundWindowManager.swift
[1972/2064] Compiling NIOHTTP2 MultiplexerAbstractChannel.swift
[1973/2064] Compiling NIOHTTP2 NIOHTTP2FrameDelegate.swift
[1974/2064] Compiling NIOHTTP2 NIOHTTP2ServerConnectionManagementHandler+StateMachine.swift
[1975/2064] Compiling NIOHTTP2 HTTP2ChannelHandler+InlineStreamMultiplexer.swift
[1976/2064] Compiling NIOHTTP2 HTTP2ChannelHandler.swift
[1977/2064] Compiling NIOHTTP2 HTTP2CommonInboundStreamMultiplexer.swift
[1978/2064] Compiling NIOHTTP2 HTTP2ConnectionStateChange.swift
[1979/2064] Compiling NIOHTTP2 HTTP2Error.swift
[1980/2064] Compiling NIOHTTP2 HTTP2ErrorCode.swift
[1981/2064] Compiling NIOHTTP2 HTTP2FlowControlWindow.swift
[1982/2064] Compiling NIOHTTP2 HTTP2Frame.swift
[1983/2064] Compiling NIOHTTP2 HTTP2FrameEncoder.swift
[1984/2065] Wrapping AST for NIOHTTP2 for debugging
[1986/2129] Compiling AsyncHTTPClient AnyAsyncSequence.swift
[1987/2129] Compiling AsyncHTTPClient AnyAsyncSequenceProucerDelete.swift
[1988/2129] Compiling AsyncHTTPClient AsyncLazySequence.swift
[1989/2129] Compiling AsyncHTTPClient HTTPClient+execute.swift
[1990/2129] Compiling AsyncHTTPClient HTTPClient+shutdown.swift
[1991/2129] Compiling AsyncHTTPClient HTTPClient+tracing.swift
[1992/2129] Compiling AsyncHTTPClient HTTPClientRequest+Prepared.swift
[1993/2129] Compiling AsyncHTTPClient HTTPClientRequest+auth.swift
[1994/2129] Compiling AsyncHTTPClient HTTPClientRequest.swift
[1995/2137] Compiling AsyncHTTPClient HTTPClientResponse.swift
[1996/2137] Compiling AsyncHTTPClient SingleIteratorPrecondition.swift
[1997/2137] Compiling AsyncHTTPClient Transaction+StateMachine.swift
[1998/2137] Compiling AsyncHTTPClient Transaction.swift
[1999/2137] Compiling AsyncHTTPClient Base64.swift
[2000/2137] Compiling AsyncHTTPClient BasicAuth.swift
[2001/2137] Compiling AsyncHTTPClient BestEffortHashableTLSConfiguration.swift
[2002/2137] Compiling AsyncHTTPClient Configuration+BrowserLike.swift
[2003/2137] Compiling AsyncHTTPClient ConnectionPool.swift
[2004/2137] Emitting module AsyncHTTPClient
[2005/2137] Compiling AsyncHTTPClient HTTP1ProxyConnectHandler.swift
[2006/2137] Compiling AsyncHTTPClient SOCKSEventsHandler.swift
[2007/2137] Compiling AsyncHTTPClient TLSEventsHandler.swift
[2008/2137] Compiling AsyncHTTPClient HTTP1ClientChannelHandler.swift
[2009/2137] Compiling AsyncHTTPClient HTTP1Connection.swift
[2010/2137] Compiling AsyncHTTPClient HTTP1ConnectionStateMachine.swift
[2011/2137] Compiling AsyncHTTPClient HTTP2ClientRequestHandler.swift
[2012/2137] Compiling AsyncHTTPClient HTTP2Connection.swift
[2013/2137] Compiling AsyncHTTPClient HTTP2IdleHandler.swift
[2014/2137] Compiling AsyncHTTPClient RequestValidation.swift
[2015/2137] Compiling AsyncHTTPClient SSLContextCache.swift
[2016/2137] Compiling AsyncHTTPClient Scheme.swift
[2017/2137] Compiling AsyncHTTPClient Singleton.swift
[2018/2137] Compiling AsyncHTTPClient StringConvertibleInstances.swift
[2019/2137] Compiling AsyncHTTPClient StructuredConcurrencyHelpers.swift
[2020/2137] Compiling AsyncHTTPClient TracingSupport.swift
[2021/2137] Compiling AsyncHTTPClient Utils.swift
[2022/2137] Compiling AsyncHTTPClient HTTPConnectionEvent.swift
[2023/2137] Compiling AsyncHTTPClient HTTPConnectionPool+Factory.swift
[2024/2137] Compiling AsyncHTTPClient HTTPConnectionPool+Manager.swift
[2025/2137] Compiling AsyncHTTPClient HTTPConnectionPool.swift
[2026/2137] Compiling AsyncHTTPClient HTTPExecutableRequest.swift
[2027/2137] Compiling AsyncHTTPClient HTTPRequestStateMachine+Demand.swift
[2028/2137] Compiling AsyncHTTPClient HTTPRequestStateMachine.swift
[2029/2137] Compiling AsyncHTTPClient RequestBodyLength.swift
[2030/2137] Compiling AsyncHTTPClient RequestFramingMetadata.swift
[2031/2137] Compiling AsyncHTTPClient LRUCache.swift
[2032/2137] Compiling AsyncHTTPClient NIOLoopBound+Execute.swift
[2033/2137] Compiling AsyncHTTPClient NWErrorHandler.swift
[2034/2137] Compiling AsyncHTTPClient NWWaitingHandler.swift
[2035/2137] Compiling AsyncHTTPClient TLSConfiguration.swift
[2036/2137] Compiling AsyncHTTPClient RedirectState.swift
[2037/2137] Compiling AsyncHTTPClient RequestBag+StateMachine.swift
[2038/2137] Compiling AsyncHTTPClient RequestBag+Tracing.swift
[2039/2137] Compiling AsyncHTTPClient RequestBag.swift
[2040/2137] Compiling AsyncHTTPClient RequestOptions.swift
[2041/2137] Compiling AsyncHTTPClient HTTPConnectionPool+Backoff.swift
[2042/2137] Compiling AsyncHTTPClient HTTPConnectionPool+HTTP1Connections.swift
[2043/2137] Compiling AsyncHTTPClient HTTPConnectionPool+HTTP1StateMachine.swift
[2044/2137] Compiling AsyncHTTPClient HTTPConnectionPool+HTTP2Connections.swift
[2045/2137] Compiling AsyncHTTPClient HTTPConnectionPool+HTTP2StateMachine.swift
[2046/2137] Compiling AsyncHTTPClient HTTPConnectionPool+RequestQueue.swift
[2047/2137] Compiling AsyncHTTPClient HTTPConnectionPool+StateMachine.swift
[2048/2137] Compiling AsyncHTTPClient ConnectionTarget.swift
[2049/2137] Compiling AsyncHTTPClient DeconstructedURL.swift
[2050/2137] Compiling AsyncHTTPClient FileDownloadDelegate.swift
[2051/2137] Compiling AsyncHTTPClient FoundationExtensions.swift
[2052/2137] Compiling AsyncHTTPClient HTTPClient+HTTPCookie.swift
[2053/2137] Compiling AsyncHTTPClient HTTPClient+Proxy.swift
[2054/2137] Compiling AsyncHTTPClient HTTPClient+StructuredConcurrency.swift
[2055/2137] Compiling AsyncHTTPClient HTTPClient.swift
[2056/2137] Compiling AsyncHTTPClient HTTPClientConfiguration+SwiftConfiguration.swift
[2057/2137] Compiling AsyncHTTPClient HTTPHandler.swift
[2058/2138] Wrapping AST for AsyncHTTPClient for debugging
[2060/2161] Emitting module GoogleAuth
[2061/2164] Compiling GoogleAuth UserAccountData.swift
[2062/2164] Compiling GoogleAuth UserAccountTokenProvider.swift
[2063/2164] Compiling GoogleAuth UserCredentials.swift
[2064/2164] Compiling GoogleAuth CredentialParserRegistry.swift
[2065/2164] Compiling GoogleAuth Credentials.swift
[2066/2164] Compiling GoogleAuth CredentialsError.swift
[2067/2164] Compiling GoogleAuth SubjectTokenProvider.swift
[2068/2164] Compiling GoogleAuth MDSAccessTokenProvider.swift
[2069/2164] Compiling GoogleAuth MDSCredentials.swift
[2070/2164] Compiling GoogleAuth AnonymousCredentials.swift
[2071/2164] Compiling GoogleAuth ApiKeyCredentials.swift
[2072/2164] Compiling GoogleAuth ExternalAccountCredentials.swift
[2073/2164] Compiling GoogleAuth ServiceAccountCredentials.swift
[2074/2164] Compiling GoogleAuth ServiceAccountData.swift
[2075/2164] Compiling GoogleAuth ServiceAccountTokenProvider.swift
[2076/2164] Compiling GoogleAuth AuthHTTPClient.swift
[2077/2164] Compiling GoogleAuth AuthHTTPError.swift
[2078/2164] Compiling GoogleAuth RetryEngine.swift
[2079/2164] Compiling GoogleAuth ADC.swift
[2080/2164] Compiling GoogleAuth ADCPath.swift
[2081/2164] Compiling GoogleAuth ADCResolver.swift
[2082/2164] Compiling GoogleAuth AuthHeaders.swift
[2083/2164] Compiling GoogleAuth STSHandler.swift
[2084/2164] Compiling GoogleAuth TokenCache.swift
[2085/2164] Compiling GoogleAuth PackageVersion.swift
[2086/2165] Wrapping AST for GoogleAuth for debugging
[2088/2223] Emitting module GoogleGax
[2089/2231] Compiling GoogleGax LimitedAttemptCount+PollingErrorPolicy.swift
[2090/2231] Compiling GoogleGax LimitedAttemptCount+RetryPolicy.swift
[2091/2231] Compiling GoogleGax LimitedAttemptCount.swift
[2092/2231] Compiling GoogleGax LimitedElapsedTime+PollingErrorPolicy.swift
[2093/2231] Compiling GoogleGax LimitedElapsedTime+RetryPolicy.swift
[2094/2231] Compiling GoogleGax LimitedElapsedTime.swift
[2095/2231] Compiling GoogleGax LongRunningOperations.swift
[2096/2231] Compiling GoogleGax NeverRetry.swift
[2097/2231] Compiling GoogleGax RequestOptions.swift
[2098/2231] Compiling GoogleGax RetryLoop.swift
[2099/2231] Compiling GoogleGax RetryPolicy.swift
[2100/2231] Compiling GoogleGax RetryResult.swift
[2101/2231] Compiling GoogleGax RetryState.swift
[2102/2231] Compiling GoogleGax RetryThrottler.swift
[2103/2231] Compiling GoogleGax RetryThrottlerError.swift
[2104/2231] Compiling GoogleGax RoutingMatcher.swift
[2105/2231] Compiling GoogleGax ContinueOnIO.swift
[2106/2231] Compiling GoogleGax CredentialsProtocol.swift
[2107/2231] Compiling GoogleGax ErrorWrapper.swift
[2108/2231] Compiling GoogleGax ExponentialBackoff+BackoffPolicy.swift
[2109/2231] Compiling GoogleGax ExponentialBackoff+PollingBackoffPolicy.swift
[2110/2231] Compiling GoogleGax ExponentialBackoff.swift
[2111/2231] Compiling GoogleGax HTTPClient.swift
[2112/2231] Compiling GoogleGax HTTPClientHolder.swift
[2113/2231] Compiling GoogleGax BaseRetryPolicy.swift
[2114/2231] Compiling GoogleGax BindingError.swift
[2115/2231] Compiling GoogleGax CRC32C.swift
[2116/2231] Compiling GoogleGax CircuitBreaker.swift
[2117/2231] Compiling GoogleGax ClientError.swift
[2118/2231] Compiling GoogleGax ClientOptions.swift
[2119/2231] Compiling GoogleGax ContinueOnIO+PollingErrorPolicy.swift
[2120/2231] Compiling GoogleGax ContinueOnIO+RetryPolicy.swift
[2121/2231] Compiling GoogleGax HTTPClientProtocol.swift
[2122/2231] Compiling GoogleGax HTTPClientRequest.swift
[2123/2231] Compiling GoogleGax HTTPClientResponse.swift
[2124/2231] Compiling GoogleGax HTTPHeaders.swift
[2125/2231] Compiling GoogleGax HTTPResponseBody.swift
[2126/2231] Compiling GoogleGax HeaderNames.swift
[2127/2231] Compiling GoogleGax Host.swift
[2128/2231] Compiling GoogleGax InProgressResult.swift
[2129/2231] Compiling GoogleGax AIP194+PollingErrorPolicy.swift
[2130/2231] Compiling GoogleGax AIP194+RetryPolicy.swift
[2131/2231] Compiling GoogleGax AIP194.swift
[2132/2231] Compiling GoogleGax AdaptiveThrottler.swift
[2133/2231] Compiling GoogleGax AlwaysPoll.swift
[2134/2231] Compiling GoogleGax AlwaysRetry.swift
[2135/2231] Compiling GoogleGax ApiClientHeader.swift
[2136/2231] Compiling GoogleGax BackoffPolicy.swift
[2137/2231] Compiling GoogleGax BasePollingErrorPolicy.swift
[2138/2231] Compiling GoogleGax Pagination.swift
/host/spi-builder-workspace/.build/checkouts/swift-google-gax/Sources/GoogleGax/Pagination.swift:44:22: error: cannot convert '@Sendable (String) async throws -> (response: ResponseType, items: [Item], nextToken: String)' to 'nonisolated(nonsending) @Sendable (String) async throws -> (response: ResponseType, items: [Item], nextToken: String)' because crossing of an isolation boundary requires parameter and result types to conform to 'Sendable' protocol
42 | ) where ResponseType: _PaginatedResponse<Item> {
43 | self.initialPageToken = initialPageToken ?? ""
44 | self.fetchPage = { token in
| |- error: cannot convert '@Sendable (String) async throws -> (response: ResponseType, items: [Item], nextToken: String)' to 'nonisolated(nonsending) @Sendable (String) async throws -> (response: ResponseType, items: [Item], nextToken: String)' because crossing of an isolation boundary requires parameter and result types to conform to 'Sendable' protocol
| `- note: type 'Item' does not conform to 'Sendable' protocol
45 | let response = try await listRpc(token)
46 | return (response, response._getPaginatedItems(), response._nextPageToken())
[2139/2231] Compiling GoogleGax PollingBackoffPolicy.swift
/host/spi-builder-workspace/.build/checkouts/swift-google-gax/Sources/GoogleGax/Pagination.swift:44:22: error: cannot convert '@Sendable (String) async throws -> (response: ResponseType, items: [Item], nextToken: String)' to 'nonisolated(nonsending) @Sendable (String) async throws -> (response: ResponseType, items: [Item], nextToken: String)' because crossing of an isolation boundary requires parameter and result types to conform to 'Sendable' protocol
42 | ) where ResponseType: _PaginatedResponse<Item> {
43 | self.initialPageToken = initialPageToken ?? ""
44 | self.fetchPage = { token in
| |- error: cannot convert '@Sendable (String) async throws -> (response: ResponseType, items: [Item], nextToken: String)' to 'nonisolated(nonsending) @Sendable (String) async throws -> (response: ResponseType, items: [Item], nextToken: String)' because crossing of an isolation boundary requires parameter and result types to conform to 'Sendable' protocol
| `- note: type 'Item' does not conform to 'Sendable' protocol
45 | let response = try await listRpc(token)
46 | return (response, response._getPaginatedItems(), response._nextPageToken())
[2140/2231] Compiling GoogleGax PollingErrorPolicy.swift
/host/spi-builder-workspace/.build/checkouts/swift-google-gax/Sources/GoogleGax/Pagination.swift:44:22: error: cannot convert '@Sendable (String) async throws -> (response: ResponseType, items: [Item], nextToken: String)' to 'nonisolated(nonsending) @Sendable (String) async throws -> (response: ResponseType, items: [Item], nextToken: String)' because crossing of an isolation boundary requires parameter and result types to conform to 'Sendable' protocol
42 | ) where ResponseType: _PaginatedResponse<Item> {
43 | self.initialPageToken = initialPageToken ?? ""
44 | self.fetchPage = { token in
| |- error: cannot convert '@Sendable (String) async throws -> (response: ResponseType, items: [Item], nextToken: String)' to 'nonisolated(nonsending) @Sendable (String) async throws -> (response: ResponseType, items: [Item], nextToken: String)' because crossing of an isolation boundary requires parameter and result types to conform to 'Sendable' protocol
| `- note: type 'Item' does not conform to 'Sendable' protocol
45 | let response = try await listRpc(token)
46 | return (response, response._getPaginatedItems(), response._nextPageToken())
[2141/2231] Compiling GoogleGax PollingResult.swift
/host/spi-builder-workspace/.build/checkouts/swift-google-gax/Sources/GoogleGax/Pagination.swift:44:22: error: cannot convert '@Sendable (String) async throws -> (response: ResponseType, items: [Item], nextToken: String)' to 'nonisolated(nonsending) @Sendable (String) async throws -> (response: ResponseType, items: [Item], nextToken: String)' because crossing of an isolation boundary requires parameter and result types to conform to 'Sendable' protocol
42 | ) where ResponseType: _PaginatedResponse<Item> {
43 | self.initialPageToken = initialPageToken ?? ""
44 | self.fetchPage = { token in
| |- error: cannot convert '@Sendable (String) async throws -> (response: ResponseType, items: [Item], nextToken: String)' to 'nonisolated(nonsending) @Sendable (String) async throws -> (response: ResponseType, items: [Item], nextToken: String)' because crossing of an isolation boundary requires parameter and result types to conform to 'Sendable' protocol
| `- note: type 'Item' does not conform to 'Sendable' protocol
45 | let response = try await listRpc(token)
46 | return (response, response._getPaginatedItems(), response._nextPageToken())
[2142/2231] Compiling GoogleGax PollingState.swift
/host/spi-builder-workspace/.build/checkouts/swift-google-gax/Sources/GoogleGax/Pagination.swift:44:22: error: cannot convert '@Sendable (String) async throws -> (response: ResponseType, items: [Item], nextToken: String)' to 'nonisolated(nonsending) @Sendable (String) async throws -> (response: ResponseType, items: [Item], nextToken: String)' because crossing of an isolation boundary requires parameter and result types to conform to 'Sendable' protocol
42 | ) where ResponseType: _PaginatedResponse<Item> {
43 | self.initialPageToken = initialPageToken ?? ""
44 | self.fetchPage = { token in
| |- error: cannot convert '@Sendable (String) async throws -> (response: ResponseType, items: [Item], nextToken: String)' to 'nonisolated(nonsending) @Sendable (String) async throws -> (response: ResponseType, items: [Item], nextToken: String)' because crossing of an isolation boundary requires parameter and result types to conform to 'Sendable' protocol
| `- note: type 'Item' does not conform to 'Sendable' protocol
45 | let response = try await listRpc(token)
46 | return (response, response._getPaginatedItems(), response._nextPageToken())
[2143/2231] Compiling GoogleGax ProtobufConversionError.swift
/host/spi-builder-workspace/.build/checkouts/swift-google-gax/Sources/GoogleGax/Pagination.swift:44:22: error: cannot convert '@Sendable (String) async throws -> (response: ResponseType, items: [Item], nextToken: String)' to 'nonisolated(nonsending) @Sendable (String) async throws -> (response: ResponseType, items: [Item], nextToken: String)' because crossing of an isolation boundary requires parameter and result types to conform to 'Sendable' protocol
42 | ) where ResponseType: _PaginatedResponse<Item> {
43 | self.initialPageToken = initialPageToken ?? ""
44 | self.fetchPage = { token in
| |- error: cannot convert '@Sendable (String) async throws -> (response: ResponseType, items: [Item], nextToken: String)' to 'nonisolated(nonsending) @Sendable (String) async throws -> (response: ResponseType, items: [Item], nextToken: String)' because crossing of an isolation boundary requires parameter and result types to conform to 'Sendable' protocol
| `- note: type 'Item' does not conform to 'Sendable' protocol
45 | let response = try await listRpc(token)
46 | return (response, response._getPaginatedItems(), response._nextPageToken())
[2144/2231] Compiling GoogleGax QueryParameter.swift
/host/spi-builder-workspace/.build/checkouts/swift-google-gax/Sources/GoogleGax/Pagination.swift:44:22: error: cannot convert '@Sendable (String) async throws -> (response: ResponseType, items: [Item], nextToken: String)' to 'nonisolated(nonsending) @Sendable (String) async throws -> (response: ResponseType, items: [Item], nextToken: String)' because crossing of an isolation boundary requires parameter and result types to conform to 'Sendable' protocol
42 | ) where ResponseType: _PaginatedResponse<Item> {
43 | self.initialPageToken = initialPageToken ?? ""
44 | self.fetchPage = { token in
| |- error: cannot convert '@Sendable (String) async throws -> (response: ResponseType, items: [Item], nextToken: String)' to 'nonisolated(nonsending) @Sendable (String) async throws -> (response: ResponseType, items: [Item], nextToken: String)' because crossing of an isolation boundary requires parameter and result types to conform to 'Sendable' protocol
| `- note: type 'Item' does not conform to 'Sendable' protocol
45 | let response = try await listRpc(token)
46 | return (response, response._getPaginatedItems(), response._nextPageToken())
[2145/2231] Compiling GoogleGax RequestError.swift
/host/spi-builder-workspace/.build/checkouts/swift-google-gax/Sources/GoogleGax/Pagination.swift:44:22: error: cannot convert '@Sendable (String) async throws -> (response: ResponseType, items: [Item], nextToken: String)' to 'nonisolated(nonsending) @Sendable (String) async throws -> (response: ResponseType, items: [Item], nextToken: String)' because crossing of an isolation boundary requires parameter and result types to conform to 'Sendable' protocol
42 | ) where ResponseType: _PaginatedResponse<Item> {
43 | self.initialPageToken = initialPageToken ?? ""
44 | self.fetchPage = { token in
| |- error: cannot convert '@Sendable (String) async throws -> (response: ResponseType, items: [Item], nextToken: String)' to 'nonisolated(nonsending) @Sendable (String) async throws -> (response: ResponseType, items: [Item], nextToken: String)' because crossing of an isolation boundary requires parameter and result types to conform to 'Sendable' protocol
| `- note: type 'Item' does not conform to 'Sendable' protocol
45 | let response = try await listRpc(token)
46 | return (response, response._getPaginatedItems(), response._nextPageToken())
[2146/2231] Compiling GoogleGax ServiceError.swift
[2147/2231] Compiling GoogleGax StatusDetail.swift
[2148/2231] Compiling GoogleGax StrictIdempotency.swift
[2149/2231] Compiling GoogleGax ThrottleResult.swift
[2150/2231] Compiling GoogleGax TooManyRequests+PollingErrorPolicy.swift
[2151/2231] Compiling GoogleGax TooManyRequests+RetryPolicy.swift
[2152/2231] Compiling GoogleGax TooManyRequests.swift
[2153/2231] Compiling GoogleGax PackageVersion.swift
BUILD FAILURE 6.2 android