Build Information
Failed to build SwiftResilience, reference main (35a1bf), with Swift 6.2 for watchOS using Xcode 26.3 on 30 Sep 2026 10:01:30 UTC.
Build Command
env DEVELOPER_DIR=/Applications/Xcode-26.3.0.app xcrun xcodebuild -IDEClonedSourcePackagesDirPathOverride=$PWD/.dependencies -skipMacroValidation -skipPackagePluginValidation -derivedDataPath $PWD/.derivedData build -scheme SwiftResilience -destination generic/platform=watchOSBuild Log
========================================
RunAll
========================================
Builder version: 5.1.1
Interrupt handler set up.
========================================
Checkout
========================================
Clone URL: https://github.com/meetbb/SwiftResilience.git
Reference: main
Initialized empty Git repository in /Users/admin/builder/spi-builder-workspace/.git/
From https://github.com/meetbb/SwiftResilience
* branch main -> FETCH_HEAD
* [new branch] main -> origin/main
HEAD is now at 35a1bf5 Added important high-level documentation for users.
Cloned https://github.com/meetbb/SwiftResilience.git
Revision (git rev-parse @):
35a1bf56a5173c453cb002d49fdaed266b3f0ef7
SUCCESS checkout https://github.com/meetbb/SwiftResilience.git at main
========================================
Build
========================================
Selected platform: watchOS
Swift version: 6.2
Building package at path: $PWD
https://github.com/meetbb/SwiftResilience.git
Command line invocation:
/Applications/Xcode-26.3.0.app/Contents/Developer/usr/bin/xcodebuild -IDEClonedSourcePackagesDirPathOverride=/Users/admin/builder/spi-builder-workspace/.dependencies -resolvePackageDependencies
resolved source packages:
{
"dependencies" : [
],
"manifest_display_name" : "SwiftResilience",
"name" : "SwiftResilience",
"path" : "/Users/admin/builder/spi-builder-workspace",
"platforms" : [
{
"name" : "ios",
"version" : "16.0"
},
{
"name" : "macos",
"version" : "13.0"
}
],
"products" : [
{
"name" : "SwiftResilience",
"targets" : [
"SwiftResilience"
],
"type" : {
"library" : [
"automatic"
]
}
}
],
"targets" : [
{
"c99name" : "SwiftResilienceTests",
"module_type" : "SwiftTarget",
"name" : "SwiftResilienceTests",
"path" : "SwiftResilienceTests",
"sources" : [
"BackgroundQueue/BackgroundQueueDrainerTests.swift",
"ConcurrencySafety/AuthenticatedRequestEngineTests.swift",
"ConcurrencySafety/TokenRefreshCoordinatorTests.swift",
"ExponentialRetryPolicyTests.swift",
"Networking/AsyncRequestEngineTests.swift",
"Observability/ObservabilityTests.swift",
"OfflineQueue/DiskQueueStoreTests.swift",
"OfflineQueue/OfflineQueueEngineTests.swift",
"OfflineQueue/QueueEntryTests.swift",
"OfflineQueue/QueueableRequestTests.swift",
"OfflineQueue/ReachabilityMonitorTests.swift",
"SwiftResilienceTests.swift"
],
"target_dependencies" : [
"SwiftResilience"
],
"type" : "test"
},
{
"c99name" : "SwiftResilience",
"module_type" : "SwiftTarget",
"name" : "SwiftResilience",
"path" : "SwiftResilience",
"product_memberships" : [
"SwiftResilience"
],
"sources" : [
"BackgroundQueue/BackgroundQueueDrainer.swift",
"BackgroundQueue/BackgroundQueueProtocols.swift",
"ConcurrencySafety/AuthenticatedRequestEngine.swift",
"ConcurrencySafety/TokenProvider.swift",
"ConcurrencySafety/TokenRefreshCoordinator.swift",
"Networking/AsyncRequestEngine.swift",
"Networking/HTTPMethod.swift",
"Networking/NetworkError.swift",
"Networking/NetworkRequest.swift",
"Networking/NetworkSession.swift",
"Networking/RequestIdentity.swift",
"Observability/RequestEvent.swift",
"Observability/RequestMetricsCollector.swift",
"OfflineQueue/DiskQueueStore.swift",
"OfflineQueue/OfflineQueueEngine.swift",
"OfflineQueue/QueueEntry.swift",
"OfflineQueue/QueueableRequest.swift",
"OfflineQueue/ReachabilityMonitor.swift",
"Retry/ExponentialRetryPolicy.swift",
"Retry/RetryPolicy.swift"
],
"type" : "library"
}
],
"tools_version" : "5.9"
}
{
"project" : {
"configurations" : [
"Debug",
"Release"
],
"name" : "SwiftResilience",
"schemes" : [
"SwiftResilience",
"SwiftResilienceDemo"
],
"targets" : [
"SwiftResilience",
"SwiftResilienceTests",
"SwiftResilienceDemo",
"SwiftResilienceDemoTests",
"SwiftResilienceDemoUITests"
]
}
}
{
"workspace" : {
"name" : "spi-builder-workspace",
"schemes" : [
"SwiftResilience"
]
}
}
2026-09-30 06:01:19.993 xcodebuild[668:4106] [MT] IDERunDestination: Supported platforms for the buildables in the current scheme is empty.
Running build ...
env DEVELOPER_DIR=/Applications/Xcode-26.3.0.app xcrun xcodebuild -IDEClonedSourcePackagesDirPathOverride=$PWD/.dependencies -skipMacroValidation -skipPackagePluginValidation -derivedDataPath $PWD/.derivedData build -scheme SwiftResilience -destination generic/platform=watchOS
Command line invocation:
/Applications/Xcode-26.3.0.app/Contents/Developer/usr/bin/xcodebuild -IDEClonedSourcePackagesDirPathOverride=/Users/admin/builder/spi-builder-workspace/.dependencies -skipMacroValidation -skipPackagePluginValidation -derivedDataPath /Users/admin/builder/spi-builder-workspace/.derivedData build -scheme SwiftResilience -destination generic/platform=watchOS
Resolve Package Graph
Resolved source packages:
SwiftResilience: /Users/admin/builder/spi-builder-workspace
ComputePackagePrebuildTargetDependencyGraph
Prepare packages
CreateBuildRequest
SendProjectDescription
CreateBuildOperation
ComputeTargetDependencyGraph
note: Building targets in dependency order
note: Target dependency graph (2 targets)
Target 'SwiftResilience' in project 'SwiftResilience'
➜ Explicit dependency on target 'SwiftResilience' in project 'SwiftResilience'
Target 'SwiftResilience' in project 'SwiftResilience' (no dependencies)
GatherProvisioningInputs
CreateBuildDescription
ExecuteExternalTool /Applications/Xcode-26.3.0.app/Contents/Developer/Toolchains/XcodeDefault.xctoolchain/usr/bin/clang -v -E -dM -isysroot /Applications/Xcode-26.3.0.app/Contents/Developer/Platforms/WatchOS.platform/Developer/SDKs/WatchOS26.2.sdk -x c -c /dev/null
ExecuteExternalTool /Applications/Xcode-26.3.0.app/Contents/Developer/Toolchains/XcodeDefault.xctoolchain/usr/bin/swiftc --version
ExecuteExternalTool /Applications/Xcode-26.3.0.app/Contents/Developer/Toolchains/XcodeDefault.xctoolchain/usr/bin/ld -version_details
Build description signature: a3b086ed5db25786712a47c9ead01d70
Build description path: /Users/admin/builder/spi-builder-workspace/.derivedData/Build/Intermediates.noindex/XCBuildData/a3b086ed5db25786712a47c9ead01d70.xcbuilddata
CreateBuildDirectory /Users/admin/builder/spi-builder-workspace/.derivedData/Build/Intermediates.noindex
cd /Users/admin/builder/spi-builder-workspace/.swiftpm/xcode
builtin-create-build-directory /Users/admin/builder/spi-builder-workspace/.derivedData/Build/Intermediates.noindex
ClangStatCache /Applications/Xcode-26.3.0.app/Contents/Developer/Toolchains/XcodeDefault.xctoolchain/usr/bin/clang-stat-cache /Applications/Xcode-26.3.0.app/Contents/Developer/Platforms/WatchOS.platform/Developer/SDKs/WatchOS26.2.sdk /Users/admin/builder/spi-builder-workspace/.derivedData/SDKStatCaches.noindex/watchos26.2-23S303-dc75598d0054f22ec865fa860f139d721753b489057de6bda919edfa1c59a62b.sdkstatcache
cd /Users/admin/builder/spi-builder-workspace/.swiftpm/xcode
/Applications/Xcode-26.3.0.app/Contents/Developer/Toolchains/XcodeDefault.xctoolchain/usr/bin/clang-stat-cache /Applications/Xcode-26.3.0.app/Contents/Developer/Platforms/WatchOS.platform/Developer/SDKs/WatchOS26.2.sdk -o /Users/admin/builder/spi-builder-workspace/.derivedData/SDKStatCaches.noindex/watchos26.2-23S303-dc75598d0054f22ec865fa860f139d721753b489057de6bda919edfa1c59a62b.sdkstatcache
CreateBuildDirectory /Users/admin/builder/spi-builder-workspace/.derivedData/Build/Products
cd /Users/admin/builder/spi-builder-workspace/.swiftpm/xcode
builtin-create-build-directory /Users/admin/builder/spi-builder-workspace/.derivedData/Build/Products
CreateBuildDirectory /Users/admin/builder/spi-builder-workspace/.derivedData/Build/Intermediates.noindex/SwiftExplicitPrecompiledModules
cd /Users/admin/builder/spi-builder-workspace/.swiftpm/xcode
builtin-create-build-directory /Users/admin/builder/spi-builder-workspace/.derivedData/Build/Intermediates.noindex/SwiftExplicitPrecompiledModules
CreateBuildDirectory /Users/admin/builder/spi-builder-workspace/.derivedData/Build/Intermediates.noindex/ExplicitPrecompiledModules
cd /Users/admin/builder/spi-builder-workspace/.swiftpm/xcode
builtin-create-build-directory /Users/admin/builder/spi-builder-workspace/.derivedData/Build/Intermediates.noindex/ExplicitPrecompiledModules
CreateBuildDirectory /Users/admin/builder/spi-builder-workspace/.derivedData/Build/Intermediates.noindex/EagerLinkingTBDs/Debug-watchos
cd /Users/admin/builder/spi-builder-workspace/.swiftpm/xcode
builtin-create-build-directory /Users/admin/builder/spi-builder-workspace/.derivedData/Build/Intermediates.noindex/EagerLinkingTBDs/Debug-watchos
CreateBuildDirectory /Users/admin/builder/spi-builder-workspace/.derivedData/Build/Products/Debug-watchos
cd /Users/admin/builder/spi-builder-workspace/.swiftpm/xcode
builtin-create-build-directory /Users/admin/builder/spi-builder-workspace/.derivedData/Build/Products/Debug-watchos
CreateBuildDirectory /Users/admin/builder/spi-builder-workspace/.derivedData/Build/Products/Debug-watchos/PackageFrameworks
cd /Users/admin/builder/spi-builder-workspace/.swiftpm/xcode
builtin-create-build-directory /Users/admin/builder/spi-builder-workspace/.derivedData/Build/Products/Debug-watchos/PackageFrameworks
WriteAuxiliaryFile /Users/admin/builder/spi-builder-workspace/.derivedData/Build/Intermediates.noindex/SwiftResilience.build/Debug-watchos/SwiftResilience.build/SwiftResilience.modulemap (in target 'SwiftResilience' from project 'SwiftResilience')
cd /Users/admin/builder/spi-builder-workspace
write-file /Users/admin/builder/spi-builder-workspace/.derivedData/Build/Intermediates.noindex/SwiftResilience.build/Debug-watchos/SwiftResilience.build/SwiftResilience.modulemap
WriteAuxiliaryFile /Users/admin/builder/spi-builder-workspace/.derivedData/Build/Intermediates.noindex/SwiftResilience.build/Debug-watchos/SwiftResilience.build/SwiftResilience.DependencyMetadataFileList (in target 'SwiftResilience' from project 'SwiftResilience')
cd /Users/admin/builder/spi-builder-workspace
write-file /Users/admin/builder/spi-builder-workspace/.derivedData/Build/Intermediates.noindex/SwiftResilience.build/Debug-watchos/SwiftResilience.build/SwiftResilience.DependencyMetadataFileList
WriteAuxiliaryFile /Users/admin/builder/spi-builder-workspace/.derivedData/Build/Intermediates.noindex/SwiftResilience.build/Debug-watchos/SwiftResilience.build/SwiftResilience.DependencyStaticMetadataFileList (in target 'SwiftResilience' from project 'SwiftResilience')
cd /Users/admin/builder/spi-builder-workspace
write-file /Users/admin/builder/spi-builder-workspace/.derivedData/Build/Intermediates.noindex/SwiftResilience.build/Debug-watchos/SwiftResilience.build/SwiftResilience.DependencyStaticMetadataFileList
WriteAuxiliaryFile /Users/admin/builder/spi-builder-workspace/.derivedData/Build/Intermediates.noindex/SwiftResilience.build/Debug-watchos/SwiftResilience.build/Objects-normal/arm64/SwiftResilience_const_extract_protocols.json (in target 'SwiftResilience' from project 'SwiftResilience')
cd /Users/admin/builder/spi-builder-workspace
write-file /Users/admin/builder/spi-builder-workspace/.derivedData/Build/Intermediates.noindex/SwiftResilience.build/Debug-watchos/SwiftResilience.build/Objects-normal/arm64/SwiftResilience_const_extract_protocols.json
WriteAuxiliaryFile /Users/admin/builder/spi-builder-workspace/.derivedData/Build/Intermediates.noindex/SwiftResilience.build/Debug-watchos/SwiftResilience.build/Objects-normal/arm64_32/SwiftResilience.LinkFileList (in target 'SwiftResilience' from project 'SwiftResilience')
cd /Users/admin/builder/spi-builder-workspace
write-file /Users/admin/builder/spi-builder-workspace/.derivedData/Build/Intermediates.noindex/SwiftResilience.build/Debug-watchos/SwiftResilience.build/Objects-normal/arm64_32/SwiftResilience.LinkFileList
WriteAuxiliaryFile /Users/admin/builder/spi-builder-workspace/.derivedData/Build/Intermediates.noindex/SwiftResilience.build/Debug-watchos/SwiftResilience.build/Objects-normal/arm64_32/SwiftResilience.SwiftFileList (in target 'SwiftResilience' from project 'SwiftResilience')
cd /Users/admin/builder/spi-builder-workspace
write-file /Users/admin/builder/spi-builder-workspace/.derivedData/Build/Intermediates.noindex/SwiftResilience.build/Debug-watchos/SwiftResilience.build/Objects-normal/arm64_32/SwiftResilience.SwiftFileList
WriteAuxiliaryFile /Users/admin/builder/spi-builder-workspace/.derivedData/Build/Intermediates.noindex/SwiftResilience.build/Debug-watchos/SwiftResilience.build/Objects-normal/arm64_32/SwiftResilience_const_extract_protocols.json (in target 'SwiftResilience' from project 'SwiftResilience')
cd /Users/admin/builder/spi-builder-workspace
write-file /Users/admin/builder/spi-builder-workspace/.derivedData/Build/Intermediates.noindex/SwiftResilience.build/Debug-watchos/SwiftResilience.build/Objects-normal/arm64_32/SwiftResilience_const_extract_protocols.json
WriteAuxiliaryFile /Users/admin/builder/spi-builder-workspace/.derivedData/Build/Intermediates.noindex/SwiftResilience.build/Debug-watchos/SwiftResilience.build/Objects-normal/arm64_32/SwiftResilience-OutputFileMap.json (in target 'SwiftResilience' from project 'SwiftResilience')
cd /Users/admin/builder/spi-builder-workspace
write-file /Users/admin/builder/spi-builder-workspace/.derivedData/Build/Intermediates.noindex/SwiftResilience.build/Debug-watchos/SwiftResilience.build/Objects-normal/arm64_32/SwiftResilience-OutputFileMap.json
WriteAuxiliaryFile /Users/admin/builder/spi-builder-workspace/.derivedData/Build/Intermediates.noindex/SwiftResilience.build/Debug-watchos/SwiftResilience.build/Objects-normal/arm64_32/SwiftResilience.SwiftConstValuesFileList (in target 'SwiftResilience' from project 'SwiftResilience')
cd /Users/admin/builder/spi-builder-workspace
write-file /Users/admin/builder/spi-builder-workspace/.derivedData/Build/Intermediates.noindex/SwiftResilience.build/Debug-watchos/SwiftResilience.build/Objects-normal/arm64_32/SwiftResilience.SwiftConstValuesFileList
WriteAuxiliaryFile /Users/admin/builder/spi-builder-workspace/.derivedData/Build/Intermediates.noindex/SwiftResilience.build/Debug-watchos/SwiftResilience.build/Objects-normal/arm64/SwiftResilience.SwiftFileList (in target 'SwiftResilience' from project 'SwiftResilience')
cd /Users/admin/builder/spi-builder-workspace
write-file /Users/admin/builder/spi-builder-workspace/.derivedData/Build/Intermediates.noindex/SwiftResilience.build/Debug-watchos/SwiftResilience.build/Objects-normal/arm64/SwiftResilience.SwiftFileList
WriteAuxiliaryFile /Users/admin/builder/spi-builder-workspace/.derivedData/Build/Intermediates.noindex/SwiftResilience.build/Debug-watchos/SwiftResilience.build/Objects-normal/arm64/SwiftResilience.SwiftConstValuesFileList (in target 'SwiftResilience' from project 'SwiftResilience')
cd /Users/admin/builder/spi-builder-workspace
write-file /Users/admin/builder/spi-builder-workspace/.derivedData/Build/Intermediates.noindex/SwiftResilience.build/Debug-watchos/SwiftResilience.build/Objects-normal/arm64/SwiftResilience.SwiftConstValuesFileList
WriteAuxiliaryFile /Users/admin/builder/spi-builder-workspace/.derivedData/Build/Intermediates.noindex/SwiftResilience.build/Debug-watchos/SwiftResilience.build/Objects-normal/arm64/SwiftResilience.LinkFileList (in target 'SwiftResilience' from project 'SwiftResilience')
cd /Users/admin/builder/spi-builder-workspace
write-file /Users/admin/builder/spi-builder-workspace/.derivedData/Build/Intermediates.noindex/SwiftResilience.build/Debug-watchos/SwiftResilience.build/Objects-normal/arm64/SwiftResilience.LinkFileList
WriteAuxiliaryFile /Users/admin/builder/spi-builder-workspace/.derivedData/Build/Intermediates.noindex/SwiftResilience.build/Debug-watchos/SwiftResilience.build/Objects-normal/arm64/SwiftResilience-OutputFileMap.json (in target 'SwiftResilience' from project 'SwiftResilience')
cd /Users/admin/builder/spi-builder-workspace
write-file /Users/admin/builder/spi-builder-workspace/.derivedData/Build/Intermediates.noindex/SwiftResilience.build/Debug-watchos/SwiftResilience.build/Objects-normal/arm64/SwiftResilience-OutputFileMap.json
Copy /Users/admin/builder/spi-builder-workspace/.derivedData/Build/Intermediates.noindex/GeneratedModuleMaps-watchos/SwiftResilience.modulemap /Users/admin/builder/spi-builder-workspace/.derivedData/Build/Intermediates.noindex/SwiftResilience.build/Debug-watchos/SwiftResilience.build/SwiftResilience.modulemap (in target 'SwiftResilience' from project 'SwiftResilience')
cd /Users/admin/builder/spi-builder-workspace
builtin-copy -exclude .DS_Store -exclude CVS -exclude .svn -exclude .git -exclude .hg -resolve-src-symlinks /Users/admin/builder/spi-builder-workspace/.derivedData/Build/Intermediates.noindex/SwiftResilience.build/Debug-watchos/SwiftResilience.build/SwiftResilience.modulemap /Users/admin/builder/spi-builder-workspace/.derivedData/Build/Intermediates.noindex/GeneratedModuleMaps-watchos
SwiftDriver SwiftResilience normal arm64 com.apple.xcode.tools.swift.compiler (in target 'SwiftResilience' from project 'SwiftResilience')
cd /Users/admin/builder/spi-builder-workspace/.swiftpm/xcode
builtin-SwiftDriver -- /Applications/Xcode-26.3.0.app/Contents/Developer/Toolchains/XcodeDefault.xctoolchain/usr/bin/swiftc -module-name SwiftResilience -Onone -enforce-exclusivity\=checked @/Users/admin/builder/spi-builder-workspace/.derivedData/Build/Intermediates.noindex/SwiftResilience.build/Debug-watchos/SwiftResilience.build/Objects-normal/arm64/SwiftResilience.SwiftFileList -DSWIFT_PACKAGE -DDEBUG -DSWIFT_MODULE_RESOURCE_BUNDLE_UNAVAILABLE -DXcode -enable-experimental-feature StrictConcurrency -plugin-path /Applications/Xcode-26.3.0.app/Contents/Developer/Toolchains/XcodeDefault.xctoolchain/usr/lib/swift/host/plugins/testing -enable-experimental-feature DebugDescriptionMacro -sdk /Applications/Xcode-26.3.0.app/Contents/Developer/Platforms/WatchOS.platform/Developer/SDKs/WatchOS26.2.sdk -target arm64-apple-watchos9.0 -g -module-cache-path /Users/admin/builder/spi-builder-workspace/.derivedData/ModuleCache.noindex -Xfrontend -serialize-debugging-options -profile-coverage-mapping -profile-generate -enable-testing -index-store-path /Users/admin/builder/spi-builder-workspace/.derivedData/Index.noindex/DataStore -Xcc -D_LIBCPP_HARDENING_MODE\=_LIBCPP_HARDENING_MODE_DEBUG -swift-version 5 -I /Users/admin/builder/spi-builder-workspace/.derivedData/Build/Products/Debug-watchos -Isystem /Applications/Xcode-26.3.0.app/Contents/Developer/Platforms/WatchOS.platform/Developer/usr/lib -F /Users/admin/builder/spi-builder-workspace/.derivedData/Build/Products/Debug-watchos -F /Applications/Xcode-26.3.0.app/Contents/Developer/Platforms/WatchOS.platform/Developer/Library/Frameworks -F /Applications/Xcode-26.3.0.app/Contents/Developer/Platforms/WatchOS.platform/Developer/SDKs/WatchOS26.2.sdk/Developer/Library/Frameworks -c -j10 -enable-batch-mode -incremental -Xcc -ivfsstatcache -Xcc /Users/admin/builder/spi-builder-workspace/.derivedData/SDKStatCaches.noindex/watchos26.2-23S303-dc75598d0054f22ec865fa860f139d721753b489057de6bda919edfa1c59a62b.sdkstatcache -output-file-map /Users/admin/builder/spi-builder-workspace/.derivedData/Build/Intermediates.noindex/SwiftResilience.build/Debug-watchos/SwiftResilience.build/Objects-normal/arm64/SwiftResilience-OutputFileMap.json -use-frontend-parseable-output -save-temps -no-color-diagnostics -explicit-module-build -module-cache-path /Users/admin/builder/spi-builder-workspace/.derivedData/Build/Intermediates.noindex/SwiftExplicitPrecompiledModules -clang-scanner-module-cache-path /Users/admin/builder/spi-builder-workspace/.derivedData/ModuleCache.noindex -sdk-module-cache-path /Users/admin/builder/spi-builder-workspace/.derivedData/ModuleCache.noindex -serialize-diagnostics -emit-dependencies -emit-module -emit-module-path /Users/admin/builder/spi-builder-workspace/.derivedData/Build/Intermediates.noindex/SwiftResilience.build/Debug-watchos/SwiftResilience.build/Objects-normal/arm64/SwiftResilience.swiftmodule -validate-clang-modules-once -clang-build-session-file /Users/admin/builder/spi-builder-workspace/.derivedData/ModuleCache.noindex/Session.modulevalidation -package-name spi_builder_workspace -Xcc -I/Users/admin/builder/spi-builder-workspace/.derivedData/Build/Intermediates.noindex/SwiftResilience.build/Debug-watchos/SwiftResilience.build/swift-overrides.hmap -emit-const-values -Xfrontend -const-gather-protocols-file -Xfrontend /Users/admin/builder/spi-builder-workspace/.derivedData/Build/Intermediates.noindex/SwiftResilience.build/Debug-watchos/SwiftResilience.build/Objects-normal/arm64/SwiftResilience_const_extract_protocols.json -Xcc -I/Users/admin/builder/spi-builder-workspace/.derivedData/Build/Products/Debug-watchos/include -Xcc -I/Users/admin/builder/spi-builder-workspace/.derivedData/Build/Intermediates.noindex/SwiftResilience.build/Debug-watchos/SwiftResilience.build/DerivedSources-normal/arm64 -Xcc -I/Users/admin/builder/spi-builder-workspace/.derivedData/Build/Intermediates.noindex/SwiftResilience.build/Debug-watchos/SwiftResilience.build/DerivedSources/arm64 -Xcc -I/Users/admin/builder/spi-builder-workspace/.derivedData/Build/Intermediates.noindex/SwiftResilience.build/Debug-watchos/SwiftResilience.build/DerivedSources -Xcc -DSWIFT_PACKAGE -Xcc -DDEBUG\=1 -emit-objc-header -emit-objc-header-path /Users/admin/builder/spi-builder-workspace/.derivedData/Build/Intermediates.noindex/SwiftResilience.build/Debug-watchos/SwiftResilience.build/Objects-normal/arm64/SwiftResilience-Swift.h -working-directory /Users/admin/builder/spi-builder-workspace/.swiftpm/xcode -experimental-emit-module-separately -disable-cmo
SwiftDriver SwiftResilience normal arm64_32 com.apple.xcode.tools.swift.compiler (in target 'SwiftResilience' from project 'SwiftResilience')
cd /Users/admin/builder/spi-builder-workspace/.swiftpm/xcode
builtin-SwiftDriver -- /Applications/Xcode-26.3.0.app/Contents/Developer/Toolchains/XcodeDefault.xctoolchain/usr/bin/swiftc -module-name SwiftResilience -Onone -enforce-exclusivity\=checked @/Users/admin/builder/spi-builder-workspace/.derivedData/Build/Intermediates.noindex/SwiftResilience.build/Debug-watchos/SwiftResilience.build/Objects-normal/arm64_32/SwiftResilience.SwiftFileList -DSWIFT_PACKAGE -DDEBUG -DSWIFT_MODULE_RESOURCE_BUNDLE_UNAVAILABLE -DXcode -enable-experimental-feature StrictConcurrency -plugin-path /Applications/Xcode-26.3.0.app/Contents/Developer/Toolchains/XcodeDefault.xctoolchain/usr/lib/swift/host/plugins/testing -enable-experimental-feature DebugDescriptionMacro -sdk /Applications/Xcode-26.3.0.app/Contents/Developer/Platforms/WatchOS.platform/Developer/SDKs/WatchOS26.2.sdk -target arm64_32-apple-watchos9.0 -g -module-cache-path /Users/admin/builder/spi-builder-workspace/.derivedData/ModuleCache.noindex -Xfrontend -serialize-debugging-options -profile-coverage-mapping -profile-generate -enable-testing -index-store-path /Users/admin/builder/spi-builder-workspace/.derivedData/Index.noindex/DataStore -Xcc -D_LIBCPP_HARDENING_MODE\=_LIBCPP_HARDENING_MODE_DEBUG -swift-version 5 -I /Users/admin/builder/spi-builder-workspace/.derivedData/Build/Products/Debug-watchos -Isystem /Applications/Xcode-26.3.0.app/Contents/Developer/Platforms/WatchOS.platform/Developer/usr/lib -F /Users/admin/builder/spi-builder-workspace/.derivedData/Build/Products/Debug-watchos -F /Applications/Xcode-26.3.0.app/Contents/Developer/Platforms/WatchOS.platform/Developer/Library/Frameworks -F /Applications/Xcode-26.3.0.app/Contents/Developer/Platforms/WatchOS.platform/Developer/SDKs/WatchOS26.2.sdk/Developer/Library/Frameworks -c -j10 -enable-batch-mode -incremental -Xcc -ivfsstatcache -Xcc /Users/admin/builder/spi-builder-workspace/.derivedData/SDKStatCaches.noindex/watchos26.2-23S303-dc75598d0054f22ec865fa860f139d721753b489057de6bda919edfa1c59a62b.sdkstatcache -output-file-map /Users/admin/builder/spi-builder-workspace/.derivedData/Build/Intermediates.noindex/SwiftResilience.build/Debug-watchos/SwiftResilience.build/Objects-normal/arm64_32/SwiftResilience-OutputFileMap.json -use-frontend-parseable-output -save-temps -no-color-diagnostics -explicit-module-build -module-cache-path /Users/admin/builder/spi-builder-workspace/.derivedData/Build/Intermediates.noindex/SwiftExplicitPrecompiledModules -clang-scanner-module-cache-path /Users/admin/builder/spi-builder-workspace/.derivedData/ModuleCache.noindex -sdk-module-cache-path /Users/admin/builder/spi-builder-workspace/.derivedData/ModuleCache.noindex -serialize-diagnostics -emit-dependencies -emit-module -emit-module-path /Users/admin/builder/spi-builder-workspace/.derivedData/Build/Intermediates.noindex/SwiftResilience.build/Debug-watchos/SwiftResilience.build/Objects-normal/arm64_32/SwiftResilience.swiftmodule -validate-clang-modules-once -clang-build-session-file /Users/admin/builder/spi-builder-workspace/.derivedData/ModuleCache.noindex/Session.modulevalidation -package-name spi_builder_workspace -Xcc -I/Users/admin/builder/spi-builder-workspace/.derivedData/Build/Intermediates.noindex/SwiftResilience.build/Debug-watchos/SwiftResilience.build/swift-overrides.hmap -emit-const-values -Xfrontend -const-gather-protocols-file -Xfrontend /Users/admin/builder/spi-builder-workspace/.derivedData/Build/Intermediates.noindex/SwiftResilience.build/Debug-watchos/SwiftResilience.build/Objects-normal/arm64_32/SwiftResilience_const_extract_protocols.json -Xcc -I/Users/admin/builder/spi-builder-workspace/.derivedData/Build/Products/Debug-watchos/include -Xcc -I/Users/admin/builder/spi-builder-workspace/.derivedData/Build/Intermediates.noindex/SwiftResilience.build/Debug-watchos/SwiftResilience.build/DerivedSources-normal/arm64_32 -Xcc -I/Users/admin/builder/spi-builder-workspace/.derivedData/Build/Intermediates.noindex/SwiftResilience.build/Debug-watchos/SwiftResilience.build/DerivedSources/arm64_32 -Xcc -I/Users/admin/builder/spi-builder-workspace/.derivedData/Build/Intermediates.noindex/SwiftResilience.build/Debug-watchos/SwiftResilience.build/DerivedSources -Xcc -DSWIFT_PACKAGE -Xcc -DDEBUG\=1 -emit-objc-header -emit-objc-header-path /Users/admin/builder/spi-builder-workspace/.derivedData/Build/Intermediates.noindex/SwiftResilience.build/Debug-watchos/SwiftResilience.build/Objects-normal/arm64_32/SwiftResilience-Swift.h -working-directory /Users/admin/builder/spi-builder-workspace/.swiftpm/xcode -experimental-emit-module-separately -disable-cmo
SwiftExplicitDependencyGeneratePcm arm64_32 /Users/admin/builder/spi-builder-workspace/.derivedData/ModuleCache.noindex/_AvailabilityInternal-AT45JBTV7ZIGO40P4HOV38OTX.pcm
SwiftExplicitDependencyGeneratePcm arm64_32 /Users/admin/builder/spi-builder-workspace/.derivedData/ModuleCache.noindex/ptrcheck-AA5GJME3GXGO73H210XMPC07G.pcm
SwiftExplicitDependencyGeneratePcm arm64_32 /Users/admin/builder/spi-builder-workspace/.derivedData/ModuleCache.noindex/SwiftShims-2AV76KREET4U6COZAGI565HPC.pcm
SwiftExplicitDependencyGeneratePcm arm64_32 /Users/admin/builder/spi-builder-workspace/.derivedData/ModuleCache.noindex/_Builtin_stdarg-3DKNO61VH3IRYCOYDXNL008WT.pcm
SwiftExplicitDependencyGeneratePcm arm64_32 /Users/admin/builder/spi-builder-workspace/.derivedData/ModuleCache.noindex/_Builtin_stddef-3Z25006GJEEIO9SU5HVXBBBAT.pcm
SwiftExplicitDependencyGeneratePcm arm64_32 /Users/admin/builder/spi-builder-workspace/.derivedData/ModuleCache.noindex/_Builtin_stdbool-BKC6HA5TVF8P9O7Q30CRXJ02T.pcm
SwiftExplicitDependencyGeneratePcm arm64_32 /Users/admin/builder/spi-builder-workspace/.derivedData/ModuleCache.noindex/ptrauth-F18G3AZ9IODJJKSCG3V4PZ9QF.pcm
SwiftExplicitDependencyGeneratePcm arm64_32 /Users/admin/builder/spi-builder-workspace/.derivedData/ModuleCache.noindex/_SwiftConcurrencyShims-EKNAGQ6VDRD7YC1GBALZ7FXI3.pcm
SwiftExplicitDependencyGeneratePcm arm64_32 /Users/admin/builder/spi-builder-workspace/.derivedData/ModuleCache.noindex/_Builtin_float-84HIG4SRMTELEAL8REICO3HZ8.pcm
SwiftExplicitDependencyGeneratePcm arm64 /Users/admin/builder/spi-builder-workspace/.derivedData/ModuleCache.noindex/_AvailabilityInternal-AHCR9CD21F4JF161R0D7SVS8U.pcm
SwiftExplicitDependencyGeneratePcm arm64 /Users/admin/builder/spi-builder-workspace/.derivedData/ModuleCache.noindex/_Builtin_stddef-BFZNESQOB31O3W68M3ZQ64Q5W.pcm
SwiftExplicitDependencyGeneratePcm arm64 /Users/admin/builder/spi-builder-workspace/.derivedData/ModuleCache.noindex/ptrcheck-BZQSFWKT9QTVPI5QDZ5NVKV9.pcm
SwiftExplicitDependencyGeneratePcm arm64 /Users/admin/builder/spi-builder-workspace/.derivedData/ModuleCache.noindex/ptrauth-2QN0W8EE9P0TVYCIGO0RALCET.pcm
SwiftExplicitDependencyGeneratePcm arm64 /Users/admin/builder/spi-builder-workspace/.derivedData/ModuleCache.noindex/_Builtin_float-BH8TSRPG6J1WAF94R6BGWMCH7.pcm
SwiftExplicitDependencyGeneratePcm arm64 /Users/admin/builder/spi-builder-workspace/.derivedData/ModuleCache.noindex/_Builtin_stdbool-3NJZE36R00VOGM327EIZI9T3M.pcm
SwiftExplicitDependencyGeneratePcm arm64 /Users/admin/builder/spi-builder-workspace/.derivedData/ModuleCache.noindex/SwiftShims-CM405XN1ZNHPKWICE5AN3FQBL.pcm
SwiftExplicitDependencyGeneratePcm arm64_32 /Users/admin/builder/spi-builder-workspace/.derivedData/ModuleCache.noindex/_DarwinFoundation1-CO2PQHYUB6SXX1609DCI88KWW.pcm
SwiftExplicitDependencyGeneratePcm arm64 /Users/admin/builder/spi-builder-workspace/.derivedData/ModuleCache.noindex/_SwiftConcurrencyShims-3E06EU7FYQAWFLTZRBVU2RIGD.pcm
SwiftExplicitDependencyGeneratePcm arm64 /Users/admin/builder/spi-builder-workspace/.derivedData/ModuleCache.noindex/_Builtin_stdarg-41VMB7R3H5MIU0RJWRTVECF73.pcm
SwiftExplicitDependencyGeneratePcm arm64 /Users/admin/builder/spi-builder-workspace/.derivedData/ModuleCache.noindex/_DarwinFoundation1-62SI4S8RO7TETG2MCQSI4A3XV.pcm
SwiftExplicitDependencyGeneratePcm arm64_32 /Users/admin/builder/spi-builder-workspace/.derivedData/ModuleCache.noindex/_Builtin_limits-16SFP6KSMIWQ8B99YQSPO00CA.pcm
SwiftExplicitDependencyGeneratePcm arm64_32 /Users/admin/builder/spi-builder-workspace/.derivedData/ModuleCache.noindex/_DarwinFoundation2-6JM2KNJ9H81ZXHOMC1GP42DUU.pcm
SwiftExplicitDependencyGeneratePcm arm64 /Users/admin/builder/spi-builder-workspace/.derivedData/ModuleCache.noindex/_DarwinFoundation2-3OGFNC97XNG95QAEKS0YO8UBN.pcm
SwiftExplicitDependencyGeneratePcm arm64 /Users/admin/builder/spi-builder-workspace/.derivedData/ModuleCache.noindex/_Builtin_limits-9VZV7C5F1EZGAP8H0JA8WSO4Q.pcm
SwiftExplicitDependencyGeneratePcm arm64_32 /Users/admin/builder/spi-builder-workspace/.derivedData/ModuleCache.noindex/sys_types-6IGHFPLJZ2RML3741F56ZZ5ZT.pcm
SwiftExplicitDependencyGeneratePcm arm64_32 /Users/admin/builder/spi-builder-workspace/.derivedData/ModuleCache.noindex/_Builtin_stdint-3BQE5BZTYE88T0M371GAOOGVD.pcm
SwiftExplicitDependencyGeneratePcm arm64 /Users/admin/builder/spi-builder-workspace/.derivedData/ModuleCache.noindex/sys_types-PSIKW7TKZEXDG48ELPF5NJDG.pcm
SwiftExplicitDependencyGeneratePcm arm64 /Users/admin/builder/spi-builder-workspace/.derivedData/ModuleCache.noindex/_Builtin_stdint-8ZJTN8FQ97QD3ZI7LN5FDVJTO.pcm
SwiftExplicitDependencyGeneratePcm arm64_32 /Users/admin/builder/spi-builder-workspace/.derivedData/ModuleCache.noindex/_Builtin_stdatomic-3W6JDMBOEBP6R3JYYMJ31SK1F.pcm
SwiftExplicitDependencyGeneratePcm arm64_32 /Users/admin/builder/spi-builder-workspace/.derivedData/ModuleCache.noindex/_DarwinFoundation3-63S8DE4XS2Z7PX40IJT7E3C7Z.pcm
SwiftExplicitDependencyGeneratePcm arm64 /Users/admin/builder/spi-builder-workspace/.derivedData/ModuleCache.noindex/_Builtin_stdatomic-EA77U3GBBNTXVMUT5ZKSLJ5XS.pcm
SwiftExplicitDependencyGeneratePcm arm64 /Users/admin/builder/spi-builder-workspace/.derivedData/ModuleCache.noindex/_DarwinFoundation3-ILL00H0NKGBSR66IVDH0VQYU.pcm
SwiftExplicitDependencyGeneratePcm arm64_32 /Users/admin/builder/spi-builder-workspace/.derivedData/ModuleCache.noindex/_Builtin_inttypes-5P80S42MS2VPUGI7EDKPUDHF8.pcm
SwiftExplicitDependencyGeneratePcm arm64 /Users/admin/builder/spi-builder-workspace/.derivedData/ModuleCache.noindex/_Builtin_inttypes-897GQ8ARCL7XJYWFZ8GL6MRYP.pcm
SwiftExplicitDependencyGeneratePcm arm64_32 /Users/admin/builder/spi-builder-workspace/.derivedData/ModuleCache.noindex/Darwin-BG4OSZX6KQ5RMFPXQBYF68CTW.pcm
SwiftExplicitDependencyGeneratePcm arm64 /Users/admin/builder/spi-builder-workspace/.derivedData/ModuleCache.noindex/Darwin-1Q936C34TTHGDXQO7XAUROOJA.pcm
SwiftExplicitDependencyGeneratePcm arm64_32 /Users/admin/builder/spi-builder-workspace/.derivedData/ModuleCache.noindex/MachO-5J5IRFZSWTWZ7P6E2M1HE63MG.pcm
SwiftExplicitDependencyGeneratePcm arm64_32 /Users/admin/builder/spi-builder-workspace/.derivedData/ModuleCache.noindex/ObjectiveC-9KTD33TZNGA5QTXFI4KAPE371.pcm
SwiftExplicitDependencyGeneratePcm arm64 /Users/admin/builder/spi-builder-workspace/.derivedData/ModuleCache.noindex/ObjectiveC-37W1UNZNZ4YH6ABUCK6IEO2J9.pcm
SwiftExplicitDependencyGeneratePcm arm64 /Users/admin/builder/spi-builder-workspace/.derivedData/ModuleCache.noindex/MachO-4PZ1ATA3BLI5TYNHJEM11PRR4.pcm
SwiftExplicitDependencyGeneratePcm arm64_32 /Users/admin/builder/spi-builder-workspace/.derivedData/ModuleCache.noindex/os_object-ALRYPD0OHC28AP9369CHARNVP.pcm
SwiftExplicitDependencyGeneratePcm arm64 /Users/admin/builder/spi-builder-workspace/.derivedData/ModuleCache.noindex/os_object-DRZ7BVJZ2VFERICRWLPK5364U.pcm
SwiftExplicitDependencyGeneratePcm arm64_32 /Users/admin/builder/spi-builder-workspace/.derivedData/ModuleCache.noindex/os_workgroup-64SV4PY2RENI38K8AWXSNZGP4.pcm
SwiftExplicitDependencyGeneratePcm arm64 /Users/admin/builder/spi-builder-workspace/.derivedData/ModuleCache.noindex/os_workgroup-6BREPCR4VCHTN4PMBYLH980XX.pcm
SwiftExplicitDependencyGeneratePcm arm64_32 /Users/admin/builder/spi-builder-workspace/.derivedData/ModuleCache.noindex/Dispatch-7NPQOE4OBRBM1BEMDFSP6YJGX.pcm
SwiftExplicitDependencyGeneratePcm arm64_32 /Users/admin/builder/spi-builder-workspace/.derivedData/ModuleCache.noindex/os-4XOZQFWLBC5TEW0PACDBRYFX4.pcm
SwiftExplicitDependencyGeneratePcm arm64 /Users/admin/builder/spi-builder-workspace/.derivedData/ModuleCache.noindex/os-D1AKLO06GXAGTW0T0093HTPBV.pcm
SwiftExplicitDependencyGeneratePcm arm64 /Users/admin/builder/spi-builder-workspace/.derivedData/ModuleCache.noindex/Dispatch-66SS49U6CUEWDJTBRTD18XSDA.pcm
SwiftExplicitDependencyGeneratePcm arm64_32 /Users/admin/builder/spi-builder-workspace/.derivedData/ModuleCache.noindex/CoreFoundation-49QYZP0L3TRUW2BGG8XU46RE3.pcm
SwiftExplicitDependencyGeneratePcm arm64_32 /Users/admin/builder/spi-builder-workspace/.derivedData/ModuleCache.noindex/dnssd-6FM4WAR3DDWZ8WZCJGJ1RZZB9.pcm
SwiftExplicitDependencyGeneratePcm arm64 /Users/admin/builder/spi-builder-workspace/.derivedData/ModuleCache.noindex/dnssd-3R7GWXVYWOI7C81KV6UBRG2HD.pcm
SwiftExplicitDependencyGeneratePcm arm64 /Users/admin/builder/spi-builder-workspace/.derivedData/ModuleCache.noindex/CoreFoundation-2EP3F4MDNDOADDMLCKHDXDGO7.pcm
SwiftExplicitDependencyGeneratePcm arm64_32 /Users/admin/builder/spi-builder-workspace/.derivedData/ModuleCache.noindex/Security-ABA704VPND58UNN0MT65M6DVY.pcm
SwiftExplicitDependencyGeneratePcm arm64 /Users/admin/builder/spi-builder-workspace/.derivedData/ModuleCache.noindex/Security-B42SJFBK2DJZOYUQWKB0QYS6H.pcm
SwiftExplicitDependencyGeneratePcm arm64_32 /Users/admin/builder/spi-builder-workspace/.derivedData/ModuleCache.noindex/Foundation-B8L3FYSTPFSJBY5DQS91H0KA4.pcm
SwiftExplicitDependencyGeneratePcm arm64 /Users/admin/builder/spi-builder-workspace/.derivedData/ModuleCache.noindex/Foundation-BYKXZRWSAU4LR8PP2AQSPDYD3.pcm
SwiftExplicitDependencyGeneratePcm arm64_32 /Users/admin/builder/spi-builder-workspace/.derivedData/ModuleCache.noindex/Network-JYSFG97MMVGOF31CAJ2K9ED9.pcm
SwiftExplicitDependencyGeneratePcm arm64_32 /Users/admin/builder/spi-builder-workspace/.derivedData/ModuleCache.noindex/BackgroundTasks-6MT5CLPJTWH372FGMFHEP0I3H.pcm
SwiftExplicitDependencyGeneratePcm arm64 /Users/admin/builder/spi-builder-workspace/.derivedData/ModuleCache.noindex/Network-2XIAQRE6OT6HFI1Z6U5F9L621.pcm
SwiftExplicitDependencyGeneratePcm arm64 /Users/admin/builder/spi-builder-workspace/.derivedData/ModuleCache.noindex/BackgroundTasks-B6VBW9FC8U64D2OFUMG5O5ANK.pcm
SwiftCompile normal arm64_32 Compiling\ ExponentialRetryPolicy.swift,\ RetryPolicy.swift /Users/admin/builder/spi-builder-workspace/SwiftResilience/Retry/ExponentialRetryPolicy.swift /Users/admin/builder/spi-builder-workspace/SwiftResilience/Retry/RetryPolicy.swift (in target 'SwiftResilience' from project 'SwiftResilience')
SwiftCompile normal arm64_32 /Users/admin/builder/spi-builder-workspace/SwiftResilience/Retry/ExponentialRetryPolicy.swift (in target 'SwiftResilience' from project 'SwiftResilience')
cd /Users/admin/builder/spi-builder-workspace/.swiftpm/xcode
SwiftCompile normal arm64_32 /Users/admin/builder/spi-builder-workspace/SwiftResilience/Retry/RetryPolicy.swift (in target 'SwiftResilience' from project 'SwiftResilience')
cd /Users/admin/builder/spi-builder-workspace/.swiftpm/xcode
SwiftCompile normal arm64_32 Compiling\ OfflineQueueEngine.swift,\ QueueEntry.swift /Users/admin/builder/spi-builder-workspace/SwiftResilience/OfflineQueue/OfflineQueueEngine.swift /Users/admin/builder/spi-builder-workspace/SwiftResilience/OfflineQueue/QueueEntry.swift (in target 'SwiftResilience' from project 'SwiftResilience')
SwiftCompile normal arm64_32 /Users/admin/builder/spi-builder-workspace/SwiftResilience/OfflineQueue/OfflineQueueEngine.swift (in target 'SwiftResilience' from project 'SwiftResilience')
cd /Users/admin/builder/spi-builder-workspace/.swiftpm/xcode
SwiftCompile normal arm64_32 /Users/admin/builder/spi-builder-workspace/SwiftResilience/OfflineQueue/QueueEntry.swift (in target 'SwiftResilience' from project 'SwiftResilience')
cd /Users/admin/builder/spi-builder-workspace/.swiftpm/xcode
SwiftCompile normal arm64_32 Compiling\ RequestIdentity.swift,\ RequestEvent.swift /Users/admin/builder/spi-builder-workspace/SwiftResilience/Networking/RequestIdentity.swift /Users/admin/builder/spi-builder-workspace/SwiftResilience/Observability/RequestEvent.swift (in target 'SwiftResilience' from project 'SwiftResilience')
SwiftCompile normal arm64_32 /Users/admin/builder/spi-builder-workspace/SwiftResilience/Networking/RequestIdentity.swift (in target 'SwiftResilience' from project 'SwiftResilience')
cd /Users/admin/builder/spi-builder-workspace/.swiftpm/xcode
SwiftCompile normal arm64_32 /Users/admin/builder/spi-builder-workspace/SwiftResilience/Observability/RequestEvent.swift (in target 'SwiftResilience' from project 'SwiftResilience')
cd /Users/admin/builder/spi-builder-workspace/.swiftpm/xcode
SwiftCompile normal arm64_32 Compiling\ QueueableRequest.swift,\ ReachabilityMonitor.swift /Users/admin/builder/spi-builder-workspace/SwiftResilience/OfflineQueue/QueueableRequest.swift /Users/admin/builder/spi-builder-workspace/SwiftResilience/OfflineQueue/ReachabilityMonitor.swift (in target 'SwiftResilience' from project 'SwiftResilience')
SwiftCompile normal arm64_32 /Users/admin/builder/spi-builder-workspace/SwiftResilience/OfflineQueue/QueueableRequest.swift (in target 'SwiftResilience' from project 'SwiftResilience')
cd /Users/admin/builder/spi-builder-workspace/.swiftpm/xcode
SwiftCompile normal arm64_32 /Users/admin/builder/spi-builder-workspace/SwiftResilience/OfflineQueue/ReachabilityMonitor.swift (in target 'SwiftResilience' from project 'SwiftResilience')
cd /Users/admin/builder/spi-builder-workspace/.swiftpm/xcode
SwiftCompile normal arm64_32 Compiling\ NetworkRequest.swift,\ NetworkSession.swift /Users/admin/builder/spi-builder-workspace/SwiftResilience/Networking/NetworkRequest.swift /Users/admin/builder/spi-builder-workspace/SwiftResilience/Networking/NetworkSession.swift (in target 'SwiftResilience' from project 'SwiftResilience')
SwiftCompile normal arm64_32 /Users/admin/builder/spi-builder-workspace/SwiftResilience/Networking/NetworkRequest.swift (in target 'SwiftResilience' from project 'SwiftResilience')
cd /Users/admin/builder/spi-builder-workspace/.swiftpm/xcode
SwiftCompile normal arm64_32 /Users/admin/builder/spi-builder-workspace/SwiftResilience/Networking/NetworkSession.swift (in target 'SwiftResilience' from project 'SwiftResilience')
cd /Users/admin/builder/spi-builder-workspace/.swiftpm/xcode
SwiftCompile normal arm64_32 Compiling\ RequestMetricsCollector.swift,\ DiskQueueStore.swift /Users/admin/builder/spi-builder-workspace/SwiftResilience/Observability/RequestMetricsCollector.swift /Users/admin/builder/spi-builder-workspace/SwiftResilience/OfflineQueue/DiskQueueStore.swift (in target 'SwiftResilience' from project 'SwiftResilience')
SwiftCompile normal arm64_32 /Users/admin/builder/spi-builder-workspace/SwiftResilience/Observability/RequestMetricsCollector.swift (in target 'SwiftResilience' from project 'SwiftResilience')
cd /Users/admin/builder/spi-builder-workspace/.swiftpm/xcode
SwiftCompile normal arm64_32 /Users/admin/builder/spi-builder-workspace/SwiftResilience/OfflineQueue/DiskQueueStore.swift (in target 'SwiftResilience' from project 'SwiftResilience')
cd /Users/admin/builder/spi-builder-workspace/.swiftpm/xcode
SwiftEmitModule normal arm64_32 Emitting\ module\ for\ SwiftResilience (in target 'SwiftResilience' from project 'SwiftResilience')
Failed frontend command:
/Applications/Xcode-26.3.0.app/Contents/Developer/Toolchains/XcodeDefault.xctoolchain/usr/bin/swift-frontend -frontend -emit-module -experimental-skip-non-inlinable-function-bodies-without-types /Users/admin/builder/spi-builder-workspace/SwiftResilience/BackgroundQueue/BackgroundQueueDrainer.swift /Users/admin/builder/spi-builder-workspace/SwiftResilience/BackgroundQueue/BackgroundQueueProtocols.swift /Users/admin/builder/spi-builder-workspace/SwiftResilience/ConcurrencySafety/AuthenticatedRequestEngine.swift /Users/admin/builder/spi-builder-workspace/SwiftResilience/ConcurrencySafety/TokenProvider.swift /Users/admin/builder/spi-builder-workspace/SwiftResilience/ConcurrencySafety/TokenRefreshCoordinator.swift /Users/admin/builder/spi-builder-workspace/SwiftResilience/Networking/AsyncRequestEngine.swift /Users/admin/builder/spi-builder-workspace/SwiftResilience/Networking/HTTPMethod.swift /Users/admin/builder/spi-builder-workspace/SwiftResilience/Networking/NetworkError.swift /Users/admin/builder/spi-builder-workspace/SwiftResilience/Networking/NetworkRequest.swift /Users/admin/builder/spi-builder-workspace/SwiftResilience/Networking/NetworkSession.swift /Users/admin/builder/spi-builder-workspace/SwiftResilience/Networking/RequestIdentity.swift /Users/admin/builder/spi-builder-workspace/SwiftResilience/Observability/RequestEvent.swift /Users/admin/builder/spi-builder-workspace/SwiftResilience/Observability/RequestMetricsCollector.swift /Users/admin/builder/spi-builder-workspace/SwiftResilience/OfflineQueue/DiskQueueStore.swift /Users/admin/builder/spi-builder-workspace/SwiftResilience/OfflineQueue/OfflineQueueEngine.swift /Users/admin/builder/spi-builder-workspace/SwiftResilience/OfflineQueue/QueueEntry.swift /Users/admin/builder/spi-builder-workspace/SwiftResilience/OfflineQueue/QueueableRequest.swift /Users/admin/builder/spi-builder-workspace/SwiftResilience/OfflineQueue/ReachabilityMonitor.swift /Users/admin/builder/spi-builder-workspace/SwiftResilience/Retry/ExponentialRetryPolicy.swift /Users/admin/builder/spi-builder-workspace/SwiftResilience/Retry/RetryPolicy.swift -target arm64_32-apple-watchos9.0 -module-can-import-version BackgroundTasks 1.0.0 1.0.0 -load-resolved-plugin /Applications/Xcode-26.3.0.app/Contents/Developer/Platforms/WatchOS.platform/Developer/usr/lib/swift/host/plugins/libFoundationMacros.dylib\#/Applications/Xcode-26.3.0.app/Contents/Developer/Platforms/WatchOS.platform/Developer/usr/bin/swift-plugin-server\#FoundationMacros -load-resolved-plugin /Applications/Xcode-26.3.0.app/Contents/Developer/Platforms/WatchOS.platform/Developer/usr/lib/swift/host/plugins/libObservationMacros.dylib\#/Applications/Xcode-26.3.0.app/Contents/Developer/Platforms/WatchOS.platform/Developer/usr/bin/swift-plugin-server\#ObservationMacros -load-resolved-plugin /Applications/Xcode-26.3.0.app/Contents/Developer/Platforms/WatchOS.platform/Developer/usr/lib/swift/host/plugins/libSwiftMacros.dylib\#/Applications/Xcode-26.3.0.app/Contents/Developer/Platforms/WatchOS.platform/Developer/usr/bin/swift-plugin-server\#SwiftMacros -disable-implicit-swift-modules -Xcc -fno-implicit-modules -Xcc -fno-implicit-module-maps -explicit-swift-module-map-file /Users/admin/builder/spi-builder-workspace/.derivedData/Build/Intermediates.noindex/SwiftResilience.build/Debug-watchos/SwiftResilience.build/Objects-normal/arm64_32/SwiftResilience-dependencies-2.json -enable-objc-interop -sdk /Applications/Xcode-26.3.0.app/Contents/Developer/Platforms/WatchOS.platform/Developer/SDKs/WatchOS26.2.sdk -I /Users/admin/builder/spi-builder-workspace/.derivedData/Build/Products/Debug-watchos -Isystem /Applications/Xcode-26.3.0.app/Contents/Developer/Platforms/WatchOS.platform/Developer/usr/lib -F /Users/admin/builder/spi-builder-workspace/.derivedData/Build/Products/Debug-watchos -F /Applications/Xcode-26.3.0.app/Contents/Developer/Platforms/WatchOS.platform/Developer/Library/Frameworks -F /Applications/Xcode-26.3.0.app/Contents/Developer/Platforms/WatchOS.platform/Developer/SDKs/WatchOS26.2.sdk/Developer/Library/Frameworks -no-color-diagnostics -Xcc -fno-color-diagnostics -enable-testing -g -debug-info-format\=dwarf -dwarf-version\=4 -module-cache-path /Users/admin/builder/spi-builder-workspace/.derivedData/Build/Intermediates.noindex/SwiftExplicitPrecompiledModules -profile-generate -profile-coverage-mapping -swift-version 5 -enforce-exclusivity\=checked -Onone -D SWIFT_PACKAGE -D DEBUG -D SWIFT_MODULE_RESOURCE_BUNDLE_UNAVAILABLE -D Xcode -serialize-debugging-options -const-gather-protocols-file /Users/admin/builder/spi-builder-workspace/.derivedData/Build/Intermediates.noindex/SwiftResilience.build/Debug-watchos/SwiftResilience.build/Objects-normal/arm64_32/SwiftResilience_const_extract_protocols.json -enable-experimental-feature StrictConcurrency -enable-experimental-feature DebugDescriptionMacro -empty-abi-descriptor -validate-clang-modules-once -clang-build-session-file /Users/admin/builder/spi-builder-workspace/.derivedData/ModuleCache.noindex/Session.modulevalidation -Xcc -working-directory -Xcc /Users/admin/builder/spi-builder-workspace/.swiftpm/xcode -enable-anonymous-context-mangled-names -file-compilation-dir /Users/admin/builder/spi-builder-workspace/.swiftpm/xcode -Xcc -D_LIBCPP_HARDENING_MODE\=_LIBCPP_HARDENING_MODE_DEBUG -Xcc -ivfsstatcache -Xcc /Users/admin/builder/spi-builder-workspace/.derivedData/SDKStatCaches.noindex/watchos26.2-23S303-dc75598d0054f22ec865fa860f139d721753b489057de6bda919edfa1c59a62b.sdkstatcache -Xcc -I/Users/admin/builder/spi-builder-workspace/.derivedData/Build/Intermediates.noindex/SwiftResilience.build/Debug-watchos/SwiftResilience.build/swift-overrides.hmap -Xcc -I/Users/admin/builder/spi-builder-workspace/.derivedData/Build/Products/Debug-watchos/include -Xcc -I/Users/admin/builder/spi-builder-workspace/.derivedData/Build/Intermediates.noindex/SwiftResilience.build/Debug-watchos/SwiftResilience.build/DerivedSources-normal/arm64_32 -Xcc -I/Users/admin/builder/spi-builder-workspace/.derivedData/Build/Intermediates.noindex/SwiftResilience.build/Debug-watchos/SwiftResilience.build/DerivedSources/arm64_32 -Xcc -I/Users/admin/builder/spi-builder-workspace/.derivedData/Build/Intermediates.noindex/SwiftResilience.build/Debug-watchos/SwiftResilience.build/DerivedSources -Xcc -DSWIFT_PACKAGE -Xcc -DDEBUG\=1 -no-auto-bridging-header-chaining -module-name SwiftResilience -package-name spi_builder_workspace -frontend-parseable-output -disable-clang-spi -target-sdk-version 26.2 -target-sdk-name watchos26.2 -clang-target arm64_32-apple-watchos26.2 -in-process-plugin-server-path /Applications/Xcode-26.3.0.app/Contents/Developer/Toolchains/XcodeDefault.xctoolchain/usr/lib/swift/host/libSwiftInProcPluginServer.dylib -emit-module-doc-path /Users/admin/builder/spi-builder-workspace/.derivedData/Build/Intermediates.noindex/SwiftResilience.build/Debug-watchos/SwiftResilience.build/Objects-normal/arm64_32/SwiftResilience.swiftdoc -emit-module-source-info-path /Users/admin/builder/spi-builder-workspace/.derivedData/Build/Intermediates.noindex/SwiftResilience.build/Debug-watchos/SwiftResilience.build/Objects-normal/arm64_32/SwiftResilience.swiftsourceinfo -emit-objc-header-path /Users/admin/builder/spi-builder-workspace/.derivedData/Build/Intermediates.noindex/SwiftResilience.build/Debug-watchos/SwiftResilience.build/Objects-normal/arm64_32/SwiftResilience-Swift.h -serialize-diagnostics-path /Users/admin/builder/spi-builder-workspace/.derivedData/Build/Intermediates.noindex/SwiftResilience.build/Debug-watchos/SwiftResilience.build/Objects-normal/arm64_32/SwiftResilience-primary-emit-module.dia -emit-dependencies-path /Users/admin/builder/spi-builder-workspace/.derivedData/Build/Intermediates.noindex/SwiftResilience.build/Debug-watchos/SwiftResilience.build/Objects-normal/arm64_32/SwiftResilience-primary-emit-module.d -o /Users/admin/builder/spi-builder-workspace/.derivedData/Build/Intermediates.noindex/SwiftResilience.build/Debug-watchos/SwiftResilience.build/Objects-normal/arm64_32/SwiftResilience.swiftmodule -emit-abi-descriptor-path /Users/admin/builder/spi-builder-workspace/.derivedData/Build/Intermediates.noindex/SwiftResilience.build/Debug-watchos/SwiftResilience.build/Objects-normal/arm64_32/SwiftResilience.abi.json
EmitSwiftModule normal arm64_32 (in target 'SwiftResilience' from project 'SwiftResilience')
cd /Users/admin/builder/spi-builder-workspace/.swiftpm/xcode
/Users/admin/builder/spi-builder-workspace/SwiftResilience/BackgroundQueue/BackgroundQueueProtocols.swift:45:11: error: 'BGTask' is unavailable in watchOS
extension BGTask: BackgroundTaskHandling {}
^~~~~~
/Applications/Xcode-26.3.0.app/Contents/Developer/Platforms/WatchOS.platform/Developer/SDKs/WatchOS26.2.sdk/System/Library/Frameworks/BackgroundTasks.framework/Headers/BGTask.h:17:12: note: 'BGTask' has been explicitly marked unavailable here
@interface BGTask : NSObject
^
/Users/admin/builder/spi-builder-workspace/SwiftResilience/BackgroundQueue/BackgroundQueueProtocols.swift:98:32: error: 'BGTaskRequest' is unavailable in watchOS
func submit(_ taskRequest: BGTaskRequest) throws
^~~~~~~~~~~~~
/Applications/Xcode-26.3.0.app/Contents/Developer/Platforms/WatchOS.platform/Developer/SDKs/WatchOS26.2.sdk/System/Library/Frameworks/BackgroundTasks.framework/Headers/BGTaskRequest.h:16:12: note: 'BGTaskRequest' has been explicitly marked unavailable here
@interface BGTaskRequest : NSObject <NSCopying>
^
/Users/admin/builder/spi-builder-workspace/SwiftResilience/BackgroundQueue/BackgroundQueueProtocols.swift:121:23: warning: static property 'shared' is not concurrency-safe because non-'Sendable' type 'SystemBackgroundTaskScheduler' may have shared mutable state; this is an error in the Swift 6 language mode
public static let shared = SystemBackgroundTaskScheduler()
^
/Users/admin/builder/spi-builder-workspace/SwiftResilience/BackgroundQueue/BackgroundQueueProtocols.swift:118:20: note: class 'SystemBackgroundTaskScheduler' does not conform to the 'Sendable' protocol
public final class SystemBackgroundTaskScheduler: BackgroundTaskScheduling {
^
/Users/admin/builder/spi-builder-workspace/SwiftResilience/BackgroundQueue/BackgroundQueueProtocols.swift:121:23: note: add '@MainActor' to make static property 'shared' part of global actor 'MainActor'
public static let shared = SystemBackgroundTaskScheduler()
^
@MainActor
/Users/admin/builder/spi-builder-workspace/SwiftResilience/BackgroundQueue/BackgroundQueueProtocols.swift:121:23: note: disable concurrency-safety checks if accesses are protected by an external synchronization mechanism
public static let shared = SystemBackgroundTaskScheduler()
^
nonisolated(unsafe)
/Users/admin/builder/spi-builder-workspace/SwiftResilience/BackgroundQueue/BackgroundQueueProtocols.swift:141:39: error: 'BGTaskRequest' is unavailable in watchOS
public func submit(_ taskRequest: BGTaskRequest) throws {
^~~~~~~~~~~~~
/Applications/Xcode-26.3.0.app/Contents/Developer/Platforms/WatchOS.platform/Developer/SDKs/WatchOS26.2.sdk/System/Library/Frameworks/BackgroundTasks.framework/Headers/BGTaskRequest.h:16:12: note: 'BGTaskRequest' has been explicitly marked unavailable here
@interface BGTaskRequest : NSObject <NSCopying>
^
SwiftCompile normal arm64_32 Compiling\ AuthenticatedRequestEngine.swift,\ TokenProvider.swift /Users/admin/builder/spi-builder-workspace/SwiftResilience/ConcurrencySafety/AuthenticatedRequestEngine.swift /Users/admin/builder/spi-builder-workspace/SwiftResilience/ConcurrencySafety/TokenProvider.swift (in target 'SwiftResilience' from project 'SwiftResilience')
SwiftCompile normal arm64_32 /Users/admin/builder/spi-builder-workspace/SwiftResilience/ConcurrencySafety/AuthenticatedRequestEngine.swift (in target 'SwiftResilience' from project 'SwiftResilience')
cd /Users/admin/builder/spi-builder-workspace/.swiftpm/xcode
SwiftCompile normal arm64_32 /Users/admin/builder/spi-builder-workspace/SwiftResilience/ConcurrencySafety/TokenProvider.swift (in target 'SwiftResilience' from project 'SwiftResilience')
cd /Users/admin/builder/spi-builder-workspace/.swiftpm/xcode
SwiftCompile normal arm64_32 Compiling\ TokenRefreshCoordinator.swift,\ AsyncRequestEngine.swift /Users/admin/builder/spi-builder-workspace/SwiftResilience/ConcurrencySafety/TokenRefreshCoordinator.swift /Users/admin/builder/spi-builder-workspace/SwiftResilience/Networking/AsyncRequestEngine.swift (in target 'SwiftResilience' from project 'SwiftResilience')
SwiftCompile normal arm64_32 /Users/admin/builder/spi-builder-workspace/SwiftResilience/ConcurrencySafety/TokenRefreshCoordinator.swift (in target 'SwiftResilience' from project 'SwiftResilience')
cd /Users/admin/builder/spi-builder-workspace/.swiftpm/xcode
SwiftCompile normal arm64_32 /Users/admin/builder/spi-builder-workspace/SwiftResilience/Networking/AsyncRequestEngine.swift (in target 'SwiftResilience' from project 'SwiftResilience')
cd /Users/admin/builder/spi-builder-workspace/.swiftpm/xcode
SwiftCompile normal arm64_32 Compiling\ HTTPMethod.swift,\ NetworkError.swift /Users/admin/builder/spi-builder-workspace/SwiftResilience/Networking/HTTPMethod.swift /Users/admin/builder/spi-builder-workspace/SwiftResilience/Networking/NetworkError.swift (in target 'SwiftResilience' from project 'SwiftResilience')
SwiftCompile normal arm64_32 /Users/admin/builder/spi-builder-workspace/SwiftResilience/Networking/HTTPMethod.swift (in target 'SwiftResilience' from project 'SwiftResilience')
cd /Users/admin/builder/spi-builder-workspace/.swiftpm/xcode
SwiftCompile normal arm64_32 /Users/admin/builder/spi-builder-workspace/SwiftResilience/Networking/NetworkError.swift (in target 'SwiftResilience' from project 'SwiftResilience')
cd /Users/admin/builder/spi-builder-workspace/.swiftpm/xcode
SwiftEmitModule normal arm64 Emitting\ module\ for\ SwiftResilience (in target 'SwiftResilience' from project 'SwiftResilience')
2026-09-30 06:01:21.679 xcodebuild[678:4298] [MT] IDERunDestination: Supported platforms for the buildables in the current scheme is empty.
** BUILD FAILED **
The following build commands failed:
SwiftEmitModule normal arm64_32 Emitting\ module\ for\ SwiftResilience (in target 'SwiftResilience' from project 'SwiftResilience')
EmitSwiftModule normal arm64_32 (in target 'SwiftResilience' from project 'SwiftResilience')
Building workspace spi-builder-workspace with scheme SwiftResilience
(3 failures)
Command line invocation:
/Applications/Xcode-26.3.0.app/Contents/Developer/usr/bin/xcodebuild -IDEClonedSourcePackagesDirPathOverride=/Users/admin/builder/spi-builder-workspace/.dependencies -resolvePackageDependencies
Resolve Package Graph
Resolved source packages:
SwiftResilience: /Users/admin/builder/spi-builder-workspace
resolved source packages: SwiftResilience
2026-09-30 06:01:27.736 xcodebuild[764:4676] [MT] IDERunDestination: Supported platforms for the buildables in the current scheme is empty.
{
"dependencies" : [
],
"manifest_display_name" : "SwiftResilience",
"name" : "SwiftResilience",
"path" : "/Users/admin/builder/spi-builder-workspace",
"platforms" : [
{
"name" : "ios",
"version" : "16.0"
},
{
"name" : "macos",
"version" : "13.0"
}
],
"products" : [
{
"name" : "SwiftResilience",
"targets" : [
"SwiftResilience"
],
"type" : {
"library" : [
"automatic"
]
}
}
],
"targets" : [
{
"c99name" : "SwiftResilienceTests",
"module_type" : "SwiftTarget",
"name" : "SwiftResilienceTests",
"path" : "SwiftResilienceTests",
"sources" : [
"BackgroundQueue/BackgroundQueueDrainerTests.swift",
"ConcurrencySafety/AuthenticatedRequestEngineTests.swift",
"ConcurrencySafety/TokenRefreshCoordinatorTests.swift",
"ExponentialRetryPolicyTests.swift",
"Networking/AsyncRequestEngineTests.swift",
"Observability/ObservabilityTests.swift",
"OfflineQueue/DiskQueueStoreTests.swift",
"OfflineQueue/OfflineQueueEngineTests.swift",
"OfflineQueue/QueueEntryTests.swift",
"OfflineQueue/QueueableRequestTests.swift",
"OfflineQueue/ReachabilityMonitorTests.swift",
"SwiftResilienceTests.swift"
],
"target_dependencies" : [
"SwiftResilience"
],
"type" : "test"
},
{
"c99name" : "SwiftResilience",
"module_type" : "SwiftTarget",
"name" : "SwiftResilience",
"path" : "SwiftResilience",
"product_memberships" : [
"SwiftResilience"
],
"sources" : [
"BackgroundQueue/BackgroundQueueDrainer.swift",
"BackgroundQueue/BackgroundQueueProtocols.swift",
"ConcurrencySafety/AuthenticatedRequestEngine.swift",
"ConcurrencySafety/TokenProvider.swift",
"ConcurrencySafety/TokenRefreshCoordinator.swift",
"Networking/AsyncRequestEngine.swift",
"Networking/HTTPMethod.swift",
"Networking/NetworkError.swift",
"Networking/NetworkRequest.swift",
"Networking/NetworkSession.swift",
"Networking/RequestIdentity.swift",
"Observability/RequestEvent.swift",
"Observability/RequestMetricsCollector.swift",
"OfflineQueue/DiskQueueStore.swift",
"OfflineQueue/OfflineQueueEngine.swift",
"OfflineQueue/QueueEntry.swift",
"OfflineQueue/QueueableRequest.swift",
"OfflineQueue/ReachabilityMonitor.swift",
"Retry/ExponentialRetryPolicy.swift",
"Retry/RetryPolicy.swift"
],
"type" : "library"
}
],
"tools_version" : "5.9"
}
{
"workspace" : {
"name" : "spi-builder-workspace",
"schemes" : [
"SwiftResilience"
]
}
}
2026-09-30 06:01:28.901 xcodebuild[772:4748] [MT] IDERunDestination: Supported platforms for the buildables in the current scheme is empty.
Running build ...
env DEVELOPER_DIR=/Applications/Xcode-26.3.0.app xcrun xcodebuild -IDEClonedSourcePackagesDirPathOverride=$PWD/.dependencies -skipMacroValidation -skipPackagePluginValidation -derivedDataPath $PWD/.derivedData build -scheme SwiftResilience -destination generic/platform=watchOS
Command line invocation:
/Applications/Xcode-26.3.0.app/Contents/Developer/usr/bin/xcodebuild -IDEClonedSourcePackagesDirPathOverride=/Users/admin/builder/spi-builder-workspace/.dependencies -skipMacroValidation -skipPackagePluginValidation -derivedDataPath /Users/admin/builder/spi-builder-workspace/.derivedData build -scheme SwiftResilience -destination generic/platform=watchOS
Resolve Package Graph
Resolved source packages:
SwiftResilience: /Users/admin/builder/spi-builder-workspace
ComputePackagePrebuildTargetDependencyGraph
Prepare packages
CreateBuildRequest
SendProjectDescription
CreateBuildOperation
ComputeTargetDependencyGraph
note: Building targets in dependency order
note: Target dependency graph (2 targets)
Target 'SwiftResilience' in project 'SwiftResilience'
➜ Explicit dependency on target 'SwiftResilience' in project 'SwiftResilience'
Target 'SwiftResilience' in project 'SwiftResilience' (no dependencies)
GatherProvisioningInputs
CreateBuildDescription
ClangStatCache /Applications/Xcode-26.3.0.app/Contents/Developer/Toolchains/XcodeDefault.xctoolchain/usr/bin/clang-stat-cache /Applications/Xcode-26.3.0.app/Contents/Developer/Platforms/WatchOS.platform/Developer/SDKs/WatchOS26.2.sdk /Users/admin/builder/spi-builder-workspace/.derivedData/SDKStatCaches.noindex/watchos26.2-23S303-dc75598d0054f22ec865fa860f139d721753b489057de6bda919edfa1c59a62b.sdkstatcache
cd /Users/admin/builder/spi-builder-workspace/.swiftpm/xcode
/Applications/Xcode-26.3.0.app/Contents/Developer/Toolchains/XcodeDefault.xctoolchain/usr/bin/clang-stat-cache /Applications/Xcode-26.3.0.app/Contents/Developer/Platforms/WatchOS.platform/Developer/SDKs/WatchOS26.2.sdk -o /Users/admin/builder/spi-builder-workspace/.derivedData/SDKStatCaches.noindex/watchos26.2-23S303-dc75598d0054f22ec865fa860f139d721753b489057de6bda919edfa1c59a62b.sdkstatcache
SwiftDriver SwiftResilience normal arm64_32 com.apple.xcode.tools.swift.compiler (in target 'SwiftResilience' from project 'SwiftResilience')
cd /Users/admin/builder/spi-builder-workspace/.swiftpm/xcode
builtin-SwiftDriver -- /Applications/Xcode-26.3.0.app/Contents/Developer/Toolchains/XcodeDefault.xctoolchain/usr/bin/swiftc -module-name SwiftResilience -Onone -enforce-exclusivity\=checked @/Users/admin/builder/spi-builder-workspace/.derivedData/Build/Intermediates.noindex/SwiftResilience.build/Debug-watchos/SwiftResilience.build/Objects-normal/arm64_32/SwiftResilience.SwiftFileList -DSWIFT_PACKAGE -DDEBUG -DSWIFT_MODULE_RESOURCE_BUNDLE_UNAVAILABLE -DXcode -enable-experimental-feature StrictConcurrency -plugin-path /Applications/Xcode-26.3.0.app/Contents/Developer/Toolchains/XcodeDefault.xctoolchain/usr/lib/swift/host/plugins/testing -enable-experimental-feature DebugDescriptionMacro -sdk /Applications/Xcode-26.3.0.app/Contents/Developer/Platforms/WatchOS.platform/Developer/SDKs/WatchOS26.2.sdk -target arm64_32-apple-watchos9.0 -g -module-cache-path /Users/admin/builder/spi-builder-workspace/.derivedData/ModuleCache.noindex -Xfrontend -serialize-debugging-options -profile-coverage-mapping -profile-generate -enable-testing -index-store-path /Users/admin/builder/spi-builder-workspace/.derivedData/Index.noindex/DataStore -Xcc -D_LIBCPP_HARDENING_MODE\=_LIBCPP_HARDENING_MODE_DEBUG -swift-version 5 -I /Users/admin/builder/spi-builder-workspace/.derivedData/Build/Products/Debug-watchos -Isystem /Applications/Xcode-26.3.0.app/Contents/Developer/Platforms/WatchOS.platform/Developer/usr/lib -F /Users/admin/builder/spi-builder-workspace/.derivedData/Build/Products/Debug-watchos -F /Applications/Xcode-26.3.0.app/Contents/Developer/Platforms/WatchOS.platform/Developer/Library/Frameworks -F /Applications/Xcode-26.3.0.app/Contents/Developer/Platforms/WatchOS.platform/Developer/SDKs/WatchOS26.2.sdk/Developer/Library/Frameworks -c -j10 -enable-batch-mode -incremental -Xcc -ivfsstatcache -Xcc /Users/admin/builder/spi-builder-workspace/.derivedData/SDKStatCaches.noindex/watchos26.2-23S303-dc75598d0054f22ec865fa860f139d721753b489057de6bda919edfa1c59a62b.sdkstatcache -output-file-map /Users/admin/builder/spi-builder-workspace/.derivedData/Build/Intermediates.noindex/SwiftResilience.build/Debug-watchos/SwiftResilience.build/Objects-normal/arm64_32/SwiftResilience-OutputFileMap.json -use-frontend-parseable-output -save-temps -no-color-diagnostics -explicit-module-build -module-cache-path /Users/admin/builder/spi-builder-workspace/.derivedData/Build/Intermediates.noindex/SwiftExplicitPrecompiledModules -clang-scanner-module-cache-path /Users/admin/builder/spi-builder-workspace/.derivedData/ModuleCache.noindex -sdk-module-cache-path /Users/admin/builder/spi-builder-workspace/.derivedData/ModuleCache.noindex -serialize-diagnostics -emit-dependencies -emit-module -emit-module-path /Users/admin/builder/spi-builder-workspace/.derivedData/Build/Intermediates.noindex/SwiftResilience.build/Debug-watchos/SwiftResilience.build/Objects-normal/arm64_32/SwiftResilience.swiftmodule -validate-clang-modules-once -clang-build-session-file /Users/admin/builder/spi-builder-workspace/.derivedData/ModuleCache.noindex/Session.modulevalidation -package-name spi_builder_workspace -Xcc -I/Users/admin/builder/spi-builder-workspace/.derivedData/Build/Intermediates.noindex/SwiftResilience.build/Debug-watchos/SwiftResilience.build/swift-overrides.hmap -emit-const-values -Xfrontend -const-gather-protocols-file -Xfrontend /Users/admin/builder/spi-builder-workspace/.derivedData/Build/Intermediates.noindex/SwiftResilience.build/Debug-watchos/SwiftResilience.build/Objects-normal/arm64_32/SwiftResilience_const_extract_protocols.json -Xcc -I/Users/admin/builder/spi-builder-workspace/.derivedData/Build/Products/Debug-watchos/include -Xcc -I/Users/admin/builder/spi-builder-workspace/.derivedData/Build/Intermediates.noindex/SwiftResilience.build/Debug-watchos/SwiftResilience.build/DerivedSources-normal/arm64_32 -Xcc -I/Users/admin/builder/spi-builder-workspace/.derivedData/Build/Intermediates.noindex/SwiftResilience.build/Debug-watchos/SwiftResilience.build/DerivedSources/arm64_32 -Xcc -I/Users/admin/builder/spi-builder-workspace/.derivedData/Build/Intermediates.noindex/SwiftResilience.build/Debug-watchos/SwiftResilience.build/DerivedSources -Xcc -DSWIFT_PACKAGE -Xcc -DDEBUG\=1 -emit-objc-header -emit-objc-header-path /Users/admin/builder/spi-builder-workspace/.derivedData/Build/Intermediates.noindex/SwiftResilience.build/Debug-watchos/SwiftResilience.build/Objects-normal/arm64_32/SwiftResilience-Swift.h -working-directory /Users/admin/builder/spi-builder-workspace/.swiftpm/xcode -experimental-emit-module-separately -disable-cmo
SwiftDriver SwiftResilience normal arm64 com.apple.xcode.tools.swift.compiler (in target 'SwiftResilience' from project 'SwiftResilience')
cd /Users/admin/builder/spi-builder-workspace/.swiftpm/xcode
builtin-SwiftDriver -- /Applications/Xcode-26.3.0.app/Contents/Developer/Toolchains/XcodeDefault.xctoolchain/usr/bin/swiftc -module-name SwiftResilience -Onone -enforce-exclusivity\=checked @/Users/admin/builder/spi-builder-workspace/.derivedData/Build/Intermediates.noindex/SwiftResilience.build/Debug-watchos/SwiftResilience.build/Objects-normal/arm64/SwiftResilience.SwiftFileList -DSWIFT_PACKAGE -DDEBUG -DSWIFT_MODULE_RESOURCE_BUNDLE_UNAVAILABLE -DXcode -enable-experimental-feature StrictConcurrency -plugin-path /Applications/Xcode-26.3.0.app/Contents/Developer/Toolchains/XcodeDefault.xctoolchain/usr/lib/swift/host/plugins/testing -enable-experimental-feature DebugDescriptionMacro -sdk /Applications/Xcode-26.3.0.app/Contents/Developer/Platforms/WatchOS.platform/Developer/SDKs/WatchOS26.2.sdk -target arm64-apple-watchos9.0 -g -module-cache-path /Users/admin/builder/spi-builder-workspace/.derivedData/ModuleCache.noindex -Xfrontend -serialize-debugging-options -profile-coverage-mapping -profile-generate -enable-testing -index-store-path /Users/admin/builder/spi-builder-workspace/.derivedData/Index.noindex/DataStore -Xcc -D_LIBCPP_HARDENING_MODE\=_LIBCPP_HARDENING_MODE_DEBUG -swift-version 5 -I /Users/admin/builder/spi-builder-workspace/.derivedData/Build/Products/Debug-watchos -Isystem /Applications/Xcode-26.3.0.app/Contents/Developer/Platforms/WatchOS.platform/Developer/usr/lib -F /Users/admin/builder/spi-builder-workspace/.derivedData/Build/Products/Debug-watchos -F /Applications/Xcode-26.3.0.app/Contents/Developer/Platforms/WatchOS.platform/Developer/Library/Frameworks -F /Applications/Xcode-26.3.0.app/Contents/Developer/Platforms/WatchOS.platform/Developer/SDKs/WatchOS26.2.sdk/Developer/Library/Frameworks -c -j10 -enable-batch-mode -incremental -Xcc -ivfsstatcache -Xcc /Users/admin/builder/spi-builder-workspace/.derivedData/SDKStatCaches.noindex/watchos26.2-23S303-dc75598d0054f22ec865fa860f139d721753b489057de6bda919edfa1c59a62b.sdkstatcache -output-file-map /Users/admin/builder/spi-builder-workspace/.derivedData/Build/Intermediates.noindex/SwiftResilience.build/Debug-watchos/SwiftResilience.build/Objects-normal/arm64/SwiftResilience-OutputFileMap.json -use-frontend-parseable-output -save-temps -no-color-diagnostics -explicit-module-build -module-cache-path /Users/admin/builder/spi-builder-workspace/.derivedData/Build/Intermediates.noindex/SwiftExplicitPrecompiledModules -clang-scanner-module-cache-path /Users/admin/builder/spi-builder-workspace/.derivedData/ModuleCache.noindex -sdk-module-cache-path /Users/admin/builder/spi-builder-workspace/.derivedData/ModuleCache.noindex -serialize-diagnostics -emit-dependencies -emit-module -emit-module-path /Users/admin/builder/spi-builder-workspace/.derivedData/Build/Intermediates.noindex/SwiftResilience.build/Debug-watchos/SwiftResilience.build/Objects-normal/arm64/SwiftResilience.swiftmodule -validate-clang-modules-once -clang-build-session-file /Users/admin/builder/spi-builder-workspace/.derivedData/ModuleCache.noindex/Session.modulevalidation -package-name spi_builder_workspace -Xcc -I/Users/admin/builder/spi-builder-workspace/.derivedData/Build/Intermediates.noindex/SwiftResilience.build/Debug-watchos/SwiftResilience.build/swift-overrides.hmap -emit-const-values -Xfrontend -const-gather-protocols-file -Xfrontend /Users/admin/builder/spi-builder-workspace/.derivedData/Build/Intermediates.noindex/SwiftResilience.build/Debug-watchos/SwiftResilience.build/Objects-normal/arm64/SwiftResilience_const_extract_protocols.json -Xcc -I/Users/admin/builder/spi-builder-workspace/.derivedData/Build/Products/Debug-watchos/include -Xcc -I/Users/admin/builder/spi-builder-workspace/.derivedData/Build/Intermediates.noindex/SwiftResilience.build/Debug-watchos/SwiftResilience.build/DerivedSources-normal/arm64 -Xcc -I/Users/admin/builder/spi-builder-workspace/.derivedData/Build/Intermediates.noindex/SwiftResilience.build/Debug-watchos/SwiftResilience.build/DerivedSources/arm64 -Xcc -I/Users/admin/builder/spi-builder-workspace/.derivedData/Build/Intermediates.noindex/SwiftResilience.build/Debug-watchos/SwiftResilience.build/DerivedSources -Xcc -DSWIFT_PACKAGE -Xcc -DDEBUG\=1 -emit-objc-header -emit-objc-header-path /Users/admin/builder/spi-builder-workspace/.derivedData/Build/Intermediates.noindex/SwiftResilience.build/Debug-watchos/SwiftResilience.build/Objects-normal/arm64/SwiftResilience-Swift.h -working-directory /Users/admin/builder/spi-builder-workspace/.swiftpm/xcode -experimental-emit-module-separately -disable-cmo
SwiftCompile normal arm64 Compiling\ HTTPMethod.swift,\ NetworkError.swift /Users/admin/builder/spi-builder-workspace/SwiftResilience/Networking/HTTPMethod.swift /Users/admin/builder/spi-builder-workspace/SwiftResilience/Networking/NetworkError.swift (in target 'SwiftResilience' from project 'SwiftResilience')
SwiftCompile normal arm64 /Users/admin/builder/spi-builder-workspace/SwiftResilience/Networking/HTTPMethod.swift (in target 'SwiftResilience' from project 'SwiftResilience')
cd /Users/admin/builder/spi-builder-workspace/.swiftpm/xcode
SwiftCompile normal arm64 /Users/admin/builder/spi-builder-workspace/SwiftResilience/Networking/NetworkError.swift (in target 'SwiftResilience' from project 'SwiftResilience')
cd /Users/admin/builder/spi-builder-workspace/.swiftpm/xcode
SwiftCompile normal arm64 Compiling\ NetworkRequest.swift,\ NetworkSession.swift /Users/admin/builder/spi-builder-workspace/SwiftResilience/Networking/NetworkRequest.swift /Users/admin/builder/spi-builder-workspace/SwiftResilience/Networking/NetworkSession.swift (in target 'SwiftResilience' from project 'SwiftResilience')
SwiftCompile normal arm64 /Users/admin/builder/spi-builder-workspace/SwiftResilience/Networking/NetworkRequest.swift (in target 'SwiftResilience' from project 'SwiftResilience')
cd /Users/admin/builder/spi-builder-workspace/.swiftpm/xcode
SwiftCompile normal arm64 /Users/admin/builder/spi-builder-workspace/SwiftResilience/Networking/NetworkSession.swift (in target 'SwiftResilience' from project 'SwiftResilience')
cd /Users/admin/builder/spi-builder-workspace/.swiftpm/xcode
SwiftCompile normal arm64 Compiling\ BackgroundQueueDrainer.swift,\ BackgroundQueueProtocols.swift /Users/admin/builder/spi-builder-workspace/SwiftResilience/BackgroundQueue/BackgroundQueueDrainer.swift /Users/admin/builder/spi-builder-workspace/SwiftResilience/BackgroundQueue/BackgroundQueueProtocols.swift (in target 'SwiftResilience' from project 'SwiftResilience')
SwiftCompile normal arm64 /Users/admin/builder/spi-builder-workspace/SwiftResilience/BackgroundQueue/BackgroundQueueDrainer.swift (in target 'SwiftResilience' from project 'SwiftResilience')
cd /Users/admin/builder/spi-builder-workspace/.swiftpm/xcode
SwiftCompile normal arm64 /Users/admin/builder/spi-builder-workspace/SwiftResilience/BackgroundQueue/BackgroundQueueProtocols.swift (in target 'SwiftResilience' from project 'SwiftResilience')
cd /Users/admin/builder/spi-builder-workspace/.swiftpm/xcode
SwiftEmitModule normal arm64 Emitting\ module\ for\ SwiftResilience (in target 'SwiftResilience' from project 'SwiftResilience')
Failed frontend command:
/Applications/Xcode-26.3.0.app/Contents/Developer/Toolchains/XcodeDefault.xctoolchain/usr/bin/swift-frontend -frontend -emit-module -experimental-skip-non-inlinable-function-bodies-without-types /Users/admin/builder/spi-builder-workspace/SwiftResilience/BackgroundQueue/BackgroundQueueDrainer.swift /Users/admin/builder/spi-builder-workspace/SwiftResilience/BackgroundQueue/BackgroundQueueProtocols.swift /Users/admin/builder/spi-builder-workspace/SwiftResilience/ConcurrencySafety/AuthenticatedRequestEngine.swift /Users/admin/builder/spi-builder-workspace/SwiftResilience/ConcurrencySafety/TokenProvider.swift /Users/admin/builder/spi-builder-workspace/SwiftResilience/ConcurrencySafety/TokenRefreshCoordinator.swift /Users/admin/builder/spi-builder-workspace/SwiftResilience/Networking/AsyncRequestEngine.swift /Users/admin/builder/spi-builder-workspace/SwiftResilience/Networking/HTTPMethod.swift /Users/admin/builder/spi-builder-workspace/SwiftResilience/Networking/NetworkError.swift /Users/admin/builder/spi-builder-workspace/SwiftResilience/Networking/NetworkRequest.swift /Users/admin/builder/spi-builder-workspace/SwiftResilience/Networking/NetworkSession.swift /Users/admin/builder/spi-builder-workspace/SwiftResilience/Networking/RequestIdentity.swift /Users/admin/builder/spi-builder-workspace/SwiftResilience/Observability/RequestEvent.swift /Users/admin/builder/spi-builder-workspace/SwiftResilience/Observability/RequestMetricsCollector.swift /Users/admin/builder/spi-builder-workspace/SwiftResilience/OfflineQueue/DiskQueueStore.swift /Users/admin/builder/spi-builder-workspace/SwiftResilience/OfflineQueue/OfflineQueueEngine.swift /Users/admin/builder/spi-builder-workspace/SwiftResilience/OfflineQueue/QueueEntry.swift /Users/admin/builder/spi-builder-workspace/SwiftResilience/OfflineQueue/QueueableRequest.swift /Users/admin/builder/spi-builder-workspace/SwiftResilience/OfflineQueue/ReachabilityMonitor.swift /Users/admin/builder/spi-builder-workspace/SwiftResilience/Retry/ExponentialRetryPolicy.swift /Users/admin/builder/spi-builder-workspace/SwiftResilience/Retry/RetryPolicy.swift -target arm64-apple-watchos9.0 -module-can-import-version BackgroundTasks 1.0.0 1.0.0 -load-resolved-plugin /Applications/Xcode-26.3.0.app/Contents/Developer/Platforms/WatchOS.platform/Developer/usr/lib/swift/host/plugins/libFoundationMacros.dylib\#/Applications/Xcode-26.3.0.app/Contents/Developer/Platforms/WatchOS.platform/Developer/usr/bin/swift-plugin-server\#FoundationMacros -load-resolved-plugin /Applications/Xcode-26.3.0.app/Contents/Developer/Platforms/WatchOS.platform/Developer/usr/lib/swift/host/plugins/libObservationMacros.dylib\#/Applications/Xcode-26.3.0.app/Contents/Developer/Platforms/WatchOS.platform/Developer/usr/bin/swift-plugin-server\#ObservationMacros -load-resolved-plugin /Applications/Xcode-26.3.0.app/Contents/Developer/Platforms/WatchOS.platform/Developer/usr/lib/swift/host/plugins/libSwiftMacros.dylib\#/Applications/Xcode-26.3.0.app/Contents/Developer/Platforms/WatchOS.platform/Developer/usr/bin/swift-plugin-server\#SwiftMacros -disable-implicit-swift-modules -Xcc -fno-implicit-modules -Xcc -fno-implicit-module-maps -explicit-swift-module-map-file /Users/admin/builder/spi-builder-workspace/.derivedData/Build/Intermediates.noindex/SwiftResilience.build/Debug-watchos/SwiftResilience.build/Objects-normal/arm64/SwiftResilience-dependencies-2.json -Xllvm -aarch64-use-tbi -enable-objc-interop -stack-check -sdk /Applications/Xcode-26.3.0.app/Contents/Developer/Platforms/WatchOS.platform/Developer/SDKs/WatchOS26.2.sdk -I /Users/admin/builder/spi-builder-workspace/.derivedData/Build/Products/Debug-watchos -Isystem /Applications/Xcode-26.3.0.app/Contents/Developer/Platforms/WatchOS.platform/Developer/usr/lib -F /Users/admin/builder/spi-builder-workspace/.derivedData/Build/Products/Debug-watchos -F /Applications/Xcode-26.3.0.app/Contents/Developer/Platforms/WatchOS.platform/Developer/Library/Frameworks -F /Applications/Xcode-26.3.0.app/Contents/Developer/Platforms/WatchOS.platform/Developer/SDKs/WatchOS26.2.sdk/Developer/Library/Frameworks -no-color-diagnostics -Xcc -fno-color-diagnostics -enable-testing -g -debug-info-format\=dwarf -dwarf-version\=4 -module-cache-path /Users/admin/builder/spi-builder-workspace/.derivedData/Build/Intermediates.noindex/SwiftExplicitPrecompiledModules -profile-generate -profile-coverage-mapping -swift-version 5 -enforce-exclusivity\=checked -Onone -D SWIFT_PACKAGE -D DEBUG -D SWIFT_MODULE_RESOURCE_BUNDLE_UNAVAILABLE -D Xcode -serialize-debugging-options -const-gather-protocols-file /Users/admin/builder/spi-builder-workspace/.derivedData/Build/Intermediates.noindex/SwiftResilience.build/Debug-watchos/SwiftResilience.build/Objects-normal/arm64/SwiftResilience_const_extract_protocols.json -enable-experimental-feature StrictConcurrency -enable-experimental-feature DebugDescriptionMacro -empty-abi-descriptor -validate-clang-modules-once -clang-build-session-file /Users/admin/builder/spi-builder-workspace/.derivedData/ModuleCache.noindex/Session.modulevalidation -Xcc -working-directory -Xcc /Users/admin/builder/spi-builder-workspace/.swiftpm/xcode -enable-anonymous-context-mangled-names -file-compilation-dir /Users/admin/builder/spi-builder-workspace/.swiftpm/xcode -Xcc -D_LIBCPP_HARDENING_MODE\=_LIBCPP_HARDENING_MODE_DEBUG -Xcc -ivfsstatcache -Xcc /Users/admin/builder/spi-builder-workspace/.derivedData/SDKStatCaches.noindex/watchos26.2-23S303-dc75598d0054f22ec865fa860f139d721753b489057de6bda919edfa1c59a62b.sdkstatcache -Xcc -I/Users/admin/builder/spi-builder-workspace/.derivedData/Build/Intermediates.noindex/SwiftResilience.build/Debug-watchos/SwiftResilience.build/swift-overrides.hmap -Xcc -I/Users/admin/builder/spi-builder-workspace/.derivedData/Build/Products/Debug-watchos/include -Xcc -I/Users/admin/builder/spi-builder-workspace/.derivedData/Build/Intermediates.noindex/SwiftResilience.build/Debug-watchos/SwiftResilience.build/DerivedSources-normal/arm64 -Xcc -I/Users/admin/builder/spi-builder-workspace/.derivedData/Build/Intermediates.noindex/SwiftResilience.build/Debug-watchos/SwiftResilience.build/DerivedSources/arm64 -Xcc -I/Users/admin/builder/spi-builder-workspace/.derivedData/Build/Intermediates.noindex/SwiftResilience.build/Debug-watchos/SwiftResilience.build/DerivedSources -Xcc -DSWIFT_PACKAGE -Xcc -DDEBUG\=1 -no-auto-bridging-header-chaining -module-name SwiftResilience -package-name spi_builder_workspace -frontend-parseable-output -disable-clang-spi -target-sdk-version 26.2 -target-sdk-name watchos26.2 -clang-target arm64-apple-watchos26.2 -in-process-plugin-server-path /Applications/Xcode-26.3.0.app/Contents/Developer/Toolchains/XcodeDefault.xctoolchain/usr/lib/swift/host/libSwiftInProcPluginServer.dylib -emit-module-doc-path /Users/admin/builder/spi-builder-workspace/.derivedData/Build/Intermediates.noindex/SwiftResilience.build/Debug-watchos/SwiftResilience.build/Objects-normal/arm64/SwiftResilience.swiftdoc -emit-module-source-info-path /Users/admin/builder/spi-builder-workspace/.derivedData/Build/Intermediates.noindex/SwiftResilience.build/Debug-watchos/SwiftResilience.build/Objects-normal/arm64/SwiftResilience.swiftsourceinfo -emit-objc-header-path /Users/admin/builder/spi-builder-workspace/.derivedData/Build/Intermediates.noindex/SwiftResilience.build/Debug-watchos/SwiftResilience.build/Objects-normal/arm64/SwiftResilience-Swift.h -serialize-diagnostics-path /Users/admin/builder/spi-builder-workspace/.derivedData/Build/Intermediates.noindex/SwiftResilience.build/Debug-watchos/SwiftResilience.build/Objects-normal/arm64/SwiftResilience-primary-emit-module.dia -emit-dependencies-path /Users/admin/builder/spi-builder-workspace/.derivedData/Build/Intermediates.noindex/SwiftResilience.build/Debug-watchos/SwiftResilience.build/Objects-normal/arm64/SwiftResilience-primary-emit-module.d -o /Users/admin/builder/spi-builder-workspace/.derivedData/Build/Intermediates.noindex/SwiftResilience.build/Debug-watchos/SwiftResilience.build/Objects-normal/arm64/SwiftResilience.swiftmodule -emit-abi-descriptor-path /Users/admin/builder/spi-builder-workspace/.derivedData/Build/Intermediates.noindex/SwiftResilience.build/Debug-watchos/SwiftResilience.build/Objects-normal/arm64/SwiftResilience.abi.json
EmitSwiftModule normal arm64 (in target 'SwiftResilience' from project 'SwiftResilience')
cd /Users/admin/builder/spi-builder-workspace/.swiftpm/xcode
/Users/admin/builder/spi-builder-workspace/SwiftResilience/BackgroundQueue/BackgroundQueueProtocols.swift:45:11: error: 'BGTask' is unavailable in watchOS
extension BGTask: BackgroundTaskHandling {}
^~~~~~
/Applications/Xcode-26.3.0.app/Contents/Developer/Platforms/WatchOS.platform/Developer/SDKs/WatchOS26.2.sdk/System/Library/Frameworks/BackgroundTasks.framework/Headers/BGTask.h:17:12: note: 'BGTask' has been explicitly marked unavailable here
@interface BGTask : NSObject
^
/Users/admin/builder/spi-builder-workspace/SwiftResilience/BackgroundQueue/BackgroundQueueProtocols.swift:98:32: error: 'BGTaskRequest' is unavailable in watchOS
func submit(_ taskRequest: BGTaskRequest) throws
^~~~~~~~~~~~~
/Applications/Xcode-26.3.0.app/Contents/Developer/Platforms/WatchOS.platform/Developer/SDKs/WatchOS26.2.sdk/System/Library/Frameworks/BackgroundTasks.framework/Headers/BGTaskRequest.h:16:12: note: 'BGTaskRequest' has been explicitly marked unavailable here
@interface BGTaskRequest : NSObject <NSCopying>
^
/Users/admin/builder/spi-builder-workspace/SwiftResilience/BackgroundQueue/BackgroundQueueProtocols.swift:121:23: warning: static property 'shared' is not concurrency-safe because non-'Sendable' type 'SystemBackgroundTaskScheduler' may have shared mutable state; this is an error in the Swift 6 language mode
public static let shared = SystemBackgroundTaskScheduler()
^
/Users/admin/builder/spi-builder-workspace/SwiftResilience/BackgroundQueue/BackgroundQueueProtocols.swift:118:20: note: class 'SystemBackgroundTaskScheduler' does not conform to the 'Sendable' protocol
public final class SystemBackgroundTaskScheduler: BackgroundTaskScheduling {
^
/Users/admin/builder/spi-builder-workspace/SwiftResilience/BackgroundQueue/BackgroundQueueProtocols.swift:121:23: note: add '@MainActor' to make static property 'shared' part of global actor 'MainActor'
public static let shared = SystemBackgroundTaskScheduler()
^
@MainActor
/Users/admin/builder/spi-builder-workspace/SwiftResilience/BackgroundQueue/BackgroundQueueProtocols.swift:121:23: note: disable concurrency-safety checks if accesses are protected by an external synchronization mechanism
public static let shared = SystemBackgroundTaskScheduler()
^
nonisolated(unsafe)
/Users/admin/builder/spi-builder-workspace/SwiftResilience/BackgroundQueue/BackgroundQueueProtocols.swift:141:39: error: 'BGTaskRequest' is unavailable in watchOS
public func submit(_ taskRequest: BGTaskRequest) throws {
^~~~~~~~~~~~~
/Applications/Xcode-26.3.0.app/Contents/Developer/Platforms/WatchOS.platform/Developer/SDKs/WatchOS26.2.sdk/System/Library/Frameworks/BackgroundTasks.framework/Headers/BGTaskRequest.h:16:12: note: 'BGTaskRequest' has been explicitly marked unavailable here
@interface BGTaskRequest : NSObject <NSCopying>
^
SwiftCompile normal arm64 Compiling\ OfflineQueueEngine.swift,\ QueueEntry.swift /Users/admin/builder/spi-builder-workspace/SwiftResilience/OfflineQueue/OfflineQueueEngine.swift /Users/admin/builder/spi-builder-workspace/SwiftResilience/OfflineQueue/QueueEntry.swift (in target 'SwiftResilience' from project 'SwiftResilience')
SwiftCompile normal arm64 /Users/admin/builder/spi-builder-workspace/SwiftResilience/OfflineQueue/OfflineQueueEngine.swift (in target 'SwiftResilience' from project 'SwiftResilience')
cd /Users/admin/builder/spi-builder-workspace/.swiftpm/xcode
SwiftCompile normal arm64 /Users/admin/builder/spi-builder-workspace/SwiftResilience/OfflineQueue/QueueEntry.swift (in target 'SwiftResilience' from project 'SwiftResilience')
cd /Users/admin/builder/spi-builder-workspace/.swiftpm/xcode
SwiftCompile normal arm64 Compiling\ RequestMetricsCollector.swift,\ DiskQueueStore.swift /Users/admin/builder/spi-builder-workspace/SwiftResilience/Observability/RequestMetricsCollector.swift /Users/admin/builder/spi-builder-workspace/SwiftResilience/OfflineQueue/DiskQueueStore.swift (in target 'SwiftResilience' from project 'SwiftResilience')
SwiftCompile normal arm64 /Users/admin/builder/spi-builder-workspace/SwiftResilience/Observability/RequestMetricsCollector.swift (in target 'SwiftResilience' from project 'SwiftResilience')
cd /Users/admin/builder/spi-builder-workspace/.swiftpm/xcode
SwiftCompile normal arm64 /Users/admin/builder/spi-builder-workspace/SwiftResilience/OfflineQueue/DiskQueueStore.swift (in target 'SwiftResilience' from project 'SwiftResilience')
cd /Users/admin/builder/spi-builder-workspace/.swiftpm/xcode
SwiftCompile normal arm64 Compiling\ ExponentialRetryPolicy.swift,\ RetryPolicy.swift /Users/admin/builder/spi-builder-workspace/SwiftResilience/Retry/ExponentialRetryPolicy.swift /Users/admin/builder/spi-builder-workspace/SwiftResilience/Retry/RetryPolicy.swift (in target 'SwiftResilience' from project 'SwiftResilience')
SwiftCompile normal arm64 /Users/admin/builder/spi-builder-workspace/SwiftResilience/Retry/ExponentialRetryPolicy.swift (in target 'SwiftResilience' from project 'SwiftResilience')
cd /Users/admin/builder/spi-builder-workspace/.swiftpm/xcode
SwiftCompile normal arm64 /Users/admin/builder/spi-builder-workspace/SwiftResilience/Retry/RetryPolicy.swift (in target 'SwiftResilience' from project 'SwiftResilience')
cd /Users/admin/builder/spi-builder-workspace/.swiftpm/xcode
SwiftCompile normal arm64 Compiling\ AuthenticatedRequestEngine.swift,\ TokenProvider.swift /Users/admin/builder/spi-builder-workspace/SwiftResilience/ConcurrencySafety/AuthenticatedRequestEngine.swift /Users/admin/builder/spi-builder-workspace/SwiftResilience/ConcurrencySafety/TokenProvider.swift (in target 'SwiftResilience' from project 'SwiftResilience')
SwiftCompile normal arm64 /Users/admin/builder/spi-builder-workspace/SwiftResilience/ConcurrencySafety/AuthenticatedRequestEngine.swift (in target 'SwiftResilience' from project 'SwiftResilience')
cd /Users/admin/builder/spi-builder-workspace/.swiftpm/xcode
SwiftCompile normal arm64 /Users/admin/builder/spi-builder-workspace/SwiftResilience/ConcurrencySafety/TokenProvider.swift (in target 'SwiftResilience' from project 'SwiftResilience')
cd /Users/admin/builder/spi-builder-workspace/.swiftpm/xcode
SwiftCompile normal arm64 Compiling\ RequestIdentity.swift,\ RequestEvent.swift /Users/admin/builder/spi-builder-workspace/SwiftResilience/Networking/RequestIdentity.swift /Users/admin/builder/spi-builder-workspace/SwiftResilience/Observability/RequestEvent.swift (in target 'SwiftResilience' from project 'SwiftResilience')
SwiftCompile normal arm64 /Users/admin/builder/spi-builder-workspace/SwiftResilience/Networking/RequestIdentity.swift (in target 'SwiftResilience' from project 'SwiftResilience')
cd /Users/admin/builder/spi-builder-workspace/.swiftpm/xcode
SwiftCompile normal arm64 /Users/admin/builder/spi-builder-workspace/SwiftResilience/Observability/RequestEvent.swift (in target 'SwiftResilience' from project 'SwiftResilience')
cd /Users/admin/builder/spi-builder-workspace/.swiftpm/xcode
SwiftCompile normal arm64 Compiling\ TokenRefreshCoordinator.swift,\ AsyncRequestEngine.swift /Users/admin/builder/spi-builder-workspace/SwiftResilience/ConcurrencySafety/TokenRefreshCoordinator.swift /Users/admin/builder/spi-builder-workspace/SwiftResilience/Networking/AsyncRequestEngine.swift (in target 'SwiftResilience' from project 'SwiftResilience')
SwiftCompile normal arm64 /Users/admin/builder/spi-builder-workspace/SwiftResilience/ConcurrencySafety/TokenRefreshCoordinator.swift (in target 'SwiftResilience' from project 'SwiftResilience')
cd /Users/admin/builder/spi-builder-workspace/.swiftpm/xcode
SwiftCompile normal arm64 /Users/admin/builder/spi-builder-workspace/SwiftResilience/Networking/AsyncRequestEngine.swift (in target 'SwiftResilience' from project 'SwiftResilience')
cd /Users/admin/builder/spi-builder-workspace/.swiftpm/xcode
SwiftEmitModule normal arm64_32 Emitting\ module\ for\ SwiftResilience (in target 'SwiftResilience' from project 'SwiftResilience')
2026-09-30 06:01:29.781 xcodebuild[774:4781] [MT] IDERunDestination: Supported platforms for the buildables in the current scheme is empty.
** BUILD FAILED **
The following build commands failed:
SwiftEmitModule normal arm64 Emitting\ module\ for\ SwiftResilience (in target 'SwiftResilience' from project 'SwiftResilience')
EmitSwiftModule normal arm64 (in target 'SwiftResilience' from project 'SwiftResilience')
Building workspace spi-builder-workspace with scheme SwiftResilience
(3 failures)
BUILD FAILURE 6.2 watchOS