Build Information
Failed to build abseil, reference main (265091), with Swift 6.3 for Linux on 27 Sep 2026 00:00:54 UTC.
Build Command
bash -c docker run --pull=always --rm -v "checkouts-54344844-0":/host -w "$PWD" -e JAVA_HOME="/root/.sdkman/candidates/java/current" -e SPI_BUILD="1" -e SPI_PROCESSING="1" registry.gitlab.com/saguaro1/spi-images:basic-6.3-latest swift build --triple x86_64-unknown-linux-gnu 2>&1Build Log
========================================
RunAll
========================================
Builder version: 5.1.0
Interrupt handler set up.
========================================
Checkout
========================================
Clone URL: https://github.com/google/abseil-cpp-binary.git
Reference: main
Initialized empty Git repository in /host/spi-builder-workspace/.git/
hint: Using 'master' as the name for the initial branch. This default branch name
hint: is subject to change. To configure the initial branch name to use in all
hint: of your new repositories, which will suppress this warning, call:
hint:
hint: git config --global init.defaultBranch <name>
hint:
hint: Names commonly chosen instead of 'master' are 'main', 'trunk' and
hint: 'development'. The just-created branch can be renamed via this command:
hint:
hint: git branch -m <name>
From https://github.com/google/abseil-cpp-binary
* branch main -> FETCH_HEAD
* [new branch] main -> origin/main
HEAD is now at 2650912 Merge pull request #17 from google/ncooke3-patch-3
Cloned https://github.com/google/abseil-cpp-binary.git
Revision (git rev-parse @):
26509120768c4add61cc1a63059f15f4fb49edb4
SUCCESS checkout https://github.com/google/abseil-cpp-binary.git at main
========================================
Build
========================================
Selected platform: linux
Swift version: 6.3
Building package at path: $PWD
https://github.com/google/abseil-cpp-binary.git
Running build ...
bash -c docker run --pull=always --rm -v "checkouts-54344844-0":/host -w "$PWD" -e JAVA_HOME="/root/.sdkman/candidates/java/current" -e SPI_BUILD="1" -e SPI_PROCESSING="1" registry.gitlab.com/saguaro1/spi-images:basic-6.3-latest swift build --triple x86_64-unknown-linux-gnu 2>&1
basic-6.3-latest: Pulling from saguaro1/spi-images
Digest: sha256:c577f8f8f4df4f423827bf5e7d96027716bb7030ef75b2fd4a15f7fb0043ce6d
Status: Image is up to date for registry.gitlab.com/saguaro1/spi-images:basic-6.3-latest
Downloading binary artifact https://dl.google.com/firebase/ios/bin/abseil/1.2025051202.0/rc0/absl.zip
[1354/1354] Downloading https://dl.google.com/firebase/ios/bin/abseil/1.2025051202.0/rc0/absl.zip
Downloaded https://dl.google.com/firebase/ios/bin/abseil/1.2025051202.0/rc0/absl.zip (1.07s)
Building for debugging...
[0/3] Copying PrivacyInfo.xcprivacy
In file included from <built-in>:1:
/host/spi-builder-workspace/.build/x86_64-unknown-linux-gnu/debug/abslWrapper.build/DerivedSources/resource_bundle_accessor.h:2:9: fatal error: 'Foundation/Foundation.h' file not found
2 | #import <Foundation/Foundation.h>
| ^~~~~~~~~~~~~~~~~~~~~~~~~
1 error generated.
[1/3] Compiling abslWrapper empty.m
In file included from <built-in>:1:
/host/spi-builder-workspace/.build/x86_64-unknown-linux-gnu/debug/abslWrapper.build/DerivedSources/resource_bundle_accessor.h:2:9: fatal error: 'Foundation/Foundation.h' file not found
2 | #import <Foundation/Foundation.h>
| ^~~~~~~~~~~~~~~~~~~~~~~~~
1 error generated.
[1/3] Compiling abslWrapper resource_bundle_accessor.m
BUILD FAILURE 6.3 linux