The Swift Package Index logo.Swift Package Index

Build Information

Failed to build LinkNavigator, reference 1.4.6 (99b871), with Swift 6.2 for macOS (SPM) on 19 Sep 2026 06:34:49 UTC.

Build Command

env DEVELOPER_DIR=/Applications/Xcode-26.3.0.app xcrun swift build --arch arm64

Build Log

========================================
RunAll
========================================
Builder version: 5.1.0
Interrupt handler set up.
========================================
Checkout
========================================
Clone URL: https://github.com/forXifLess/LinkNavigator.git
Reference: 1.4.6
Initialized empty Git repository in /Users/admin/builder/spi-builder-workspace/.git/
From https://github.com/forXifLess/LinkNavigator
 * tag               1.4.6      -> FETCH_HEAD
HEAD is now at 99b8710 fix: Break TabPartialNavigator retain cycle and allow forced reload
Cloned https://github.com/forXifLess/LinkNavigator.git
Revision (git rev-parse @):
99b87107378333167db9d089e27e798fff5394a1
SUCCESS checkout https://github.com/forXifLess/LinkNavigator.git at 1.4.6
========================================
Build
========================================
Selected platform:         macosSpm
Swift version:             6.2
Building package at path:  $PWD
https://github.com/forXifLess/LinkNavigator.git
Running build ...
env DEVELOPER_DIR=/Applications/Xcode-26.3.0.app xcrun swift build --arch arm64
[1/1] Compiling plugin FormatSwift
[2/2] Compiling plugin GenerateManual
[3/3] Compiling plugin GenerateDoccReference
Building for debugging...
[3/6] Write sources
[5/6] Write swift-version--3CB7CFEC50E0D141.txt
[7/22] Compiling URLEncodedForm BasicKey.swift
[8/22] Compiling URLEncodedForm Byte+Control.swift
[9/22] Emitting module URLEncodedForm
[10/22] Compiling URLEncodedForm URLEncodedFormDecoder.swift
[11/22] Compiling URLEncodedForm URLEncodedFormEncoder.swift
[12/22] Compiling URLEncodedForm URLEncodedFormSerializer.swift
[13/22] Compiling URLEncodedForm URLEncodedForm.swift
[14/22] Compiling URLEncodedForm DataDecoder.swift
[15/22] Compiling URLEncodedForm DataEncoder.swift
[16/22] Compiling URLEncodedForm URLEncodedFormDataConvertible.swift
[17/22] Compiling URLEncodedForm URLEncodedFormParser.swift
[18/22] Compiling URLEncodedForm NestedData.swift
[19/22] Compiling URLEncodedForm URLEncodedFormError.swift
[20/22] Compiling URLEncodedForm Bytes.swift
[21/22] Compiling URLEncodedForm URLEncodedFormData.swift
[22/22] Compiling URLEncodedForm URLEncodedFormDataContext.swift
[23/23] Compiling URLEncodedForm LosslessDataConvertible.swift
[24/52] Compiling LinkNavigator EmptyValueType.swift
/Users/admin/builder/spi-builder-workspace/Sources/LinkNavigator/Builder/RouteBuilderOf.swift:1:8: error: no such module 'UIKit'
 1 | import UIKit
   |        `- error: no such module 'UIKit'
 2 |
 3 | public typealias RouteViewController = MatchPathUsable & UIViewController
[25/52] Compiling LinkNavigator LinkNavigatorFindLocationUsable.swift
/Users/admin/builder/spi-builder-workspace/Sources/LinkNavigator/Builder/RouteBuilderOf.swift:1:8: error: no such module 'UIKit'
 1 | import UIKit
   |        `- error: no such module 'UIKit'
 2 |
 3 | public typealias RouteViewController = MatchPathUsable & UIViewController
[26/52] Compiling LinkNavigator LinkNavigatorProtocol.swift
/Users/admin/builder/spi-builder-workspace/Sources/LinkNavigator/Builder/RouteBuilderOf.swift:1:8: error: no such module 'UIKit'
 1 | import UIKit
   |        `- error: no such module 'UIKit'
 2 |
 3 | public typealias RouteViewController = MatchPathUsable & UIViewController
[27/52] Compiling LinkNavigator LinkNavigatorSubscriberType.swift
/Users/admin/builder/spi-builder-workspace/Sources/LinkNavigator/Builder/RouteBuilderOf.swift:1:8: error: no such module 'UIKit'
 1 | import UIKit
   |        `- error: no such module 'UIKit'
 2 |
 3 | public typealias RouteViewController = MatchPathUsable & UIViewController
[28/52] Compiling LinkNavigator TabItem.swift
/Users/admin/builder/spi-builder-workspace/Sources/LinkNavigator/Builder/RouteBuilderOf.swift:1:8: error: no such module 'UIKit'
 1 | import UIKit
   |        `- error: no such module 'UIKit'
 2 |
 3 | public typealias RouteViewController = MatchPathUsable & UIViewController
[29/52] Compiling LinkNavigator SheetCoordinate.swift
/Users/admin/builder/spi-builder-workspace/Sources/LinkNavigator/Builder/RouteBuilderOf.swift:1:8: error: no such module 'UIKit'
 1 | import UIKit
   |        `- error: no such module 'UIKit'
 2 |
 3 | public typealias RouteViewController = MatchPathUsable & UIViewController
[30/55] Compiling LinkNavigator RouteBuilderType.swift
/Users/admin/builder/spi-builder-workspace/Sources/LinkNavigator/Builder/RouteBuilderOf.swift:1:8: error: no such module 'UIKit'
 1 | import UIKit
   |        `- error: no such module 'UIKit'
 2 |
 3 | public typealias RouteViewController = MatchPathUsable & UIViewController
[31/55] Compiling LinkNavigator SingleLinkNavigatorMock.swift
/Users/admin/builder/spi-builder-workspace/Sources/LinkNavigator/Builder/RouteBuilderOf.swift:1:8: error: no such module 'UIKit'
 1 | import UIKit
   |        `- error: no such module 'UIKit'
 2 |
 3 | public typealias RouteViewController = MatchPathUsable & UIViewController
[32/55] Compiling LinkNavigator TabLinkNavigatorMock.swift
/Users/admin/builder/spi-builder-workspace/Sources/LinkNavigator/Builder/RouteBuilderOf.swift:1:8: error: no such module 'UIKit'
 1 | import UIKit
   |        `- error: no such module 'UIKit'
 2 |
 3 | public typealias RouteViewController = MatchPathUsable & UIViewController
[33/55] Compiling LinkNavigator DetentConfiguration.swift
/Users/admin/builder/spi-builder-workspace/Sources/LinkNavigator/Builder/RouteBuilderOf.swift:1:8: error: no such module 'UIKit'
 1 | import UIKit
   |        `- error: no such module 'UIKit'
 2 |
 3 | public typealias RouteViewController = MatchPathUsable & UIViewController
[34/55] Compiling LinkNavigator SingleLinkNavigator.swift
/Users/admin/builder/spi-builder-workspace/Sources/LinkNavigator/Builder/RouteBuilderOf.swift:1:8: error: no such module 'UIKit'
 1 | import UIKit
   |        `- error: no such module 'UIKit'
 2 |
 3 | public typealias RouteViewController = MatchPathUsable & UIViewController
[35/55] Compiling LinkNavigator TabLinkNavigator.swift
/Users/admin/builder/spi-builder-workspace/Sources/LinkNavigator/Builder/RouteBuilderOf.swift:1:8: error: no such module 'UIKit'
 1 | import UIKit
   |        `- error: no such module 'UIKit'
 2 |
 3 | public typealias RouteViewController = MatchPathUsable & UIViewController
[36/55] Compiling LinkNavigator TabPartialNavigator.swift
/Users/admin/builder/spi-builder-workspace/Sources/LinkNavigator/Builder/RouteBuilderOf.swift:1:8: error: no such module 'UIKit'
 1 | import UIKit
   |        `- error: no such module 'UIKit'
 2 |
 3 | public typealias RouteViewController = MatchPathUsable & UIViewController
[37/55] Compiling LinkNavigator TabRootNavigationController.swift
/Users/admin/builder/spi-builder-workspace/Sources/LinkNavigator/Builder/RouteBuilderOf.swift:1:8: error: no such module 'UIKit'
 1 | import UIKit
   |        `- error: no such module 'UIKit'
 2 |
 3 | public typealias RouteViewController = MatchPathUsable & UIViewController
[38/55] Compiling LinkNavigator TabbarEventNotification.swift
/Users/admin/builder/spi-builder-workspace/Sources/LinkNavigator/Builder/RouteBuilderOf.swift:1:8: error: no such module 'UIKit'
 1 | import UIKit
   |        `- error: no such module 'UIKit'
 2 |
 3 | public typealias RouteViewController = MatchPathUsable & UIViewController
[39/55] Compiling LinkNavigator WrappingController.swift
/Users/admin/builder/spi-builder-workspace/Sources/LinkNavigator/Builder/RouteBuilderOf.swift:1:8: error: no such module 'UIKit'
 1 | import UIKit
   |        `- error: no such module 'UIKit'
 2 |
 3 | public typealias RouteViewController = MatchPathUsable & UIViewController
[40/55] Compiling LinkNavigator LinkItem.swift
/Users/admin/builder/spi-builder-workspace/Sources/LinkNavigator/Builder/RouteBuilderOf.swift:1:8: error: no such module 'UIKit'
 1 | import UIKit
   |        `- error: no such module 'UIKit'
 2 |
 3 | public typealias RouteViewController = MatchPathUsable & UIViewController
[41/55] Compiling LinkNavigator NavigationTarget.swift
/Users/admin/builder/spi-builder-workspace/Sources/LinkNavigator/Builder/RouteBuilderOf.swift:1:8: error: no such module 'UIKit'
 1 | import UIKit
   |        `- error: no such module 'UIKit'
 2 |
 3 | public typealias RouteViewController = MatchPathUsable & UIViewController
[42/55] Compiling LinkNavigator TabLinkNavigatorProtocol.swift
/Users/admin/builder/spi-builder-workspace/Sources/LinkNavigator/Builder/RouteBuilderOf.swift:1:8: error: no such module 'UIKit'
 1 | import UIKit
   |        `- error: no such module 'UIKit'
 2 |
 3 | public typealias RouteViewController = MatchPathUsable & UIViewController
[43/55] Compiling LinkNavigator DependencyType.swift
/Users/admin/builder/spi-builder-workspace/Sources/LinkNavigator/Builder/RouteBuilderOf.swift:1:8: error: no such module 'UIKit'
 1 | import UIKit
   |        `- error: no such module 'UIKit'
 2 |
 3 | public typealias RouteViewController = MatchPathUsable & UIViewController
[44/55] Compiling LinkNavigator BaseNavigator.swift
/Users/admin/builder/spi-builder-workspace/Sources/LinkNavigator/Builder/RouteBuilderOf.swift:1:8: error: no such module 'UIKit'
 1 | import UIKit
   |        `- error: no such module 'UIKit'
 2 |
 3 | public typealias RouteViewController = MatchPathUsable & UIViewController
error: emit-module command failed with exit code 1 (use -v to see invocation)
[45/55] Emitting module LinkNavigator
/Users/admin/builder/spi-builder-workspace/Sources/LinkNavigator/Builder/RouteBuilderOf.swift:1:8: error: no such module 'UIKit'
 1 | import UIKit
   |        `- error: no such module 'UIKit'
 2 |
 3 | public typealias RouteViewController = MatchPathUsable & UIViewController
[46/55] Compiling LinkNavigator RouteBuilderOf.swift
/Users/admin/builder/spi-builder-workspace/Sources/LinkNavigator/Builder/RouteBuilderOf.swift:1:8: error: no such module 'UIKit'
 1 | import UIKit
   |        `- error: no such module 'UIKit'
 2 |
 3 | public typealias RouteViewController = MatchPathUsable & UIViewController
[47/55] Compiling LinkNavigator SingleNavigationBuilder.swift
/Users/admin/builder/spi-builder-workspace/Sources/LinkNavigator/Builder/RouteBuilderOf.swift:1:8: error: no such module 'UIKit'
 1 | import UIKit
   |        `- error: no such module 'UIKit'
 2 |
 3 | public typealias RouteViewController = MatchPathUsable & UIViewController
[48/55] Compiling LinkNavigator TabNavigationBuilder.swift
/Users/admin/builder/spi-builder-workspace/Sources/LinkNavigator/Builder/RouteBuilderOf.swift:1:8: error: no such module 'UIKit'
 1 | import UIKit
   |        `- error: no such module 'UIKit'
 2 |
 3 | public typealias RouteViewController = MatchPathUsable & UIViewController
[49/55] Compiling LinkNavigator ActionButton.swift
/Users/admin/builder/spi-builder-workspace/Sources/LinkNavigator/Builder/RouteBuilderOf.swift:1:8: error: no such module 'UIKit'
 1 | import UIKit
   |        `- error: no such module 'UIKit'
 2 |
 3 | public typealias RouteViewController = MatchPathUsable & UIViewController
[50/55] Compiling LinkNavigator Alert.swift
/Users/admin/builder/spi-builder-workspace/Sources/LinkNavigator/Builder/RouteBuilderOf.swift:1:8: error: no such module 'UIKit'
 1 | import UIKit
   |        `- error: no such module 'UIKit'
 2 |
 3 | public typealias RouteViewController = MatchPathUsable & UIViewController
[51/55] Compiling LinkNavigator LinkNavigationView.swift
/Users/admin/builder/spi-builder-workspace/Sources/LinkNavigator/Builder/RouteBuilderOf.swift:1:8: error: no such module 'UIKit'
 1 | import UIKit
   |        `- error: no such module 'UIKit'
 2 |
 3 | public typealias RouteViewController = MatchPathUsable & UIViewController
[52/55] Compiling LinkNavigator TabLinkNavigationView.swift
/Users/admin/builder/spi-builder-workspace/Sources/LinkNavigator/Builder/RouteBuilderOf.swift:1:8: error: no such module 'UIKit'
 1 | import UIKit
   |        `- error: no such module 'UIKit'
 2 |
 3 | public typealias RouteViewController = MatchPathUsable & UIViewController
[53/55] Compiling LinkNavigator EventObserver.swift
/Users/admin/builder/spi-builder-workspace/Sources/LinkNavigator/Builder/RouteBuilderOf.swift:1:8: error: no such module 'UIKit'
 1 | import UIKit
   |        `- error: no such module 'UIKit'
 2 |
 3 | public typealias RouteViewController = MatchPathUsable & UIViewController
[54/55] Compiling LinkNavigator LinkNavigator.swift
/Users/admin/builder/spi-builder-workspace/Sources/LinkNavigator/Builder/RouteBuilderOf.swift:1:8: error: no such module 'UIKit'
 1 | import UIKit
   |        `- error: no such module 'UIKit'
 2 |
 3 | public typealias RouteViewController = MatchPathUsable & UIViewController
[55/55] Compiling LinkNavigator LinkNavigatorType.swift
/Users/admin/builder/spi-builder-workspace/Sources/LinkNavigator/Builder/RouteBuilderOf.swift:1:8: error: no such module 'UIKit'
 1 | import UIKit
   |        `- error: no such module 'UIKit'
 2 |
 3 | public typealias RouteViewController = MatchPathUsable & UIViewController
Fetching https://github.com/airbnb/swift
Fetching https://github.com/interactord/URLEncodedForm
[1/106] Fetching urlencodedform
[41/5626] Fetching urlencodedform, swift
Fetched https://github.com/interactord/URLEncodedForm from cache (6.50s)
Fetched https://github.com/airbnb/swift from cache (6.50s)
Computing version for https://github.com/interactord/URLEncodedForm
Computed https://github.com/interactord/URLEncodedForm at 1.0.9 (7.08s)
Computing version for https://github.com/airbnb/swift
Computed https://github.com/airbnb/swift at 1.2.0 (2.85s)
Fetching https://github.com/apple/swift-argument-parser
[1/18918] Fetching swift-argument-parser
Fetched https://github.com/apple/swift-argument-parser from cache (2.30s)
Computing version for https://github.com/apple/swift-argument-parser
Computed https://github.com/apple/swift-argument-parser at 1.8.2 (2.90s)
Creating working copy for https://github.com/apple/swift-argument-parser
Working copy of https://github.com/apple/swift-argument-parser resolved at 1.8.2
Creating working copy for https://github.com/interactord/URLEncodedForm
Working copy of https://github.com/interactord/URLEncodedForm resolved at 1.0.9
Creating working copy for https://github.com/airbnb/swift
Working copy of https://github.com/airbnb/swift resolved at 1.2.0
Downloading binary artifact https://github.com/calda/SwiftFormat-nightly/releases/download/2025-12-20/SwiftFormat.artifactbundle.zip
Downloading binary artifact https://github.com/realm/SwiftLint/releases/download/0.55.1/SwiftLintBinary-macos.artifactbundle.zip
[16375/11034045] Downloading https://github.com/realm/SwiftLint/releases/download/0.55.1/SwiftLintBinary-macos.artifactbundle.zip
[11050420/57305396] Downloading https://github.com/realm/SwiftLint/releases/download/0.55.1/SwiftLintBinary-macos.artifactbundle.zip, https://github.com/calda/SwiftFormat-nightly/releases/download/2025-12-20/SwiftFormat.artifactbundle.zip
Downloaded https://github.com/realm/SwiftLint/releases/download/0.55.1/SwiftLintBinary-macos.artifactbundle.zip (0.93s)
Downloaded https://github.com/calda/SwiftFormat-nightly/releases/download/2025-12-20/SwiftFormat.artifactbundle.zip (2.47s)
BUILD FAILURE 6.2 macosSpm