Build Information
Failed to build SystemOneFoundationModels, reference main (c30685), with Swift 6.3 for macOS (SPM) on 12 Oct 2026 16:45:48 UTC.
Build Command
env DEVELOPER_DIR=/Applications/Xcode-26.5.0.app xcrun swift build --arch arm64Build Log
========================================
RunAll
========================================
Builder version: 5.1.1
Interrupt handler set up.
========================================
Checkout
========================================
Clone URL: https://github.com/peterfriese/system-one-foundation-models.git
Reference: main
Initialized empty Git repository in /Users/admin/builder/spi-builder-workspace/.git/
From https://github.com/peterfriese/system-one-foundation-models
* branch main -> FETCH_HEAD
* [new branch] main -> origin/main
HEAD is now at c306858 fix(audit): comprehensive repository audit sweep, security hardening, and Principle 7 compliance (#14)
Cloned https://github.com/peterfriese/system-one-foundation-models.git
Revision (git rev-parse @):
c3068589139643cab045c984dd485168103cfbb7
SPI manifest file found: $PWD/.spi.yml
SUCCESS checkout https://github.com/peterfriese/system-one-foundation-models.git at main
========================================
ResolveProductDependencies
========================================
Resolving dependencies ...
{
"identity": ".resolve-product-dependencies",
"name": "resolve-dependencies",
"url": "/Users/admin/builder/spi-builder-workspace/.resolve-product-dependencies",
"version": "unspecified",
"path": "/Users/admin/builder/spi-builder-workspace/.resolve-product-dependencies",
"traits": [
"default"
],
"dependencies": [
{
"identity": "system-one-foundation-models",
"name": "SystemOneFoundationModels",
"url": "https://github.com/peterfriese/system-one-foundation-models.git",
"version": "unspecified",
"path": "/Users/admin/builder/spi-builder-workspace/.resolve-product-dependencies/.build/checkouts/system-one-foundation-models",
"traits": [
"OpenAI",
"LayaServe",
"Clef",
"Jev",
"All",
"Laya"
],
"dependencies": [
]
}
]
}
Fetching https://github.com/peterfriese/system-one-foundation-models.git
[1/1503] Fetching system-one-foundation-models
Fetched https://github.com/peterfriese/system-one-foundation-models.git from cache (1.66s)
Creating working copy for https://github.com/peterfriese/system-one-foundation-models.git
Working copy of https://github.com/peterfriese/system-one-foundation-models.git resolved at main (c306858)
Found 0 product dependencies
========================================
Build
========================================
Selected platform: macosSpm
Swift version: 6.3
Building package at path: $PWD
https://github.com/peterfriese/system-one-foundation-models.git
Running build ...
env DEVELOPER_DIR=/Applications/Xcode-26.5.0.app xcrun swift build --arch arm64
Building for debugging...
[0/43] Write sources
[6/43] Write openai-demo-entitlement.plist
[7/43] Write ticket-triage-demo-entitlement.plist
[7/43] Write laya-demo-entitlement.plist
[10/43] Write duplicate-article-demo-entitlement.plist
[10/43] Write clef-demo-entitlement.plist
[10/43] Write file-organizer-demo-entitlement.plist
[13/43] Write sources
[14/43] Write clef-camera-scanner-entitlement.plist
[14/43] Write sources
[21/43] Write swift-version-69A768CDF2A0BEE1.txt
[23/62] Compiling SystemOneCore RoutingPolicy.swift
[24/62] Compiling SystemOneCore SchemaTranslator.swift
[25/62] Compiling SystemOneCore ResponseSynthesizer.swift
[26/62] Compiling SystemOneCore RetryPolicy.swift
[27/62] Compiling SystemOneCore SystemOneDTOs.swift
[28/62] Compiling SystemOneCore SystemOneImage.swift
[29/62] Compiling SystemOneCore LanguageModelSession+SystemOne.swift
[30/62] Compiling SystemOneCore ScoreResult.swift
[31/62] Compiling SystemOneCore SystemOneError.swift
/Users/admin/builder/spi-builder-workspace/Sources/SystemOneCore/SystemOneExecutor.swift:24:21: error: cannot find type 'LanguageModelExecutorGenerationRequest' in scope
22 |
23 | public func respond(
24 | to request: LanguageModelExecutorGenerationRequest,
| `- error: cannot find type 'LanguageModelExecutorGenerationRequest' in scope
25 | model: SystemOneLanguageModel,
26 | streamingInto channel: LanguageModelExecutorGenerationChannel
/Users/admin/builder/spi-builder-workspace/Sources/SystemOneCore/SystemOneExecutor.swift:26:32: error: cannot find type 'LanguageModelExecutorGenerationChannel' in scope
24 | to request: LanguageModelExecutorGenerationRequest,
25 | model: SystemOneLanguageModel,
26 | streamingInto channel: LanguageModelExecutorGenerationChannel
| `- error: cannot find type 'LanguageModelExecutorGenerationChannel' in scope
27 | ) async throws {
28 | guard let schema = request.schema else {
/Users/admin/builder/spi-builder-workspace/Sources/SystemOneCore/SystemOneExecutor.swift:5:39: error: cannot find type 'LanguageModelExecutor' in scope
3 |
4 | /// An executor bridging `LanguageModelSession` requests to any `SystemOneBackend`.
5 | public final class SystemOneExecutor: LanguageModelExecutor, Sendable {
| `- error: cannot find type 'LanguageModelExecutor' in scope
6 | public typealias Model = SystemOneLanguageModel
7 | public typealias Configuration = SystemOneLanguageModel.Configuration
/Users/admin/builder/spi-builder-workspace/Sources/SystemOneCore/SystemOneExecutor.swift:56:29: error: cannot infer contextual base in reference to member 'response'
54 |
55 | // 5. Emit single-frame text for @Generable decoding
56 | await channel.send(.response(
| `- error: cannot infer contextual base in reference to member 'response'
57 | entryID: entryID,
58 | action: .appendText(synthesizedText, tokenCount: outputTokenCount)
/Users/admin/builder/spi-builder-workspace/Sources/SystemOneCore/SystemOneExecutor.swift:58:22: error: cannot infer contextual base in reference to member 'appendText'
56 | await channel.send(.response(
57 | entryID: entryID,
58 | action: .appendText(synthesizedText, tokenCount: outputTokenCount)
| `- error: cannot infer contextual base in reference to member 'appendText'
59 | ))
60 |
/Users/admin/builder/spi-builder-workspace/Sources/SystemOneCore/SystemOneExecutor.swift:83:29: error: cannot infer contextual base in reference to member 'response'
81 | }
82 |
83 | await channel.send(.response(entryID: entryID, action: .updateMetadata(metadata)))
| `- error: cannot infer contextual base in reference to member 'response'
84 |
85 | // 7. Emit token usage
/Users/admin/builder/spi-builder-workspace/Sources/SystemOneCore/SystemOneExecutor.swift:83:65: error: cannot infer contextual base in reference to member 'updateMetadata'
81 | }
82 |
83 | await channel.send(.response(entryID: entryID, action: .updateMetadata(metadata)))
| `- error: cannot infer contextual base in reference to member 'updateMetadata'
84 |
85 | // 7. Emit token usage
/Users/admin/builder/spi-builder-workspace/Sources/SystemOneCore/SystemOneExecutor.swift:87:33: error: cannot infer contextual base in reference to member 'response'
85 | // 7. Emit token usage
86 | if let usage = response.usage {
87 | await channel.send(.response(
| `- error: cannot infer contextual base in reference to member 'response'
88 | entryID: entryID,
89 | action: .updateUsage(
/Users/admin/builder/spi-builder-workspace/Sources/SystemOneCore/SystemOneExecutor.swift:89:26: error: cannot infer contextual base in reference to member 'updateUsage'
87 | await channel.send(.response(
88 | entryID: entryID,
89 | action: .updateUsage(
| `- error: cannot infer contextual base in reference to member 'updateUsage'
90 | input: .init(totalTokenCount: usage.inputTokens, cachedTokenCount: 0),
91 | output: .init(totalTokenCount: usage.outputTokens, reasoningTokenCount: 0)
/Users/admin/builder/spi-builder-workspace/Sources/SystemOneCore/SystemOneExecutor.swift:90:29: error: cannot infer contextual base in reference to member 'init'
88 | entryID: entryID,
89 | action: .updateUsage(
90 | input: .init(totalTokenCount: usage.inputTokens, cachedTokenCount: 0),
| `- error: cannot infer contextual base in reference to member 'init'
91 | output: .init(totalTokenCount: usage.outputTokens, reasoningTokenCount: 0)
92 | )
/Users/admin/builder/spi-builder-workspace/Sources/SystemOneCore/SystemOneExecutor.swift:91:30: error: cannot infer contextual base in reference to member 'init'
89 | action: .updateUsage(
90 | input: .init(totalTokenCount: usage.inputTokens, cachedTokenCount: 0),
91 | output: .init(totalTokenCount: usage.outputTokens, reasoningTokenCount: 0)
| `- error: cannot infer contextual base in reference to member 'init'
92 | )
93 | ))
[32/62] Compiling SystemOneCore SystemOneExecutor.swift
/Users/admin/builder/spi-builder-workspace/Sources/SystemOneCore/SystemOneExecutor.swift:24:21: error: cannot find type 'LanguageModelExecutorGenerationRequest' in scope
22 |
23 | public func respond(
24 | to request: LanguageModelExecutorGenerationRequest,
| `- error: cannot find type 'LanguageModelExecutorGenerationRequest' in scope
25 | model: SystemOneLanguageModel,
26 | streamingInto channel: LanguageModelExecutorGenerationChannel
/Users/admin/builder/spi-builder-workspace/Sources/SystemOneCore/SystemOneExecutor.swift:26:32: error: cannot find type 'LanguageModelExecutorGenerationChannel' in scope
24 | to request: LanguageModelExecutorGenerationRequest,
25 | model: SystemOneLanguageModel,
26 | streamingInto channel: LanguageModelExecutorGenerationChannel
| `- error: cannot find type 'LanguageModelExecutorGenerationChannel' in scope
27 | ) async throws {
28 | guard let schema = request.schema else {
/Users/admin/builder/spi-builder-workspace/Sources/SystemOneCore/SystemOneExecutor.swift:5:39: error: cannot find type 'LanguageModelExecutor' in scope
3 |
4 | /// An executor bridging `LanguageModelSession` requests to any `SystemOneBackend`.
5 | public final class SystemOneExecutor: LanguageModelExecutor, Sendable {
| `- error: cannot find type 'LanguageModelExecutor' in scope
6 | public typealias Model = SystemOneLanguageModel
7 | public typealias Configuration = SystemOneLanguageModel.Configuration
/Users/admin/builder/spi-builder-workspace/Sources/SystemOneCore/SystemOneExecutor.swift:56:29: error: cannot infer contextual base in reference to member 'response'
54 |
55 | // 5. Emit single-frame text for @Generable decoding
56 | await channel.send(.response(
| `- error: cannot infer contextual base in reference to member 'response'
57 | entryID: entryID,
58 | action: .appendText(synthesizedText, tokenCount: outputTokenCount)
/Users/admin/builder/spi-builder-workspace/Sources/SystemOneCore/SystemOneExecutor.swift:58:22: error: cannot infer contextual base in reference to member 'appendText'
56 | await channel.send(.response(
57 | entryID: entryID,
58 | action: .appendText(synthesizedText, tokenCount: outputTokenCount)
| `- error: cannot infer contextual base in reference to member 'appendText'
59 | ))
60 |
/Users/admin/builder/spi-builder-workspace/Sources/SystemOneCore/SystemOneExecutor.swift:83:29: error: cannot infer contextual base in reference to member 'response'
81 | }
82 |
83 | await channel.send(.response(entryID: entryID, action: .updateMetadata(metadata)))
| `- error: cannot infer contextual base in reference to member 'response'
84 |
85 | // 7. Emit token usage
/Users/admin/builder/spi-builder-workspace/Sources/SystemOneCore/SystemOneExecutor.swift:83:65: error: cannot infer contextual base in reference to member 'updateMetadata'
81 | }
82 |
83 | await channel.send(.response(entryID: entryID, action: .updateMetadata(metadata)))
| `- error: cannot infer contextual base in reference to member 'updateMetadata'
84 |
85 | // 7. Emit token usage
/Users/admin/builder/spi-builder-workspace/Sources/SystemOneCore/SystemOneExecutor.swift:87:33: error: cannot infer contextual base in reference to member 'response'
85 | // 7. Emit token usage
86 | if let usage = response.usage {
87 | await channel.send(.response(
| `- error: cannot infer contextual base in reference to member 'response'
88 | entryID: entryID,
89 | action: .updateUsage(
/Users/admin/builder/spi-builder-workspace/Sources/SystemOneCore/SystemOneExecutor.swift:89:26: error: cannot infer contextual base in reference to member 'updateUsage'
87 | await channel.send(.response(
88 | entryID: entryID,
89 | action: .updateUsage(
| `- error: cannot infer contextual base in reference to member 'updateUsage'
90 | input: .init(totalTokenCount: usage.inputTokens, cachedTokenCount: 0),
91 | output: .init(totalTokenCount: usage.outputTokens, reasoningTokenCount: 0)
/Users/admin/builder/spi-builder-workspace/Sources/SystemOneCore/SystemOneExecutor.swift:90:29: error: cannot infer contextual base in reference to member 'init'
88 | entryID: entryID,
89 | action: .updateUsage(
90 | input: .init(totalTokenCount: usage.inputTokens, cachedTokenCount: 0),
| `- error: cannot infer contextual base in reference to member 'init'
91 | output: .init(totalTokenCount: usage.outputTokens, reasoningTokenCount: 0)
92 | )
/Users/admin/builder/spi-builder-workspace/Sources/SystemOneCore/SystemOneExecutor.swift:91:30: error: cannot infer contextual base in reference to member 'init'
89 | action: .updateUsage(
90 | input: .init(totalTokenCount: usage.inputTokens, cachedTokenCount: 0),
91 | output: .init(totalTokenCount: usage.outputTokens, reasoningTokenCount: 0)
| `- error: cannot infer contextual base in reference to member 'init'
92 | )
93 | ))
[33/62] Compiling SystemOneCore Values.swift
/Users/admin/builder/spi-builder-workspace/Sources/SystemOneCore/Response/ResponseExtensions.swift:11:26: error: value of type 'Transcript.Response' has no member 'metadata'
9 | for entry in transcriptEntries.reversed() {
10 | if case .response(let r) = entry {
11 | return r.metadata
| `- error: value of type 'Transcript.Response' has no member 'metadata'
12 | }
13 | }
[34/62] Compiling SystemOneCore ResponseExtensions.swift
/Users/admin/builder/spi-builder-workspace/Sources/SystemOneCore/Response/ResponseExtensions.swift:11:26: error: value of type 'Transcript.Response' has no member 'metadata'
9 | for entry in transcriptEntries.reversed() {
10 | if case .response(let r) = entry {
11 | return r.metadata
| `- error: value of type 'Transcript.Response' has no member 'metadata'
12 | }
13 | }
error: emit-module command failed with exit code 1 (use -v to see invocation)
[35/63] Compiling SystemOneCore Choosable.swift
[36/63] Compiling SystemOneCore DynamicDecisionSchema.swift
[37/63] Compiling SystemOneCore SystemOneBackend.swift
[38/63] Compiling SystemOneCore Choice.swift
[39/63] Emitting module SystemOneCore
/Users/admin/builder/spi-builder-workspace/Sources/SystemOneCore/SystemOneExecutor.swift:24:21: error: cannot find type 'LanguageModelExecutorGenerationRequest' in scope
22 |
23 | public func respond(
24 | to request: LanguageModelExecutorGenerationRequest,
| `- error: cannot find type 'LanguageModelExecutorGenerationRequest' in scope
25 | model: SystemOneLanguageModel,
26 | streamingInto channel: LanguageModelExecutorGenerationChannel
/Users/admin/builder/spi-builder-workspace/Sources/SystemOneCore/SystemOneExecutor.swift:26:32: error: cannot find type 'LanguageModelExecutorGenerationChannel' in scope
24 | to request: LanguageModelExecutorGenerationRequest,
25 | model: SystemOneLanguageModel,
26 | streamingInto channel: LanguageModelExecutorGenerationChannel
| `- error: cannot find type 'LanguageModelExecutorGenerationChannel' in scope
27 | ) async throws {
28 | guard let schema = request.schema else {
/Users/admin/builder/spi-builder-workspace/Sources/SystemOneCore/SystemOneExecutor.swift:5:39: error: cannot find type 'LanguageModelExecutor' in scope
3 |
4 | /// An executor bridging `LanguageModelSession` requests to any `SystemOneBackend`.
5 | public final class SystemOneExecutor: LanguageModelExecutor, Sendable {
| `- error: cannot find type 'LanguageModelExecutor' in scope
6 | public typealias Model = SystemOneLanguageModel
7 | public typealias Configuration = SystemOneLanguageModel.Configuration
/Users/admin/builder/spi-builder-workspace/Sources/SystemOneCore/SystemOneLanguageModel.swift:32:30: error: cannot find type 'LanguageModelCapabilities' in scope
30 | public var executorConfiguration: Configuration
31 |
32 | public var capabilities: LanguageModelCapabilities {
| `- error: cannot find type 'LanguageModelCapabilities' in scope
33 | LanguageModelCapabilities([.guidedGeneration])
34 | }
/Users/admin/builder/spi-builder-workspace/Sources/SystemOneCore/SystemOneLanguageModel.swift:6:39: error: cannot find type 'LanguageModel' in scope
4 |
5 | /// An Apple Foundation Models provider for System One decision models.
6 | public struct SystemOneLanguageModel: LanguageModel, Sendable {
| `- error: cannot find type 'LanguageModel' in scope
7 | public struct Configuration: Hashable, Sendable {
8 | public var backend: AnySystemOneBackend
[40/63] Compiling SystemOneCore TranscriptAttachmentExtractor.swift
/Users/admin/builder/spi-builder-workspace/Sources/SystemOneCore/Attachment/TranscriptAttachmentExtractor.swift:22:19: error: type 'Transcript.Element' (aka 'Transcript.Entry') has no member 'data'
20 | }
21 | }
22 | case .data(let dataEntry):
| `- error: type 'Transcript.Element' (aka 'Transcript.Entry') has no member 'data'
23 | guard let format = mapUTTypeToFormat(dataEntry.contentType) else {
24 | throw SystemOneError.modelExecutionError("Unsupported data entry UTType '\(dataEntry.contentType.identifier)' in transcript.")
/Users/admin/builder/spi-builder-workspace/Sources/SystemOneCore/Attachment/TranscriptAttachmentExtractor.swift:39:21: error: type 'Transcript.Segment' has no member 'attachment'
37 | /// Extracts an image from a `Transcript.Segment` if it is an attachment.
38 | public static func extractImage(from segment: Transcript.Segment) throws -> SystemOneImage? {
39 | guard case .attachment(let attachmentSegment) = segment else {
| `- error: type 'Transcript.Segment' has no member 'attachment'
40 | return nil
41 | }
[41/63] Compiling SystemOneCore MockSystemOneBackend.swift
/Users/admin/builder/spi-builder-workspace/Sources/SystemOneCore/Attachment/TranscriptAttachmentExtractor.swift:22:19: error: type 'Transcript.Element' (aka 'Transcript.Entry') has no member 'data'
20 | }
21 | }
22 | case .data(let dataEntry):
| `- error: type 'Transcript.Element' (aka 'Transcript.Entry') has no member 'data'
23 | guard let format = mapUTTypeToFormat(dataEntry.contentType) else {
24 | throw SystemOneError.modelExecutionError("Unsupported data entry UTType '\(dataEntry.contentType.identifier)' in transcript.")
/Users/admin/builder/spi-builder-workspace/Sources/SystemOneCore/Attachment/TranscriptAttachmentExtractor.swift:39:21: error: type 'Transcript.Segment' has no member 'attachment'
37 | /// Extracts an image from a `Transcript.Segment` if it is an attachment.
38 | public static func extractImage(from segment: Transcript.Segment) throws -> SystemOneImage? {
39 | guard case .attachment(let attachmentSegment) = segment else {
| `- error: type 'Transcript.Segment' has no member 'attachment'
40 | return nil
41 | }
[42/63] Compiling SystemOneCore SystemOneLanguageModel.swift
/Users/admin/builder/spi-builder-workspace/Sources/SystemOneCore/SystemOneLanguageModel.swift:32:30: error: cannot find type 'LanguageModelCapabilities' in scope
30 | public var executorConfiguration: Configuration
31 |
32 | public var capabilities: LanguageModelCapabilities {
| `- error: cannot find type 'LanguageModelCapabilities' in scope
33 | LanguageModelCapabilities([.guidedGeneration])
34 | }
/Users/admin/builder/spi-builder-workspace/Sources/SystemOneCore/SystemOneLanguageModel.swift:6:39: error: cannot find type 'LanguageModel' in scope
4 |
5 | /// An Apple Foundation Models provider for System One decision models.
6 | public struct SystemOneLanguageModel: LanguageModel, Sendable {
| `- error: cannot find type 'LanguageModel' in scope
7 | public struct Configuration: Hashable, Sendable {
8 | public var backend: AnySystemOneBackend
/Users/admin/builder/spi-builder-workspace/Sources/SystemOneCore/SystemOneLanguageModel.swift:33:9: error: cannot find 'LanguageModelCapabilities' in scope
31 |
32 | public var capabilities: LanguageModelCapabilities {
33 | LanguageModelCapabilities([.guidedGeneration])
| `- error: cannot find 'LanguageModelCapabilities' in scope
34 | }
35 |
/Users/admin/builder/spi-builder-workspace/Sources/SystemOneCore/SystemOneLanguageModel.swift:33:37: error: reference to member 'guidedGeneration' cannot be resolved without a contextual type
31 |
32 | public var capabilities: LanguageModelCapabilities {
33 | LanguageModelCapabilities([.guidedGeneration])
| `- error: reference to member 'guidedGeneration' cannot be resolved without a contextual type
34 | }
35 |
BUILD FAILURE 6.3 macosSpm