Build Information
Failed to build SwiftyNames, reference 0.2.4 (e04bb0), with Swift 6.4 for macOS (Xcode) using Xcode 27.0 on 19 Sep 2026 14:18:38 UTC.
Build Command
env DEVELOPER_DIR=/Applications/Xcode-27.0.0-Release.Candidate.app xcrun xcodebuild -IDEClonedSourcePackagesDirPathOverride=$PWD/.dependencies -skipMacroValidation -skipPackagePluginValidation -derivedDataPath $PWD/.derivedData build -scheme SwiftyNames-Package -destination platform=macOS,arch=arm64Build Log
========================================
RunAll
========================================
Builder version: 5.1.0
Interrupt handler set up.
========================================
Checkout
========================================
Clone URL: https://github.com/skelpo/swiftynames.git
Reference: 0.2.4
Initialized empty Git repository in /Users/admin/builder/spi-builder-workspace/.git/
From https://github.com/skelpo/swiftynames
* tag 0.2.4 -> FETCH_HEAD
HEAD is now at e04bb09 Updates
Cloned https://github.com/skelpo/swiftynames.git
Revision (git rev-parse @):
e04bb0990669f181072f98c53a695c28612f3fda
SUCCESS checkout https://github.com/skelpo/swiftynames.git at 0.2.4
========================================
Build
========================================
Selected platform: macosXcodebuild
Swift version: 6.4
Building package at path: $PWD
https://github.com/skelpo/swiftynames.git
Command line invocation:
/Applications/Xcode-27.0.0-Release.Candidate.app/Contents/Developer/usr/bin/xcodebuild -IDEClonedSourcePackagesDirPathOverride=/Users/admin/builder/spi-builder-workspace/.dependencies -resolvePackageDependencies
resolved source packages:
{
"dependencies" : [
],
"manifest_display_name" : "SwiftyNames",
"name" : "SwiftyNames",
"path" : "/Users/admin/builder/spi-builder-workspace",
"platforms" : [
],
"products" : [
{
"name" : "SwiftyNames",
"targets" : [
"SwiftyNames"
],
"type" : {
"library" : [
"automatic"
]
}
}
],
"targets" : [
{
"c99name" : "SwiftyNamesTests",
"module_type" : "SwiftTarget",
"name" : "SwiftyNamesTests",
"path" : "SwiftyNamesTests",
"sources" : [
"SwiftyNamesTests.swift"
],
"target_dependencies" : [
"SwiftyNames"
],
"type" : "test"
},
{
"c99name" : "SwiftyNames",
"module_type" : "SwiftTarget",
"name" : "SwiftyNames",
"path" : "Sources",
"product_memberships" : [
"SwiftyNames"
],
"sources" : [
"String+SwiftyNames.swift"
],
"type" : "library"
}
],
"tools_version" : "4.0"
}
{
"project" : {
"configurations" : [
"Debug",
"Release"
],
"name" : "SwiftyNames",
"schemes" : [
"SwiftyNames-Package"
],
"targets" : [
"SwiftyNames",
"SwiftyNamesPackageDescription",
"SwiftyNamesPackageTests",
"SwiftyNamesTests"
]
}
}
Running build ...
env DEVELOPER_DIR=/Applications/Xcode-27.0.0-Release.Candidate.app xcrun xcodebuild -IDEClonedSourcePackagesDirPathOverride=$PWD/.dependencies -skipMacroValidation -skipPackagePluginValidation -derivedDataPath $PWD/.derivedData build -scheme SwiftyNames-Package -destination platform=macOS,arch=arm64
Command line invocation:
/Applications/Xcode-27.0.0-Release.Candidate.app/Contents/Developer/usr/bin/xcodebuild -IDEClonedSourcePackagesDirPathOverride=/Users/admin/builder/spi-builder-workspace/.dependencies -skipMacroValidation -skipPackagePluginValidation -derivedDataPath /Users/admin/builder/spi-builder-workspace/.derivedData build -scheme SwiftyNames-Package -destination platform=macOS,arch=arm64
ComputePackagePrebuildTargetDependencyGraph
Prepare packages
CreateBuildRequest
SendProjectDescription
CreateBuildOperation
ComputeTargetDependencyGraph
note: Building targets in dependency order
note: Target dependency graph (1 target)
Target 'SwiftyNames' in project 'SwiftyNames' (no dependencies)
GatherProvisioningInputs
CreateBuildDescription
ExecuteExternalTool /Applications/Xcode-27.0.0-Release.Candidate.app/Contents/Developer/Toolchains/XcodeDefault.xctoolchain/usr/bin/swiftc --version
ExecuteExternalTool /Applications/Xcode-27.0.0-Release.Candidate.app/Contents/Developer/Toolchains/XcodeDefault.xctoolchain/usr/bin/clang -v -E -dM -isysroot /Applications/Xcode-27.0.0-Release.Candidate.app/Contents/Developer/Platforms/MacOSX.platform/Developer/SDKs/MacOSX27.0.sdk -x c -c /dev/null
ExecuteExternalTool /Applications/Xcode-27.0.0-Release.Candidate.app/Contents/Developer/Toolchains/XcodeDefault.xctoolchain/usr/bin/ld -version_details
Build description signature: 0559ad6dffb00f56f705873fc6aaf364
Build description path: /Users/admin/builder/spi-builder-workspace/.derivedData/Build/Intermediates.noindex/XCBuildData/0559ad6dffb00f56f705873fc6aaf364.xcbuilddata
/Users/admin/builder/spi-builder-workspace/SwiftyNames.xcodeproj: error: The macOS deployment target 'MACOSX_DEPLOYMENT_TARGET' is set to 10.10, but the range of supported deployment target versions is 12.0 to 27.0.x. (in target 'SwiftyNames' from project 'SwiftyNames')
** BUILD FAILED **
The following build commands failed:
Building project SwiftyNames with scheme SwiftyNames-Package
(1 failure)
Command line invocation:
/Applications/Xcode-27.0.0-Release.Candidate.app/Contents/Developer/usr/bin/xcodebuild -IDEClonedSourcePackagesDirPathOverride=/Users/admin/builder/spi-builder-workspace/.dependencies -resolvePackageDependencies
resolved source packages:
{
"dependencies" : [
],
"manifest_display_name" : "SwiftyNames",
"name" : "SwiftyNames",
"path" : "/Users/admin/builder/spi-builder-workspace",
"platforms" : [
],
"products" : [
{
"name" : "SwiftyNames",
"targets" : [
"SwiftyNames"
],
"type" : {
"library" : [
"automatic"
]
}
}
],
"targets" : [
{
"c99name" : "SwiftyNamesTests",
"module_type" : "SwiftTarget",
"name" : "SwiftyNamesTests",
"path" : "SwiftyNamesTests",
"sources" : [
"SwiftyNamesTests.swift"
],
"target_dependencies" : [
"SwiftyNames"
],
"type" : "test"
},
{
"c99name" : "SwiftyNames",
"module_type" : "SwiftTarget",
"name" : "SwiftyNames",
"path" : "Sources",
"product_memberships" : [
"SwiftyNames"
],
"sources" : [
"String+SwiftyNames.swift"
],
"type" : "library"
}
],
"tools_version" : "4.0"
}
{
"project" : {
"configurations" : [
"Debug",
"Release"
],
"name" : "SwiftyNames",
"schemes" : [
"SwiftyNames-Package"
],
"targets" : [
"SwiftyNames",
"SwiftyNamesPackageDescription",
"SwiftyNamesPackageTests",
"SwiftyNamesTests"
]
}
}
Running build ...
env DEVELOPER_DIR=/Applications/Xcode-27.0.0-Release.Candidate.app xcrun xcodebuild -IDEClonedSourcePackagesDirPathOverride=$PWD/.dependencies -skipMacroValidation -skipPackagePluginValidation -derivedDataPath $PWD/.derivedData build -scheme SwiftyNames-Package -destination platform=macOS,arch=arm64
Command line invocation:
/Applications/Xcode-27.0.0-Release.Candidate.app/Contents/Developer/usr/bin/xcodebuild -IDEClonedSourcePackagesDirPathOverride=/Users/admin/builder/spi-builder-workspace/.dependencies -skipMacroValidation -skipPackagePluginValidation -derivedDataPath /Users/admin/builder/spi-builder-workspace/.derivedData build -scheme SwiftyNames-Package -destination platform=macOS,arch=arm64
ComputePackagePrebuildTargetDependencyGraph
Prepare packages
CreateBuildRequest
SendProjectDescription
CreateBuildOperation
ComputeTargetDependencyGraph
note: Building targets in dependency order
note: Target dependency graph (1 target)
Target 'SwiftyNames' in project 'SwiftyNames' (no dependencies)
GatherProvisioningInputs
CreateBuildDescription
/Users/admin/builder/spi-builder-workspace/SwiftyNames.xcodeproj: error: The macOS deployment target 'MACOSX_DEPLOYMENT_TARGET' is set to 10.10, but the range of supported deployment target versions is 12.0 to 27.0.x. (in target 'SwiftyNames' from project 'SwiftyNames')
** BUILD FAILED **
The following build commands failed:
Building project SwiftyNames with scheme SwiftyNames-Package
(1 failure)
BUILD FAILURE 6.4 macosXcodebuild