Build Information
Failed to build DoreSegment, reference 1.0.2 (ffd6e1), with Swift 6.4 for macOS (Xcode) using Xcode 27.0 on 18 Sep 2026 18:49:56 UTC.
Build Command
env DEVELOPER_DIR=/Applications/Xcode-27.0.0-Release.Candidate.app xcrun xcodebuild -IDEClonedSourcePackagesDirPathOverride=$PWD/.dependencies -skipMacroValidation -skipPackagePluginValidation -derivedDataPath $PWD/.derivedData build -scheme DoreSegment -destination platform=macOS,arch=arm64Build Log
========================================
RunAll
========================================
Builder version: 5.1.0
Interrupt handler set up.
========================================
Checkout
========================================
Clone URL: https://github.com/AgoraIO-Community/Extension-VisionLab-DoreSegment-iOS.git
Reference: 1.0.2
Initialized empty Git repository in /Users/admin/builder/spi-builder-workspace/.git/
From https://github.com/AgoraIO-Community/Extension-VisionLab-DoreSegment-iOS
* tag 1.0.2 -> FETCH_HEAD
HEAD is now at ffd6e1a updated to 1.0.2
Cloned https://github.com/AgoraIO-Community/Extension-VisionLab-DoreSegment-iOS.git
Revision (git rev-parse @):
ffd6e1af1332f9033306556ec186fa8adc9a2a62
SUCCESS checkout https://github.com/AgoraIO-Community/Extension-VisionLab-DoreSegment-iOS.git at 1.0.2
========================================
Build
========================================
Selected platform: macosXcodebuild
Swift version: 6.4
Building package at path: $PWD
https://github.com/AgoraIO-Community/Extension-VisionLab-DoreSegment-iOS.git
Command line invocation:
/Applications/Xcode-27.0.0-Release.Candidate.app/Contents/Developer/usr/bin/xcodebuild -IDEClonedSourcePackagesDirPathOverride=/Users/admin/builder/spi-builder-workspace/.dependencies -resolvePackageDependencies
Resolve Package Graph
Resolve Package Graph
Resolved source packages:
DoreSegment: /Users/admin/builder/spi-builder-workspace
resolved source packages: DoreSegment
2026-09-18 14:49:09.740 xcodebuild[524:3022] [MT] IDERunDestination: Supported platforms for the buildables in the current scheme is empty.
{
"default_localization" : "en",
"dependencies" : [
],
"manifest_display_name" : "DoreSegment",
"name" : "DoreSegment",
"path" : "/Users/admin/builder/spi-builder-workspace",
"platforms" : [
{
"name" : "ios",
"version" : "12.0"
}
],
"products" : [
{
"name" : "DoreSegment",
"targets" : [
"DoreSegment",
"DoreCoreAI"
],
"type" : {
"library" : [
"automatic"
]
}
}
],
"targets" : [
{
"c99name" : "DoreSegment",
"module_type" : "BinaryTarget",
"name" : "DoreSegment",
"path" : "remote/archive/DoreSegment.xcframework.zip",
"product_memberships" : [
"DoreSegment"
],
"sources" : [
],
"type" : "binary"
},
{
"c99name" : "DoreCoreAI",
"module_type" : "BinaryTarget",
"name" : "DoreCoreAI",
"path" : "remote/archive/DoreCoreAI.xcframework.zip",
"product_memberships" : [
"DoreSegment"
],
"sources" : [
],
"type" : "binary"
}
],
"tools_version" : "5.3"
}
{
"workspace" : {
"name" : "DoreSegment",
"schemes" : [
"DoreSegment"
]
}
}
2026-09-18 14:49:50.916 xcodebuild[647:3989] [MT] IDERunDestination: Supported platforms for the buildables in the current scheme is empty.
Running build ...
env DEVELOPER_DIR=/Applications/Xcode-27.0.0-Release.Candidate.app xcrun xcodebuild -IDEClonedSourcePackagesDirPathOverride=$PWD/.dependencies -skipMacroValidation -skipPackagePluginValidation -derivedDataPath $PWD/.derivedData build -scheme DoreSegment -destination platform=macOS,arch=arm64
Command line invocation:
/Applications/Xcode-27.0.0-Release.Candidate.app/Contents/Developer/usr/bin/xcodebuild -IDEClonedSourcePackagesDirPathOverride=/Users/admin/builder/spi-builder-workspace/.dependencies -skipMacroValidation -skipPackagePluginValidation -derivedDataPath /Users/admin/builder/spi-builder-workspace/.derivedData build -scheme DoreSegment -destination platform=macOS,arch=arm64
Resolve Package Graph
Resolved source packages:
DoreSegment: /Users/admin/builder/spi-builder-workspace
ComputePackagePrebuildTargetDependencyGraph
Prepare packages
CreateBuildRequest
SendProjectDescription
CreateBuildOperation
ComputeTargetDependencyGraph
note: Building targets in dependency order
note: Target dependency graph (1 target)
Target 'DoreSegment-product' in project 'DoreSegment' (no dependencies)
GatherProvisioningInputs
CreateBuildDescription
ExecuteExternalTool /Applications/Xcode-27.0.0-Release.Candidate.app/Contents/Developer/Toolchains/XcodeDefault.xctoolchain/usr/bin/clang -v -E -dM -isysroot /Applications/Xcode-27.0.0-Release.Candidate.app/Contents/Developer/Platforms/MacOSX.platform/Developer/SDKs/MacOSX27.0.sdk -x c -c /dev/null
Build description signature: a3e0dd09e7376ffb1616370db53f3fd2
Build description path: /Users/admin/builder/spi-builder-workspace/.derivedData/Build/Intermediates.noindex/XCBuildData/a3e0dd09e7376ffb1616370db53f3fd2.xcbuilddata
/Users/admin/builder/spi-builder-workspace/.dependencies/artifacts/spi-builder-workspace/DoreSegment/DoreSegment.xcframework:1:1: error: While building for macOS, no library for this platform was found in '/Users/admin/builder/spi-builder-workspace/.dependencies/artifacts/spi-builder-workspace/DoreSegment/DoreSegment.xcframework'. (in target 'DoreSegment-product' from project 'DoreSegment')
/Users/admin/builder/spi-builder-workspace/.dependencies/artifacts/spi-builder-workspace/DoreCoreAI/DoreCoreAI.xcframework:1:1: error: While building for macOS, no library for this platform was found in '/Users/admin/builder/spi-builder-workspace/.dependencies/artifacts/spi-builder-workspace/DoreCoreAI/DoreCoreAI.xcframework'. (in target 'DoreSegment-product' from project 'DoreSegment')
2026-09-18 14:49:52.458 xcodebuild[669:4204] [MT] IDERunDestination: Supported platforms for the buildables in the current scheme is empty.
--- xcodebuild: WARNING: Using the first of multiple matching destinations:
{ platform:macOS, arch:arm64, id:7ce4884334f1067db6f0ba9363217337aae7da1a, name:My Mac }
{ platform:macOS, arch:arm64, variant:Mac Catalyst, id:7ce4884334f1067db6f0ba9363217337aae7da1a, name:My Mac }
{ platform:macOS, arch:arm64, variant:DriverKit, id:7ce4884334f1067db6f0ba9363217337aae7da1a, name:My Mac }
{ platform:macOS, arch:arm64, variant:Designed for [iPad,iPhone], id:7ce4884334f1067db6f0ba9363217337aae7da1a, name:My Mac }
** BUILD FAILED **
The following build commands failed:
Building workspace DoreSegment with scheme DoreSegment
(1 failure)
Command line invocation:
/Applications/Xcode-27.0.0-Release.Candidate.app/Contents/Developer/usr/bin/xcodebuild -IDEClonedSourcePackagesDirPathOverride=/Users/admin/builder/spi-builder-workspace/.dependencies -resolvePackageDependencies
Resolve Package Graph
Resolved source packages:
DoreSegment: /Users/admin/builder/spi-builder-workspace
resolved source packages: DoreSegment
2026-09-18 14:49:54.010 xcodebuild[681:4297] [MT] IDERunDestination: Supported platforms for the buildables in the current scheme is empty.
{
"default_localization" : "en",
"dependencies" : [
],
"manifest_display_name" : "DoreSegment",
"name" : "DoreSegment",
"path" : "/Users/admin/builder/spi-builder-workspace",
"platforms" : [
{
"name" : "ios",
"version" : "12.0"
}
],
"products" : [
{
"name" : "DoreSegment",
"targets" : [
"DoreSegment",
"DoreCoreAI"
],
"type" : {
"library" : [
"automatic"
]
}
}
],
"targets" : [
{
"c99name" : "DoreSegment",
"module_type" : "BinaryTarget",
"name" : "DoreSegment",
"path" : "remote/archive/DoreSegment.xcframework.zip",
"product_memberships" : [
"DoreSegment"
],
"sources" : [
],
"type" : "binary"
},
{
"c99name" : "DoreCoreAI",
"module_type" : "BinaryTarget",
"name" : "DoreCoreAI",
"path" : "remote/archive/DoreCoreAI.xcframework.zip",
"product_memberships" : [
"DoreSegment"
],
"sources" : [
],
"type" : "binary"
}
],
"tools_version" : "5.3"
}
{
"workspace" : {
"name" : "DoreSegment",
"schemes" : [
"DoreSegment"
]
}
}
2026-09-18 14:49:55.247 xcodebuild[689:4359] [MT] IDERunDestination: Supported platforms for the buildables in the current scheme is empty.
Running build ...
env DEVELOPER_DIR=/Applications/Xcode-27.0.0-Release.Candidate.app xcrun xcodebuild -IDEClonedSourcePackagesDirPathOverride=$PWD/.dependencies -skipMacroValidation -skipPackagePluginValidation -derivedDataPath $PWD/.derivedData build -scheme DoreSegment -destination platform=macOS,arch=arm64
Command line invocation:
/Applications/Xcode-27.0.0-Release.Candidate.app/Contents/Developer/usr/bin/xcodebuild -IDEClonedSourcePackagesDirPathOverride=/Users/admin/builder/spi-builder-workspace/.dependencies -skipMacroValidation -skipPackagePluginValidation -derivedDataPath /Users/admin/builder/spi-builder-workspace/.derivedData build -scheme DoreSegment -destination platform=macOS,arch=arm64
Resolve Package Graph
Resolved source packages:
DoreSegment: /Users/admin/builder/spi-builder-workspace
ComputePackagePrebuildTargetDependencyGraph
Prepare packages
CreateBuildRequest
SendProjectDescription
CreateBuildOperation
ComputeTargetDependencyGraph
note: Building targets in dependency order
note: Target dependency graph (1 target)
Target 'DoreSegment-product' in project 'DoreSegment' (no dependencies)
GatherProvisioningInputs
CreateBuildDescription
/Users/admin/builder/spi-builder-workspace/.dependencies/artifacts/spi-builder-workspace/DoreCoreAI/DoreCoreAI.xcframework:1:1: error: While building for macOS, no library for this platform was found in '/Users/admin/builder/spi-builder-workspace/.dependencies/artifacts/spi-builder-workspace/DoreCoreAI/DoreCoreAI.xcframework'. (in target 'DoreSegment-product' from project 'DoreSegment')
/Users/admin/builder/spi-builder-workspace/.dependencies/artifacts/spi-builder-workspace/DoreSegment/DoreSegment.xcframework:1:1: error: While building for macOS, no library for this platform was found in '/Users/admin/builder/spi-builder-workspace/.dependencies/artifacts/spi-builder-workspace/DoreSegment/DoreSegment.xcframework'. (in target 'DoreSegment-product' from project 'DoreSegment')
2026-09-18 14:49:56.201 xcodebuild[690:4387] [MT] IDERunDestination: Supported platforms for the buildables in the current scheme is empty.
--- xcodebuild: WARNING: Using the first of multiple matching destinations:
{ platform:macOS, arch:arm64, id:7ce4884334f1067db6f0ba9363217337aae7da1a, name:My Mac }
{ platform:macOS, arch:arm64, variant:Mac Catalyst, id:7ce4884334f1067db6f0ba9363217337aae7da1a, name:My Mac }
{ platform:macOS, arch:arm64, variant:DriverKit, id:7ce4884334f1067db6f0ba9363217337aae7da1a, name:My Mac }
{ platform:macOS, arch:arm64, variant:Designed for [iPad,iPhone], id:7ce4884334f1067db6f0ba9363217337aae7da1a, name:My Mac }
** BUILD FAILED **
The following build commands failed:
Building workspace DoreSegment with scheme DoreSegment
(1 failure)
BUILD FAILURE 6.4 macosXcodebuild