Build Information
Failed to build XCOpen, reference 0.2.0 (563670), with Swift 6.4 for tvOS using Xcode 27.0 on 15 Sep 2026 20:51:06 UTC.
Build Command
No build command. This typically means the build failed at an early stage where we determine the build command.Build Log
========================================
RunAll
========================================
Builder version: 5.1.0
Interrupt handler set up.
========================================
Checkout
========================================
Clone URL: https://github.com/yutailang0119/xcopen.git
Reference: 0.2.0
Initialized empty Git repository in /Users/admin/builder/spi-builder-workspace/.git/
From https://github.com/yutailang0119/xcopen
* tag 0.2.0 -> FETCH_HEAD
HEAD is now at 563670f Merge pull request #12 from yutailang0119/develop
Cloned https://github.com/yutailang0119/xcopen.git
Revision (git rev-parse @):
563670f7a1357bede3e8c67115ef592833acd07e
SUCCESS checkout https://github.com/yutailang0119/xcopen.git at 0.2.0
========================================
Build
========================================
Selected platform: tvOS
Swift version: 6.4
Building package at path: $PWD
https://github.com/yutailang0119/xcopen.git
Command line invocation:
/Applications/Xcode-27.0.0-Release.Candidate.app/Contents/Developer/usr/bin/xcodebuild -IDEClonedSourcePackagesDirPathOverride=/Users/admin/builder/spi-builder-workspace/.dependencies -resolvePackageDependencies
Resolve Package Graph
Fetching from https://github.com/yutailang0119/ProgressSpinnerKit
Fetching from https://github.com/apple/swift-package-manager.git
Fetching from https://github.com/kylef/PathKit.git
Fetching from https://github.com/ReactiveX/RxSwift.git
Fetching from https://github.com/apple/swift-llbuild.git
Fetching from https://github.com/apple/swift-tools-support-core.git
Fetching from https://github.com/kylef/Spectre.git
Creating working copy of package ‘Spectre’
Checking out 0.10.1 of package ‘Spectre’
Creating working copy of package ‘swift-llbuild’
Checking out 0.3.0 of package ‘swift-llbuild’
Creating working copy of package ‘RxSwift’
Checking out 5.1.3 of package ‘RxSwift’
Creating working copy of package ‘swift-tools-support-core’
Checking out 0.1.0 of package ‘swift-tools-support-core’
Creating working copy of package ‘PathKit’
Checking out 1.0.1 of package ‘PathKit’
Creating working copy of package ‘swift-package-manager’
Checking out 0.6.0 of package ‘swift-package-manager’
Creating working copy of package ‘ProgressSpinnerKit’
Checking out 0.3.0 of package ‘ProgressSpinnerKit’
ignoring broken symlink /Users/admin/builder/spi-builder-workspace/.dependencies/checkouts/swift-llbuild/lib/llvm/Demangle/include/llvm/Demangle/include/llvm/Demangle/include/llvm/Demangle/include/llvm/Demangle/include/llvm/Demangle/include/llvm/Demangle/include/llvm/Demangle/include/llvm/Demangle/include/llvm/Demangle/include/llvm/Demangle/include/llvm/Demangle/include/llvm/Demangle/include/llvm/Demangle/include/llvm/Demangle/include/llvm/Demangle/include/llvm/Demangle/include/llvm/Demangle/include/llvm/Demangle/include/llvm/Demangle/include/llvm/Demangle/include/llvm/Demangle/include/llvm/Demangle/include/llvm/Demangle/include/llvm/Demangle/include/llvm/Demangle/include/llvm/Demangle/include/llvm/Demangle/include/llvm/Demangle/include/llvm/Demangle/include/llvm/Demangle/include/llvm/Demangle/include/llvm/Demangle/include/llvmproduct 'SPMUtility' required by package 'spi-builder-workspace' target 'XCOpenKit' not found.Resolve Package Graph
ignoring broken symlink /Users/admin/builder/spi-builder-workspace/.dependencies/checkouts/swift-llbuild/lib/llvm/Demangle/include/llvm/Demangle/include/llvm/Demangle/include/llvm/Demangle/include/llvm/Demangle/include/llvm/Demangle/include/llvm/Demangle/include/llvm/Demangle/include/llvm/Demangle/include/llvm/Demangle/include/llvm/Demangle/include/llvm/Demangle/include/llvm/Demangle/include/llvm/Demangle/include/llvm/Demangle/include/llvm/Demangle/include/llvm/Demangle/include/llvm/Demangle/include/llvm/Demangle/include/llvm/Demangle/include/llvm/Demangle/include/llvm/Demangle/include/llvm/Demangle/include/llvm/Demangle/include/llvm/Demangle/include/llvm/Demangle/include/llvm/Demangle/include/llvm/Demangle/include/llvm/Demangle/include/llvm/Demangle/include/llvm/Demangle/include/llvm/Demangle/include/llvm/Demangle/include/llvmproduct 'SPMUtility' required by package 'spi-builder-workspace' target 'XCOpenKit' not found.
Resolved source packages:
spi-builder-workspace: (null)
2026-09-15 16:51:04.929 xcodebuild[529:3011] Writing error result bundle to /var/folders/xq/y_g06wb113726d38xsyx71_h0000gn/T/ResultBundle_2026-15-09_16-51-0004.xcresult
xcodebuild: error: Could not resolve package dependencies:
product 'SPMUtility' required by package 'spi-builder-workspace' target 'XCOpenKit' not found.
Command line invocation:
/Applications/Xcode-27.0.0-Release.Candidate.app/Contents/Developer/usr/bin/xcodebuild -IDEClonedSourcePackagesDirPathOverride=/Users/admin/builder/spi-builder-workspace/.dependencies -resolvePackageDependencies
Resolve Package Graph
ignoring broken symlink /Users/admin/builder/spi-builder-workspace/.dependencies/checkouts/swift-llbuild/lib/llvm/Demangle/include/llvm/Demangle/include/llvm/Demangle/include/llvm/Demangle/include/llvm/Demangle/include/llvm/Demangle/include/llvm/Demangle/include/llvm/Demangle/include/llvm/Demangle/include/llvm/Demangle/include/llvm/Demangle/include/llvm/Demangle/include/llvm/Demangle/include/llvm/Demangle/include/llvm/Demangle/include/llvm/Demangle/include/llvm/Demangle/include/llvm/Demangle/include/llvm/Demangle/include/llvm/Demangle/include/llvm/Demangle/include/llvm/Demangle/include/llvm/Demangle/include/llvm/Demangle/include/llvm/Demangle/include/llvm/Demangle/include/llvm/Demangle/include/llvm/Demangle/include/llvm/Demangle/include/llvm/Demangle/include/llvm/Demangle/include/llvm/Demangle/include/llvm/Demangle/include/llvmproduct 'SPMUtility' required by package 'spi-builder-workspace' target 'XCOpenKit' not found.
Resolved source packages:
spi-builder-workspace: (null)
2026-09-15 16:51:06.323 xcodebuild[899:5106] Writing error result bundle to /var/folders/xq/y_g06wb113726d38xsyx71_h0000gn/T/ResultBundle_2026-15-09_16-51-0006.xcresult
xcodebuild: error: Could not resolve package dependencies:
product 'SPMUtility' required by package 'spi-builder-workspace' target 'XCOpenKit' not found.
BUILD FAILURE 6.4 tvOS