The Swift Package Index logo.Swift Package Index

Build Information

Failed to build swift-composable-architecture-extras, reference 1.4.0 (4a48bc), with Swift 6.4 for Android on 19 Sep 2026 20:39:57 UTC.

Build Command

bash -c docker run --pull=always --rm -v "checkouts-54344847-0":/host -w "$PWD" -e JAVA_HOME="/root/.sdkman/candidates/java/current" -e SPI_BUILD="1" -e SPI_PROCESSING="1" registry.gitlab.com/saguaro1/spi-images:android-6.4-latest swift build --swift-sdk aarch64-unknown-linux-android28 2>&1

Build Log

========================================
RunAll
========================================
Builder version: 5.1.0
Interrupt handler set up.
========================================
Checkout
========================================
Clone URL: https://github.com/Ryu0118/swift-composable-architecture-extras.git
Reference: 1.4.0
Initialized empty Git repository in /host/spi-builder-workspace/.git/
hint: Using 'master' as the name for the initial branch. This default branch name
hint: is subject to change. To configure the initial branch name to use in all
hint: of your new repositories, which will suppress this warning, call:
hint:
hint: 	git config --global init.defaultBranch <name>
hint:
hint: Names commonly chosen instead of 'master' are 'main', 'trunk' and
hint: 'development'. The just-created branch can be renamed via this command:
hint:
hint: 	git branch -m <name>
From https://github.com/Ryu0118/swift-composable-architecture-extras
 * tag               1.4.0      -> FETCH_HEAD
HEAD is now at 4a48bcd Merge pull request #3 from Ryu0118/package
Cloned https://github.com/Ryu0118/swift-composable-architecture-extras.git
Revision (git rev-parse @):
4a48bcdda51c7de3f74c0b2103111a4f12039c38
SUCCESS checkout https://github.com/Ryu0118/swift-composable-architecture-extras.git at 1.4.0
========================================
Build
========================================
Selected platform:         android
Swift version:             6.4
Building package at path:  $PWD
https://github.com/Ryu0118/swift-composable-architecture-extras.git
Running build ...
bash -c docker run --pull=always --rm -v "checkouts-54344847-0":/host -w "$PWD" -e JAVA_HOME="/root/.sdkman/candidates/java/current" -e SPI_BUILD="1" -e SPI_PROCESSING="1" registry.gitlab.com/saguaro1/spi-images:android-6.4-latest swift build --swift-sdk aarch64-unknown-linux-android28 2>&1
android-6.4-latest: Pulling from saguaro1/spi-images
Digest: sha256:abadcff584c273feba50641b454858d377ba30b35ea7287a94f45ebd8afd0ea0
Status: Image is up to date for registry.gitlab.com/saguaro1/spi-images:android-6.4-latest
Fetching https://github.com/pointfreeco/swift-composable-architecture.git
[1/313659] Fetching swift-composable-architecture
Fetched https://github.com/pointfreeco/swift-composable-architecture.git (7.66s)
Computing version for https://github.com/pointfreeco/swift-composable-architecture.git
Computed https://github.com/pointfreeco/swift-composable-architecture.git at 1.26.2 (7.91s)
Fetching https://github.com/pointfreeco/swift-navigation
Fetching https://github.com/pointfreeco/swift-sharing
Fetching https://github.com/pointfreeco/swift-identified-collections
Fetching https://github.com/swiftlang/swift-syntax
Fetching https://github.com/pointfreeco/swift-perception
Fetching https://github.com/pointfreeco/swift-issue-reporting
[1/4116] Fetching swift-sharing
[166/6194] Fetching swift-sharing, swift-perception
[228/7774] Fetching swift-sharing, swift-perception, swift-identified-collections
[6401/13910] Fetching swift-sharing, swift-perception, swift-identified-collections, swift-issue-reporting
[9800/61520] Fetching swift-sharing, swift-perception, swift-identified-collections, swift-issue-reporting, swift-navigation
Fetched https://github.com/pointfreeco/swift-identified-collections (0.53s)
Fetching https://github.com/pointfreeco/swift-custom-dump
[8343/59940] Fetching swift-sharing, swift-perception, swift-issue-reporting, swift-navigation
Fetched https://github.com/pointfreeco/swift-sharing (0.70s)
[21545/55824] Fetching swift-perception, swift-issue-reporting, swift-navigation
Fetching https://github.com/pointfreeco/swift-concurrency-extras
Fetched https://github.com/pointfreeco/swift-issue-reporting (0.70s)
[16361/49688] Fetching swift-perception, swift-navigation
Fetching https://github.com/pointfreeco/combine-schedulers
[49689/55354] Fetching swift-perception, swift-navigation, swift-custom-dump
[55355/135338] Fetching swift-perception, swift-navigation, swift-custom-dump, swift-syntax
[55356/138024] Fetching swift-perception, swift-navigation, swift-custom-dump, swift-syntax, combine-schedulers
[56290/139082] Fetching swift-perception, swift-navigation, swift-custom-dump, swift-syntax, combine-schedulers, swift-concurrency-extras
Fetched https://github.com/pointfreeco/swift-custom-dump (0.53s)
[51434/133416] Fetching swift-perception, swift-navigation, swift-syntax, combine-schedulers, swift-concurrency-extras
Fetching https://github.com/pointfreeco/swift-dependencies
Fetched https://github.com/pointfreeco/swift-concurrency-extras (0.44s)
Fetched https://github.com/pointfreeco/combine-schedulers (0.44s)
[58487/129672] Fetching swift-perception, swift-navigation, swift-syntax
Fetching https://github.com/pointfreeco/swift-clocks
Fetching https://github.com/pointfreeco/swift-case-paths
Fetched https://github.com/pointfreeco/swift-navigation (1.15s)
Fetching https://github.com/apple/swift-collections
[11677/82062] Fetching swift-perception, swift-syntax
[34873/89653] Fetching swift-perception, swift-syntax, swift-dependencies
[53825/94985] Fetching swift-perception, swift-syntax, swift-dependencies, swift-case-paths
[60914/96431] Fetching swift-perception, swift-syntax, swift-dependencies, swift-case-paths, swift-clocks
Fetched https://github.com/pointfreeco/swift-dependencies (0.52s)
[61857/88840] Fetching swift-perception, swift-syntax, swift-case-paths, swift-clocks
Fetched https://github.com/pointfreeco/swift-case-paths (0.48s)
Fetched https://github.com/pointfreeco/swift-clocks (0.48s)
[62866/82062] Fetching swift-perception, swift-syntax
[78864/109414] Fetching swift-perception, swift-syntax, swift-collections
Fetched https://github.com/apple/swift-collections (1.21s)
Fetched https://github.com/pointfreeco/swift-perception (3.06s)
Fetched https://github.com/swiftlang/swift-syntax (3.08s)
Computing version for https://github.com/pointfreeco/swift-issue-reporting
Computed https://github.com/pointfreeco/swift-issue-reporting at 2.1.0 (4.18s)
Computing version for https://github.com/pointfreeco/swift-identified-collections
Computed https://github.com/pointfreeco/swift-identified-collections at 1.1.1 (0.16s)
Computing version for https://github.com/pointfreeco/swift-clocks
Computed https://github.com/pointfreeco/swift-clocks at 1.1.1 (0.18s)
Computing version for https://github.com/pointfreeco/swift-concurrency-extras
Computed https://github.com/pointfreeco/swift-concurrency-extras at 1.4.1 (0.17s)
Computing version for https://github.com/pointfreeco/combine-schedulers
Computed https://github.com/pointfreeco/combine-schedulers at 1.2.2 (0.19s)
Fetching https://github.com/OpenCombine/OpenCombine.git
[1/8284] Fetching opencombine
Fetched https://github.com/OpenCombine/OpenCombine.git (0.65s)
Computing version for https://github.com/OpenCombine/OpenCombine.git
Computed https://github.com/OpenCombine/OpenCombine.git at 0.14.0 (0.89s)
Computing version for https://github.com/pointfreeco/swift-navigation
Computed https://github.com/pointfreeco/swift-navigation at 2.11.2 (0.26s)
Computing version for https://github.com/pointfreeco/swift-case-paths
Computed https://github.com/pointfreeco/swift-case-paths at 1.10.0 (0.23s)
Computing version for https://github.com/pointfreeco/swift-custom-dump
Computed https://github.com/pointfreeco/swift-custom-dump at 1.7.3 (0.18s)
Computing version for https://github.com/apple/swift-collections
Computed https://github.com/apple/swift-collections at 1.6.0 (0.28s)
Computing version for https://github.com/swiftlang/swift-syntax
Computed https://github.com/swiftlang/swift-syntax at 604.0.0 (0.30s)
Computing version for https://github.com/pointfreeco/swift-perception
Computed https://github.com/pointfreeco/swift-perception at 2.0.12 (0.19s)
Computing version for https://github.com/pointfreeco/swift-dependencies
Computed https://github.com/pointfreeco/swift-dependencies at 1.17.1 (0.20s)
Computing version for https://github.com/pointfreeco/swift-sharing
Computed https://github.com/pointfreeco/swift-sharing at 2.10.1 (0.26s)
Creating working copy for https://github.com/swiftlang/swift-syntax
Working copy of https://github.com/swiftlang/swift-syntax resolved at 604.0.0
Creating working copy for https://github.com/pointfreeco/swift-composable-architecture.git
Working copy of https://github.com/pointfreeco/swift-composable-architecture.git resolved at 1.26.2
Creating working copy for https://github.com/pointfreeco/swift-perception
Working copy of https://github.com/pointfreeco/swift-perception resolved at 2.0.12
Creating working copy for https://github.com/pointfreeco/swift-case-paths
Working copy of https://github.com/pointfreeco/swift-case-paths resolved at 1.10.0
Creating working copy for https://github.com/pointfreeco/swift-navigation
Working copy of https://github.com/pointfreeco/swift-navigation resolved at 2.11.2
Creating working copy for https://github.com/pointfreeco/combine-schedulers
Working copy of https://github.com/pointfreeco/combine-schedulers resolved at 1.2.2
Creating working copy for https://github.com/pointfreeco/swift-sharing
Working copy of https://github.com/pointfreeco/swift-sharing resolved at 2.10.1
Creating working copy for https://github.com/pointfreeco/swift-identified-collections
Working copy of https://github.com/pointfreeco/swift-identified-collections resolved at 1.1.1
Creating working copy for https://github.com/pointfreeco/swift-concurrency-extras
Working copy of https://github.com/pointfreeco/swift-concurrency-extras resolved at 1.4.1
Creating working copy for https://github.com/pointfreeco/swift-clocks
Working copy of https://github.com/pointfreeco/swift-clocks resolved at 1.1.1
Creating working copy for https://github.com/pointfreeco/swift-dependencies
Working copy of https://github.com/pointfreeco/swift-dependencies resolved at 1.17.1
Creating working copy for https://github.com/pointfreeco/swift-issue-reporting
Working copy of https://github.com/pointfreeco/swift-issue-reporting resolved at 2.1.0
Creating working copy for https://github.com/apple/swift-collections
Working copy of https://github.com/apple/swift-collections resolved at 1.6.0
Creating working copy for https://github.com/pointfreeco/swift-custom-dump
Working copy of https://github.com/pointfreeco/swift-custom-dump resolved at 1.7.3
Creating working copy for https://github.com/OpenCombine/OpenCombine.git
Working copy of https://github.com/OpenCombine/OpenCombine.git resolved at 0.14.0
Building for debugging...
[Computing dependencies]
[Provisioning 2 / 81]
[Pre-planning 1 / 1687]
[Planning 964 / 1687]
[Planning deferred tasks]
[Writing build description]
[172 / 682] Sharing
[331 / 703] SwiftSyntax509
[375 / 707] Sharing1
[389 / 709] Sharing1
[401 / 716] InternalCollectionsUtilities
[407 / 754] ConcurrencyExtras
[426 / 758] Sharing2
[428 / 758] InternalCollectionsUtilities
[429 / 758] OpenCombine
[431 / 758] OpenCombine
[437 / 758] OpenCombine
[438 / 758] OpenCombine
[439 / 758] ConcurrencyExtras
[449 / 758] OpenCombineFoundation
[452 / 758] IssueReporting
[458 / 758] IssueReporting
[459 / 758] IssueReporting-product
[460 / 758] IssueReporting
[461 / 758] PerceptionCore
[463 / 758] InternalCollectionsUtilities
[470 / 759] IssueReporting
[476 / 760] OpenCombine
[480 / 760] Clocks
[487 / 773] SwiftSyntax
[492 / 791] OrderedCollections
[493 / 792] SwiftSyntax
[494 / 792] COpenCombineHelpers
[496 / 792] SwiftSyntax
[499 / 792] OrderedCollections
[509 / 792] PerceptionCore-product
[510 / 792] PerceptionCore-product
[512 / 792] PerceptionCore
[513 / 792] PerceptionCore
[515 / 792] PerceptionCore
[516 / 792] OrderedCollections
[517 / 793] PerceptionCore
[518 / 793] SwiftSyntax
[521 / 793] OrderedCollections-product
[522 / 793] OrderedCollections
[525 / 793] OrderedCollections
[526 / 793] InternalCollectionsUtilities
[531 / 795] IssueReporting
[535 / 808] OpenCombineDispatch
[541 / 809] OpenCombineFoundation
[548 / 827] OpenCombineDispatch
[560 / 827] OpenCombineFoundation
[561 / 827] OpenCombineFoundation
[563 / 827] CustomDump
[565 / 827] CustomDump
[570 / 827] OpenCombineShim
[571 / 827] OpenCombineFoundation
[574 / 828] OpenCombineFoundation
[576 / 828] CustomDump-product
[579 / 829] OpenCombineDispatch
[582 / 829] OpenCombineDispatch
[584 / 829] Clocks
[585 / 829] Clocks
[586 / 829] Clocks
[589 / 829] Clocks
[591 / 830]
[592 / 839] InternalCollectionsUtilities
[601 / 841] Clocks
[606 / 841] CasePathsCore
[608 / 841] SwiftSyntax
[620 / 856] CasePathsCore
[626 / 876] SwiftParser
[628 / 876] OpenCombineShim
[644 / 876] SwiftParser
[646 / 876] SwiftParser
[648 / 876] SwiftParser
[650 / 876] SwiftParser
[654 / 876] SwiftParser
[655 / 876] SwiftDiagnostics
[656 / 876] SwiftOperators
[657 / 876] SwiftSyntax
[659 / 876] SwiftDiagnostics-product
[661 / 876] SwiftDiagnostics
[663 / 876] OpenCombineShim-product
[664 / 876] PerceptionCore
[670 / 877] SwiftDiagnostics
[672 / 877] CustomDump
[680 / 885] SwiftBasicFormat
[683 / 886] SwiftBasicFormat
[686 / 887] SwiftBasicFormat
[695 / 887]
[703 / 909] SwiftParserDiagnostics
[704 / 917] SwiftParserDiagnostics
[706 / 918] SwiftParserDiagnostics
[710 / 918] SwiftOperators
[720 / 918] SwiftParserDiagnostics
[722 / 918] SwiftParserDiagnostics
[723 / 918] SwiftParserDiagnostics
[729 / 918] SwiftParserDiagnostics
[730 / 918] SwiftSyntaxBuilder
[733 / 918] SwiftOperators
[737 / 918] SwiftBasicFormat
[742 / 919] Dependencies
[745 / 919] CombineSchedulers
[746 / 920] SwiftSyntaxBuilder
[750 / 929] SwiftSyntaxBuilder
[752 / 930] SwiftParserDiagnostics
[753 / 931] SwiftSyntaxBuilder
[754 / 931] SwiftSyntaxBuilder
[756 / 931] SwiftSyntaxBuilder
[766 / 933] SwiftIfConfig
[770 / 951] SwiftIfConfig
[772 / 951] SwiftIfConfig
[773 / 951] SwiftIfConfig
[776 / 951] Dependencies
[788 / 952] SwiftIfConfig
[789 / 952] SwiftSyntaxMacros
[792 / 952] SwiftIfConfig
[795 / 953] Sharing
[796 / 953] Dependencies
[799 / 954] SwiftSyntaxMacros
[804 / 973] Sharing
[807 / 973] SwiftSyntaxMacros
[814 / 973] SwiftSyntaxMacros
[819 / 974] SwiftSyntaxMacros
[824 / 975] SwiftSyntaxMacros
[828 / 975] Sharing
[833 / 975] OpenCombineDispatch
[838 / 985] SwiftSyntaxMacroExpansion
[841 / 985] SwiftSyntaxMacroExpansion
[842 / 985] SwiftSyntaxMacroExpansion
[844 / 985] SwiftSyntaxMacroExpansion
[854 / 995] SwiftCompilerPluginMessageHandling
[857 / 995] SwiftCompilerPluginMessageHandling
[859 / 996] SwiftCompilerPluginMessageHandling
[862 / 996] SwiftCompilerPluginMessageHandling
[871 / 999] Sharing
[880 / 1002] CasePathsMacrosSupport
[880 / 1003] SwiftCompilerPlugin
[888 / 1004] CasePathsMacrosSupport
[891 / 1004] SwiftCompilerPluginMessageHandling
[893 / 1005] CasePathsMacrosSupport
[895 / 1006] SwiftSyntax
[898 / 1007] SwiftSyntax
[905 / 1007] SwiftIfConfig
[935 / 1012] PerceptionMacros
[944 / 1039] SwiftNavigationMacros
[948 / 1039] CasePathsMacros
[950 / 1039] CasePathsMacros
[955 / 1039] SwiftNavigationMacros
[959 / 1039] ComposableArchitectureMacros
[961 / 1039] ComposableArchitectureMacros
[962 / 1040] SwiftNavigationMacros
[966 / 1041] SwiftNavigationMacros
[969 / 1042] PerceptionMacros
[975 / 1042] DependenciesMacrosPlugin
[979 / 1042] ComposableArchitectureMacros
[983 / 1043] SwiftNavigationMacros
[983 / 1043] ComposableArchitectureMacros
[983 / 1043] PerceptionMacros
[987 / 1047] Perception
[1002 / 1060] DependenciesMacros
[1015 / 1061] CasePaths
[1027 / 1071] SwiftNavigation
error: SwiftCompile normal aarch64 failed with a nonzero exit code. Command line:     cd /host

/host/spi-builder-workspace/.build/checkouts/swift-navigation/Sources/SwiftNavigation/TextState.swift:212:20: error: cannot find type 'LocalizedStringResource' in scope
210 |
211 |   @available(iOS 16, macOS 13, tvOS 16, watchOS 9, *)
212 |   init(_ resource: LocalizedStringResource) {
    |                    `- error: cannot find type 'LocalizedStringResource' in scope
213 |     self.value = resource
214 |   }
/host/spi-builder-workspace/.build/checkouts/swift-navigation/Sources/SwiftNavigation/TextState.swift:216:20: error: cannot find type 'Text' in scope
214 |   }
215 |
216 |   func asText() -> Text {
    |                    `- error: cannot find type 'Text' in scope
217 |     guard
218 |       #available(iOS 16, macOS 13, tvOS 16, watchOS 9, *),
/host/spi-builder-workspace/.build/checkouts/swift-navigation/Sources/SwiftNavigation/TextState.swift:277:17: error: cannot find type 'LocalizedStringResource' in scope
275 |   @available(iOS 16, macOS 13, tvOS 16, watchOS 9, *)
276 |   public init(
277 |     _ resource: LocalizedStringResource
    |                 `- error: cannot find type 'LocalizedStringResource' in scope
278 |   ) {
279 |     self.storage = .localizedStringResource(
/host/spi-builder-workspace/.build/checkouts/swift-navigation/Sources/SwiftNavigation/TextState.swift:669:10: error: initializer cannot be declared public because its parameter uses an internal type
  1 | import Foundation
    | `- note: struct 'Locale' imported as 'internal' from 'Foundation' here
  2 |
  3 | #if canImport(SwiftUI)
    :
667 |
668 | extension String {
669 |   public init(state: TextState, locale: Locale? = nil) {
    |          |- error: initializer cannot be declared public because its parameter uses an internal type
    |          `- note: struct 'Locale' is imported by this file as 'internal' from 'Foundation'
670 |     switch state.storage {
671 |     case .concatenated(let lhs, let rhs):
FoundationEssentials.Locale:2:15: note: type declared here
  1 | @available(macOS 10.10, iOS 8.0, watchOS 2.0, tvOS 9.0, *)
  2 | public struct Locale : Hashable, Equatable, Sendable {
    |               `- note: type declared here
  3 |     public enum LanguageDirection : UInt, Sendable {
  4 |         case unknown
Failed frontend command:
/root/.local/share/swiftly/toolchains/6.4.x-snapshot-2026-09-04/usr/bin/swift-frontend -frontend -emit-module -experimental-skip-non-inlinable-function-bodies-without-types /host/spi-builder-workspace/.build/checkouts/swift-navigation/Sources/SwiftNavigation/AlertState.swift /host/spi-builder-workspace/.build/checkouts/swift-navigation/Sources/SwiftNavigation/Bind.swift /host/spi-builder-workspace/.build/checkouts/swift-navigation/Sources/SwiftNavigation/Binding.swift /host/spi-builder-workspace/.build/checkouts/swift-navigation/Sources/SwiftNavigation/ButtonState.swift /host/spi-builder-workspace/.build/checkouts/swift-navigation/Sources/SwiftNavigation/ButtonStateBuilder.swift /host/spi-builder-workspace/.build/checkouts/swift-navigation/Sources/SwiftNavigation/CaseBindable.swift /host/spi-builder-workspace/.build/checkouts/swift-navigation/Sources/SwiftNavigation/ConfirmationDialogState.swift /host/spi-builder-workspace/.build/checkouts/swift-navigation/Sources/SwiftNavigation/HashableObject.swift /host/spi-builder-workspace/.build/checkouts/swift-navigation/Sources/SwiftNavigation/Internal/AnyHashableSendable.swift /host/spi-builder-workspace/.build/checkouts/swift-navigation/Sources/SwiftNavigation/Internal/AssumeIsolated.swift /host/spi-builder-workspace/.build/checkouts/swift-navigation/Sources/SwiftNavigation/Internal/Deprecations.swift /host/spi-builder-workspace/.build/checkouts/swift-navigation/Sources/SwiftNavigation/Internal/ErrorMechanism.swift /host/spi-builder-workspace/.build/checkouts/swift-navigation/Sources/SwiftNavigation/Internal/Exports.swift /host/spi-builder-workspace/.build/checkouts/swift-navigation/Sources/SwiftNavigation/Internal/HashableStaticString.swift /host/spi-builder-workspace/.build/checkouts/swift-navigation/Sources/SwiftNavigation/Internal/KeyPath+Sendable.swift /host/spi-builder-workspace/.build/checkouts/swift-navigation/Sources/SwiftNavigation/Internal/LockIsolated.swift /host/spi-builder-workspace/.build/checkouts/swift-navigation/Sources/SwiftNavigation/Internal/ToOptionalUnit.swift /host/spi-builder-workspace/.build/checkouts/swift-navigation/Sources/SwiftNavigation/NSObject+Observe.swift /host/spi-builder-workspace/.build/checkouts/swift-navigation/Sources/SwiftNavigation/Observe.swift /host/spi-builder-workspace/.build/checkouts/swift-navigation/Sources/SwiftNavigation/TextState.swift /host/spi-builder-workspace/.build/checkouts/swift-navigation/Sources/SwiftNavigation/Traits/CasePaths.swift /host/spi-builder-workspace/.build/checkouts/swift-navigation/Sources/SwiftNavigation/Traits/CustomDump.swift /host/spi-builder-workspace/.build/checkouts/swift-navigation/Sources/SwiftNavigation/Traits/IssueReporting.swift /host/spi-builder-workspace/.build/checkouts/swift-navigation/Sources/SwiftNavigation/Traits/Perception.swift /host/spi-builder-workspace/.build/checkouts/swift-navigation/Sources/SwiftNavigation/Traits/Sharing.swift /host/spi-builder-workspace/.build/checkouts/swift-navigation/Sources/SwiftNavigation/TransactionEntry.swift /host/spi-builder-workspace/.build/checkouts/swift-navigation/Sources/SwiftNavigation/UIBindable.swift /host/spi-builder-workspace/.build/checkouts/swift-navigation/Sources/SwiftNavigation/UIBinding.swift /host/spi-builder-workspace/.build/checkouts/swift-navigation/Sources/SwiftNavigation/UINavigationPath.swift /host/spi-builder-workspace/.build/checkouts/swift-navigation/Sources/SwiftNavigation/UITransaction.swift -target aarch64-unknown-linux-android28 -Xllvm -aarch64-use-tbi -disable-objc-interop -sdk /android-ndk/android-ndk-r27d/toolchains/llvm/prebuilt/linux-x86_64/sysroot -sysroot /android-ndk/android-ndk-r27d/toolchains/llvm/prebuilt/linux-x86_64/sysroot -I /host/spi-builder-workspace/.build/out/Products/Debug-android-aarch64 -module-cache-path /host/spi-builder-workspace/.build/out/ModuleCache.noindex -color-diagnostics -Xcc -fcolor-diagnostics -enable-testing -g -debug-info-format\=dwarf -dwarf-version\=4 -suppress-warnings -swift-version 6 -Onone -D SWIFT_PACKAGE -D DEBUG -D SWIFT_MODULE_RESOURCE_BUNDLE_UNAVAILABLE -D CasePaths -D CustomDump -D IssueReporting -D Perception -D Xcode -serialize-debugging-options -load-plugin-executable /host/spi-builder-workspace/.build/out/Products/Debug-linux-x86_64/CasePathsMacros\#CasePathsMacros -load-plugin-executable /host/spi-builder-workspace/.build/out/Products/Debug-linux-x86_64/PerceptionMacros\#PerceptionMacros -load-plugin-executable /host/spi-builder-workspace/.build/out/Products/Debug-linux-x86_64/SwiftNavigationMacros\#SwiftNavigationMacros -enable-experimental-feature CheckImplementationOnly -enable-upcoming-feature ExistentialAny -enable-upcoming-feature ImmutableWeakCaptures -enable-upcoming-feature InferIsolatedConformances -enable-upcoming-feature InternalImportsByDefault -enable-upcoming-feature MemberImportVisibility -enable-upcoming-feature NonisolatedNonsendingByDefault -enable-experimental-feature DebugDescriptionMacro -empty-abi-descriptor -external-plugin-path /root/.local/share/swiftly/toolchains/6.4.x-snapshot-2026-09-04/usr/lib/swift/host/plugins/testing\#/root/.local/share/swiftly/toolchains/6.4.x-snapshot-2026-09-04/usr/bin/swift-plugin-server -user-module-version 2.11.2 -validate-clang-modules-once -clang-build-session-file /host/spi-builder-workspace/.build/out/ModuleCache.noindex/Session.modulevalidation -Xcc -working-directory -Xcc /host -resource-dir /root/.swiftpm/swift-sdks/swift-6.4.x-DEVELOPMENT-SNAPSHOT-2026-09-04-a_android.artifactbundle/swift-android/swift-resources/usr/lib/swift-aarch64 -enable-anonymous-context-mangled-names -file-compilation-dir /host -Xcc -resource-dir -Xcc /android-ndk/android-ndk-r27d/toolchains/llvm/prebuilt/linux-x86_64/lib/clang/18 -Xcc -fno-omit-frame-pointer -Xcc -D_LIBCPP_HARDENING_MODE\=_LIBCPP_HARDENING_MODE_DEBUG -Xcc -fmodules-prune-interval\=86400 -Xcc -fmodules-prune-after\=345600 -Xcc -I/host/spi-builder-workspace/.build/out/Products/Debug-android-aarch64/include -Xcc -I/host/spi-builder-workspace/.build/out/Intermediates.noindex/swift-navigation.build/Debug-android-aarch64/SwiftNavigation-t.build/DerivedSources-normal/aarch64 -Xcc -I/host/spi-builder-workspace/.build/out/Intermediates.noindex/swift-navigation.build/Debug-android-aarch64/SwiftNavigation-t.build/DerivedSources/aarch64 -Xcc -I/host/spi-builder-workspace/.build/out/Intermediates.noindex/swift-navigation.build/Debug-android-aarch64/SwiftNavigation-t.build/DerivedSources -Xcc -DSWIFT_PACKAGE -Xcc -DDEBUG\=1 -no-auto-bridging-header-chaining -module-name SwiftNavigation -package-name swift_navigation -const-gather-protocols-file /host/spi-builder-workspace/.build/out/Intermediates.noindex/swift-navigation.build/Debug-android-aarch64/SwiftNavigation-t.build/Objects-normal/aarch64/SwiftNavigation_const_extract_protocols.json -in-process-plugin-server-path /root/.local/share/swiftly/toolchains/6.4.x-snapshot-2026-09-04/usr/lib/swift/host/libSwiftInProcPluginServer.so -plugin-path /root/.local/share/swiftly/toolchains/6.4.x-snapshot-2026-09-04/usr/lib/swift/host/plugins -plugin-path /root/.local/share/swiftly/toolchains/6.4.x-snapshot-2026-09-04/usr/local/lib/swift/host/plugins -emit-module-doc-path /host/spi-builder-workspace/.build/out/Intermediates.noindex/swift-navigation.build/Debug-android-aarch64/SwiftNavigation-t.build/Objects-normal/aarch64/Modules/SwiftNavigation.swiftdoc -emit-module-source-info-path /host/spi-builder-workspace/.build/out/Intermediates.noindex/swift-navigation.build/Debug-android-aarch64/SwiftNavigation-t.build/Objects-normal/aarch64/Modules/SwiftNavigation.swiftsourceinfo -emit-objc-header-path /host/spi-builder-workspace/.build/out/Intermediates.noindex/swift-navigation.build/Debug-android-aarch64/SwiftNavigation-t.build/Objects-normal/aarch64/SwiftNavigation-Swift.h -serialize-diagnostics-path /host/spi-builder-workspace/.build/out/Intermediates.noindex/swift-navigation.build/Debug-android-aarch64/SwiftNavigation-t.build/Objects-normal/aarch64/SwiftNavigation-primary-emit-module.dia -emit-dependencies-path /host/spi-builder-workspace/.build/out/Intermediates.noindex/swift-navigation.build/Debug-android-aarch64/SwiftNavigation-t.build/Objects-normal/aarch64/SwiftNavigation-primary-emit-module.d -parse-as-library -o /host/spi-builder-workspace/.build/out/Intermediates.noindex/swift-navigation.build/Debug-android-aarch64/SwiftNavigation-t.build/Objects-normal/aarch64/Modules/SwiftNavigation.swiftmodule
error: Build failed
BUILD FAILURE 6.4 android