The Swift Package Index logo.Swift Package Index

Build Information

Failed to build swiftredunda with Swift 5.7 for tvOS using Xcode 14.2 at 0.1.6.

Build Command

env DEVELOPER_DIR="/Applications/Xcode-14.2.0.app" xcrun xcodebuild -IDEClonedSourcePackagesDirPathOverride="$PWD/.dependencies" -derivedDataPath "$PWD/.derivedData" build -scheme swiftredunda -destination "generic/platform=tvos"

Build Log


SwiftCompile normal arm64 Compiling\ RedundaPingService.swift /Users/builder/builds/o86TiJKT/0/finestructure/swiftpackageindex-builder/spi-builder-workspace/Sources/swiftredunda/RedundaPingService.swift (in target 'SwiftRedunda' from project 'swiftredunda')
    cd /Users/builder/builds/o86TiJKT/0/finestructure/swiftpackageindex-builder/spi-builder-workspace
    builtin-swiftTaskExecution -- /Applications/Xcode-14.2.0.app/Contents/Developer/Toolchains/XcodeDefault.xctoolchain/usr/bin/swift-frontend -frontend -c /Users/builder/builds/o86TiJKT/0/finestructure/swiftpackageindex-builder/spi-builder-workspace/Sources/swiftredunda/RedundaClient.swift /Users/builder/builds/o86TiJKT/0/finestructure/swiftpackageindex-builder/spi-builder-workspace/Sources/swiftredunda/RedundaPingResponse.swift -primary-file /Users/builder/builds/o86TiJKT/0/finestructure/swiftpackageindex-builder/spi-builder-workspace/Sources/swiftredunda/RedundaPingService.swift -emit-dependencies-path /Users/builder/builds/o86TiJKT/0/finestructure/swiftpackageindex-builder/spi-builder-workspace/.derivedData/Build/Intermediates.noindex/swiftredunda.build/Debug-appletvos/SwiftRedunda.build/Objects-normal/arm64/RedundaPingService.d -emit-reference-dependencies-path /Users/builder/builds/o86TiJKT/0/finestructure/swiftpackageindex-builder/spi-builder-workspace/.derivedData/Build/Intermediates.noindex/swiftredunda.build/Debug-appletvos/SwiftRedunda.build/Objects-normal/arm64/RedundaPingService.swiftdeps -serialize-diagnostics-path /Users/builder/builds/o86TiJKT/0/finestructure/swiftpackageindex-builder/spi-builder-workspace/.derivedData/Build/Intermediates.noindex/swiftredunda.build/Debug-appletvos/SwiftRedunda.build/Objects-normal/arm64/RedundaPingService.dia -target arm64-apple-tvos11.0 -Xllvm -aarch64-use-tbi -enable-objc-interop -sdk /Applications/Xcode-14.2.0.app/Contents/Developer/Platforms/AppleTVOS.platform/Developer/SDKs/AppleTVOS16.1.sdk -I /Users/builder/builds/o86TiJKT/0/finestructure/swiftpackageindex-builder/spi-builder-workspace/.derivedData/Build/Products/Debug-appletvos -I /Applications/Xcode-14.2.0.app/Contents/Developer/Platforms/AppleTVOS.platform/Developer/usr/lib -F /Users/builder/builds/o86TiJKT/0/finestructure/swiftpackageindex-builder/spi-builder-workspace/.derivedData/Build/Products/Debug-appletvos -F /Applications/Xcode-14.2.0.app/Contents/Developer/Platforms/AppleTVOS.platform/Developer/Library/Frameworks -F /Applications/Xcode-14.2.0.app/Contents/Developer/Platforms/AppleTVOS.platform/Developer/SDKs/AppleTVOS16.1.sdk/Developer/Library/Frameworks -no-color-diagnostics -enable-testing -g -module-cache-path /Users/builder/builds/o86TiJKT/0/finestructure/swiftpackageindex-builder/spi-builder-workspace/.derivedData/ModuleCache.noindex -swift-version 4 -enforce-exclusivity\=checked -Onone -D SWIFT_PACKAGE -D DEBUG -D Xcode -serialize-debugging-options -empty-abi-descriptor -Xcc -working-directory -Xcc /Users/builder/builds/o86TiJKT/0/finestructure/swiftpackageindex-builder/spi-builder-workspace -resource-dir /Applications/Xcode-14.2.0.app/Contents/Developer/Toolchains/XcodeDefault.xctoolchain/usr/lib/swift -enable-anonymous-context-mangled-names -Xcc -I/Users/builder/builds/o86TiJKT/0/finestructure/swiftpackageindex-builder/spi-builder-workspace/.derivedData/Build/Intermediates.noindex/swiftredunda.build/Debug-appletvos/SwiftRedunda.build/swift-overrides.hmap -Xcc -I/Users/builder/builds/o86TiJKT/0/finestructure/swiftpackageindex-builder/spi-builder-workspace/.derivedData/Build/Products/Debug-appletvos/include -Xcc -I/Users/builder/builds/o86TiJKT/0/finestructure/swiftpackageindex-builder/spi-builder-workspace/.derivedData/Build/Intermediates.noindex/swiftredunda.build/Debug-appletvos/SwiftRedunda.build/DerivedSources-normal/arm64 -Xcc -I/Users/builder/builds/o86TiJKT/0/finestructure/swiftpackageindex-builder/spi-builder-workspace/.derivedData/Build/Intermediates.noindex/swiftredunda.build/Debug-appletvos/SwiftRedunda.build/DerivedSources/arm64 -Xcc -I/Users/builder/builds/o86TiJKT/0/finestructure/swiftpackageindex-builder/spi-builder-workspace/.derivedData/Build/Intermediates.noindex/swiftredunda.build/Debug-appletvos/SwiftRedunda.build/DerivedSources -Xcc -DSWIFT_PACKAGE -Xcc -DDEBUG\=1 -module-name SwiftRedunda -frontend-parseable-output -disable-clang-spi -target-sdk-version 16.1 -o /Users/builder/builds/o86TiJKT/0/finestructure/swiftpackageindex-builder/spi-builder-workspace/.derivedData/Build/Intermediates.noindex/swiftredunda.build/Debug-appletvos/SwiftRedunda.build/Objects-normal/arm64/RedundaPingService.o -index-unit-output-path /swiftredunda.build/Debug-appletvos/SwiftRedunda.build/Objects-normal/arm64/RedundaPingService.o -index-store-path /Users/builder/builds/o86TiJKT/0/finestructure/swiftpackageindex-builder/spi-builder-workspace/.derivedData/Index.noindex/DataStore -index-system-modules

CompileSwift normal arm64 /Users/builder/builds/o86TiJKT/0/finestructure/swiftpackageindex-builder/spi-builder-workspace/Sources/swiftredunda/RedundaPingService.swift (in target 'SwiftRedunda' from project 'swiftredunda')
    cd /Users/builder/builds/o86TiJKT/0/finestructure/swiftpackageindex-builder/spi-builder-workspace
    /Applications/Xcode-14.2.0.app/Contents/Developer/Toolchains/XcodeDefault.xctoolchain/usr/bin/swift-frontend -c /Users/builder/builds/o86TiJKT/0/finestructure/swiftpackageindex-builder/spi-builder-workspace/Sources/swiftredunda/RedundaClient.swift /Users/builder/builds/o86TiJKT/0/finestructure/swiftpackageindex-builder/spi-builder-workspace/Sources/swiftredunda/RedundaPingResponse.swift -primary-file /Users/builder/builds/o86TiJKT/0/finestructure/swiftpackageindex-builder/spi-builder-workspace/Sources/swiftredunda/RedundaPingService.swift -emit-dependencies-path /Users/builder/builds/o86TiJKT/0/finestructure/swiftpackageindex-builder/spi-builder-workspace/.derivedData/Build/Intermediates.noindex/swiftredunda.build/Debug-appletvos/SwiftRedunda.build/Objects-normal/arm64/RedundaPingService.d -emit-reference-dependencies-path /Users/builder/builds/o86TiJKT/0/finestructure/swiftpackageindex-builder/spi-builder-workspace/.derivedData/Build/Intermediates.noindex/swiftredunda.build/Debug-appletvos/SwiftRedunda.build/Objects-normal/arm64/RedundaPingService.swiftdeps -serialize-diagnostics-path /Users/builder/builds/o86TiJKT/0/finestructure/swiftpackageindex-builder/spi-builder-workspace/.derivedData/Build/Intermediates.noindex/swiftredunda.build/Debug-appletvos/SwiftRedunda.build/Objects-normal/arm64/RedundaPingService.dia -target arm64-apple-tvos11.0 -Xllvm -aarch64-use-tbi -enable-objc-interop -sdk /Applications/Xcode-14.2.0.app/Contents/Developer/Platforms/AppleTVOS.platform/Developer/SDKs/AppleTVOS16.1.sdk -I /Users/builder/builds/o86TiJKT/0/finestructure/swiftpackageindex-builder/spi-builder-workspace/.derivedData/Build/Products/Debug-appletvos -I /Applications/Xcode-14.2.0.app/Contents/Developer/Platforms/AppleTVOS.platform/Developer/usr/lib -F /Users/builder/builds/o86TiJKT/0/finestructure/swiftpackageindex-builder/spi-builder-workspace/.derivedData/Build/Products/Debug-appletvos -F /Applications/Xcode-14.2.0.app/Contents/Developer/Platforms/AppleTVOS.platform/Developer/Library/Frameworks -F /Applications/Xcode-14.2.0.app/Contents/Developer/Platforms/AppleTVOS.platform/Developer/SDKs/AppleTVOS16.1.sdk/Developer/Library/Frameworks -no-color-diagnostics -enable-testing -g -module-cache-path /Users/builder/builds/o86TiJKT/0/finestructure/swiftpackageindex-builder/spi-builder-workspace/.derivedData/ModuleCache.noindex -swift-version 4 -enforce-exclusivity\=checked -Onone -D SWIFT_PACKAGE -D DEBUG -D Xcode -serialize-debugging-options -empty-abi-descriptor -Xcc -working-directory -Xcc /Users/builder/builds/o86TiJKT/0/finestructure/swiftpackageindex-builder/spi-builder-workspace -resource-dir /Applications/Xcode-14.2.0.app/Contents/Developer/Toolchains/XcodeDefault.xctoolchain/usr/lib/swift -enable-anonymous-context-mangled-names -Xcc -I/Users/builder/builds/o86TiJKT/0/finestructure/swiftpackageindex-builder/spi-builder-workspace/.derivedData/Build/Intermediates.noindex/swiftredunda.build/Debug-appletvos/SwiftRedunda.build/swift-overrides.hmap -Xcc -I/Users/builder/builds/o86TiJKT/0/finestructure/swiftpackageindex-builder/spi-builder-workspace/.derivedData/Build/Products/Debug-appletvos/include -Xcc -I/Users/builder/builds/o86TiJKT/0/finestructure/swiftpackageindex-builder/spi-builder-workspace/.derivedData/Build/Intermediates.noindex/swiftredunda.build/Debug-appletvos/SwiftRedunda.build/DerivedSources-normal/arm64 -Xcc -I/Users/builder/builds/o86TiJKT/0/finestructure/swiftpackageindex-builder/spi-builder-workspace/.derivedData/Build/Intermediates.noindex/swiftredunda.build/Debug-appletvos/SwiftRedunda.build/DerivedSources/arm64 -Xcc -I/Users/builder/builds/o86TiJKT/0/finestructure/swiftpackageindex-builder/spi-builder-workspace/.derivedData/Build/Intermediates.noindex/swiftredunda.build/Debug-appletvos/SwiftRedunda.build/DerivedSources -Xcc -DSWIFT_PACKAGE -Xcc -DDEBUG\=1 -module-name SwiftRedunda -frontend-parseable-output -disable-clang-spi -target-sdk-version 16.1 -o /Users/builder/builds/o86TiJKT/0/finestructure/swiftpackageindex-builder/spi-builder-workspace/.derivedData/Build/Intermediates.noindex/swiftredunda.build/Debug-appletvos/SwiftRedunda.build/Objects-normal/arm64/RedundaPingService.o -index-unit-output-path /swiftredunda.build/Debug-appletvos/SwiftRedunda.build/Objects-normal/arm64/RedundaPingService.o -index-store-path /Users/builder/builds/o86TiJKT/0/finestructure/swiftpackageindex-builder/spi-builder-workspace/.derivedData/Index.noindex/DataStore -index-system-modules

SwiftCompile normal arm64 Compiling\ RedundaPingResponse.swift /Users/builder/builds/o86TiJKT/0/finestructure/swiftpackageindex-builder/spi-builder-workspace/Sources/swiftredunda/RedundaPingResponse.swift (in target 'SwiftRedunda' from project 'swiftredunda')
    cd /Users/builder/builds/o86TiJKT/0/finestructure/swiftpackageindex-builder/spi-builder-workspace
    builtin-swiftTaskExecution -- /Applications/Xcode-14.2.0.app/Contents/Developer/Toolchains/XcodeDefault.xctoolchain/usr/bin/swift-frontend -frontend -c /Users/builder/builds/o86TiJKT/0/finestructure/swiftpackageindex-builder/spi-builder-workspace/Sources/swiftredunda/RedundaClient.swift -primary-file /Users/builder/builds/o86TiJKT/0/finestructure/swiftpackageindex-builder/spi-builder-workspace/Sources/swiftredunda/RedundaPingResponse.swift /Users/builder/builds/o86TiJKT/0/finestructure/swiftpackageindex-builder/spi-builder-workspace/Sources/swiftredunda/RedundaPingService.swift -emit-dependencies-path /Users/builder/builds/o86TiJKT/0/finestructure/swiftpackageindex-builder/spi-builder-workspace/.derivedData/Build/Intermediates.noindex/swiftredunda.build/Debug-appletvos/SwiftRedunda.build/Objects-normal/arm64/RedundaPingResponse.d -emit-reference-dependencies-path /Users/builder/builds/o86TiJKT/0/finestructure/swiftpackageindex-builder/spi-builder-workspace/.derivedData/Build/Intermediates.noindex/swiftredunda.build/Debug-appletvos/SwiftRedunda.build/Objects-normal/arm64/RedundaPingResponse.swiftdeps -serialize-diagnostics-path /Users/builder/builds/o86TiJKT/0/finestructure/swiftpackageindex-builder/spi-builder-workspace/.derivedData/Build/Intermediates.noindex/swiftredunda.build/Debug-appletvos/SwiftRedunda.build/Objects-normal/arm64/RedundaPingResponse.dia -target arm64-apple-tvos11.0 -Xllvm -aarch64-use-tbi -enable-objc-interop -sdk /Applications/Xcode-14.2.0.app/Contents/Developer/Platforms/AppleTVOS.platform/Developer/SDKs/AppleTVOS16.1.sdk -I /Users/builder/builds/o86TiJKT/0/finestructure/swiftpackageindex-builder/spi-builder-workspace/.derivedData/Build/Products/Debug-appletvos -I /Applications/Xcode-14.2.0.app/Contents/Developer/Platforms/AppleTVOS.platform/Developer/usr/lib -F /Users/builder/builds/o86TiJKT/0/finestructure/swiftpackageindex-builder/spi-builder-workspace/.derivedData/Build/Products/Debug-appletvos -F /Applications/Xcode-14.2.0.app/Contents/Developer/Platforms/AppleTVOS.platform/Developer/Library/Frameworks -F /Applications/Xcode-14.2.0.app/Contents/Developer/Platforms/AppleTVOS.platform/Developer/SDKs/AppleTVOS16.1.sdk/Developer/Library/Frameworks -no-color-diagnostics -enable-testing -g -module-cache-path /Users/builder/builds/o86TiJKT/0/finestructure/swiftpackageindex-builder/spi-builder-workspace/.derivedData/ModuleCache.noindex -swift-version 4 -enforce-exclusivity\=checked -Onone -D SWIFT_PACKAGE -D DEBUG -D Xcode -serialize-debugging-options -empty-abi-descriptor -Xcc -working-directory -Xcc /Users/builder/builds/o86TiJKT/0/finestructure/swiftpackageindex-builder/spi-builder-workspace -resource-dir /Applications/Xcode-14.2.0.app/Contents/Developer/Toolchains/XcodeDefault.xctoolchain/usr/lib/swift -enable-anonymous-context-mangled-names -Xcc -I/Users/builder/builds/o86TiJKT/0/finestructure/swiftpackageindex-builder/spi-builder-workspace/.derivedData/Build/Intermediates.noindex/swiftredunda.build/Debug-appletvos/SwiftRedunda.build/swift-overrides.hmap -Xcc -I/Users/builder/builds/o86TiJKT/0/finestructure/swiftpackageindex-builder/spi-builder-workspace/.derivedData/Build/Products/Debug-appletvos/include -Xcc -I/Users/builder/builds/o86TiJKT/0/finestructure/swiftpackageindex-builder/spi-builder-workspace/.derivedData/Build/Intermediates.noindex/swiftredunda.build/Debug-appletvos/SwiftRedunda.build/DerivedSources-normal/arm64 -Xcc -I/Users/builder/builds/o86TiJKT/0/finestructure/swiftpackageindex-builder/spi-builder-workspace/.derivedData/Build/Intermediates.noindex/swiftredunda.build/Debug-appletvos/SwiftRedunda.build/DerivedSources/arm64 -Xcc -I/Users/builder/builds/o86TiJKT/0/finestructure/swiftpackageindex-builder/spi-builder-workspace/.derivedData/Build/Intermediates.noindex/swiftredunda.build/Debug-appletvos/SwiftRedunda.build/DerivedSources -Xcc -DSWIFT_PACKAGE -Xcc -DDEBUG\=1 -module-name SwiftRedunda -frontend-parseable-output -disable-clang-spi -target-sdk-version 16.1 -o /Users/builder/builds/o86TiJKT/0/finestructure/swiftpackageindex-builder/spi-builder-workspace/.derivedData/Build/Intermediates.noindex/swiftredunda.build/Debug-appletvos/SwiftRedunda.build/Objects-normal/arm64/RedundaPingResponse.o -index-unit-output-path /swiftredunda.build/Debug-appletvos/SwiftRedunda.build/Objects-normal/arm64/RedundaPingResponse.o -index-store-path /Users/builder/builds/o86TiJKT/0/finestructure/swiftpackageindex-builder/spi-builder-workspace/.derivedData/Index.noindex/DataStore -index-system-modules
CompileSwift normal arm64 /Users/builder/builds/o86TiJKT/0/finestructure/swiftpackageindex-builder/spi-builder-workspace/Sources/swiftredunda/RedundaPingResponse.swift (in target 'SwiftRedunda' from project 'swiftredunda')
    cd /Users/builder/builds/o86TiJKT/0/finestructure/swiftpackageindex-builder/spi-builder-workspace
    /Applications/Xcode-14.2.0.app/Contents/Developer/Toolchains/XcodeDefault.xctoolchain/usr/bin/swift-frontend -c /Users/builder/builds/o86TiJKT/0/finestructure/swiftpackageindex-builder/spi-builder-workspace/Sources/swiftredunda/RedundaClient.swift -primary-file /Users/builder/builds/o86TiJKT/0/finestructure/swiftpackageindex-builder/spi-builder-workspace/Sources/swiftredunda/RedundaPingResponse.swift /Users/builder/builds/o86TiJKT/0/finestructure/swiftpackageindex-builder/spi-builder-workspace/Sources/swiftredunda/RedundaPingService.swift -emit-dependencies-path /Users/builder/builds/o86TiJKT/0/finestructure/swiftpackageindex-builder/spi-builder-workspace/.derivedData/Build/Intermediates.noindex/swiftredunda.build/Debug-appletvos/SwiftRedunda.build/Objects-normal/arm64/RedundaPingResponse.d -emit-reference-dependencies-path /Users/builder/builds/o86TiJKT/0/finestructure/swiftpackageindex-builder/spi-builder-workspace/.derivedData/Build/Intermediates.noindex/swiftredunda.build/Debug-appletvos/SwiftRedunda.build/Objects-normal/arm64/RedundaPingResponse.swiftdeps -serialize-diagnostics-path /Users/builder/builds/o86TiJKT/0/finestructure/swiftpackageindex-builder/spi-builder-workspace/.derivedData/Build/Intermediates.noindex/swiftredunda.build/Debug-appletvos/SwiftRedunda.build/Objects-normal/arm64/RedundaPingResponse.dia -target arm64-apple-tvos11.0 -Xllvm -aarch64-use-tbi -enable-objc-interop -sdk /Applications/Xcode-14.2.0.app/Contents/Developer/Platforms/AppleTVOS.platform/Developer/SDKs/AppleTVOS16
.1.sdk -I /Users/builder/builds/o86TiJKT/0/finestructure/swiftpackageindex-builder/spi-builder-workspace/.derivedData/Build/Products/Debug-appletvos -I /Applications/Xcode-14.2.0.app/Contents/Developer/Platforms/AppleTVOS.platform/Developer/usr/lib -F /Users/builder/builds/o86TiJKT/0/finestructure/swiftpackageindex-builder/spi-builder-workspace/.derivedData/Build/Products/Debug-appletvos -F /Applications/Xcode-14.2.0.app/Contents/Developer/Platforms/AppleTVOS.platform/Developer/Library/Frameworks -F /Applications/Xcode-14.2.0.app/Contents/Developer/Platforms/AppleTVOS.platform/Developer/SDKs/AppleTVOS16.1.sdk/Developer/Library/Frameworks -no-color-diagnostics -enable-testing -g -module-cache-path /Users/builder/builds/o86TiJKT/0/finestructure/swiftpackageindex-builder/spi-builder-workspace/.derivedData/ModuleCache.noindex -swift-version 4 -enforce-exclusivity\=checked -Onone -D SWIFT_PACKAGE -D DEBUG -D Xcode -serialize-debugging-options -empty-abi-descriptor -Xcc -working-directory -Xcc /Users/builder/builds/o86TiJKT/0/finestructure/swiftpackageindex-builder/spi-builder-workspace -resource-dir /Applications/Xcode-14.2.0.app/Contents/Developer/Toolchains/XcodeDefault.xctoolchain/usr/lib/swift -enable-anonymous-context-mangled-names -Xcc -I/Users/builder/builds/o86TiJKT/0/finestructure/swiftpackageindex-builder/spi-builder-workspace/.derivedData/Build/Intermediates.noindex/swiftredunda.build/Debug-appletvos/SwiftRedunda.build/swift-overrides.hmap -Xcc -I/Users/builder/builds/o86TiJKT/0/finestructure/swiftpackageindex-builder/spi-builder-workspace/.derivedData/Build/Products/Debug-appletvos/include -Xcc -I/Users/builder/builds/o86TiJKT/0/finestructure/swiftpackageindex-builder/spi-builder-workspace/.derivedData/Build/Intermediates.noindex/swiftredunda.build/Debug-appletvos/SwiftRedunda.build/DerivedSources-normal/arm64 -Xcc -I/Users/builder/builds/o86TiJKT/0/finestructure/swiftpackageindex-builder/spi-builder-workspace/.derivedData/Build/Intermediates.noindex/swiftredunda.build/Debug-appletvos/SwiftRedunda.build/DerivedSources/arm64 -Xcc -I/Users/builder/builds/o86TiJKT/0/finestructure/swiftpackageindex-builder/spi-builder-workspace/.derivedData/Build/Intermediates.noindex/swiftredunda.build/Debug-appletvos/SwiftRedunda.build/DerivedSources -Xcc -DSWIFT_PACKAGE -Xcc -DDEBUG\=1 -module-name SwiftRedunda -frontend-parseable-output -disable-clang-spi -target-sdk-version 16.1 -o /Users/builder/builds/o86TiJKT/0/finestructure/swiftpackageindex-builder/spi-builder-workspace/.derivedData/Build/Intermediates.noindex/swiftredunda.build/Debug-appletvos/SwiftRedunda.build/Objects-normal/arm64/RedundaPingResponse.o -index-unit-output-path /swiftredunda.build/Debug-appletvos/SwiftRedunda.build/Objects-normal/arm64/RedundaPingResponse.o -index-store-path /Users/builder/builds/o86TiJKT/0/finestructure/swiftpackageindex-builder/spi-builder-workspace/.derivedData/Index.noindex/DataStore -index-system-modules
SwiftDriverJobDiscovery normal arm64 Emitting module for SwiftRedunda (in target 'SwiftRedunda' from project 'swiftredunda')

SwiftDriver\ Compilation\ Requirements SwiftRedunda normal arm64 com.apple.xcode.tools.swift.compiler (in target 'SwiftRedunda' from project 'swiftredunda')
    cd /Users/builder/builds/o86TiJKT/0/finestructure/swiftpackageindex-builder/spi-builder-workspace
    builtin-Swift-Compilation-Requirements -- /Applications/Xcode-14.2.0.app/Contents/Developer/Toolchains/XcodeDefault.xctoolchain/usr/bin/swiftc -module-name SwiftRedunda -Onone -enforce-exclusivity\=checked @/Users/builder/builds/o86TiJKT/0/finestructure/swiftpackageindex-builder/spi-builder-workspace/.derivedData/Build/Intermediates.noindex/swiftredunda.build/Debug-appletvos/SwiftRedunda.build/Objects-normal/arm64/SwiftRedunda.SwiftFileList -DSWIFT_PACKAGE -DDEBUG -DXcode -sdk /Applications/Xcode-14.2.0.app/Contents/Developer/Platforms/AppleTVOS.platform/Developer/SDKs/AppleTVOS16.1.sdk -target arm64-apple-tvos11.0 -g -module-cache-path /Users/builder/builds/o86TiJKT/0/finestructure/swiftpackageindex-builder/spi-builder-workspace/.derivedData/ModuleCache.noindex -Xfrontend -serialize-debugging-options -enable-testing -index-store-path /Users/builder/builds/o86TiJKT/0/finestructure/swiftpackageindex-builder/spi-builder-workspace/.derivedData/Index.noindex/DataStore -swift-version 4 -I /Users/builder/builds/o86TiJKT/0/finestructure/swiftpackageindex-builder/spi-builder-workspace/.derivedData/Build/Products/Debug-appletvos -I /Applications/Xcode-14.2.0.app/Contents/Developer/Platforms/AppleTVOS.platform/Developer/usr/lib -F /Users/builder/builds/o86TiJKT/0/finestructure/swiftpackageindex-builder/spi-builder-workspace/.derivedData/Build/Products/Debug-appletvos -F /Applications/Xcode-14.2.0.app/Contents/Developer/Platforms/AppleTVOS.platform/Developer/Library/Frameworks -F /Applications/Xcode-14.2.0.app/Contents/Developer/Platforms/AppleTVOS.platform/Developer/SDKs/AppleTVOS16.1.sdk/Developer/Library/Frameworks -c -j8 -enable-batch-mode -incremental -output-file-map /Users/builder/builds/o86TiJKT/0/finestructure/swiftpackageindex-builder/spi-builder-workspace/.derivedData/Build/Intermediates.noindex/swiftredunda.build/Debug-appletvos/SwiftRedunda.build/Objects-normal/arm64/SwiftRedunda-OutputFileMap.json -use-frontend-parseable-output -save-temps -no-color-diagnostics -serialize-diagnostics -emit-dependencies -emit-module -emit-module-path /Users/builder/builds/o86TiJKT/0/finestructure/swiftpackageindex-builder/spi-builder-workspace/.derivedData/Build/Intermediates.noindex/swiftredunda.build/Debug-appletvos/SwiftRedunda.build/Objects-normal/arm64/SwiftRedunda.swiftmodule -Xcc -I/Users/builder/builds/o86TiJKT/0/finestructure/swiftpackageindex-builder/spi-builder-workspace/.derivedData/Build/Intermediates.noindex/swiftredunda.build/Debug-appletvos/SwiftRedunda.build/swift-overrides.hmap -Xcc -I/Users/builder/builds/o86TiJKT/0/finestructure/swiftpackageindex-builder/spi-builder-workspace/.derivedData/Build/Products/Debug-appletvos/include -Xcc -I/Users/builder/builds/o86TiJKT/0/finestructure/swiftpackageindex-builder/spi-builder-workspace/.derivedData/Build/Intermediates.noindex/swiftredunda.build/Debug-appletvos/SwiftRedunda.build/DerivedSources-normal/arm64 -Xcc -I/Users/builder/builds/o86TiJKT/0/finestructure/swiftpackageindex-builder/spi-builder-workspace/.derivedData/Build/Intermediates.noindex/swiftredunda.build/Debug-appletvos/SwiftRedunda.build/DerivedSources/arm64 -Xcc -I/Users/builder/builds/o86TiJKT/0/finestructure/swiftpackageindex-builder/spi-builder-workspace/.derivedData/Build/Intermediates.noindex/swiftredunda.build/Debug-appletvos/SwiftRedunda.build/DerivedSources -Xcc -DSWIFT_PACKAGE -Xcc -DDEBUG\=1 -emit-objc-header -emit-objc-header-path /Users/builder/builds/o86TiJKT/0/finestructure/swiftpackageindex-builder/spi-builder-workspace/.derivedData/Build/Intermediates.noindex/swiftredunda.build/Debug-appletvos/SwiftRedunda.build/Objects-normal/arm64/SwiftRedunda-Swift.h -working-directory /Users/builder/builds/o86TiJKT/0/finestructure/swiftpackageindex-builder/spi-builder-workspace -experimental-emit-module-separately

SwiftMergeGeneratedHeaders /Users/builder/builds/o86TiJKT/0/finestructure/swiftpackageindex-builder/spi-builder-workspace/.derivedData/Build/Intermediates.noindex/GeneratedModuleMaps-appletvos/SwiftRedunda-Swift.h /Users/builder/builds/o86TiJKT/0/finestructure/swiftpackageindex-builder/spi-builder-workspace/.derivedData/Build/Intermediates.noindex/swiftredunda.build/Debug-appletvos/SwiftRedunda.build/Objects-normal/arm64/SwiftRedunda-Swift.h (in target 'SwiftRedunda' from project 'swiftredunda')
    cd /Users/builder/builds/o86TiJKT/0/finestructure/swiftpackageindex-builder/spi-builder-workspace
    builtin-swiftHeaderTool -arch arm64 /Users/builder/builds/o86TiJKT/0/finestructure/swiftpackageindex-builder/spi-builder-workspace/.derivedData/Build/Intermediates.noindex/swiftredunda.build/Debug-appletvos/SwiftRedunda.build/Objects-normal/arm64/SwiftRedunda-Swift.h -o /Users/builder/builds/o86TiJKT/0/finestructure/swiftpackageindex-builder/spi-builder-workspace/.derivedData/Build/Intermediates.noindex/GeneratedModuleMaps-appletvos/SwiftRedunda-Swift.h

Copy /Users/builder/builds/o86TiJKT/0/finestructure/swiftpackageindex-builder/spi-builder-workspace/.derivedData/Build/Products/Debug-appletvos/SwiftRedunda.swiftmodule/arm64-apple-tvos.swiftmodule /Users/builder/builds/o86TiJKT/0/finestructure/swiftpackageindex-builder/spi-builder-workspace/.derivedData/Build/Intermediates.noindex/swiftredunda.build/Debug-appletvos/SwiftRedunda.build/Objects-normal/arm64/SwiftRedunda.swiftmodule (in target 'SwiftRedunda' from project 'swiftredunda')
    cd /Users/builder/builds/o86TiJKT/0/finestructure/swiftpackageindex-builder/spi-builder-workspace
    builtin-copy -exclude .DS_Store -exclude CVS -exclude .svn -exclude .git -exclude .hg -resolve-src-symlinks -rename /Users/builder/builds/o86TiJKT/0/finestructure/swiftpackageindex-builder/spi-builder-workspace/.derivedData/Build/Intermediates.noindex/swiftredunda.build/Debug-appletvos/SwiftRedunda.build/Objects-normal/arm64/SwiftRedunda.swiftmodule /Users/builder/builds/o86TiJKT/0/finestructure/swiftpackageindex-builder/spi-builder-workspace/.derivedData/Build/Products/Debug-appletvos/SwiftRedunda.swiftmodule/arm64-apple-tvos.swiftmodule

Copy /Users/builder/builds/o86TiJKT/0/finestructure/swiftpackageindex-builder/spi-builder-workspace/.derivedData/Build/Products/Debug-appletvos/SwiftRedunda.swiftmodule/arm64-apple-tvos.abi.json /Users/builder/builds/o86TiJKT/0/finestructure/swiftpackageindex-builder/spi-builder-workspace/.derivedData/Build/Intermediates.noindex/swiftredunda.build/Debug-appletvos/SwiftRedunda.build/Objects-normal/arm64/SwiftRedunda.abi.json (in target 'SwiftRedunda' from project 'swiftredunda')
    cd /Users/builder/builds/o86TiJKT/0/finestructure/swiftpackageindex-builder/spi-builder-workspace
    builtin-copy -exclude .DS_Store -exclude CVS -exclude .svn -exclude .git -exclude .hg -resolve-src-symlinks -rename /Users/builder/builds/o86TiJKT/0/finestructure/swiftpackageindex-builder/spi-builder-workspace/.derivedData/Build/Intermediates.noindex/swiftredunda.build/Debug-appletvos/SwiftRedunda.build/Objects-normal/arm64/SwiftRedunda.abi.json /Users/builder/builds/o86TiJKT/0/finestructure/swiftpackageindex-builder/spi-builder-workspace/.derivedData/Build/Products/Debug-appletvos/SwiftRedunda.swiftmodule/arm64-apple-tvos.abi.json

Copy /Users/builder/builds/o86TiJKT/0/finestructure/swiftpackageindex-builder/spi-builder-workspace/.derivedData/Build/Products/Debug-appletvos/SwiftRedunda.swiftmodule/arm64-apple-tvos.swiftdoc /Users/builder/builds/o86TiJKT/0/finestructure/swiftpackageindex-builder/spi-builder-workspace/.derivedData/Build/Intermediates.noindex/swiftredunda.build/Debug-appletvos/SwiftRedunda.build/Objects-normal/arm64/SwiftRedunda.swiftdoc (in target 'SwiftRedunda' from project 'swiftredunda')
    cd /Users/builder/builds/o86TiJKT/0/finestructure/swiftpackageindex-builder/spi-builder-workspace
    builtin-copy -exclude .DS_Store -exclude CVS -exclude .svn -exclude .git -exclude .hg -resolve-src-symlinks -rename /Users/builder/builds/o86TiJKT/0/finestructure/swiftpackageindex-builder/spi-builder-workspace/.derivedData/Build/Intermediates.noindex/swiftredunda.build/Debug-appletvos/SwiftRedunda.build/Objects-normal/arm64/SwiftRedunda.swiftdoc /Users/builder/builds/o86TiJKT/0/finestructure/swiftpackageindex-builder/spi-builder-workspace/.derivedData/Build/Products/Debug-appletvos/SwiftRedunda.swiftmodule/arm64-apple-tvos.swiftdoc

Copy /Users/builder/builds/o86TiJKT/0/finestructure/swiftpackageindex-builder/spi-builder-workspace/.derivedData/Build/Products/Debug-appletvos/SwiftRedunda.swiftmodule/Project/arm64-apple-tvos.swiftsourceinfo /Users/builder/builds/o86TiJKT/0/finestructure/swiftpackageindex-builder/spi-builder-workspace/.derivedData/Build/Intermediates.noindex/swiftredunda.build/Debug-appletvos/SwiftRedunda.build/Objects-normal/arm64/SwiftRedunda.swiftsourceinfo (in target 'SwiftRedunda' from project 'swiftredunda')
    cd /Users/builder/builds/o86TiJKT/0/finestructure/swiftpackageindex-builder/spi-builder-workspace
    builtin-copy -exclude .DS_Store -exclude CVS -exclude .svn -exclude .git -exclude .hg -resolve-src-symlinks -rename /Users/builder/builds/o86TiJKT/0/finestructure/swiftpackageindex-builder/spi-builder-workspace/.derivedData/Build/Intermediates.noindex/swiftredunda.build/Debug-appletvos/SwiftRedunda.build/Objects-normal/arm64/SwiftRedunda.swiftsourceinfo /Users/builder/builds/o86TiJKT/0/finestructure/swiftpackageindex-builder/spi-builder-workspace/.derivedData/Build/Products/Debug-appletvos/SwiftRedunda.swiftmodule/Project/arm64-apple-tvos.swiftsourceinfo

WriteAuxiliaryFile /Users/builder/builds/o86TiJKT/0/finestructure/swiftpackageindex-builder/spi-builder-workspace/.derivedData/Build/Intermediates.noindex/swiftredunda.build/Debug-appletvos/swiftredundaTests.build/Objects-normal/arm64/swiftredundaTests-OutputFileMap.json (in target 'swiftredundaTests' from project 'swiftredunda')
    cd /Users/builder/builds/o86TiJKT/0/finestructure/swiftpackageindex-builder/spi-builder-workspace
    write-file /Users/builder/builds/o86TiJKT/0/finestructure/swiftpackageindex-builder/spi-builder-workspace/.derivedData/Build/Intermediates.noindex/swiftredunda.build/Debug-appletvos/swiftredundaTests.build/Objects-normal/arm64/swiftredundaTests-OutputFileMap.json

WriteAuxiliaryFile /Users/builder/builds/o86TiJKT/0/finestructure/swiftpackageindex-builder/spi-builder-workspace/.derivedData/Build/Intermediates.noindex/swiftredunda.build/Debug-appletvos/swiftredundaTests.build/Objects-normal/arm64/swiftredundaTests.SwiftFileList (in target 'swiftredundaTests' from project 'swiftredunda')
    cd /Users/builder/builds/o86TiJKT/0/finestructure/swiftpackageindex-builder/spi-builder-workspace
    write-file /Users/builder/builds/o86TiJKT/0/finestructure/swiftpackageindex-builder/spi-builder-workspace/.derivedData/Build/Intermediates.noindex/swiftredunda.build/Debug-appletvos/swiftredundaTests.build/Objects-normal/arm64/swiftredundaTests.SwiftFileList

SwiftDriver swiftredundaTests normal arm64 com.apple.xcode.tools.swift.compiler (in target 'swiftredundaTests' from project 'swiftredunda')
    cd /Users/builder/builds/o86TiJKT/0/finestructure/swiftpackageindex-builder/spi-builder-workspace
    builtin-SwiftDriver -- /Applications/Xcode-14.2.0.app/Contents/Developer/Toolchains/XcodeDefault.xctoolchain/usr/bin/swiftc -module-name swiftredundaTests -Onone -enforce-exclusivity\=checked @/Users/builder/builds/o86TiJKT/0/finestructure/swiftpackageindex-builder/spi-builder-workspace/.derivedData/Build/Intermediates.noindex/swiftredunda.build/Debug-appletvos/swiftredundaTests.build/Objects-normal/arm64/swiftredundaTests.SwiftFileList -DSWIFT_PACKAGE -DDEBUG -DXcode -sdk /Applications/Xcode-14.2.0.app/Contents/Developer/Platforms/AppleTVOS.platform/Developer/SDKs/AppleTVOS16.1.sdk -target arm64-apple-tvos11.0 -g -module-cache-path /Users/builder/builds/o86TiJKT/0/finestructure/swiftpackageindex-builder/spi-builder-workspace/.derivedData/ModuleCache.noindex -Xfrontend -serialize-debugging-options -enable-testing -index-store-path /Users/builder/builds/o86TiJKT/0/finestructure/swiftpackageindex-builder/spi-builder-workspace/.derivedData/Index.noindex/DataStore -swift-version 4 -I /Users/builder/builds/o86TiJKT/0/finestructure/swiftpackageindex-builder/spi-builder-workspace/.derivedData/Build/Products/Debug-appletvos -I /Applications/Xcode-14.2.0.app/Contents/Developer/Platforms/AppleTVOS.platform/Developer/usr/lib -F /Users/builder/builds/o86TiJKT/0/finestructure/swiftpackageindex-builder/spi-builder-workspace/.derivedData/Build/Products/Debug-appletvos/PackageFrameworks -F /Users/builder/builds/o86TiJKT/0/finestructure/swiftpackageindex-builder/spi-builder-workspace/.derivedData/Build/Products/Debug-appletvos -F /Applications/Xcode-14.2.0.app/Contents/Developer/Platforms/AppleTVOS.platform/Developer/Library/Frameworks -F /Applications/Xcode-14.2.0.app/Contents/Developer/Platforms/AppleTVOS.platform/Developer/SDKs/AppleTVOS16.1.sdk/Developer/Library/Frameworks -parse-as-library -c -j8 -enable-batch-mode -incremental -output-file-map /Users/builder/builds/o86TiJKT/0/finestructure/swiftpackageindex-builder/spi-builder-workspace/.derivedData/Build/Intermediates.noindex/swiftredunda.build/Debug-appletvos/swiftredundaTests.build/Objects-normal/arm64/swiftredundaTests-OutputFileMap.json -use-frontend-parseable-output -save-temps -no-color-diagnostics -serialize-diagnostics -emit-dependencies -emit-module -emit-module-path /Users/builder/builds/o86TiJKT/0/finestructure/swiftpackageindex-builder/spi-builder-workspace/.derivedData/Build/Intermediates.noindex/swiftredunda.build/Debug-appletvos/swiftredundaTests.build/Objects-normal/arm64/swiftredundaTests.swiftmodule -Xcc -I/Users/builder/builds/o86TiJKT/0/finestructure/swiftpackageindex-builder/spi-builder-workspace/.derivedData/Build/Products/Debug-appletvos/include -Xcc -I/Users/builder/builds/o86TiJKT/0/finestructure/swiftpackageindex-builder/spi-builder-workspace/.derivedData/Build/Intermediates.noindex/swiftredunda.build/Debug-appletvos/swiftredundaTests.build/DerivedSources-normal/arm64 -Xcc -I/Users/builder/builds/o86TiJKT/0/finestructure/swiftpackageindex-builder/spi-builder-workspace/.derivedData/Build/Intermediates.noindex/swiftredunda.build/Debug-appletvos/swiftredundaTests.build/DerivedSources/arm64 -Xcc -I/Users/builder/builds/o86TiJKT/0/finestructure/swiftpackageindex-builder/spi-builder-workspace/.derivedData/Build/Intermediates.noindex/swiftredunda.build/Debug-appletvos/swiftredundaTests.build/DerivedSources -Xcc -DSWIFT_PACKAGE -Xcc -DDEBUG\=1 -working-directory /Users/builder/builds/o86TiJKT/0/finestructure/swiftpackageindex-builder/spi-builder-workspace -Xfrontend -serialize-debugging-options -experimental-emit-module-separately

SwiftEmitModule normal arm64 Emitting\ module\ for\ swiftredundaTests (in target 'swiftredundaTests' from project 'swiftredunda')
    cd /Users/builder/builds/o86TiJKT/0/finestructure/swiftpackageindex-builder/spi-builder-workspace
    builtin-swiftTaskExecution -- /Applications/Xcode-14.2.0.app/Contents/Developer/Toolchains/XcodeDefault.xctoolchain/usr/bin/swift-frontend -frontend -emit-module -experimental-skip-non-inlinable-function-bodies-without-types /Users/builder/builds/o86TiJKT/0/finestructure/swiftpackageindex-builder/spi-builder-workspace/Tests/swiftredundaTests/swiftredundaTests.swift -target arm64-apple-tvos11.0 -Xllvm -aarch64-use-tbi -enable-objc-interop -sdk /Applications/Xcode-14.2.0.app/Contents/Developer/Platforms/AppleTVOS.platform/Developer/SDKs/AppleTVOS16.1.sdk -I /Users/builder/builds/o86TiJKT/0/finestructure/swiftpackageindex-builder/spi-builder-workspace/.derivedData/Build/Products/Debug-appletvos -I /Applications/Xcode-14.2.0.app/Contents/Developer/Platforms/AppleTVOS.platform/Developer/usr/lib -F /Users/builder/builds/o86TiJKT/0/finestructure/swiftpackageindex-builder/spi-builder-workspace/.derivedData/Build/Products/Debug-appletvos/PackageFrameworks -F /Users/builder/builds/o86TiJKT/0/finestructure/swiftpackageindex-builder/spi-builder-workspace/.derivedData/Build/Products/Debug-appletvos -F /Applications/Xcode-1
4.2.0.app/Contents/Developer/Platforms/AppleTVOS.platform/Developer/Library/Frameworks -F /Applications/Xcode-14.2.0.app/Contents/Developer/Platforms/AppleTVOS.platform/Developer/SDKs/AppleTVOS16.1.sdk/Developer/Library/Frameworks -no-color-diagnostics -enable-testing -g -module-cache-path /Users/builder/builds/o86TiJKT/0/finestructure/swiftpackageindex-builder/spi-builder-workspace/.derivedData/ModuleCache.noindex -swift-version 4 -enforce-exclusivity\=checked -Onone -D SWIFT_PACKAGE -D DEBUG -D Xcode -serialize-debugging-options -serialize-debugging-options -empty-abi-descriptor -Xcc -working-directory -Xcc /Users/builder/builds/o86TiJKT/0/finestructure/swiftpackageindex-builder/spi-builder-workspace -resource-dir /Applications/Xcode-14.2.0.app/Contents/Developer/Toolchains/XcodeDefault.xctoolchain/usr/lib/swift -enable-anonymous-context-mangled-names -Xcc -I/Users/builder/builds/o86TiJKT/0/finestructure/swiftpackageindex-builder/spi-builder-workspace/.derivedData/Build/Products/Debug-appletvos/include -Xcc -I/Users/builder/builds/o86TiJKT/0/finestructure/swiftpackageindex-builder/spi-builder-workspace/.derivedData/Build/Intermediates.noindex/swiftredunda.build/Debug-appletvos/swiftredundaTests.build/DerivedSources-normal/arm64 -Xcc -I/Users/builder/builds/o86TiJKT/0/finestructure/swiftpackageindex-builder/spi-builder-workspace/.derivedData/Build/Intermediates.noindex/swiftredunda.build/Debug-appletvos/swiftredundaTests.build/DerivedSources/arm64 -Xcc -I/Users/builder/builds/o86TiJKT/0/finestructure/swiftpackageindex-builder/spi-builder-workspace/.derivedData/Build/Intermediates.noindex/swiftredunda.build/Debug-appletvos/swiftredundaTests.build/DerivedSources -Xcc -DSWIFT_PACKAGE -Xcc -DDEBUG\=1 -module-name swiftredundaTests -disable-clang-spi -target-sdk-version 16.1 -emit-module-doc-path /Users/builder/builds/o86TiJKT/0/finestructure/swiftpackageindex-builder/spi-builder-workspace/.derivedData/Build/Intermediates.noindex/swiftredunda.build/Debug-appletvos/swiftredundaTests.build/Objects-normal/arm64/swiftredundaTests.swiftdoc -emit-module-source-info-path /Users/builder/builds/o86TiJKT/0/finestructure/swiftpackageindex-builder/spi-builder-workspace/.derivedData/Build/Intermediates.noindex/swiftredunda.build/Debug-appletvos/swiftredundaTests.build/Objects-normal/arm64/swiftredundaTests.swiftsourceinfo -serialize-diagnostics-path /Users/builder/builds/o86TiJKT/0/finestructure/swiftpackageindex-builder/spi-builder-workspace/.derivedData/Build/Intermediates.noindex/swiftredunda.build/Debug-appletvos/swiftredundaTests.build/Objects-normal/arm64/swiftredundaTests-master-emit-module.dia -emit-dependencies-path /Users/builder/builds/o86TiJKT/0/finestructure/swiftpackageindex-builder/spi-builder-workspace/.derivedData/Build/Intermediates.noindex/swiftredunda.build/Debug-appletvos/swiftredundaTests.build/Objects-normal/arm64/swiftredundaTests-master-emit-module.d -parse-as-library -o /Users/builder/builds/o86TiJKT/0/finestructure/swiftpackageindex-builder/spi-builder-workspace/.derivedData/Build/Intermediates.noindex/swiftredunda.build/Debug-appletvos/swiftredundaTests.build/Objects-normal/arm64/swiftredundaTests.swiftmodule -emit-abi-descriptor-path /Users/builder/builds/o86TiJKT/0/finestructure/swiftpackageindex-builder/spi-builder-workspace/.derivedData/Build/Intermediates.noindex/swiftredunda.build/Debug-appletvos/swiftredundaTests.build/Objects-normal/arm64/swiftredundaTests.abi.json

SwiftCompile normal arm64 Compiling\ swiftredundaTests.swift /Users/builder/builds/o86TiJKT/0/finestructure/swiftpackageindex-builder/spi-builder-workspace/Tests/swiftredundaTests/swiftredundaTests.swift (in target 'swiftredundaTests' from project 'swiftredunda')
    cd /Users/builder/builds/o86TiJKT/0/finestructure/swiftpackageindex-builder/spi-builder-workspace
    builtin-swiftTaskExecution -- /Applications/Xcode-14.2.0.app/Contents/Developer/Toolchains/XcodeDefault.xctoolchain/usr/bin/swift-frontend -frontend -c -primary-file /Users/builder/builds/o86TiJKT/0/finestructure/swiftpackageindex-builder/spi-builder-workspace/Tests/swiftredundaTests/swiftredundaTests.swift -emit-dependencies-path /Users/builder/builds/o86TiJKT/0/finestructure/swiftpackageindex-builder/spi-builder-workspace/.derivedData/Build/Intermediates.noindex/swiftredunda.build/Debug-appletvos/swiftredundaTests.build/Objects-normal/arm64/swiftredundaTests.d -emit-reference-dependencies-path /Users/builder/builds/o86TiJKT/0/finestructure/swiftpackageindex-builder/spi-builder-workspace/.derivedData/Build/Intermediates.noindex/swiftredunda.build/Debug-appletvos/swiftredundaTests.build/Objects-normal/arm64/swiftredundaTests.swiftdeps -serialize-diagnostics-path /Users/builder/builds/o86TiJKT/0/finestructure/swiftpackageindex-builder/spi-builder-workspace/.derivedData/Build/Intermediates.noindex/swiftredunda.build/Debug-appletvos/swiftredundaTests.build/Objects-normal/arm64/swiftredundaTests.dia -target arm64-apple-tvos11.0 -Xllvm -aarch64-use-tbi -enable-objc-interop -sdk /Applications/Xcode-14.2.0.app/Contents/Developer/Platforms/AppleTVOS.platform/Developer/SDKs/AppleTVOS16.1.sdk -I /Users/builder/builds/o86TiJKT/0/finestructure/swiftpackageindex-builder/spi-builder-workspace/.derivedData/Build/Products/Debug-appletvos -I /Applications/Xcode-14.2.0.app/Contents/Developer/Platforms/AppleTVOS.platform/Developer/usr/lib -F /Users/builder/builds/o86TiJKT/0/finestructure/swiftpackageindex-builder/spi-builder-workspace/.derivedData/Build/Products/Debug-appletvos/PackageFrameworks -F /Users/builder/builds/o86TiJKT/0/finestructure/swiftpackageindex-builder/spi-builder-workspace/.derivedData/Build/Products/Debug-appletvos -F /Applications/Xcode-14.2.0.app/Contents/Developer/Platforms/AppleTVOS.platform/Developer/Library/Frameworks -F /Applications/Xcode-14.2.0.app/Contents/Developer/Platforms/AppleTVOS.platform/Developer/SDKs/AppleTVOS16.1.sdk/Developer/Library/Frameworks -no-color-diagnostics -enable-testing -g -module-cache-path /Users/builder/builds/o86TiJKT/0/finestructure/swiftpackageindex-builder/spi-builder-workspace/.derivedData/ModuleCache.noindex -swift-version 4 -enforce-exclusivity\=checked -Onone -D SWIFT_PACKAGE -D DEBUG -D Xcode -serialize-debugging-options -serialize-debugging-options -empty-abi-descriptor -Xcc -working-directory -Xcc /Users/builder/builds/o86TiJKT/0/finestructure/swiftpackageindex-builder/spi-builder-workspace -resource-dir /Applications/Xcode-14.2.0.app/Contents/Developer/Toolchains/XcodeDefault.xctoolchain/usr/lib/swift -enable-anonymous-context-mangled-names -Xcc -I/Users/builder/builds/o86TiJKT/0/finestructure/swiftpackageindex-builder/spi-builder-workspace/.derivedData/Build/Products/Debug-appletvos/include -Xcc -I/Users/builder/builds/o86TiJKT/0/finestructure/swiftpackageindex-builder/spi-builder-workspace/.derivedData/Build/Intermediates.noindex/swiftredunda.build/Debug-appletvos/swiftredundaTests.build/DerivedSources-normal/arm64 -Xcc -I/Users/builder/builds/o86TiJKT/0/finestructure/swiftpackageindex-builder/spi-builder-workspace/.derivedData/Build/Intermediates.noindex/swiftredunda.build/Debug-appletvos/swiftredundaTests.build/DerivedSources/arm64 -Xcc -I/Users/builder/builds/o86TiJKT/0/finestructure/swiftpackageindex-builder/spi-builder-workspace/.derivedData/Build/Intermediates.noindex/swiftredunda.build/Debug-appletvos/swiftredundaTests.build/DerivedSources -Xcc -DSWIFT_PACKAGE -Xcc -DDEBUG\=1 -module-name swiftredundaTests -frontend-parseable-output -disable-clang-spi -target-sdk-version 16.1 -parse-as-library -o /Users/builder/builds/o86TiJKT/0/finestructure/swiftpackageindex-builder/spi-builder-workspace/.derivedData/Build/Intermediates.noindex/swiftredunda.build/Debug-appletvos/swiftredundaTests.build/Objects-normal/arm64/swiftredundaTests.o -index-unit-output-path /swiftredunda.build/Debug-appletvos/swiftredundaTests.build/Objects-normal/arm64/swiftredundaTests.o -index-store-path /Users/builder/builds/o86TiJKT/0/finestructure/swiftpackageindex-builder/spi-builder-workspace/.derivedData/Index.noindex/DataStore -index-system-modules
CompileSwift normal arm64 /Users/builder/builds/o86TiJKT/0/finestructure/swiftpackageindex-builder/spi-builder-workspace/Tests/swiftredundaTests/swiftredundaTests.swift (in target 'swiftredundaTests' from project 'swiftredunda')
    cd /Users/builder/builds/o86TiJKT/0/finestructure/swiftpackageindex-builder/spi-builder-workspace
    /Applications/Xcode-14.2.0.app/Contents/Developer/Toolchains/XcodeDefault.xctoolchain/usr/bin/swift-frontend -c -primary-file /Users/builder/builds/o86TiJKT/0/finestructure/swiftpackageindex-builder/spi-builder-workspace/Tests/swiftredundaTests/swiftredundaTests.swift -emit-dependencies-path /Users/builder/builds/o86TiJKT/0/finestructure/swiftpackageindex-builder/spi-builder-workspace/.derivedData/Build/Intermediates.noindex/swiftredunda.build/Debug-appletvos/swiftredundaTests.build/Objects-normal/arm64/swiftredundaTests.d -emit-reference-dependencies-path /Users/builder/builds/o86TiJKT/0/finestructure/swiftpackageindex-builder/spi-builder-workspace/.derivedData/Build/Intermediates.noindex/swiftredunda.build/Debug-appletvos/swiftredundaTests.build/Objects-normal/arm64/swiftredundaTests.swiftdeps -serialize-diagnostics-path /Users/builder/builds/o86TiJKT/0/finestructure/swiftpackageindex-builder/spi-builder-workspace/.derivedData/Build/Intermediates.noindex/swiftredunda.build/Debug-appletvos/swiftredundaTests.build/Objects-normal/arm64/swiftredundaTests.dia -target arm64-apple-tvos11.0 -Xllvm -aarch64-use-tbi -enable-objc-interop -sdk /Applications/Xcode-14.2.0.app/Contents/Developer/Platforms/AppleTVOS.platform/Developer/SDKs/AppleTVOS16.1.sdk -I /Users/builder/builds/o86TiJKT/0/finestructure/swiftpackageindex-builder/spi-builder-workspace/.derivedData/Build/Products/Debug-appletvos -I /Applications/Xcode-14.2.0.app/Contents/Developer/Platforms/AppleTVOS.platform/Developer/usr/lib -F /Users/builder/builds/o86TiJKT/0/finestructure/swiftpackageindex-builder/spi-builder-workspace/.derivedData/Build/Products/Debug-appletvos/PackageFrameworks -F /Users/builder/builds/o86TiJKT/0/finestructure/swiftpackageindex-builder/spi-builder-workspace/.derivedData/Build/Products/Debug-appletvos -F /Applications/Xcode-14.2.0.app/Contents/Developer/Platforms/AppleTVOS.platform/Developer/Library/Frameworks -F /Applications/Xcode-14.2.0.app/Contents/Developer/Platforms/AppleTVOS.platform/Developer/SDKs/AppleTVOS16.1.sdk/Developer/Library/Frameworks -no-color-diagnostics -enable-testing -g -module-cache-path /Users/builder/builds/o86TiJKT/0/finestructure/swiftpackageindex-builder/spi-builder-workspace/.derivedData/ModuleCache.noindex -swift-version 4 -enforce-exclusivity\=checked -Onone -D SWIFT_PACKAGE -D DEBUG -D Xcode -serialize-debugging-options -serialize-debugging-options -empty-abi-descriptor -Xcc -working-directory -Xcc /Users/builder/builds/o86TiJKT/0/finestructure/swiftpackageindex-builder/spi-builder-workspace -resource-dir /Applications/Xcode-14.2.0.app/Contents/Developer/Toolchains/XcodeDefault.xctoolchain/usr/lib/swift -enable-anonymous-context-mangled-names -Xcc -I/Users/builder/builds/o86TiJKT/0/finestructure/swiftpackageindex-builder/spi-builder-workspace/.derivedData/Build/Products/Debug-appletvos/include -Xcc -I/Users/builder/builds/o86TiJKT/0/finestructure/swiftpackageindex-builder/spi-builder-workspace/.derivedData/Build/Intermediates.noindex/swiftredunda.build/Debug-appletvos/swiftredundaTests.build/DerivedSources-normal/arm64 -Xcc -I/Users/builder/builds/o86TiJKT/0/finestructure/swiftpackageindex-builder/spi-builder-workspace/.derivedData/Build/Intermediates.noindex/swiftredunda.build/Debug-appletvos/swiftredundaTests.build/DerivedSources/arm64 -Xcc -I/Users/builder/builds/o86TiJKT/0/finestructure/swiftpackageindex-builder/spi-builder-workspace/.derivedData/Build/Intermediates.noindex/swiftredunda.build/Debug-appletvos/swiftredundaTests.build/DerivedSources -Xcc -DSWIFT_PACKAGE -Xcc -DDEBUG\=1 -module-name swiftredundaTests -frontend-parseable-output -disable-clang-spi -target-sdk-version 16.1 -parse-as-library -o /Users/builder/builds/o86TiJKT/0/finestructure/swiftpackageindex-builder/spi-builder-workspace/.derivedData/Build/Intermediates.noindex/swiftredunda.build/Debug-appletvos/swiftredundaTests.build/Objects-normal/arm64/swiftredundaTests.o -index-unit-output-path /swiftredunda.build/Debug-appletvos/swiftredundaTests.build/Objects-normal/arm64/swiftredundaTests.o -index-store-path /Users/builder/builds/o86TiJKT/0/finestructure/swiftpackageindex-builder/spi-builder-workspace/.derivedData/Index.noindex/DataStore -index-system-modules
/Users/builder/builds/o86TiJKT/0/finestructure/swiftpackageindex-builder/spi-builder-workspace/Tests/swiftredundaTests/swiftredundaTests.swift:9:24: error: cannot find 'swiftredunda' in scope
        XCTAssertEqual(swiftredunda().text, "Hello, World!")
                       ^~~~~~~~~~~~

SwiftDriverJobDiscovery normal arm64 Compiling RedundaClient.swift (in target 'SwiftRedunda' from project 'swiftredunda')

SwiftDriverJobDiscovery normal arm64 Compiling RedundaPingResponse.swift (in target 'SwiftRedunda' from project 'swiftredunda')

SwiftDriverJobDiscovery normal arm64 Compiling RedundaPingService.swift (in target 'SwiftRedunda' from project 'swiftredunda')

SwiftDriver\ Compilation SwiftRedunda normal arm64 com.apple.xcode.tools.swift.compiler (in target 'SwiftRedunda' from project 'swiftredunda')
    cd /Users/builder/builds/o86TiJKT/0/finestructure/swiftpackageindex-builder/spi-builder-workspace
    builtin-Swift-Compilation -- /Applications/Xcode-14.2.0.app/Contents/Developer/Toolchains/XcodeDefault.xctoolchain/usr/bin/swiftc -module-name SwiftRedunda -Onone -enforce-exclusivity\=checked @/Users/builder/builds/o86TiJKT/0/finestructure/swiftpackageindex-builder/spi-builder-workspace/.derivedData/Build/Intermediates.noindex/swiftredunda.build/Debug-appletvos/SwiftRedunda.build/Objects-normal/arm64/SwiftRedunda.SwiftFileList -DSWIFT_PACKAGE -DDEBUG -DXcode -sdk /Applications/Xcode-14.2.0.app/Contents/Developer/Platforms/AppleTVOS.platform/Developer/SDKs/AppleTVOS16.1.sdk -target arm64-apple-tvos11.0 -g -module-cache-path /Users/builder/builds/o86TiJKT/0/finestructure/swiftpackageindex-builder/spi-builder-workspace/.derivedData/ModuleCache.noindex -Xfrontend -serialize-debugging-options -enable-testing -index-store-path /Users/builder/builds/o86TiJKT/0/finestructure/swiftpackageindex-builder/spi-builder-workspace/.derivedData/Index.noindex/DataStore -swift-version 4 -I /Users/builder/builds/o86TiJKT/0/finestructure/swiftpackageindex-builder/spi-builder-workspace/.derivedData/Build/Products/Debug-appletvos -I /Applications/Xcode-14.2.0.app/Contents/Developer/Platforms/AppleTVOS.platform/Developer/usr/lib -F /Users/builder/builds/o86TiJKT/0/finestructure/swiftpackageindex-builder/spi-builder-workspace/.derivedData/Build/Products/Debug-appletvos -F /Applications/Xcode-14.2.0.app/Contents/Developer/Platforms/AppleTVOS.platform/Developer/Library/Frameworks -F /Applications/Xcode-14.2.0.app/Contents/Developer/Platforms/AppleTVOS.platform/Developer/SDKs/AppleTVOS16.1.sdk/Developer/Library/Frameworks -c -j8 -enable-batch-mode -incremental -output-file-map /Users/builder/builds/o86TiJKT/0/finestructure/swiftpackageindex-builder/spi-builder-workspace/.derivedData/Build/Intermediates.noindex/swiftredunda.build/Debug-appletvos/SwiftRedunda.build/Objects-normal/arm64/SwiftRedunda-OutputFileMap.json -use-frontend-parseable-output -save-temps -no-color-diagnostics -serialize-diagnostics -emit-dependencies -emit-module -emit-module-path /Users/builder/builds/o86TiJKT/0/finestructure/swiftpackageindex-builder/spi-builder-workspace/.derivedData/Build/Intermediates.noindex/swiftredunda.build/Debug-appletvos/SwiftRedunda.build/Objects-normal/arm64/SwiftRedunda.swiftmodule -Xcc -I/Users/builder/builds/o86TiJKT/0/finestructure/swiftpackageindex-builder/spi-builder-workspace/.derivedData/Build/Intermediates.noindex/swiftredunda.build/Debug-appletvos/SwiftRedunda.build/swift-overrides.hmap -Xcc -I/Users/builder/builds/o86TiJKT/0/finestructure/swiftpackageindex-builder/spi-builder-workspace/.derivedData/Build/Products/Debug-appletvos/include -Xcc -I/Users/builder/builds/o86TiJKT/0/finestructure/swiftpackageindex-builder/spi-builder-workspace/.derivedData/Build/Intermediates.noindex/swiftredunda.build/Debug-appletvos/SwiftRedunda.build/DerivedSources-normal/arm64 -Xcc -I/Users/builder/builds/o86TiJKT/0/finestructure/swiftpackageindex-builder/spi-builder-workspace/.derivedData/Build/Intermediates.noindex/swiftredunda.build/Debug-appletvos/SwiftRedunda.build/DerivedSources/arm64 -Xcc -I/Users/builder/builds/o86TiJKT/0/finestructure/swiftpackageindex-builder/spi-builder-workspace/.derivedData/Build/Intermediates.noindex/swiftredunda.build/Debug-appletvos/SwiftRedunda.build/DerivedSources -Xcc -DSWIFT_PACKAGE -Xcc -DDEBUG\=1 -emit-objc-header -emit-objc-header-path /Users/builder/builds/o86TiJKT/0/finestructure/swiftpackageindex-builder/spi-builder-workspace/.derivedData/Build/Intermediates.noindex/swiftredunda.build/Debug-appletvos/SwiftRedunda.build/Objects-normal/arm64/SwiftRedunda-Swift.h -working-directory /Users/builder/builds/o86TiJKT/0/finestructure/swiftpackageindex-builder/spi-builder-workspace -experimental-emit-module-separately

Ld /Users/builder/builds/o86TiJKT/0/finestructure/swiftpackageindex-builder/spi-builder-workspace/.derivedData/Build/Products/Debug-appletvos/SwiftRedunda.o normal (in target 'SwiftRedunda' from project 'swiftredunda')
    cd /Users/builder/builds/o86TiJKT/0/finestructure/swiftpackageindex-builder/spi-builder-workspace
    /Applications/Xcode-14.2.0.app/Contents/Developer/Toolchains/XcodeDefault.xctoolchain/usr/bin/clang -target arm64-apple-tvos11.0 -r -isysroot /Applications/Xcode-14.2.0.app/Contents/Developer/Platforms/AppleTVOS.platform/Developer/SDKs/AppleTVOS16.1.sdk -L/Users/builder/builds/o86TiJKT/0/finestructure/swiftpackageindex-builder/spi-builder-workspace/.derivedData/Build/Intermediates.noindex/EagerLinkingTBDs -L/Users/builder/builds/o86TiJKT/0/finestructure/swiftpackageindex-builder/spi-builder-workspace/.derivedData/Build/Products/Debug-appletvos -L/Applications/Xcode-14.2.0.app/Contents/Developer/Platforms/AppleTVOS.platform/Developer/usr/lib -F/Users/builder/builds/o86TiJKT/0/finestructure/swiftpackageindex-builder/spi-builder-workspace/.derivedData/Build/Intermediates.noindex/EagerLinkingTBDs -F/Users/builder/builds/o86TiJKT/0/finestructure/swiftpackageindex-builder/spi-builder-workspace/.derivedData/Build/Products/Debug-appletvos -F/Applications/Xcode-14.2.0.app/Contents/Developer/Platforms/AppleTVOS.platform/Developer/Library/Frameworks -iframework /Applications/Xcode-14.2.0.app/Contents/Developer/Platforms/AppleTVOS.platform/Developer/Library/Frameworks -iframework /Applications/Xcode-14.2.0.app/Contents/Developer/Platforms/AppleTVOS.platform/Developer/SDKs/AppleTVOS16.1.sdk/Developer/Library/Frameworks -filelist /Users/builder/builds/o86TiJKT/0/finestructure/swiftpackageindex-builder/spi-builder-workspace/.derivedData/Build/Intermediates.noindex/swiftredunda.build/Debug-appletvos/SwiftRedunda.build/Objects-normal/arm64/SwiftRedunda.LinkFileList -nostdlib -Xlinker -object_path_lto -Xlinker /Users/builder/builds/o86TiJKT/0/finestructure/swiftpackageindex-builder/spi-builder-workspace/.derivedData/Build/Intermediates.noindex/swiftredunda.build/Debug-appletvos/SwiftRedunda.build/Objects-normal/arm64/SwiftRedunda_lto.o -Xlinker -export_dynamic -Xlinker -no_deduplicate -fobjc-link-runtime -L/Applications/Xcode-14.2.0.app/Contents/Developer/Toolchains/XcodeDefault.xctoolchain/usr/lib/swift/appletvos -L/usr/lib/swift -Xlinker -add_ast_path -Xlinker /Users/builder/builds/o86TiJKT/0/finestructure/swiftpackageindex-builder/spi-builder-workspace/.derivedData/Build/Intermediates.noindex/swiftredunda.build/Debug-appletvos/SwiftRedunda.build/Objects-normal/arm64/SwiftRedunda.swiftmodule -Xlinker -dependency_info -Xlinker /Users/builder/builds/o86TiJKT/0/finestructure/swiftpackageindex-builder/spi-builder-workspace/.derivedData/Build/Intermediates.noindex/swiftredunda.build/Debug-appletvos/SwiftRedunda.build/Objects-normal/arm64/SwiftRedunda_dependency_info.dat -o /Users/builder/builds/o86TiJKT/0/finestructure/swiftpackageindex-builder/spi-builder-workspace/.derivedData/Build/Products/Debug-appletvos/SwiftRedunda.o

RegisterExecutionPolicyException /Users/builder/builds/o86TiJKT/0/finestructure/swiftpackageindex-builder/spi-builder-workspace/.derivedData/Build/Products/Debug-appletvos/SwiftRedunda.o (in target 'SwiftRedunda' from project 'swiftredunda')
    cd /Users/builder/builds/o86TiJKT/0/finestructure/swiftpackageindex-builder/spi-builder-workspace
    builtin-RegisterExecutionPolicyException /Users/builder/builds/o86TiJKT/0/finestructure/swiftpackageindex-builder/spi-builder-workspace/.derivedData/Build/Products/Debug-appletvos/SwiftRedunda.o

WriteAuxiliaryFile /Users/builder/builds/o86TiJKT/0/finestructure/swiftpackageindex-builder/spi-builder-workspace/.derivedData/Build/Intermediates.noindex/swiftredunda.build/Debug-appletvos/swiftredundaTests.build/empty-swiftredundaTests.plist (in target 'swiftredundaTests' from project 'swiftredunda')
    cd /Users/builder/builds/o86TiJKT/0/finestructure/swiftpackageindex-builder/spi-builder-workspace
    write-file /Users/builder/builds/o86TiJKT/0/finestructure/swiftpackageindex-builder/spi-builder-workspace/.derivedData/Build/Intermediates.noindex/swiftredunda.build/Debug-appletvos/swiftredundaTests.build/empty-swiftredundaTests.plist

WriteAuxiliaryFile /Users/builder/builds/o86TiJKT/0/finestructure/swiftpackageindex-builder/spi-builder-workspace/.derivedData/Build/Intermediates.noindex/swiftredunda.build/Debug-appletvos/swiftredundaTests.build/Objects-normal/arm64/swiftredundaTests.LinkFileList (in target 'swiftredundaTests' from project 'swiftredunda')
    cd /Users/builder/builds/o86TiJKT/0/finestructure/swiftpackageindex-builder/spi-builder-workspace
    write-file /Users/builder/builds/o86TiJKT/0/finestructure/swiftpackageindex-builder/spi-builder-workspace/.derivedData/Build/Intermediates.noindex/swiftredunda.build/Debug-appletvos/swiftredundaTests.build/Objects-normal/arm64/swiftredundaTests.LinkFileList

ProcessInfoPlistFile /Users/builder/builds/o86TiJKT/0/finestructure/swiftpackageindex-builder/spi-builder-workspace/.derivedData/Build/Products/Debug-appletvos/swiftredundaTests.xctest/Info.plist /Users/builder/builds/o86TiJKT/0/finestructure/swiftpackageindex-builder/spi-builder-workspace/.derivedData/Build/Intermediates.noindex/swiftredunda.build/Debug-appletvos/swiftredundaTests.build/empty-swiftredundaTests.plist (in target 'swiftredundaTests' from project 'swiftredunda')
    cd /Users/builder/builds/o86TiJKT/0/finestructure/swiftpackageindex-builder/spi-builder-workspace
    builtin-infoPlistUtility /Users/builder/builds/o86TiJKT/0/finestructure/swiftpackageindex-builder/spi-builder-workspace/.derivedData/Build/Intermediates.noindex/swiftredunda.build/Debug-appletvos/swiftredundaTests.build/empty-swiftredundaTests.plist -producttype com.apple.product-type.bundle.unit-test -expandbuildsettings -format binary -platform appletvos -o /Users/builder/builds/o86TiJKT/0/finestructure/swiftpackageindex-builder/spi-builder-workspace/.derivedData/Build/Products/Debug-appletvos/swiftredundaTests.xctest/Info.plist

SwiftDriverJobDiscovery normal arm64 Emitting module for swiftredundaTests (in target 'swiftredundaTests' from project 'swiftredunda')
SwiftDriver\ Compilation\ Requirements swiftredundaTests normal arm64 com.apple.xcode.tools.swift.compiler (in target 'swiftredundaTests' from project 'swiftredunda')
    cd /Users/builder/builds/o86TiJKT/0/finestructure/swiftpackageindex-builder/spi-builder-workspace
    builtin-Swift-Compilation-Requirements -- /Applications/Xcode-14.2.0.app/Contents/Developer/Toolchains/XcodeDefault.xctoolchain/usr/bin/swiftc -module-name swiftredundaTests -Onone -enforce-exclusivity\=checked @/Users/builder/builds/o86TiJKT/0/finestructure/swiftpackageindex-builder/spi-builder-workspace/.derivedData/Build/Intermediates.noindex/swiftredunda.build/Debug-appletvos/swiftredundaTests.build/Objects-normal/arm64/swiftredundaTests.SwiftFileList -DSWIFT_PACKAGE -DDEBUG -DXcode -sdk /Applications/Xcode-14.2.0.app/Contents/Developer/Platforms/AppleTVOS.platform/Developer/SDKs/AppleTVOS16.1.sdk -target arm64-apple-tvos11.0 -g -module-cache-path /Users/builder/builds/o86TiJKT/0/finestructure/swiftpackageindex-builder/spi-builder-workspace/.derivedData/ModuleCache.noindex -Xfrontend -serialize-debugging-options -enable-testing -index-store-path /Users/builder/builds/o86TiJKT/0/finestructure/swiftpackageindex-builder/spi-builder-workspace/.derivedData/Index.noindex/DataStore -swift-version 4 -I /Users/builder/builds/o86TiJKT/0/finestructure/swiftpackageindex-builder/spi-builder-workspace/.derivedData/Build/Products/Debug-appletvos -I /Applications/Xcode-14.2.0.app/Contents/Developer/Platforms/AppleTVOS.platform/Developer/usr/lib -F /Users/builder/builds/o86TiJKT/0/finestructure/swiftpackageindex-builder/spi-builder-workspace/.derivedData/Build/Products/Debug-appletvos/PackageFrameworks -F /Users/builder/builds/o86TiJKT/0/finestructure/swiftpackageindex-builder/spi-builder-workspace/.derivedData/Build/Products/Debug-appletvos -F /Applications/Xcode-14.2.0.app/Contents/Developer/Platforms/AppleTVOS.platform/Developer/Library/Frameworks -F /Applications/Xcode-14.2.0.app/Contents/Developer/Platforms/AppleTVOS.platform/Developer/SDKs/AppleTVOS16.1.sdk/Developer/Library/Frameworks -parse-as-library -c -j8 -enable-batch-mode -incremental -output-file-map /Users/builder/builds/o86TiJKT/0/finestructure/swiftpackageindex-builder/spi-builder-workspace/.derivedData/Build/Intermediates.noindex/swiftredunda.build/Debug-appletvos/swiftredundaTests.build/Objects-normal/arm64/swiftredundaTests-OutputFileMap.json -use-frontend-parseable-output -save-temps -no-color-diagnostics -serialize-diagnostics -emit-dependencies -emit-module -emit-module-path /Users/builder/builds/o86TiJKT/0/finestructure/swiftpackageindex-builder/spi-builder-workspace/.derivedData/Build/Intermediates.noindex/swiftredunda.build/Debug-appletvos/swiftredundaTests.build/Objects-normal/arm64/swiftredundaTests.swiftmodule -Xcc -I/Users/builder/builds/o86TiJKT/0/finestructure/swiftpackageindex-builder/spi-builder-workspace/.derivedData/Build/Products/Debug-appletvos/include -Xcc -I/Users/builder/builds/o86TiJKT/0/finestructure/swiftpackageindex-builder/spi-builder-workspace/.derivedData/Build/Intermediates.noindex/swiftredunda.build/Debug-appletvos/swiftredundaTests.build/DerivedSources-normal/arm64 -Xcc -I/Users/builder/builds/o86TiJKT/0/finestructure/swiftpackageindex-builder/spi-builder-workspace/.derivedData/Build/Intermediates.noindex/swiftredunda.build/Debug-appletvos/swiftredundaTests.build/DerivedSources/arm64 -Xcc -I/Users/builder/builds/o86TiJKT/0/finestructure/swiftpackageindex-builder/spi-builder-workspace/.derivedData/Build/Intermediates.noindex/swiftredunda.build/Debug-appletvos/swiftredundaTests.build/DerivedSources -Xcc -DSWIFT_PACKAGE -Xcc -DDEBUG\=1 -working-directory /Users/builder/builds/o86TiJKT/0/finestructure/swiftpackageindex-builder/spi-builder-workspace -Xfrontend -serialize-debugging-options -experimental-emit-module-separately

Copy /Users/builder/builds/o86TiJKT/0/finestructure/swiftpackageindex-builder/spi-builder-workspace/.derivedData/Build/Products/Debug-appletvos/swiftredundaTests.swiftmodule/arm64-apple-tvos.abi.json /Users/builder/builds/o86TiJKT/0/finestructure/swiftpackageindex-builder/spi-builder-workspace/.derivedData/Build/Intermediates.noindex/swiftredunda.build/Debug-appletvos/swiftredundaTests.build/Objects-normal/arm64/swiftredundaTests.abi.json (in target 'swiftredundaTests' from project 'swiftredunda')
    cd /Users/builder/builds/o86TiJKT/0/finestructure/swiftpackageindex-builder/spi-builder-workspace
    builtin-copy -exclude .DS_Store -exclude CVS -exclude .svn -exclude .git -exclude .hg -resolve-src-symlinks -rename /Users/builder/builds/o86TiJKT/0/finestructure/swiftpackageindex-builder/spi-builder-workspace/.derivedData/Build/Intermediates.noindex/swiftredunda.build/Debug-appletvos/swiftredundaTests.build/Objects-normal/arm64/swiftredundaTests.abi.json /Users/builder/builds/o86TiJKT/0/finestructure/swiftpackageindex-builder/spi-builder-workspace/.derivedData/Build/Products/Debug-appletvos/swiftredundaTests.swiftmodule/arm64-apple-tvos.abi.json

Copy /Users/builder/builds/o86TiJKT/0/finestructure/swiftpackageindex-builder/spi-builder-workspace/.derivedData/Build/Products/Debug-appletvos/swiftredundaTests.swiftmodule/arm64-apple-tvos.swiftmodule /Users/builder/builds/o86TiJKT/0/finestructure/swiftpackageindex-builder/spi-builder-workspace/.derivedData/Build/Intermediates.noindex/swiftredunda.build/Debug-appletvos/swiftredundaTests.build/Objects-normal/arm64/swiftredundaTests.swiftmodule (in target 'swiftredundaTests' from project 'swiftredunda')
    cd /Users/builder/builds/o86TiJKT/0/finestructure/swiftpackageindex-builder/spi-builder-workspace
    builtin-copy -exclude .DS_Store -exclude CVS -exclude .svn -exclude .git -exclude .hg -resolve-src-symlinks -rename /Users/builder/builds/o86TiJKT/0/finestructure/swiftpackageindex-builder/spi-builder-workspace/.derivedData/Build/Intermediates.noindex/swiftredunda.build/Debug-appletvos/swiftredundaTests.build/Objects-normal/arm64/swiftredundaTests.swiftmodule /Users/builder/builds/o86TiJKT/0/finestructure/swiftpackageindex-builder/spi-builder-workspace/.derivedData/Build/Products/Debug-appletvos/swiftredundaTests.swiftmodule/arm64-apple-tvos.swiftmodule

Copy /Users/builder/builds/o86TiJKT/0/finestructure/swiftpackageindex-builder/spi-builder-workspace/.derivedData/Build/Products/Debug-appletvos/swiftredundaTests.swiftmodule/arm64-apple-tvos.swiftdoc /Users/builder/builds/o86TiJKT/0/finestructure/swiftpackageindex-builder/spi-builder-workspace/.derivedData/Build/Intermediates.noindex/swiftredunda.build/Debug-appletvos/swiftredundaTests.build/Objects-normal/arm64/swiftredundaTests.swiftdoc (in target 'swiftredundaTests' from project 'swiftredunda')
    cd /Users/builder/builds/o86TiJKT/0/finestructure/swiftpackageindex-builder/spi-builder-workspace
    builtin-copy -exclude .DS_Store -exclude CVS -exclude .svn -exclude .git -exclude .hg -resolve-src-symlinks -rename /Users/builder/builds/o86TiJKT/0/finestructure/swiftpackageindex-builder/spi-builder-workspace/.derivedData/Build/Intermediates.noindex/swiftredunda.build/Debug-appletvos/swiftredundaTests.build/Objects-normal/arm64/swiftredundaTests.swiftdoc /Users/builder/builds/o86TiJKT/0/finestructure/swiftpackageindex-builder/spi-builder-workspace/.derivedData/Build/Products/Debug-appletvos/swiftredundaTests.swiftmodule/arm64-apple-tvos.swiftdoc

Copy /Users/builder/builds/o86TiJKT/0/finestructure/swiftpackageindex-builder/spi-builder-workspace/.derivedData/Build/Products/Debug-appletvos/swiftredundaTests.swiftmodule/Project/arm64-apple-tvos.swiftsourceinfo /Users/builder/builds/o86TiJKT/0/finestructure/swiftpackageindex-builder/spi-builder-workspace/.derivedData/Build/Intermediates.noindex/swiftredunda.build/Debug-appletvos/swiftredundaTests.build/Objects-normal/arm64/swiftredundaTests.swiftsourceinfo (in target 'swiftredundaTests' from project 'swiftredunda')
    cd /Users/builder/builds/o86TiJKT/0/finestructure/swiftpackageindex-builder/spi-builder-workspace
    builtin-copy -exclude .DS_Store -exclude CVS -exclude .svn -exclude .git -exclude .hg -resolve-src-symlinks -rename /Users/builder/builds/o86TiJKT/0/finestructure/swiftpackageindex-builder/spi-builder-workspace/.derivedData/Build/Intermediates.noindex/swiftredunda.build/Debug-appletvos/swiftredundaTests.build/Objects-normal/arm64/swiftredundaTests.swiftsourceinfo /Users/builder/builds/o86TiJKT/0/finestructure/swiftpackageindex-builder/spi-builder-workspace/.derivedData/Build/Products/Debug-appletvos/swiftredundaTests.swiftmodule/Project/arm64-apple-tvos.swiftsourceinfo
Resolve Package Graph
** BUILD FAILED **


The following build commands failed:
	CompileSwift normal arm64 /Users/builder/builds/o86TiJKT/0/finestructure/swiftpackageindex-builder/spi-builder-workspace/Tests/swiftredundaTests/swiftredundaTests.swift (in target 'swiftredundaTests' from project 'swiftredunda')
	SwiftCompile normal arm64 Compiling\ swiftredundaTests.swift /Users/builder/builds/o86TiJKT/0/finestructure/swiftpackageindex-builder/spi-builder-workspace/Tests/swiftredundaTests/swiftredundaTests.swift (in target 'swiftredundaTests' from project 'swiftredunda')
(2 failures)
ShellOut encountered an error
Status code: 65
Message: "** BUILD FAILED **


The following build commands failed:
	CompileSwift normal arm64 /Users/builder/builds/o86TiJKT/0/finestructure/swiftpackageindex-builder/spi-builder-workspace/Tests/swiftredundaTests/swiftredundaTests.swift (in target 'swiftredundaTests' from project 'swiftredunda')
	SwiftCompile normal arm64 Compiling\ swiftredundaTests.swift /Users/builder/builds/o86TiJKT/0/finestructure/swiftpackageindex-builder/spi-builder-workspace/Tests/swiftredundaTests/swiftredundaTests.swift (in target 'swiftredundaTests' from project 'swiftredunda')
(2 failures)"
Output: "Command line invocation:
    /Applications/Xcode-14.2.0.app/Contents/Developer/usr/bin/xcodebuild -IDEClonedSourcePackagesDirPathOverride=/Users/builder/builds/o86TiJKT/0/finestructure/swiftpackageindex-builder/spi-builder-workspace/.dependencies -derivedDataPath /Users/builder/builds/o86TiJKT/0/finestructure/swiftpackageindex-builder/spi-builder-workspace/.derivedData build -scheme swiftredunda -destination generic/platform=tvos

User defaults from command line:
    IDEClonedSourcePackagesDirPathOverride = /Users/builder/builds/o86TiJKT/0/finestructure/swiftpackageindex-builder/spi-builder-workspace/.dependencies
    IDEDerivedDataPathOverride = /Users/builder/builds/o86TiJKT/0/finestructure/swiftpackageindex-builder/spi-builder-workspace/.derivedData
    IDEPackageSupportUseBuiltinSCM = YES

Resolve Package Graph

Resolved source packages:
  swiftredunda: /Users/builder/builds/o86TiJKT/0/finestructure/swiftpackageindex-builder/spi-builder-workspace


Prepare packages

Computing target dependency graph and provisioning inputs

Create build description
Build description signature: 6e95bf6b23465f38dd8346217c2ea54a
Build description path: /Users/builder/builds/o86TiJKT/0/finestructure/swiftpackageindex-builder/spi-builder-workspace/.derivedData/Build/Intermediates.noindex/XCBuildData/6e95bf6b23465f38dd8346217c2ea54a-desc.xcbuild

note: Building targets in dependency order
CreateBuildDirectory /Users/builder/builds/o86TiJKT/0/finestructure/swiftpackageindex-builder/spi-builder-workspace/.derivedData/Build/Intermediates.noindex
    cd /Users/builder/builds/o86TiJKT/0/finestructure/swiftpackageindex-builder/spi-builder-workspace/.swiftpm/xcode
    builtin-create-build-directory /Users/builder/builds/o86TiJKT/0/finestructure/swiftpackageindex-builder/spi-builder-workspace/.derivedData/Build/Intermediates.noindex

CreateBuildDirectory /Users/builder/builds/o86TiJKT/0/finestructure/swiftpackageindex-builder/spi-builder-workspace/.derivedData/Build/Products
    cd /Users/builder/builds/o86TiJKT/0/finestructure/swiftpackageindex-builder/spi-builder-workspace/.swiftpm/xcode
    builtin-create-build-directory /Users/builder/builds/o86TiJKT/0/finestructure/swiftpackageindex-builder/spi-builder-workspace/.derivedData/Build/Products

CreateBuildDirectory /Users/builder/builds/o86TiJKT/0/finestructure/swiftpackageindex-builder/spi-builder-workspace/.derivedData/Build/Products/Debug-appletvos
    cd /Users/builder/builds/o86TiJKT/0/finestructure/swiftpackageindex-builder/spi-builder-workspace/.swiftpm/xcode
    builtin-create-build-directory /Users/builder/builds/o86TiJKT/0/finestructure/swiftpackageindex-builder/spi-builder-workspace/.derivedData/Build/Products/Debug-appletvos

CreateBuildDirectory /Users/builder/builds/o86TiJKT/0/finestructure/swiftpackageindex-builder/spi-builder-workspace/.derivedData/Build/Intermediates.noindex/EagerLinkingTBDs
    cd /Users/builder/builds/o86TiJKT/0/finestructure/swiftpackageindex-builder/spi-builder-workspace/.swiftpm/xcode
    builtin-create-build-directory /Users/builder/builds/o86TiJKT/0/finestructure/swiftpackageindex-builder/spi-builder-workspace/.derivedData/Build/Intermediates.noindex/EagerLinkingTBDs

CreateBuildDirectory /Users/builder/builds/o86TiJKT/0/finestructure/swiftpackageindex-builder/spi-builder-workspace/.derivedData/Build/Products/Debug-appletvos/PackageFrameworks
    cd /Users/builder/builds/o86TiJKT/0/finestructure/swiftpackageindex-builder/spi-builder-workspace/.swiftpm/xcode
    builtin-create-build-directory /Users/builder/builds/o86TiJKT/0/finestructure/swiftpackageindex-builder/spi-builder-workspace/.derivedData/Build/Products/Debug-appletvos/PackageFrameworks

MkDir /Users/builder/builds/o86TiJKT/0/finestructure/swiftpackageindex-builder/spi-builder-workspace/.derivedData/Build/Products/Debug-appletvos/swiftredundaTests.xctest (in target 'swiftredundaTests' from project 'swiftredunda')
    cd /Users/builder/builds/o86TiJKT/0/finestructure/swiftpackageindex-builder/spi-builder-workspace
    /bin/mkdir -p /Users/builder/builds/o86TiJKT/0/finestructure/swiftpackageindex-builder/spi-builder-workspace/.derivedData/Build/Products/Debug-appletvos/swiftredundaTests.xctest

WriteAuxiliaryFile /Users/builder/builds/o86TiJKT/0/finestructure/swiftpackageindex-builder/spi-builder-workspace/.derivedData/Build/Intermediates.noindex/swiftredunda.build/Debug-appletvos/SwiftRedunda.build/SwiftRedunda.modulemap (in target 'SwiftRedunda' from project 'swiftredunda')
    cd /Users/builder/builds/o86TiJKT/0/finestructure/swiftpackageindex-builder/spi-builder-workspace
    write-file /Users/builder/builds/o86TiJKT/0/finestructure/swiftpackageindex-builder/spi-builder-workspace/.derivedData/Build/Intermediates.noindex/swiftredunda.build/Debug-appletvos/SwiftRedunda.build/SwiftRedunda.modulemap

Copy /Users/builder/builds/o86TiJKT/0/finestructure/swiftpackageindex-builder/spi-builder-workspace/.derivedData/Build/Intermediates.noindex/GeneratedModuleMaps-appletvos/SwiftRedunda.modulemap /Users/builder/builds/o86TiJKT/0/finestructure/swiftpackageindex-builder/spi-builder-workspace/.derivedData/Build/Intermediates.noindex/swiftredunda.build/Debug-appletvos/SwiftRedunda.build/SwiftRedunda.modulemap (in target 'SwiftRedunda' from project 'swiftredunda')
    cd /Users/builder/builds/o86TiJKT/0/finestructure/swiftpackageindex-builder/spi-builder-workspace
    builtin-copy -exclude .DS_Store -exclude CVS -exclude .svn -exclude .git -exclude .hg -resolve-src-symlinks /Users/builder/builds/o86TiJKT/0/finestructure/swiftpackageindex-builder/spi-builder-workspace/.derivedData/Build/Intermediates.noindex/swiftredunda.build/Debug-appletvos/SwiftRedunda.build/SwiftRedunda.modulemap /Users/builder/builds/o86TiJKT/0/finestructure/swiftpackageindex-builder/spi-builder-workspace/.derivedData/Build/Intermediates.noindex/GeneratedModuleMaps-appletvos

WriteAuxiliaryFile /Users/builder/builds/o86TiJKT/0/finestructure/swiftpackageindex-builder/spi-builder-workspace/.derivedData/Build/Intermediates.noindex/swiftredunda.build/Debug-appletvos/SwiftRedunda.build/Objects-normal/arm64/SwiftRedunda.SwiftFileList (in target 'SwiftRedunda' from project 'swiftredunda')
    cd /Users/builder/builds/o86TiJKT/0/finestructure/swiftpackageindex-builder/spi-builder-workspace
    write-file /Users/builder/builds/o86TiJKT/0/finestructure/swiftpackageindex-builder/spi-builder-workspace/.derivedData/Build/Intermediates.noindex/swiftredunda.build/Debug-appletvos/SwiftRedunda.build/Objects-normal/arm64/SwiftRedunda.SwiftFileList

WriteAuxiliaryFile /Users/builder/builds/o86TiJKT/0/finestructure/swiftpackageindex-builder/spi-builder-workspace/.derivedData/Build/Intermediates.noindex/swiftredunda.build/Debug-appletvos/SwiftRedunda.build/Objects-normal/arm64/SwiftRedunda.LinkFileList (in target 'SwiftRedunda' from project 'swiftredunda')
    cd /Users/builder/builds/o86TiJKT/0/finestructure/swiftpackageindex-builder/spi-builder-workspace
    write-file /Users/builder/builds/o86TiJKT/0/finestructure/swiftpackageindex-builder/spi-builder-workspace/.derivedData/Build/Intermediates.noindex/swiftredunda.build/Debug-appletvos/SwiftRedunda.build/Objects-normal/arm64/SwiftRedunda.LinkFileList

WriteAuxiliaryFile /Users/builder/builds/o86TiJKT/0/finestructure/swiftpackageindex-builder/spi-builder-workspace/.derivedData/Build/Intermediates.noindex/swiftredunda.build/Debug-appletvos/SwiftRedunda.build/Objects-normal/arm64/SwiftRedunda-OutputFileMap.json (in target 'SwiftRedunda' from project 'swiftredunda')
    cd /Users/builder/builds/o86TiJKT/0/finestructure/swiftpackageindex-builder/spi-builder-workspace
    write-file /Users/builder/builds/o86TiJKT/0/finestructure/swiftpackageindex-builder/spi-builder-workspace/.derivedData/Build/Intermediates.noindex/swiftredunda.build/Debug-appletvos/SwiftRedunda.build/Objects-normal/arm64/SwiftRedunda-OutputFileMap.json

SwiftDriver SwiftRedunda normal arm64 com.apple.xcode.tools.swift.compiler (in target 'SwiftRedunda' from project 'swiftredunda')
    cd /Users/builder/builds/o86TiJKT/0/finestructure/swiftpackageindex-builder/spi-builder-workspace
    builtin-SwiftDriver -- /Applications/Xcode-14.2.0.app/Contents/Developer/Toolchains/XcodeDefault.xctoolchain/usr/bin/swiftc -module-name SwiftRedunda -Onone -enforce-exclusivity\=checked @/Users/builder/builds/o86TiJKT/0/finestructure/swiftpackageindex-builder/spi-builder-workspace/.derivedData/Build/Intermediates.noindex/swiftredunda.build/Debug-appletvos/SwiftRedunda.build/Objects-normal/arm64/SwiftRedunda.SwiftFileList -DSWIFT_PACKAGE -DDEBUG -DXcode -sdk /Applications/Xcode-14.2.0.app/Contents/Developer/Platforms/AppleTVOS.platform/Developer/SDKs/AppleTVOS16.1.sdk -target arm64-apple-tvos11.0 -g -module-cache-path /Users/builder/builds/o86TiJKT/0/finestructure/swiftpackageindex-builder/spi-builder-workspace/.derivedData/ModuleCache.noindex -Xfrontend -serialize-debugging-options -enable-testing -index-store-path /Users/builder/builds/o86TiJKT/0/finestructure/swiftpackageindex-builder/spi-builder-workspace/.derivedData/Index.noindex/DataStore -swift-version 4 -I /Users/builder/builds/o86TiJKT/0/finestructure/swiftpackageindex-builder/spi-builder-workspace/.derivedData/Build/Products/Debug-appletvos -I /Applications/Xcode-14.2.0.app/Contents/Developer/Platforms/AppleTVOS.platform/Developer/usr/lib -F /Users/builder/builds/o86TiJKT/0/finestructure/swiftpackageindex-builder/spi-builder-workspace/.derivedData/Build/Products/Debug-appletvos -F /Applications/Xcode-14.2.0.app/Contents/Developer/Platforms/AppleTVOS.platform/Developer/Library/Frameworks -F /Applications/Xcode-14.2.0.app/Contents/Developer/Platforms/AppleTVOS.platform/Developer/SDKs/AppleTVOS16.1.sdk/Developer/Library/Frameworks -c -j8 -enable-batch-mode -incremental -output-file-map /Users/builder/builds/o86TiJKT/0/finestructure/swiftpackageindex-builder/spi-builder-workspace/.derivedData/Build/Intermediates.noindex/swiftredunda.build/Debug-appletvos/SwiftRedunda.build/Objects-normal/arm64/SwiftRedunda-OutputFileMap.json -use-frontend-parseable-output -save-temps -no-color-diagnostics -serialize-diagnostics -emit-dependencies -emit-module -emit-module-path /Users/builder/builds/o86TiJKT/0/finestructure/swiftpackageindex-builder/spi-builder-workspace/.derivedData/Build/Intermediates.noindex/swiftredunda.build/Debug-appletvos/SwiftRedunda.build/Objects-normal/arm64/SwiftRedunda.swiftmodule -Xcc -I/Users/builder/builds/o86TiJKT/0/finestructure/swiftpackageindex-builder/spi-builder-workspace/.derivedData/Build/Intermediates.noindex/swiftredunda.build/Debug-appletvos/SwiftRedunda.build/swift-overrides.hmap -Xcc -I/Users/builder/builds/o86TiJKT/0/finestructure/swiftpackageindex-builder/spi-builder-workspace/.derivedData/Build/Products/Debug-appletvos/include -Xcc -I/Users/builder/builds/o86TiJKT/0/finestructure/swiftpackageindex-builder/spi-builder-workspace/.derivedData/Build/Intermediates.noindex/swiftredunda.build/Debug-appletvos/SwiftRedunda.build/DerivedSources-normal/arm64 -Xcc -I/Users/builder/builds/o86TiJKT/0/finestructure/swiftpackageindex-builder/spi-builder-workspace/.derivedData/Build/Intermediates.noindex/swiftredunda.build/Debug-appletvos/SwiftRedunda.build/DerivedSources/arm64 -Xcc -I/Users/builder/builds/o86TiJKT/0/finestructure/swiftpackageindex-builder/spi-builder-workspace/.derivedData/Build/Intermediates.noindex/swiftredunda.build/Debug-appletvos/SwiftRedunda.build/DerivedSources -Xcc -DSWIFT_PACKAGE -Xcc -DDEBUG\=1 -emit-objc-header -emit-objc-header-path /Users/builder/builds/o86TiJKT/0/finestructure/swiftpackageindex-builder/spi-builder-workspace/.derivedData/Build/Intermediates.noindex/swiftredunda.build/Debug-appletvos/SwiftRedunda.build/Objects-normal/arm64/SwiftRedunda-Swift.h -working-directory /Users/builder/builds/o86TiJKT/0/finestructure/swiftpackageindex-builder/spi-builder-workspace -experimental-emit-module-separately

SwiftEmitModule normal arm64 Emitting\ module\ for\ SwiftRedunda (in target 'SwiftRedunda' from project 'swiftredunda')
    cd /Users/builder/builds/o86TiJKT/0/finestructure/swiftpackageindex-builder/spi-builder-workspace
    builtin-swiftTaskExecution -- /Applications/Xcode-14.2.0.app/Contents/Developer/Toolchains/XcodeDefault.xctoolchain/usr/bin/swift-frontend -frontend -emit-module -experimental-skip-non-inlinable-function-bodies-without-types /Users/builder/builds/o86TiJKT/0/finestructure/swiftpackageindex-builder/spi-builder-workspace/Sources/swiftredunda/RedundaClient.swift /Users/builder/builds/o86TiJKT/0/finestructure/swiftpackageindex-builder/spi-builder-workspace/Sources/swiftredunda/RedundaPingResponse.swift /Users/builder/builds/o86TiJKT/0/finestructure/swiftpackageindex-builder/spi-builder-workspace/Sources/swiftredunda/RedundaPingService.swift -target arm64-apple-tvos11.0 -Xllvm -aarch64-use-tbi -enable-objc-interop -sdk /Applications/Xcode-14.2.0.app/Contents/Developer/Platforms/AppleTVOS.platform/Developer/SDKs/AppleTVOS16.1.sdk -I /Users/builder/builds/o86TiJKT/0/finestructure/swiftpackageindex-builder/spi-builder-workspace/.derivedData/Build/Products/Debug-appletvos -I /Applications/Xcode-14.2.0.app/Contents/Developer/Platforms/AppleTVOS.platform/Developer/usr/lib -F /Users/builder/builds/o86TiJKT/0/finestructure/swiftpackageindex-builder/spi-builder-workspace/.derivedData/Build/Products/Debug-appletvos -F /Applications/Xcode-14.2.0.app/Contents/Developer/Platforms/AppleTVOS.platform/Developer/Library/Frameworks -F /Applications/Xcode-14.2.0.app/Contents/Developer/Platforms/AppleTVOS.platform/Developer/SDKs/AppleTVOS16.1.sdk/Developer/Library/Frameworks -no-color-diagnostics -enable-testing -g -module-cache-path /Users/builder/builds/o86TiJKT/0/finestructure/swiftpackageindex-builder/spi-builder-workspace/.derivedData/ModuleCache.noindex -swift-version 4 -enforce-exclusivity\=checked -Onone -D SWIFT_PACKAGE -D DEBUG -D Xcode -serialize-debugging-options -empty-abi-descriptor -Xcc -working-directory -Xcc /Users/builder/builds/o86TiJKT/0/finestructure/swiftpackageindex-builder/spi-builder-workspace -resource-dir /Applications/Xcode-14.2.0.app/Contents/Developer/Toolchains/XcodeDefault.xctoolchain/usr/lib/swift -enable-anonymous-context-mangled-names -Xcc -I/Users/builder/builds/o86TiJKT/0/finestructure/swiftpackageindex-builder/spi-builder-workspace/.derivedData/Build/Intermediates.noindex/swiftredunda.build/Debug-appletvos/SwiftRedunda.build/swift-overrides.hmap -Xcc -I/Users/builder/builds/o86TiJKT/0/finestructure/swiftpackageindex-builder/spi-builder-workspace/.derivedData/Build/Products/Debug-appletvos/include -Xcc -I/Users/builder/builds/o86TiJKT/0/finestructure/swiftpackageindex-builder/spi-builder-workspace/.derivedData/Build/Intermediates.noindex/swiftredunda.build/Debug-appletvos/SwiftRedunda.build/DerivedSources-normal/arm64 -Xcc -I/Users/builder/builds/o86TiJKT/0/finestructure/swiftpackageindex-builder/spi-builder-workspace/.derivedData/Build/Intermediates.noindex/swiftredunda.build/Debug-appletvos/SwiftRedunda.build/DerivedSources/arm64 -Xcc -I/Users/builder/builds/o86TiJKT/0/finestructure/swiftpackageindex-builder/spi-builder-workspace/.derivedData/Build/Intermediates.noindex/swiftredunda.build/Debug-appletvos/SwiftRedunda.build/DerivedSources -Xcc -DSWIFT_PACKAGE -Xcc -DDEBUG\=1 -module-name SwiftRedunda -disable-clang-spi -target-sdk-version 16.1 -emit-module-doc-path /Users/builder/builds/o86TiJKT/0/finestructure/swiftpackageindex-builder/spi-builder-workspace/.derivedData/Build/Intermediates.noindex/swiftredunda.build/Debug-appletvos/SwiftRedunda.build/Objects-normal/arm64/SwiftRedunda.swiftdoc -emit-module-source-info-path /Users/builder/builds/o86TiJKT/0/finestructure/swiftpackageindex-builder/spi-builder-workspace/.derivedData/Build/Intermediates.noindex/swiftredunda.build/Debug-appletvos/SwiftRedunda.build/Objects-normal/arm64/SwiftRedunda.swiftsourceinfo -emit-objc-header-path /Users/builder/builds/o86TiJKT/0/finestructure/swiftpackageindex-builder/spi-builder-workspace/.derivedData/Build/Intermediates.noindex/swiftredunda.build/Debug-appletvos/SwiftRedunda.build/Objects-normal/arm64/SwiftRedunda-Swift.h -serialize-diagnostics-path /Users/builder/builds/o86TiJKT/0/finestructure/swiftpackageindex-builder/spi-builder-workspace/.derivedData/Build/Intermediates.noindex/swiftredunda.build/Debug-appletvos/SwiftRedunda.build/Objects-normal/arm64/SwiftRedunda-master-emit-module.dia -emit-dependencies-path /Users/builder/builds/o86TiJKT/0/finestructure/swiftpackageindex-builder/spi-builder-workspace/.derivedData/Build/Intermediates.noindex/swiftredunda.build/Debug-appletvos/SwiftRedunda.build/Objects-normal/arm64/SwiftRedunda-master-emit-module.d -o /Users/builder/builds/o86TiJKT/0/finestructure/swiftpackageindex-builder/spi-builder-workspace/.derivedData/Build/Intermediates.noindex/swiftredunda.build/Debug-appletvos/SwiftRedunda.build/Objects-normal/arm64/SwiftRedunda.swiftmodule -emit-abi-descriptor-path /Users/builder/builds/o86TiJKT/0/finestructure/swiftpackageindex-builder/spi-builder-workspace/.derivedData/Build/Intermediates.noindex/swiftredunda.build/Debug-appletvos/SwiftRedunda.build/Objects-normal/arm64/SwiftRedunda.abi.json

SwiftCompile normal arm64 Compiling\ RedundaClient.swift /Users/builder/builds/o86TiJKT/0/finestructure/swiftpackageindex-builder/spi-builder-workspace/Sources/swiftredunda/RedundaClient.swift (in target 'SwiftRedunda' from project 'swiftredunda')
    cd /Users/builder/builds/o86TiJKT/0/finestructure/swiftpackageindex-builder/spi-builder-workspace
    builtin-swiftTaskExecution -- /Applications/Xcode-14.2.0.app/Contents/Developer/Toolchains/XcodeDefault.xctoolchain/usr/bin/swift-frontend -frontend -c -primary-file /Users/builder/builds/o86TiJKT/0/finestructure/swiftpackageindex-builder/spi-builder-workspace/Sources/swiftredunda/RedundaClient.swift /Users/builder/builds/o86TiJKT/0/finestructure/swiftpackageindex-builder/spi-builder-workspace/Sources/swiftredunda/RedundaPingResponse.swift /Users/builder/builds/o86TiJKT/0/finestructure/swiftpackageindex-builder/spi-builder-workspace/Sources/swiftredunda/RedundaPingService.swift -emit-dependencies-path /Users/builder/builds/o86TiJKT/0/finestructure/swiftpackageindex-builder/spi-builder-workspace/.derivedData/Build/Intermediates.noindex/swiftredunda.build/Debug-appletvos/SwiftRedunda.build/Objects-normal/arm64/RedundaClient.d -emit-reference-dependencies-path /Users/builder/builds/o86TiJKT/0/finestructure/swiftpackageindex-builder/spi-builder-workspace/.derivedData/Build/Intermediates.noindex/swiftredunda.build/Debug-appletvos/SwiftRedunda.build/Objects-normal/arm64/RedundaClient.swiftdeps -serialize-diagnostics-path /Users/builder/builds/o86TiJKT/0/finestructure/swiftpackageindex-builder/spi-builder-workspace/.derivedData/Build/Intermediates.noindex/swiftredunda.build/Debug-appletvos/SwiftRedunda.build/Objects-normal/arm64/RedundaClient.dia -target arm64-apple-tvos11.0 -Xllvm -aarch64-use-tbi -enable-objc-interop -sdk /Applications/Xcode-14.2.0.app/Contents/Developer/Platforms/AppleTVOS.platform/Developer/SDKs/AppleTVOS16.1.sdk -I /Users/builder/builds/o86TiJKT/0/finestructure/swiftpackageindex-builder/spi-builder-workspace/.derivedData/Build/Products/Debug-appletvos -I /Applications/Xcode-14.2.0.app/Contents/Developer/Platforms/AppleTVOS.platform/Developer/usr/lib -F /Users/builder/builds/o86TiJKT/0/finestructure/swiftpackageindex-builder/spi-builder-workspace/.derivedData/Build/Products/Debug-appletvos -F /Applications/Xcode-14.2.0.app/Contents/Developer/Platforms/AppleTVOS.platform/Developer/Library/Frameworks -F /Applications/Xcode-14.2.0.app/Contents/Developer/Platforms/AppleTVOS.platform/Developer/SDKs/AppleTVOS16.1.sdk/Developer/Library/Frameworks -no-color-diagnostics -enable-testing -g -module-cache-path /Users/builder/builds/o86TiJKT/0/finestructure/swiftpackageindex-builder/spi-builder-workspace/.derivedData/ModuleCache.noindex -swift-version 4 -enforce-exclusivity\=checked -Onone -D SWIFT_PACKAGE -D DEBUG -D Xcode -serialize-debugging-options -empty-abi-descriptor -Xcc -working-directory -Xcc /Users/builder/builds/o86TiJKT/0/finestructure/swiftpackageindex-builder/spi-builder-workspace -resource-dir /Applications/Xcode-14.2.0.app/Contents/Developer/Toolchains/XcodeDefault.xctoolchain/usr/lib/swift -enable-anonymous-context-mangled-names -Xcc -I/Users/builder/builds/o86TiJKT/0/finestructure/swiftpackageindex-builder/spi-builder-workspace/.derivedData/Build/Intermediates.noindex/swiftredunda.build/Debug-appletvos/SwiftRedunda.build/swift-overrides.hmap -Xcc -I/Users/builder/builds/o86TiJKT/0/finestructure/swiftpackageindex-builder/spi-builder-workspace/.derivedData/Build/Products/Debug-appletvos/include -Xcc -I/Users/builder/builds/o86TiJKT/0/finestructure/swiftpackageindex-builder/spi-builder-workspace/.derivedData/Build/Intermediates.noindex/swiftredunda.build/Debug-appletvos/SwiftRedunda.build/DerivedSources-normal/arm64 -Xcc -I/Users/builder/builds/o86TiJKT/0/finestructure/swiftpackageindex-builder/spi-builder-workspace/.derivedData/Build/Intermediates.noindex/swiftredunda.build/Debug-appletvos/SwiftRedunda.build/DerivedSources/arm64 -Xcc -I/Users/builder/builds/o86TiJKT/0/finestructure/swiftpackageindex-builder/spi-builder-workspace/.derivedData/Build/Intermediates.noindex/swiftredunda.build/Debug-appletvos/SwiftRedunda.build/DerivedSources -Xcc -DSWIFT_PACKAGE -Xcc -DDEBUG\=1 -module-name SwiftRedunda -frontend-parseable-output -disable-clang-spi -target-sdk-version 16.1 -o /Users/builder/builds/o86TiJKT/0/finestructure/swiftpackageindex-builder/spi-builder-workspace/.derivedData/Build/Intermediates.noindex/swiftredunda.build/Debug-appletvos/SwiftRedunda.build/Objects-normal/arm64/RedundaClient.o -index-unit-output-path /swiftredunda.build/Debug-appletvos/SwiftRedunda.build/Objects-normal/arm64/RedundaClient.o -index-store-path /Users/builder/builds/o86TiJKT/0/finestructure/swiftpackageindex-builder/spi-builder-workspace/.derivedData/Index.noindex/DataStore -index-system-modules
CompileSwift normal arm64 /Users/builder/builds/o86TiJKT/0/finestructure/swiftpackageindex-builder/spi-builder-workspace/Sources/swiftredunda/RedundaClient.swift (in target 'SwiftRedunda' from project 'swiftredunda')
    cd /Users/builder/builds/o86TiJKT/0/finestructure/swiftpackageindex-builder/spi-builder-workspace
    /Applications/Xcode-14.2.0.app/Contents/Developer/Toolchains/XcodeDefault.xctoolchain/usr/bin/swift-frontend -c -primary-file /Users/builder/builds/o86TiJKT/0/finestructure/swiftpackageindex-builder/spi-builder-workspace/Sources/swiftredunda/RedundaClient.swift /Users/builder/builds/o86TiJKT/0/finestructure/swiftpackageindex-builder/spi-builder-workspace/Sources/swiftredunda/RedundaPingResponse.swift /Users/builder/builds/o86TiJKT/0/finestructure/swiftpackageindex-builder/spi-builder-workspace/Sources/swiftredunda/RedundaPingService.swift -emit-dependencies-path /Users/builder/builds/o86TiJKT/0/finestructure/swiftpackageindex-builder/spi-builder-workspace/.derivedData/Build/Intermediates.noindex/swiftredunda.build/Debug-appletvos/SwiftRedunda.build/Objects-normal/arm64/RedundaClient.d -emit-reference-dependencies-path /Users/builder/builds/o86TiJKT/0/finestructure/swiftpackageindex-builder/spi-builder-workspace/.derivedData/Build/Intermediates.noindex/swiftredunda.build/Debug-appletvos/SwiftRedunda.build/Objects-normal/arm64/RedundaClient.swiftdeps -serialize-diagnostics-path /Users/builder/builds/o86TiJKT/0/finestructure/swiftpackageindex-builder/spi-builder-workspace/.derivedData/Build/Intermediates.noindex/swiftredunda.build/Debug-appletvos/SwiftRedunda.build/Objects-normal/arm64/RedundaClient.dia -target arm64-apple-tvos11.0 -Xllvm -aarch64-use-tbi -enable-objc-interop -sdk /Applications/Xcode-14.2.0.app/Contents/Developer/Platforms/AppleTVOS.platform/Developer/SDKs/AppleTVOS16.1.sdk -I /Users/builder/builds/o86TiJKT/0/finestructure/swiftpackageindex-builder/spi-builder-workspace/.derivedData/Build/Products/Debug-appletvos -I /Applications/Xcode-14.2.0.app/Contents/Developer/Platforms/AppleTVOS.platform/Developer/usr/lib -F /Users/builder/builds/o86TiJKT/0/finestructure/swiftpackageindex-builder/spi-builder-workspace/.derivedData/Build/Products/Debug-appletvos -F /Applications/Xcode-14.2.0.app/Contents/Developer/Platforms/AppleTVOS.platform/Developer/Library/Frameworks -F /Applications/Xcode-14.2.0.app/Contents/Developer/Platforms/AppleTVOS.platform/Developer/SDKs/AppleTVOS16.1.sdk/Developer/Library/Frameworks -no-color-diagnostics -enable-testing -g -module-cache-path /Users/builder/builds/o86TiJKT/0/finestructure/swiftpackageindex-builder/spi-builder-workspace/.derivedData/ModuleCache.noindex -swift-version 4 -enforce-exclusivity\=checked -Onone -D SWIFT_PACKAGE -D DEBUG -D Xcode -serialize-debugging-options -empty-abi-descriptor -Xcc -working-directory -Xcc /Users/builder/builds/o86TiJKT/0/finestructure/swiftpackageindex-builder/spi-builder-workspace -resource-dir /Applications/Xcode-14.2.0.app/Contents/Developer/Toolchains/XcodeDefault.xctoolchain/usr/lib/swift -enable-anonymous-context-mangled-names -Xcc -I/Users/builder/builds/o86TiJKT/0/finestructure/swiftpackageindex-builder/spi-builder-workspace/.derivedData/Build/Intermediates.noindex/swiftredunda.build/Debug-appletvos/SwiftRedunda.build/swift-overrides.hmap -Xcc -I/Users/builder/builds/o86TiJKT/0/finestructure/swiftpackageindex-builder/spi-builder-workspace/.derivedData/Build/Products/Debug-appletvos/include -Xcc -I/Users/builder/builds/o86TiJKT/0/finestructure/swiftpackageindex-builder/spi-builder-workspace/.derivedData/Build/Intermediates.noindex/swiftredunda.build/Debug-appletvos/SwiftRedunda.build/DerivedSources-normal/arm64 -Xcc -I/Users/builder/builds/o86TiJKT/0/finestructure/swiftpackageindex-builder/spi-builder-workspace/.derivedData/Build/Intermediates.noindex/swiftredunda.build/Debug-appletvos/SwiftRedunda.build/DerivedSources/arm64 -Xcc -I/Users/builder/builds/o86TiJKT/0/finestructure/swiftpackageindex-builder/spi-builder-workspace/.derivedData/Build/Intermediates.noindex/swiftredunda.build/Debug-appletvos/SwiftRedunda.build/DerivedSources -Xcc -DSWIFT_PACKAGE -Xcc -DDEBUG\=1 -module-name SwiftRedunda -frontend-parseable-output -disable-clang-spi -target-sdk-version 16.1 -o /Users/builder/builds/o86TiJKT/0/finestructure/swiftpackageindex-builder/spi-builder-workspace/.derivedData/Build/Intermediates.noindex/swiftredunda.build/Debug-appletvos/SwiftRedunda.build/Objects-normal/arm64/RedundaClient.o -index-unit-output-path /swiftredunda.build/Debug-appletvos/SwiftRedunda.build/Objects-normal/arm64/RedundaClient.o -index-store-path /Users/builder/builds/o86TiJKT/0/finestructure/swiftpackageindex-builder/spi-builder-workspace/.derivedData/Index.noindex/DataStore -index-system-modules

SwiftCompile normal arm64 Compiling\ RedundaPingService.swift /Users/builder/builds/o86TiJKT/0/finestructure/swiftpackageindex-builder/spi-builder-workspace/Sources/swiftredunda/RedundaPingService.swift (in target 'SwiftRedunda' from project 'swiftredunda')
    cd /Users/builder/builds/o86TiJKT/0/finestructure/swiftpackageindex-builder/spi-builder-workspace
    builtin-swiftTaskExecution -- /Applications/Xcode-14.2.0.app/Contents/Developer/Toolchains/XcodeDefault.xctoolchain/usr/bin/swift-frontend -frontend -c /Users/builder/builds/o86TiJKT/0/finestructure/swiftpackageindex-builder/spi-builder-workspace/Sources/swiftredunda/RedundaClient.swift /Users/builder/builds/o86TiJKT/0/finestructure/swiftpackageindex-builder/spi-builder-workspace/Sources/swiftredunda/RedundaPingResponse.swift -primary-file /Users/builder/builds/o86TiJKT/0/finestructure/swiftpackageindex-builder/spi-builder-workspace/Sources/swiftredunda/RedundaPingService.swift -emit-dependencies-path /Users/builder/builds/o86TiJKT/0/finestructure/swiftpackageindex-builder/spi-builder-workspace/.derivedData/Build/Intermediates.noindex/swiftredunda.build/Debug-appletvos/SwiftRedunda.build/Objects-normal/arm64/RedundaPingService.d -emit-reference-dependencies-path /Users/builder/builds/o86TiJKT/0/finestructure/swiftpackageindex-builder/spi-builder-workspace/.derivedData/Build/Intermediates.noindex/swiftredunda.build/Debug-appletvos/SwiftRedunda.build/Objects-normal/arm64/RedundaPingService.swiftdeps -serialize-diagnostics-path /Users/builder/builds/o86TiJKT/0/finestructure/swiftpackageindex-builder/spi-builder-workspace/.derivedData/Build/Intermediates.noindex/swiftredunda.build/Debug-appletvos/SwiftRedunda.build/Objects-normal/arm64/RedundaPingService.dia -target arm64-apple-tvos11.0 -Xllvm -aarch64-use-tbi -enable-objc-interop -sdk /Applications/Xcode-14.2.0.app/Contents/Developer/Platforms/AppleTVOS.platform/Developer/SDKs/AppleTVOS16.1.sdk -I /Users/builder/builds/o86TiJKT/0/finestructure/swiftpackageindex-builder/spi-builder-workspace/.derivedData/Build/Products/Debug-appletvos -I /Applications/Xcode-14.2.0.app/Contents/Developer/Platforms/AppleTVOS.platform/Developer/usr/lib -F /Users/builder/builds/o86TiJKT/0/finestructure/swiftpackageindex-builder/spi-builder-workspace/.derivedData/Build/Products/Debug-appletvos -F /Applications/Xcode-14.2.0.app/Contents/Developer/Platforms/AppleTVOS.platform/Developer/Library/Frameworks -F /Applications/Xcode-14.2.0.app/Contents/Developer/Platforms/AppleTVOS.platform/Developer/SDKs/AppleTVOS16.1.sdk/Developer/Library/Frameworks -no-color-diagnostics -enable-testing -g -module-cache-path /Users/builder/builds/o86TiJKT/0/finestructure/swiftpackageindex-builder/spi-builder-workspace/.derivedData/ModuleCache.noindex -swift-version 4 -enforce-exclusivity\=checked -Onone -D SWIFT_PACKAGE -D DEBUG -D Xcode -serialize-debugging-options -empty-abi-descriptor -Xcc -working-directory -Xcc /Users/builder/builds/o86TiJKT/0/finestructure/swiftpackageindex-builder/spi-builder-workspace -resource-dir /Applications/Xcode-14.2.0.app/Contents/Developer/Toolchains/XcodeDefault.xctoolchain/usr/lib/swift -enable-anonymous-context-mangled-names -Xcc -I/Users/builder/builds/o86TiJKT/0/finestructure/swiftpackageindex-builder/spi-builder-workspace/.derivedData/Build/Intermediates.noindex/swiftredunda.build/Debug-appletvos/SwiftRedunda.build/swift-overrides.hmap -Xcc -I/Users/builder/builds/o86TiJKT/0/finestructure/swiftpackageindex-builder/spi-builder-workspace/.derivedData/Build/Products/Debug-appletvos/include -Xcc -I/Users/builder/builds/o86TiJKT/0/finestructure/swiftpackageindex-builder/spi-builder-workspace/.derivedData/Build/Intermediates.noindex/swiftredunda.build/Debug-appletvos/SwiftRedunda.build/DerivedSources-normal/arm64 -Xcc -I/Users/builder/builds/o86TiJKT/0/finestructure/swiftpackageindex-builder/spi-builder-workspace/.derivedData/Build/Intermediates.noindex/swiftredunda.build/Debug-appletvos/SwiftRedunda.build/DerivedSources/arm64 -Xcc -I/Users/builder/builds/o86TiJKT/0/finestructure/swiftpackageindex-builder/spi-builder-workspace/.derivedData/Build/Intermediates.noindex/swiftredunda.build/Debug-appletvos/SwiftRedunda.build/DerivedSources -Xcc -DSWIFT_PACKAGE -Xcc -DDEBUG\=1 -module-name SwiftRedunda -frontend-parseable-output -disable-clang-spi -target-sdk-version 16.1 -o /Users/builder/builds/o86TiJKT/0/finestructure/swiftpackageindex-builder/spi-builder-workspace/.derivedData/Build/Intermediates.noindex/swiftredunda.build/Debug-appletvos/SwiftRedunda.build/Objects-normal/arm64/RedundaPingService.o -index-unit-output-path /swiftredunda.build/Debug-appletvos/SwiftRedunda.build/Objects-normal/arm64/RedundaPingService.o -index-store-path /Users/builder/builds/o86TiJKT/0/finestructure/swiftpackageindex-builder/spi-builder-workspace/.derivedData/Index.noindex/DataStore -index-system-modules

CompileSwift normal arm64 /Users/builder/builds/o86TiJKT/0/finestructure/swiftpackageindex-builder/spi-builder-workspace/Sources/swiftredunda/RedundaPingService.swift (in target 'SwiftRedunda' from project 'swiftredunda')
    cd /Users/builder/builds/o86TiJKT/0/finestructure/swiftpackageindex-builder/spi-builder-workspace
    /Applications/Xcode-14.2.0.app/Contents/Developer/Toolchains/XcodeDefault.xctoolchain/usr/bin/swift-frontend -c /Users/builder/builds/o86TiJKT/0/finestructure/swiftpackageindex-builder/spi-builder-workspace/Sources/swiftredunda/RedundaClient.swift /Users/builder/builds/o86TiJKT/0/finestructure/swiftpackageindex-builder/spi-builder-workspace/Sources/swiftredunda/RedundaPingResponse.swift -primary-file /Users/builder/builds/o86TiJKT/0/finestructure/swiftpackageindex-builder/spi-builder-workspace/Sources/swiftredunda/RedundaPingService.swift -emit-dependencies-path /Users/builder/builds/o86TiJKT/0/finestructure/swiftpackageindex-builder/spi-builder-workspace/.derivedData/Build/Intermediates.noindex/swiftredunda.build/Debug-appletvos/SwiftRedunda.build/Objects-normal/arm64/RedundaPingService.d -emit-reference-dependencies-path /Users/builder/builds/o86TiJKT/0/finestructure/swiftpackageindex-builder/spi-builder-workspace/.derivedData/Build/Intermediates.noindex/swiftredunda.build/Debug-appletvos/SwiftRedunda.build/Objects-normal/arm64/RedundaPingService.swiftdeps -serialize-diagnostics-path /Users/builder/builds/o86TiJKT/0/finestructure/swiftpackageindex-builder/spi-builder-workspace/.derivedData/Build/Intermediates.noindex/swiftredunda.build/Debug-appletvos/SwiftRedunda.build/Objects-normal/arm64/RedundaPingService.dia -target arm64-apple-tvos11.0 -Xllvm -aarch64-use-tbi -enable-objc-interop -sdk /Applications/Xcode-14.2.0.app/Contents/Developer/Platforms/AppleTVOS.platform/Developer/SDKs/AppleTVOS16.1.sdk -I /Users/builder/builds/o86TiJKT/0/finestructure/swiftpackageindex-builder/spi-builder-workspace/.derivedData/Build/Products/Debug-appletvos -I /Applications/Xcode-14.2.0.app/Contents/Developer/Platforms/AppleTVOS.platform/Developer/usr/lib -F /Users/builder/builds/o86TiJKT/0/finestructure/swiftpackageindex-builder/spi-builder-workspace/.derivedData/Build/Products/Debug-appletvos -F /Applications/Xcode-14.2.0.app/Contents/Developer/Platforms/AppleTVOS.platform/Developer/Library/Frameworks -F /Applications/Xcode-14.2.0.app/Contents/Developer/Platforms/AppleTVOS.platform/Developer/SDKs/AppleTVOS16.1.sdk/Developer/Library/Frameworks -no-color-diagnostics -enable-testing -g -module-cache-path /Users/builder/builds/o86TiJKT/0/finestructure/swiftpackageindex-builder/spi-builder-workspace/.derivedData/ModuleCache.noindex -swift-version 4 -enforce-exclusivity\=checked -Onone -D SWIFT_PACKAGE -D DEBUG -D Xcode -serialize-debugging-options -empty-abi-descriptor -Xcc -working-directory -Xcc /Users/builder/builds/o86TiJKT/0/finestructure/swiftpackageindex-builder/spi-builder-workspace -resource-dir /Applications/Xcode-14.2.0.app/Contents/Developer/Toolchains/XcodeDefault.xctoolchain/usr/lib/swift -enable-anonymous-context-mangled-names -Xcc -I/Users/builder/builds/o86TiJKT/0/finestructure/swiftpackageindex-builder/spi-builder-workspace/.derivedData/Build/Intermediates.noindex/swiftredunda.build/Debug-appletvos/SwiftRedunda.build/swift-overrides.hmap -Xcc -I/Users/builder/builds/o86TiJKT/0/finestructure/swiftpackageindex-builder/spi-builder-workspace/.derivedData/Build/Products/Debug-appletvos/include -Xcc -I/Users/builder/builds/o86TiJKT/0/finestructure/swiftpackageindex-builder/spi-builder-workspace/.derivedData/Build/Intermediates.noindex/swiftredunda.build/Debug-appletvos/SwiftRedunda.build/DerivedSources-normal/arm64 -Xcc -I/Users/builder/builds/o86TiJKT/0/finestructure/swiftpackageindex-builder/spi-builder-workspace/.derivedData/Build/Intermediates.noindex/swiftredunda.build/Debug-appletvos/SwiftRedunda.build/DerivedSources/arm64 -Xcc -I/Users/builder/builds/o86TiJKT/0/finestructure/swiftpackageindex-builder/spi-builder-workspace/.derivedData/Build/Intermediates.noindex/swiftredunda.build/Debug-appletvos/SwiftRedunda.build/DerivedSources -Xcc -DSWIFT_PACKAGE -Xcc -DDEBUG\=1 -module-name SwiftRedunda -frontend-parseable-output -disable-clang-spi -target-sdk-version 16.1 -o /Users/builder/builds/o86TiJKT/0/finestructure/swiftpackageindex-builder/spi-builder-workspace/.derivedData/Build/Intermediates.noindex/swiftredunda.build/Debug-appletvos/SwiftRedunda.build/Objects-normal/arm64/RedundaPingService.o -index-unit-output-path /swiftredunda.build/Debug-appletvos/SwiftRedunda.build/Objects-normal/arm64/RedundaPingService.o -index-store-path /Users/builder/builds/o86TiJKT/0/finestructure/swiftpackageindex-builder/spi-builder-workspace/.derivedData/Index.noindex/DataStore -index-system-modules

SwiftCompile normal arm64 Compiling\ RedundaPingResponse.swift /Users/builder/builds/o86TiJKT/0/finestructure/swiftpackageindex-builder/spi-builder-workspace/Sources/swiftredunda/RedundaPingResponse.swift (in target 'SwiftRedunda' from project 'swiftredunda')
    cd /Users/builder/builds/o86TiJKT/0/finestructure/swiftpackageindex-builder/spi-builder-workspace
    builtin-swiftTaskExecution -- /Applications/Xcode-14.2.0.app/Contents/Developer/Toolchains/XcodeDefault.xctoolchain/usr/bin/swift-frontend -frontend -c /Users/builder/builds/o86TiJKT/0/finestructure/swiftpackageindex-builder/spi-builder-workspace/Sources/swiftredunda/RedundaClient.swift -primary-file /Users/builder/builds/o86TiJKT/0/finestructure/swiftpackageindex-builder/spi-builder-workspace/Sources/swiftredunda/RedundaPingResponse.swift /Users/builder/builds/o86TiJKT/0/finestructure/swiftpackageindex-builder/spi-builder-workspace/Sources/swiftredunda/RedundaPingService.swift -emit-dependencies-path /Users/builder/builds/o86TiJKT/0/finestructure/swiftpackageindex-builder/spi-builder-workspace/.derivedData/Build/Intermediates.noindex/swiftredunda.build/Debug-appletvos/SwiftRedunda.build/Objects-normal/arm64/RedundaPingResponse.d -emit-reference-dependencies-path /Users/builder/builds/o86TiJKT/0/finestructure/swiftpackageindex-builder/spi-builder-workspace/.derivedData/Build/Intermediates.noindex/swiftredunda.build/Debug-appletvos/SwiftRedunda.build/Objects-normal/arm64/RedundaPingResponse.swiftdeps -serialize-diagnostics-path /Users/builder/builds/o86TiJKT/0/finestructure/swiftpackageindex-builder/spi-builder-workspace/.derivedData/Build/Intermediates.noindex/swiftredunda.build/Debug-appletvos/SwiftRedunda.build/Objects-normal/arm64/RedundaPingResponse.dia -target arm64-apple-tvos11.0 -Xllvm -aarch64-use-tbi -enable-objc-interop -sdk /Applications/Xcode-14.2.0.app/Contents/Developer/Platforms/AppleTVOS.platform/Developer/SDKs/AppleTVOS16.1.sdk -I /Users/builder/builds/o86TiJKT/0/finestructure/swiftpackageindex-builder/spi-builder-workspace/.derivedData/Build/Products/Debug-appletvos -I /Applications/Xcode-14.2.0.app/Contents/Developer/Platforms/AppleTVOS.platform/Developer/usr/lib -F /Users/builder/builds/o86TiJKT/0/finestructure/swiftpackageindex-builder/spi-builder-workspace/.derivedData/Build/Products/Debug-appletvos -F /Applications/Xcode-14.2.0.app/Contents/Developer/Platforms/AppleTVOS.platform/Developer/Library/Frameworks -F /Applications/Xcode-14.2.0.app/Contents/Developer/Platforms/AppleTVOS.platform/Developer/SDKs/AppleTVOS16.1.sdk/Developer/Library/Frameworks -no-color-diagnostics -enable-testing -g -module-cache-path /Users/builder/builds/o86TiJKT/0/finestructure/swiftpackageindex-builder/spi-builder-workspace/.derivedData/ModuleCache.noindex -swift-version 4 -enforce-exclusivity\=checked -Onone -D SWIFT_PACKAGE -D DEBUG -D Xcode -serialize-debugging-options -empty-abi-descriptor -Xcc -working-directory -Xcc /Users/builder/builds/o86TiJKT/0/finestructure/swiftpackageindex-builder/spi-builder-workspace -resource-dir /Applications/Xcode-14.2.0.app/Contents/Developer/Toolchains/XcodeDefault.xctoolchain/usr/lib/swift -enable-anonymous-context-mangled-names -Xcc -I/Users/builder/builds/o86TiJKT/0/finestructure/swiftpackageindex-builder/spi-builder-workspace/.derivedData/Build/Intermediates.noindex/swiftredunda.build/Debug-appletvos/SwiftRedunda.build/swift-overrides.hmap -Xcc -I/Users/builder/builds/o86TiJKT/0/finestructure/swiftpackageindex-builder/spi-builder-workspace/.derivedData/Build/Products/Debug-appletvos/include -Xcc -I/Users/builder/builds/o86TiJKT/0/finestructure/swiftpackageindex-builder/spi-builder-workspace/.derivedData/Build/Intermediates.noindex/swiftredunda.build/Debug-appletvos/SwiftRedunda.build/DerivedSources-normal/arm64 -Xcc -I/Users/builder/builds/o86TiJKT/0/finestructure/swiftpackageindex-builder/spi-builder-workspace/.derivedData/Build/Intermediates.noindex/swiftredunda.build/Debug-appletvos/SwiftRedunda.build/DerivedSources/arm64 -Xcc -I/Users/builder/builds/o86TiJKT/0/finestructure/swiftpackageindex-builder/spi-builder-workspace/.derivedData/Build/Intermediates.noindex/swiftredunda.build/Debug-appletvos/SwiftRedunda.build/DerivedSources -Xcc -DSWIFT_PACKAGE -Xcc -DDEBUG\=1 -module-name SwiftRedunda -frontend-parseable-output -disable-clang-spi -target-sdk-version 16.1 -o /Users/builder/builds/o86TiJKT/0/finestructure/swiftpackageindex-builder/spi-builder-workspace/.derivedData/Build/Intermediates.noindex/swiftredunda.build/Debug-appletvos/SwiftRedunda.build/Objects-normal/arm64/RedundaPingResponse.o -index-unit-output-path /swiftredunda.build/Debug-appletvos/SwiftRedunda.build/Objects-normal/arm64/RedundaPingResponse.o -index-store-path /Users/builder/builds/o86TiJKT/0/finestructure/swiftpackageindex-builder/spi-builder-workspace/.derivedData/Index.noindex/DataStore -index-system-modules
CompileSwift normal arm64 /Users/builder/builds/o86TiJKT/0/finestructure/swiftpackageindex-builder/spi-builder-workspace/Sources/swiftredunda/RedundaPingResponse.swift (in target 'SwiftRedunda' from project 'swiftredunda')
    cd /Users/builder/builds/o86TiJKT/0/finestructure/swiftpackageindex-builder/spi-builder-workspace
    /Applications/Xcode-14.2.0.app/Contents/Developer/Toolchains/XcodeDefault.xctoolchain/usr/bin/swift-frontend -c /Users/builder/builds/o86TiJKT/0/finestructure/swiftpackageindex-builder/spi-builder-workspace/Sources/swiftredunda/RedundaClient.swift -primary-file /Users/builder/builds/o86TiJKT/0/finestructure/swiftpackageindex-builder/spi-builder-workspace/Sources/swiftredunda/RedundaPingResponse.swift /Users/builder/builds/o86TiJKT/0/finestructure/swiftpackageindex-builder/spi-builder-workspace/Sources/swiftredunda/RedundaPingService.swift -emit-dependencies-path /Users/builder/builds/o86TiJKT/0/finestructure/swiftpackageindex-builder/spi-builder-workspace/.derivedData/Build/Intermediates.noindex/swiftredunda.build/Debug-appletvos/SwiftRedunda.build/Objects-normal/arm64/RedundaPingResponse.d -emit-reference-dependencies-path /Users/builder/builds/o86TiJKT/0/finestructure/swiftpackageindex-builder/spi-builder-workspace/.derivedData/Build/Intermediates.noindex/swiftredunda.build/Debug-appletvos/SwiftRedunda.build/Objects-normal/arm64/RedundaPingResponse.swiftdeps -serialize-diagnostics-path /Users/builder/builds/o86TiJKT/0/finestructure/swiftpackageindex-builder/spi-builder-workspace/.derivedData/Build/Intermediates.noindex/swiftredunda.build/Debug-appletvos/SwiftRedunda.build/Objects-normal/arm64/RedundaPingResponse.dia -target arm64-apple-tvos11.0 -Xllvm -aarch64-use-tbi -enable-objc-interop -sdk /Applications/Xcode-14.2.0.app/Contents/Developer/Platforms/AppleTVOS.platform/Developer/SDKs/AppleTVOS16.1.sdk -I /Users/builder/builds/o86TiJKT/0/finestructure/swiftpackageindex-builder/spi-builder-workspace/.derivedData/Build/Products/Debug-appletvos -I /Applications/Xcode-14.2.0.app/Contents/Developer/Platforms/AppleTVOS.platform/Developer/usr/lib -F /Users/builder/builds/o86TiJKT/0/finestructure/swiftpackageindex-builder/spi-builder-workspace/.derivedData/Build/Products/Debug-appletvos -F /Applications/Xcode-14.2.0.app/Contents/Developer/Platforms/AppleTVOS.platform/Developer/Library/Frameworks -F /Applications/Xcode-14.2.0.app/Contents/Developer/Platforms/AppleTVOS.platform/Developer/SDKs/AppleTVOS16.1.sdk/Developer/Library/Frameworks -no-color-diagnostics -enable-testing -g -module-cache-path /Users/builder/builds/o86TiJKT/0/finestructure/swiftpackageindex-builder/spi-builder-workspace/.derivedData/ModuleCache.noindex -swift-version 4 -enforce-exclusivity\=checked -Onone -D SWIFT_PACKAGE -D DEBUG -D Xcode -serialize-debugging-options -empty-abi-descriptor -Xcc -working-directory -Xcc /Users/builder/builds/o86TiJKT/0/finestructure/swiftpackageindex-builder/spi-builder-workspace -resource-dir /Applications/Xcode-14.2.0.app/Contents/Developer/Toolchains/XcodeDefault.xctoolchain/usr/lib/swift -enable-anonymous-context-mangled-names -Xcc -I/Users/builder/builds/o86TiJKT/0/finestructure/swiftpackageindex-builder/spi-builder-workspace/.derivedData/Build/Intermediates.noindex/swiftredunda.build/Debug-appletvos/SwiftRedunda.build/swift-overrides.hmap -Xcc -I/Users/builder/builds/o86TiJKT/0/finestructure/swiftpackageindex-builder/spi-builder-workspace/.derivedData/Build/Products/Debug-appletvos/include -Xcc -I/Users/builder/builds/o86TiJKT/0/finestructure/swiftpackageindex-builder/spi-builder-workspace/.derivedData/Build/Intermediates.noindex/swiftredunda.build/Debug-appletvos/SwiftRedunda.build/DerivedSources-normal/arm64 -Xcc -I/Users/builder/builds/o86TiJKT/0/finestructure/swiftpackageindex-builder/spi-builder-workspace/.derivedData/Build/Intermediates.noindex/swiftredunda.build/Debug-appletvos/SwiftRedunda.build/DerivedSources/arm64 -Xcc -I/Users/builder/builds/o86TiJKT/0/finestructure/swiftpackageindex-builder/spi-builder-workspace/.derivedData/Build/Intermediates.noindex/swiftredunda.build/Debug-appletvos/SwiftRedunda.build/DerivedSources -Xcc -DSWIFT_PACKAGE -Xcc -DDEBUG\=1 -module-name SwiftRedunda -frontend-parseable-output -disable-clang-spi -target-sdk-version 16.1 -o /Users/builder/builds/o86TiJKT/0/finestructure/swiftpackageindex-builder/spi-builder-workspace/.derivedData/Build/Intermediates.noindex/swiftredunda.build/Debug-appletvos/SwiftRedunda.build/Objects-normal/arm64/RedundaPingResponse.o -index-unit-output-path /swiftredunda.build/Debug-appletvos/SwiftRedunda.build/Objects-normal/arm64/RedundaPingResponse.o -index-store-path /Users/builder/builds/o86TiJKT/0/finestructure/swiftpackageindex-builder/spi-builder-workspace/.derivedData/Index.noindex/DataStore -index-system-modules

SwiftDriverJobDiscovery normal arm64 Emitting module for SwiftRedunda (in target 'SwiftRedunda' from project 'swiftredunda')

SwiftDriver\ Compilation\ Requirements SwiftRedunda normal arm64 com.apple.xcode.tools.swift.compiler (in target 'SwiftRedunda' from project 'swiftredunda')
    cd /Users/builder/builds/o86TiJKT/0/finestructure/swiftpackageindex-builder/spi-builder-workspace
    builtin-Swift-Compilation-Requirements -- /Applications/Xcode-14.2.0.app/Contents/Developer/Toolchains/XcodeDefault.xctoolchain/usr/bin/swiftc -module-name SwiftRedunda -Onone -enforce-exclusivity\=checked @/Users/builder/builds/o86TiJKT/0/finestructure/swiftpackageindex-builder/spi-builder-workspace/.derivedData/Build/Intermediates.noindex/swiftredunda.build/Debug-appletvos/SwiftRedunda.build/Objects-normal/arm64/SwiftRedunda.SwiftFileList -DSWIFT_PACKAGE -DDEBUG -DXcode -sdk /Applications/Xcode-14.2.0.app/Contents/Developer/Platforms/AppleTVOS.platform/Developer/SDKs/AppleTVOS16.1.sdk -target arm64-apple-tvos11.0 -g -module-cache-path /Users/builder/builds/o86TiJKT/0/finestructure/swiftpackageindex-builder/spi-builder-workspace/.derivedData/ModuleCache.noindex -Xfrontend -serialize-debugging-options -enable-testing -index-store-path /Users/builder/builds/o86TiJKT/0/finestructure/swiftpackageindex-builder/spi-builder-workspace/.derivedData/Index.noindex/DataStore -swift-version 4 -I /Users/builder/builds/o86TiJKT/0/finestructure/swiftpackageindex-builder/spi-builder-workspace/.derivedData/Build/Products/Debug-appletvos -I /Applications/Xcode-14.2.0.app/Contents/Developer/Platforms/AppleTVOS.platform/Developer/usr/lib -F /Users/builder/builds/o86TiJKT/0/finestructure/swiftpackageindex-builder/spi-builder-workspace/.derivedData/Build/Products/Debug-appletvos -F /Applications/Xcode-14.2.0.app/Contents/Developer/Platforms/AppleTVOS.platform/Developer/Library/Frameworks -F /Applications/Xcode-14.2.0.app/Contents/Developer/Platforms/AppleTVOS.platform/Developer/SDKs/AppleTVOS16.1.sdk/Developer/Library/Frameworks -c -j8 -enable-batch-mode -incremental -output-file-map /Users/builder/builds/o86TiJKT/0/finestructure/swiftpackageindex-builder/spi-builder-workspace/.derivedData/Build/Intermediates.noindex/swiftredunda.build/Debug-appletvos/SwiftRedunda.build/Objects-normal/arm64/SwiftRedunda-OutputFileMap.json -use-frontend-parseable-output -save-temps -no-color-diagnostics -serialize-diagnostics -emit-dependencies -emit-module -emit-module-path /Users/builder/builds/o86TiJKT/0/finestructure/swiftpackageindex-builder/spi-builder-workspace/.derivedData/Build/Intermediates.noindex/swiftredunda.build/Debug-appletvos/SwiftRedunda.build/Objects-normal/arm64/SwiftRedunda.swiftmodule -Xcc -I/Users/builder/builds/o86TiJKT/0/finestructure/swiftpackageindex-builder/spi-builder-workspace/.derivedData/Build/Intermediates.noindex/swiftredunda.build/Debug-appletvos/SwiftRedunda.build/swift-overrides.hmap -Xcc -I/Users/builder/builds/o86TiJKT/0/finestructure/swiftpackageindex-builder/spi-builder-workspace/.derivedData/Build/Products/Debug-appletvos/include -Xcc -I/Users/builder/builds/o86TiJKT/0/finestructure/swiftpackageindex-builder/spi-builder-workspace/.derivedData/Build/Intermediates.noindex/swiftredunda.build/Debug-appletvos/SwiftRedunda.build/DerivedSources-normal/arm64 -Xcc -I/Users/builder/builds/o86TiJKT/0/finestructure/swiftpackageindex-builder/spi-builder-workspace/.derivedData/Build/Intermediates.noindex/swiftredunda.build/Debug-appletvos/SwiftRedunda.build/DerivedSources/arm64 -Xcc -I/Users/builder/builds/o86TiJKT/0/finestructure/swiftpackageindex-builder/spi-builder-workspace/.derivedData/Build/Intermediates.noindex/swiftredunda.build/Debug-appletvos/SwiftRedunda.build/DerivedSources -Xcc -DSWIFT_PACKAGE -Xcc -DDEBUG\=1 -emit-objc-header -emit-objc-header-path /Users/builder/builds/o86TiJKT/0/finestructure/swiftpackageindex-builder/spi-builder-workspace/.derivedData/Build/Intermediates.noindex/swiftredunda.build/Debug-appletvos/SwiftRedunda.build/Objects-normal/arm64/SwiftRedunda-Swift.h -working-directory /Users/builder/builds/o86TiJKT/0/finestructure/swiftpackageindex-builder/spi-builder-workspace -experimental-emit-module-separately

SwiftMergeGeneratedHeaders /Users/builder/builds/o86TiJKT/0/finestructure/swiftpackageindex-builder/spi-builder-workspace/.derivedData/Build/Intermediates.noindex/GeneratedModuleMaps-appletvos/SwiftRedunda-Swift.h /Users/builder/builds/o86TiJKT/0/finestructure/swiftpackageindex-builder/spi-builder-workspace/.derivedData/Build/Intermediates.noindex/swiftredunda.build/Debug-appletvos/SwiftRedunda.build/Objects-normal/arm64/SwiftRedunda-Swift.h (in target 'SwiftRedunda' from project 'swiftredunda')
    cd /Users/builder/builds/o86TiJKT/0/finestructure/swiftpackageindex-builder/spi-builder-workspace
    builtin-swiftHeaderTool -arch arm64 /Users/builder/builds/o86TiJKT/0/finestructure/swiftpackageindex-builder/spi-builder-workspace/.derivedData/Build/Intermediates.noindex/swiftredunda.build/Debug-appletvos/SwiftRedunda.build/Objects-normal/arm64/SwiftRedunda-Swift.h -o /Users/builder/builds/o86TiJKT/0/finestructure/swiftpackageindex-builder/spi-builder-workspace/.derivedData/Build/Intermediates.noindex/GeneratedModuleMaps-appletvos/SwiftRedunda-Swift.h

Copy /Users/builder/builds/o86TiJKT/0/finestructure/swiftpackageindex-builder/spi-builder-workspace/.derivedData/Build/Products/Debug-appletvos/SwiftRedunda.swiftmodule/arm64-apple-tvos.swiftmodule /Users/builder/builds/o86TiJKT/0/finestructure/swiftpackageindex-builder/spi-builder-workspace/.derivedData/Build/Intermediates.noindex/swiftredunda.build/Debug-appletvos/SwiftRedunda.build/Objects-normal/arm64/SwiftRedunda.swiftmodule (in target 'SwiftRedunda' from project 'swiftredunda')
    cd /Users/builder/builds/o86TiJKT/0/finestructure/swiftpackageindex-builder/spi-builder-workspace
    builtin-copy -exclude .DS_Store -exclude CVS -exclude .svn -exclude .git -exclude .hg -resolve-src-symlinks -rename /Users/builder/builds/o86TiJKT/0/finestructure/swiftpackageindex-builder/spi-builder-workspace/.derivedData/Build/Intermediates.noindex/swiftredunda.build/Debug-appletvos/SwiftRedunda.build/Objects-normal/arm64/SwiftRedunda.swiftmodule /Users/builder/builds/o86TiJKT/0/finestructure/swiftpackageindex-builder/spi-builder-workspace/.derivedData/Build/Products/Debug-appletvos/SwiftRedunda.swiftmodule/arm64-apple-tvos.swiftmodule

Copy /Users/builder/builds/o86TiJKT/0/finestructure/swiftpackageindex-builder/spi-builder-workspace/.derivedData/Build/Products/Debug-appletvos/SwiftRedunda.swiftmodule/arm64-apple-tvos.abi.json /Users/builder/builds/o86TiJKT/0/finestructure/swiftpackageindex-builder/spi-builder-workspace/.derivedData/Build/Intermediates.noindex/swiftredunda.build/Debug-appletvos/SwiftRedunda.build/Objects-normal/arm64/SwiftRedunda.abi.json (in target 'SwiftRedunda' from project 'swiftredunda')
    cd /Users/builder/builds/o86TiJKT/0/finestructure/swiftpackageindex-builder/spi-builder-workspace
    builtin-copy -exclude .DS_Store -exclude CVS -exclude .svn -exclude .git -exclude .hg -resolve-src-symlinks -rename /Users/builder/builds/o86TiJKT/0/finestructure/swiftpackageindex-builder/spi-builder-workspace/.derivedData/Build/Intermediates.noindex/swiftredunda.build/Debug-appletvos/SwiftRedunda.build/Objects-normal/arm64/SwiftRedunda.abi.json /Users/builder/builds/o86TiJKT/0/finestructure/swiftpackageindex-builder/spi-builder-workspace/.derivedData/Build/Products/Debug-appletvos/SwiftRedunda.swiftmodule/arm64-apple-tvos.abi.json

Copy /Users/builder/builds/o86TiJKT/0/finestructure/swiftpackageindex-builder/spi-builder-workspace/.derivedData/Build/Products/Debug-appletvos/SwiftRedunda.swiftmodule/arm64-apple-tvos.swiftdoc /Users/builder/builds/o86TiJKT/0/finestructure/swiftpackageindex-builder/spi-builder-workspace/.derivedData/Build/Intermediates.noindex/swiftredunda.build/Debug-appletvos/SwiftRedunda.build/Objects-normal/arm64/SwiftRedunda.swiftdoc (in target 'SwiftRedunda' from project 'swiftredunda')
    cd /Users/builder/builds/o86TiJKT/0/finestructure/swiftpackageindex-builder/spi-builder-workspace
    builtin-copy -exclude .DS_Store -exclude CVS -exclude .svn -exclude .git -exclude .hg -resolve-src-symlinks -rename /Users/builder/builds/o86TiJKT/0/finestructure/swiftpackageindex-builder/spi-builder-workspace/.derivedData/Build/Intermediates.noindex/swiftredunda.build/Debug-appletvos/SwiftRedunda.build/Objects-normal/arm64/SwiftRedunda.swiftdoc /Users/builder/builds/o86TiJKT/0/finestructure/swiftpackageindex-builder/spi-builder-workspace/.derivedData/Build/Products/Debug-appletvos/SwiftRedunda.swiftmodule/arm64-apple-tvos.swiftdoc

Copy /Users/builder/builds/o86TiJKT/0/finestructure/swiftpackageindex-builder/spi-builder-workspace/.derivedData/Build/Products/Debug-appletvos/SwiftRedunda.swiftmodule/Project/arm64-apple-tvos.swiftsourceinfo /Users/builder/builds/o86TiJKT/0/finestructure/swiftpackageindex-builder/spi-builder-workspace/.derivedData/Build/Intermediates.noindex/swiftredunda.build/Debug-appletvos/SwiftRedunda.build/Objects-normal/arm64/SwiftRedunda.swiftsourceinfo (in target 'SwiftRedunda' from project 'swiftredunda')
    cd /Users/builder/builds/o86TiJKT/0/finestructure/swiftpackageindex-builder/spi-builder-workspace
    builtin-copy -exclude .DS_Store -exclude CVS -exclude .svn -exclude .git -exclude .hg -resolve-src-symlinks -rename /Users/builder/builds/o86TiJKT/0/finestructure/swiftpackageindex-builder/spi-builder-workspace/.derivedData/Build/Intermediates.noindex/swiftredunda.build/Debug-appletvos/SwiftRedunda.build/Objects-normal/arm64/SwiftRedunda.swiftsourceinfo /Users/builder/builds/o86TiJKT/0/finestructure/swiftpackageindex-builder/spi-builder-workspace/.derivedData/Build/Products/Debug-appletvos/SwiftRedunda.swiftmodule/Project/arm64-apple-tvos.swiftsourceinfo

WriteAuxiliaryFile /Users/builder/builds/o86TiJKT/0/finestructure/swiftpackageindex-builder/spi-builder-workspace/.derivedData/Build/Intermediates.noindex/swiftredunda.build/Debug-appletvos/swiftredundaTests.build/Objects-normal/arm64/swiftredundaTests-OutputFileMap.json (in target 'swiftredundaTests' from project 'swiftredunda')
    cd /Users/builder/builds/o86TiJKT/0/finestructure/swiftpackageindex-builder/spi-builder-workspace
    write-file /Users/builder/builds/o86TiJKT/0/finestructure/swiftpackageindex-builder/spi-builder-workspace/.derivedData/Build/Intermediates.noindex/swiftredunda.build/Debug-appletvos/swiftredundaTests.build/Objects-normal/arm64/swiftredundaTests-OutputFileMap.json

WriteAuxiliaryFile /Users/builder/builds/o86TiJKT/0/finestructure/swiftpackageindex-builder/spi-builder-workspace/.derivedData/Build/Intermediates.noindex/swiftredunda.build/Debug-appletvos/swiftredundaTests.build/Objects-normal/arm64/swiftredundaTests.SwiftFileList (in target 'swiftredundaTests' from project 'swiftredunda')
    cd /Users/builder/builds/o86TiJKT/0/finestructure/swiftpackageindex-builder/spi-builder-workspace
    write-file /Users/builder/builds/o86TiJKT/0/finestructure/swiftpackageindex-builder/spi-builder-workspace/.derivedData/Build/Intermediates.noindex/swiftredunda.build/Debug-appletvos/swiftredundaTests.build/Objects-normal/arm64/swiftredundaTests.SwiftFileList

SwiftDriver swiftredundaTests normal arm64 com.apple.xcode.tools.swift.compiler (in target 'swiftredundaTests' from project 'swiftredunda')
    cd /Users/builder/builds/o86TiJKT/0/finestructure/swiftpackageindex-builder/spi-builder-workspace
    builtin-SwiftDriver -- /Applications/Xcode-14.2.0.app/Contents/Developer/Toolchains/XcodeDefault.xctoolchain/usr/bin/swiftc -module-name swiftredundaTests -Onone -enforce-exclusivity\=checked @/Users/builder/builds/o86TiJKT/0/finestructure/swiftpackageindex-builder/spi-builder-workspace/.derivedData/Build/Intermediates.noindex/swiftredunda.build/Debug-appletvos/swiftredundaTests.build/Objects-normal/arm64/swiftredundaTests.SwiftFileList -DSWIFT_PACKAGE -DDEBUG -DXcode -sdk /Applications/Xcode-14.2.0.app/Contents/Developer/Platforms/AppleTVOS.platform/Developer/SDKs/AppleTVOS16.1.sdk -target arm64-apple-tvos11.0 -g -module-cache-path /Users/builder/builds/o86TiJKT/0/finestructure/swiftpackageindex-builder/spi-builder-workspace/.derivedData/ModuleCache.noindex -Xfrontend -serialize-debugging-options -enable-testing -index-store-path /Users/builder/builds/o86TiJKT/0/finestructure/swiftpackageindex-builder/spi-builder-workspace/.derivedData/Index.noindex/DataStore -swift-version 4 -I /Users/builder/builds/o86TiJKT/0/finestructure/swiftpackageindex-builder/spi-builder-workspace/.derivedData/Build/Products/Debug-appletvos -I /Applications/Xcode-14.2.0.app/Contents/Developer/Platforms/AppleTVOS.platform/Developer/usr/lib -F /Users/builder/builds/o86TiJKT/0/finestructure/swiftpackageindex-builder/spi-builder-workspace/.derivedData/Build/Products/Debug-appletvos/PackageFrameworks -F /Users/builder/builds/o86TiJKT/0/finestructure/swiftpackageindex-builder/spi-builder-workspace/.derivedData/Build/Products/Debug-appletvos -F /Applications/Xcode-14.2.0.app/Contents/Developer/Platforms/AppleTVOS.platform/Developer/Library/Frameworks -F /Applications/Xcode-14.2.0.app/Contents/Developer/Platforms/AppleTVOS.platform/Developer/SDKs/AppleTVOS16.1.sdk/Developer/Library/Frameworks -parse-as-library -c -j8 -enable-batch-mode -incremental -output-file-map /Users/builder/builds/o86TiJKT/0/finestructure/swiftpackageindex-builder/spi-builder-workspace/.derivedData/Build/Intermediates.noindex/swiftredunda.build/Debug-appletvos/swiftredundaTests.build/Objects-normal/arm64/swiftredundaTests-OutputFileMap.json -use-frontend-parseable-output -save-temps -no-color-diagnostics -serialize-diagnostics -emit-dependencies -emit-module -emit-module-path /Users/builder/builds/o86TiJKT/0/finestructure/swiftpackageindex-builder/spi-builder-workspace/.derivedData/Build/Intermediates.noindex/swiftredunda.build/Debug-appletvos/swiftredundaTests.build/Objects-normal/arm64/swiftredundaTests.swiftmodule -Xcc -I/Users/builder/builds/o86TiJKT/0/finestructure/swiftpackageindex-builder/spi-builder-workspace/.derivedData/Build/Products/Debug-appletvos/include -Xcc -I/Users/builder/builds/o86TiJKT/0/finestructure/swiftpackageindex-builder/spi-builder-workspace/.derivedData/Build/Intermediates.noindex/swiftredunda.build/Debug-appletvos/swiftredundaTests.build/DerivedSources-normal/arm64 -Xcc -I/Users/builder/builds/o86TiJKT/0/finestructure/swiftpackageindex-builder/spi-builder-workspace/.derivedData/Build/Intermediates.noindex/swiftredunda.build/Debug-appletvos/swiftredundaTests.build/DerivedSources/arm64 -Xcc -I/Users/builder/builds/o86TiJKT/0/finestructure/swiftpackageindex-builder/spi-builder-workspace/.derivedData/Build/Intermediates.noindex/swiftredunda.build/Debug-appletvos/swiftredundaTests.build/DerivedSources -Xcc -DSWIFT_PACKAGE -Xcc -DDEBUG\=1 -working-directory /Users/builder/builds/o86TiJKT/0/finestructure/swiftpackageindex-builder/spi-builder-workspace -Xfrontend -serialize-debugging-options -experimental-emit-module-separately

SwiftEmitModule normal arm64 Emitting\ module\ for\ swiftredundaTests (in target 'swiftredundaTests' from project 'swiftredunda')
    cd /Users/builder/builds/o86TiJKT/0/finestructure/swiftpackageindex-builder/spi-builder-workspace
    builtin-swiftTaskExecution -- /Applications/Xcode-14.2.0.app/Contents/Developer/Toolchains/XcodeDefault.xctoolchain/usr/bin/swift-frontend -frontend -emit-module -experimental-skip-non-inlinable-function-bodies-without-types /Users/builder/builds/o86TiJKT/0/finestructure/swiftpackageindex-builder/spi-builder-workspace/Tests/swiftredundaTests/swiftredundaTests.swift -target arm64-apple-tvos11.0 -Xllvm -aarch64-use-tbi -enable-objc-interop -sdk /Applications/Xcode-14.2.0.app/Contents/Developer/Platforms/AppleTVOS.platform/Developer/SDKs/AppleTVOS16.1.sdk -I /Users/builder/builds/o86TiJKT/0/finestructure/swiftpackageindex-builder/spi-builder-workspace/.derivedData/Build/Products/Debug-appletvos -I /Applications/Xcode-14.2.0.app/Contents/Developer/Platforms/AppleTVOS.platform/Developer/usr/lib -F /Users/builder/builds/o86TiJKT/0/finestructure/swiftpackageindex-builder/spi-builder-workspace/.derivedData/Build/Products/Debug-appletvos/PackageFrameworks -F /Users/builder/builds/o86TiJKT/0/finestructure/swiftpackageindex-builder/spi-builder-workspace/.derivedData/Build/Products/Debug-appletvos -F /Applications/Xcode-14.2.0.app/Contents/Developer/Platforms/AppleTVOS.platform/Developer/Library/Frameworks -F /Applications/Xcode-14.2.0.app/Contents/Developer/Platforms/AppleTVOS.platform/Developer/SDKs/AppleTVOS16.1.sdk/Developer/Library/Frameworks -no-color-diagnostics -enable-testing -g -module-cache-path /Users/builder/builds/o86TiJKT/0/finestructure/swiftpackageindex-builder/spi-builder-workspace/.derivedData/ModuleCache.noindex -swift-version 4 -enforce-exclusivity\=checked -Onone -D SWIFT_PACKAGE -D DEBUG -D Xcode -serialize-debugging-options -serialize-debugging-options -empty-abi-descriptor -Xcc -working-directory -Xcc /Users/builder/builds/o86TiJKT/0/finestructure/swiftpackageindex-builder/spi-builder-workspace -resource-dir /Applications/Xcode-14.2.0.app/Contents/Developer/Toolchains/XcodeDefault.xctoolchain/usr/lib/swift -enable-anonymous-context-mangled-names -Xcc -I/Users/builder/builds/o86TiJKT/0/finestructure/swiftpackageindex-builder/spi-builder-workspace/.derivedData/Build/Products/Debug-appletvos/include -Xcc -I/Users/builder/builds/o86TiJKT/0/finestructure/swiftpackageindex-builder/spi-builder-workspace/.derivedData/Build/Intermediates.noindex/swiftredunda.build/Debug-appletvos/swiftredundaTests.build/DerivedSources-normal/arm64 -Xcc -I/Users/builder/builds/o86TiJKT/0/finestructure/swiftpackageindex-builder/spi-builder-workspace/.derivedData/Build/Intermediates.noindex/swiftredunda.build/Debug-appletvos/swiftredundaTests.build/DerivedSources/arm64 -Xcc -I/Users/builder/builds/o86TiJKT/0/finestructure/swiftpackageindex-builder/spi-builder-workspace/.derivedData/Build/Intermediates.noindex/swiftredunda.build/Debug-appletvos/swiftredundaTests.build/DerivedSources -Xcc -DSWIFT_PACKAGE -Xcc -DDEBUG\=1 -module-name swiftredundaTests -disable-clang-spi -target-sdk-version 16.1 -emit-module-doc-path /Users/builder/builds/o86TiJKT/0/finestructure/swiftpackageindex-builder/spi-builder-workspace/.derivedData/Build/Intermediates.noindex/swiftredunda.build/Debug-appletvos/swiftredundaTests.build/Objects-normal/arm64/swiftredundaTests.swiftdoc -emit-module-source-info-path /Users/builder/builds/o86TiJKT/0/finestructure/swiftpackageindex-builder/spi-builder-workspace/.derivedData/Build/Intermediates.noindex/swiftredunda.build/Debug-appletvos/swiftredundaTests.build/Objects-normal/arm64/swiftredundaTests.swiftsourceinfo -serialize-diagnostics-path /Users/builder/builds/o86TiJKT/0/finestructure/swiftpackageindex-builder/spi-builder-workspace/.derivedData/Build/Intermediates.noindex/swiftredunda.build/Debug-appletvos/swiftredundaTests.build/Objects-normal/arm64/swiftredundaTests-master-emit-module.dia -emit-dependencies-path /Users/builder/builds/o86TiJKT/0/finestructure/swiftpackageindex-builder/spi-builder-workspace/.derivedData/Build/Intermediates.noindex/swiftredunda.build/Debug-appletvos/swiftredundaTests.build/Objects-normal/arm64/swiftredundaTests-master-emit-module.d -parse-as-library -o /Users/builder/builds/o86TiJKT/0/finestructure/swiftpackageindex-builder/spi-builder-workspace/.derivedData/Build/Intermediates.noindex/swiftredunda.build/Debug-appletvos/swiftredundaTests.build/Objects-normal/arm64/swiftredundaTests.swiftmodule -emit-abi-descriptor-path /Users/builder/builds/o86TiJKT/0/finestructure/swiftpackageindex-builder/spi-builder-workspace/.derivedData/Build/Intermediates.noindex/swiftredunda.build/Debug-appletvos/swiftredundaTests.build/Objects-normal/arm64/swiftredundaTests.abi.json

SwiftCompile normal arm64 Compiling\ swiftredundaTests.swift /Users/builder/builds/o86TiJKT/0/finestructure/swiftpackageindex-builder/spi-builder-workspace/Tests/swiftredundaTests/swiftredundaTests.swift (in target 'swiftredundaTests' from project 'swiftredunda')
    cd /Users/builder/builds/o86TiJKT/0/finestructure/swiftpackageindex-builder/spi-builder-workspace
    builtin-swiftTaskExecution -- /Applications/Xcode-14.2.0.app/Contents/Developer/Toolchains/XcodeDefault.xctoolchain/usr/bin/swift-frontend -frontend -c -primary-file /Users/builder/builds/o86TiJKT/0/finestructure/swiftpackageindex-builder/spi-builder-workspace/Tests/swiftredundaTests/swiftredundaTests.swift -emit-dependencies-path /Users/builder/builds/o86TiJKT/0/finestructure/swiftpackageindex-builder/spi-builder-workspace/.derivedData/Build/Intermediates.noindex/swiftredunda.build/Debug-appletvos/swiftredundaTests.build/Objects-normal/arm64/swiftredundaTests.d -emit-reference-dependencies-path /Users/builder/builds/o86TiJKT/0/finestructure/swiftpackageindex-builder/spi-builder-workspace/.derivedData/Build/Intermediates.noindex/swiftredunda.build/Debug-appletvos/swiftredundaTests.build/Objects-normal/arm64/swiftredundaTests.swiftdeps -serialize-diagnostics-path /Users/builder/builds/o86TiJKT/0/finestructure/swiftpackageindex-builder/spi-builder-workspace/.derivedData/Build/Intermediates.noindex/swiftredunda.build/Debug-appletvos/swiftredundaTests.build/Objects-normal/arm64/swiftredundaTests.dia -target arm64-apple-tvos11.0 -Xllvm -aarch64-use-tbi -enable-objc-interop -sdk /Applications/Xcode-14.2.0.app/Contents/Developer/Platforms/AppleTVOS.platform/Developer/SDKs/AppleTVOS16.1.sdk -I /Users/builder/builds/o86TiJKT/0/finestructure/swiftpackageindex-builder/spi-builder-workspace/.derivedData/Build/Products/Debug-appletvos -I /Applications/Xcode-14.2.0.app/Contents/Developer/Platforms/AppleTVOS.platform/Developer/usr/lib -F /Users/builder/builds/o86TiJKT/0/finestructure/swiftpackageindex-builder/spi-builder-workspace/.derivedData/Build/Products/Debug-appletvos/PackageFrameworks -F /Users/builder/builds/o86TiJKT/0/finestructure/swiftpackageindex-builder/spi-builder-workspace/.derivedData/Build/Products/Debug-appletvos -F /Applications/Xcode-14.2.0.app/Contents/Developer/Platforms/AppleTVOS.platform/Developer/Library/Frameworks -F /Applications/Xcode-14.2.0.app/Contents/Developer/Platforms/AppleTVOS.platform/Developer/SDKs/AppleTVOS16.1.sdk/Developer/Library/Frameworks -no-color-diagnostics -enable-testing -g -module-cache-path /Users/builder/builds/o86TiJKT/0/finestructure/swiftpackageindex-builder/spi-builder-workspace/.derivedData/ModuleCache.noindex -swift-version 4 -enforce-exclusivity\=checked -Onone -D SWIFT_PACKAGE -D DEBUG -D Xcode -serialize-debugging-options -serialize-debugging-options -empty-abi-descriptor -Xcc -working-directory -Xcc /Users/builder/builds/o86TiJKT/0/finestructure/swiftpackageindex-builder/spi-builder-workspace -resource-dir /Applications/Xcode-14.2.0.app/Contents/Developer/Toolchains/XcodeDefault.xctoolchain/usr/lib/swift -enable-anonymous-context-mangled-names -Xcc -I/Users/builder/builds/o86TiJKT/0/finestructure/swiftpackageindex-builder/spi-builder-workspace/.derivedData/Build/Products/Debug-appletvos/include -Xcc -I/Users/builder/builds/o86TiJKT/0/finestructure/swiftpackageindex-builder/spi-builder-workspace/.derivedData/Build/Intermediates.noindex/swiftredunda.build/Debug-appletvos/swiftredundaTests.build/DerivedSources-normal/arm64 -Xcc -I/Users/builder/builds/o86TiJKT/0/finestructure/swiftpackageindex-builder/spi-builder-workspace/.derivedData/Build/Intermediates.noindex/swiftredunda.build/Debug-appletvos/swiftredundaTests.build/DerivedSources/arm64 -Xcc -I/Users/builder/builds/o86TiJKT/0/finestructure/swiftpackageindex-builder/spi-builder-workspace/.derivedData/Build/Intermediates.noindex/swiftredunda.build/Debug-appletvos/swiftredundaTests.build/DerivedSources -Xcc -DSWIFT_PACKAGE -Xcc -DDEBUG\=1 -module-name swiftredundaTests -frontend-parseable-output -disable-clang-spi -target-sdk-version 16.1 -parse-as-library -o /Users/builder/builds/o86TiJKT/0/finestructure/swiftpackageindex-builder/spi-builder-workspace/.derivedData/Build/Intermediates.noindex/swiftredunda.build/Debug-appletvos/swiftredundaTests.build/Objects-normal/arm64/swiftredundaTests.o -index-unit-output-path /swiftredunda.build/Debug-appletvos/swiftredundaTests.build/Objects-normal/arm64/swiftredundaTests.o -index-store-path /Users/builder/builds/o86TiJKT/0/finestructure/swiftpackageindex-builder/spi-builder-workspace/.derivedData/Index.noindex/DataStore -index-system-modules
CompileSwift normal arm64 /Users/builder/builds/o86TiJKT/0/finestructure/swiftpackageindex-builder/spi-builder-workspace/Tests/swiftredundaTests/swiftredundaTests.swift (in target 'swiftredundaTests' from project 'swiftredunda')
    cd /Users/builder/builds/o86TiJKT/0/finestructure/swiftpackageindex-builder/spi-builder-workspace
    /Applications/Xcode-14.2.0.app/Contents/Developer/Toolchains/XcodeDefault.xctoolchain/usr/bin/swift-frontend -c -primary-file /Users/builder/builds/o86TiJKT/0/finestructure/swiftpackageindex-builder/spi-builder-workspace/Tests/swiftredundaTests/swiftredundaTests.swift -emit-dependencies-path /Users/builder/builds/o86TiJKT/0/finestructure/swiftpackageindex-builder/spi-builder-workspace/.derivedData/Build/Intermediates.noindex/swiftredunda.build/Debug-appletvos/swiftredundaTests.build/Objects-normal/arm64/swiftredundaTests.d -emit-reference-dependencies-path /Users/builder/builds/o86TiJKT/0/finestructure/swiftpackageindex-builder/spi-builder-workspace/.derivedData/Build/Intermediates.noindex/swiftredunda.build/Debug-appletvos/swiftredundaTests.build/Objects-normal/arm64/swiftredundaTests.swiftdeps -serialize-diagnostics-path /Users/builder/builds/o86TiJKT/0/finestructure/swiftpackageindex-builder/spi-builder-workspace/.derivedData/Build/Intermediates.noindex/swiftredunda.build/Debug-appletvos/swiftredundaTests.build/Objects-normal/arm64/swiftredundaTests.dia -target arm64-apple-tvos11.0 -Xllvm -aarch64-use-tbi -enable-objc-interop -sdk /Applications/Xcode-14.2.0.app/Contents/Developer/Platforms/AppleTVOS.platform/Developer/SDKs/AppleTVOS16.1.sdk -I /Users/builder/builds/o86TiJKT/0/finestructure/swiftpackageindex-builder/spi-builder-workspace/.derivedData/Build/Products/Debug-appletvos -I /Applications/Xcode-14.2.0.app/Contents/Developer/Platforms/AppleTVOS.platform/Developer/usr/lib -F /Users/builder/builds/o86TiJKT/0/finestructure/swiftpackageindex-builder/spi-builder-workspace/.derivedData/Build/Products/Debug-appletvos/PackageFrameworks -F /Users/builder/builds/o86TiJKT/0/finestructure/swiftpackageindex-builder/spi-builder-workspace/.derivedData/Build/Products/Debug-appletvos -F /Applications/Xcode-14.2.0.app/Contents/Developer/Platforms/AppleTVOS.platform/Developer/Library/Frameworks -F /Applications/Xcode-14.2.0.app/Contents/Developer/Platforms/AppleTVOS.platform/Developer/SDKs/AppleTVOS16.1.sdk/Developer/Library/Frameworks -no-color-diagnostics -enable-testing -g -module-cache-path /Users/builder/builds/o86TiJKT/0/finestructure/swiftpackageindex-builder/spi-builder-workspace/.derivedData/ModuleCache.noindex -swift-version 4 -enforce-exclusivity\=checked -Onone -D SWIFT_PACKAGE -D DEBUG -D Xcode -serialize-debugging-options -serialize-debugging-options -empty-abi-descriptor -Xcc -working-directory -Xcc /Users/builder/builds/o86TiJKT/0/finestructure/swiftpackageindex-builder/spi-builder-workspace -resource-dir /Applications/Xcode-14.2.0.app/Contents/Developer/Toolchains/XcodeDefault.xctoolchain/usr/lib/swift -enable-anonymous-context-mangled-names -Xcc -I/Users/builder/builds/o86TiJKT/0/finestructure/swiftpackageindex-builder/spi-builder-workspace/.derivedData/Build/Products/Debug-appletvos/include -Xcc -I/Users/builder/builds/o86TiJKT/0/finestructure/swiftpackageindex-builder/spi-builder-workspace/.derivedData/Build/Intermediates.noindex/swiftredunda.build/Debug-appletvos/swiftredundaTests.build/DerivedSources-normal/arm64 -Xcc -I/Users/builder/builds/o86TiJKT/0/finestructure/swiftpackageindex-builder/spi-builder-workspace/.derivedData/Build/Intermediates.noindex/swiftredunda.build/Debug-appletvos/swiftredundaTests.build/DerivedSources/arm64 -Xcc -I/Users/builder/builds/o86TiJKT/0/finestructure/swiftpackageindex-builder/spi-builder-workspace/.derivedData/Build/Intermediates.noindex/swiftredunda.build/Debug-appletvos/swiftredundaTests.build/DerivedSources -Xcc -DSWIFT_PACKAGE -Xcc -DDEBUG\=1 -module-name swiftredundaTests -frontend-parseable-output -disable-clang-spi -target-sdk-version 16.1 -parse-as-library -o /Users/builder/builds/o86TiJKT/0/finestructure/swiftpackageindex-builder/spi-builder-workspace/.derivedData/Build/Intermediates.noindex/swiftredunda.build/Debug-appletvos/swiftredundaTests.build/Objects-normal/arm64/swiftredundaTests.o -index-unit-output-path /swiftredunda.build/Debug-appletvos/swiftredundaTests.build/Objects-normal/arm64/swiftredundaTests.o -index-store-path /Users/builder/builds/o86TiJKT/0/finestructure/swiftpackageindex-builder/spi-builder-workspace/.derivedData/Index.noindex/DataStore -index-system-modules
/Users/builder/builds/o86TiJKT/0/finestructure/swiftpackageindex-builder/spi-builder-workspace/Tests/swiftredundaTests/swiftredundaTests.swift:9:24: error: cannot find 'swiftredunda' in scope
        XCTAssertEqual(swiftredunda().text, "Hello, World!")
                       ^~~~~~~~~~~~

SwiftDriverJobDiscovery normal arm64 Compiling RedundaClient.swift (in target 'SwiftRedunda' from project 'swiftredunda')

SwiftDriverJobDiscovery normal arm64 Compiling RedundaPingResponse.swift (in target 'SwiftRedunda' from project 'swiftredunda')

SwiftDriverJobDiscovery normal arm64 Compiling RedundaPingService.swift (in target 'SwiftRedunda' from project 'swiftredunda')

SwiftDriver\ Compilation SwiftRedunda normal arm64 com.apple.xcode.tools.swift.compiler (in target 'SwiftRedunda' from project 'swiftredunda')
    cd /Users/builder/builds/o86TiJKT/0/finestructure/swiftpackageindex-builder/spi-builder-workspace
    builtin-Swift-Compilation -- /Applications/Xcode-14.2.0.app/Contents/Developer/Toolchains/XcodeDefault.xctoolchain/usr/bin/swiftc -module-name SwiftRedunda -Onone -enforce-exclusivity\=checked @/Users/builder/builds/o86TiJKT/0/finestructure/swiftpackageindex-builder/spi-builder-workspace/.derivedData/Build/Intermediates.noindex/swiftredunda.build/Debug-appletvos/SwiftRedunda.build/Objects-normal/arm64/SwiftRedunda.SwiftFileList -DSWIFT_PACKAGE -DDEBUG -DXcode -sdk /Applications/Xcode-14.2.0.app/Contents/Developer/Platforms/AppleTVOS.platform/Developer/SDKs/AppleTVOS16.1.sdk -target arm64-apple-tvos11.0 -g -module-cache-path /Users/builder/builds/o86TiJKT/0/finestructure/swiftpackageindex-builder/spi-builder-workspace/.derivedData/ModuleCache.noindex -Xfrontend -serialize-debugging-options -enable-testing -index-store-path /Users/builder/builds/o86TiJKT/0/finestructure/swiftpackageindex-builder/spi-builder-workspace/.derivedData/Index.noindex/DataStore -swift-version 4 -I /Users/builder/builds/o86TiJKT/0/finestructure/swiftpackageindex-builder/spi-builder-workspace/.derivedData/Build/Products/Debug-appletvos -I /Applications/Xcode-14.2.0.app/Contents/Developer/Platforms/AppleTVOS.platform/Developer/usr/lib -F /Users/builder/builds/o86TiJKT/0/finestructure/swiftpackageindex-builder/spi-builder-workspace/.derivedData/Build/Products/Debug-appletvos -F /Applications/Xcode-14.2.0.app/Contents/Developer/Platforms/AppleTVOS.platform/Developer/Library/Frameworks -F /Applications/Xcode-14.2.0.app/Contents/Developer/Platforms/AppleTVOS.platform/Developer/SDKs/AppleTVOS16.1.sdk/Developer/Library/Frameworks -c -j8 -enable-batch-mode -incremental -output-file-map /Users/builder/builds/o86TiJKT/0/finestructure/swiftpackageindex-builder/spi-builder-workspace/.derivedData/Build/Intermediates.noindex/swiftredunda.build/Debug-appletvos/SwiftRedunda.build/Objects-normal/arm64/SwiftRedunda-OutputFileMap.json -use-frontend-parseable-output -save-temps -no-color-diagnostics -serialize-diagnostics -emit-dependencies -emit-module -emit-module-path /Users/builder/builds/o86TiJKT/0/finestructure/swiftpackageindex-builder/spi-builder-workspace/.derivedData/Build/Intermediates.noindex/swiftredunda.build/Debug-appletvos/SwiftRedunda.build/Objects-normal/arm64/SwiftRedunda.swiftmodule -Xcc -I/Users/builder/builds/o86TiJKT/0/finestructure/swiftpackageindex-builder/spi-builder-workspace/.derivedData/Build/Intermediates.noindex/swiftredunda.build/Debug-appletvos/SwiftRedunda.build/swift-overrides.hmap -Xcc -I/Users/builder/builds/o86TiJKT/0/finestructure/swiftpackageindex-builder/spi-builder-workspace/.derivedData/Build/Products/Debug-appletvos/include -Xcc -I/Users/builder/builds/o86TiJKT/0/finestructure/swiftpackageindex-builder/spi-builder-workspace/.derivedData/Build/Intermediates.noindex/swiftredunda.build/Debug-appletvos/SwiftRedunda.build/DerivedSources-normal/arm64 -Xcc -I/Users/builder/builds/o86TiJKT/0/finestructure/swiftpackageindex-builder/spi-builder-workspace/.derivedData/Build/Intermediates.noindex/swiftredunda.build/Debug-appletvos/SwiftRedunda.build/DerivedSources/arm64 -Xcc -I/Users/builder/builds/o86TiJKT/0/finestructure/swiftpackageindex-builder/spi-builder-workspace/.derivedData/Build/Intermediates.noindex/swiftredunda.build/Debug-appletvos/SwiftRedunda.build/DerivedSources -Xcc -DSWIFT_PACKAGE -Xcc -DDEBUG\=1 -emit-objc-header -emit-objc-header-path /Users/builder/builds/o86TiJKT/0/finestructure/swiftpackageindex-builder/spi-builder-workspace/.derivedData/Build/Intermediates.noindex/swiftredunda.build/Debug-appletvos/SwiftRedunda.build/Objects-normal/arm64/SwiftRedunda-Swift.h -working-directory /Users/builder/builds/o86TiJKT/0/finestructure/swiftpackageindex-builder/spi-builder-workspace -experimental-emit-module-separately

Ld /Users/builder/builds/o86TiJKT/0/finestructure/swiftpackageindex-builder/spi-builder-workspace/.derivedData/Build/Products/Debug-appletvos/SwiftRedunda.o normal (in target 'SwiftRedunda' from project 'swiftredunda')
    cd /Users/builder/builds/o86TiJKT/0/finestructure/swiftpackageindex-builder/spi-builder-workspace
    /Applications/Xcode-14.2.0.app/Contents/Developer/Toolchains/XcodeDefault.xctoolchain/usr/bin/clang -target arm64-apple-tvos11.0 -r -isysroot /Applications/Xcode-14.2.0.app/Contents/Developer/Platforms/AppleTVOS.platform/Developer/SDKs/AppleTVOS16.1.sdk -L/Users/builder/builds/o86TiJKT/0/finestructure/swiftpackageindex-builder/spi-builder-workspace/.derivedData/Build/Intermediates.noindex/EagerLinkingTBDs -L/Users/builder/builds/o86TiJKT/0/finestructure/swiftpackageindex-builder/spi-builder-workspace/.derivedData/Build/Products/Debug-appletvos -L/Applications/Xcode-14.2.0.app/Contents/Developer/Platforms/AppleTVOS.platform/Developer/usr/lib -F/Users/builder/builds/o86TiJKT/0/finestructure/swiftpackageindex-builder/spi-builder-workspace/.derivedData/Build/Intermediates.noindex/EagerLinkingTBDs -F/Users/builder/builds/o86TiJKT/0/finestructure/swiftpackageindex-builder/spi-builder-workspace/.derivedData/Build/Products/Debug-appletvos -F/Applications/Xcode-14.2.0.app/Contents/Developer/Platforms/AppleTVOS.platform/Developer/Library/Frameworks -iframework /Applications/Xcode-14.2.0.app/Contents/Developer/Platforms/AppleTVOS.platform/Developer/Library/Frameworks -iframework /Applications/Xcode-14.2.0.app/Contents/Developer/Platforms/AppleTVOS.platform/Developer/SDKs/AppleTVOS16.1.sdk/Developer/Library/Frameworks -filelist /Users/builder/builds/o86TiJKT/0/finestructure/swiftpackageindex-builder/spi-builder-workspace/.derivedData/Build/Intermediates.noindex/swiftredunda.build/Debug-appletvos/SwiftRedunda.build/Objects-normal/arm64/SwiftRedunda.LinkFileList -nostdlib -Xlinker -object_path_lto -Xlinker /Users/builder/builds/o86TiJKT/0/finestructure/swiftpackageindex-builder/spi-builder-workspace/.derivedData/Build/Intermediates.noindex/swiftredunda.build/Debug-appletvos/SwiftRedunda.build/Objects-normal/arm64/SwiftRedunda_lto.o -Xlinker -export_dynamic -Xlinker -no_deduplicate -fobjc-link-runtime -L/Applications/Xcode-14.2.0.app/Contents/Developer/Toolchains/XcodeDefault.xctoolchain/usr/lib/swift/appletvos -L/usr/lib/swift -Xlinker -add_ast_path -Xlinker /Users/builder/builds/o86TiJKT/0/finestructure/swiftpackageindex-builder/spi-builder-workspace/.derivedData/Build/Intermediates.noindex/swiftredunda.build/Debug-appletvos/SwiftRedunda.build/Objects-normal/arm64/SwiftRedunda.swiftmodule -Xlinker -dependency_info -Xlinker /Users/builder/builds/o86TiJKT/0/finestructure/swiftpackageindex-builder/spi-builder-workspace/.derivedData/Build/Intermediates.noindex/swiftredunda.build/Debug-appletvos/SwiftRedunda.build/Objects-normal/arm64/SwiftRedunda_dependency_info.dat -o /Users/builder/builds/o86TiJKT/0/finestructure/swiftpackageindex-builder/spi-builder-workspace/.derivedData/Build/Products/Debug-appletvos/SwiftRedunda.o

RegisterExecutionPolicyException /Users/builder/builds/o86TiJKT/0/finestructure/swiftpackageindex-builder/spi-builder-workspace/.derivedData/Build/Products/Debug-appletvos/SwiftRedunda.o (in target 'SwiftRedunda' from project 'swiftredunda')
    cd /Users/builder/builds/o86TiJKT/0/finestructure/swiftpackageindex-builder/spi-builder-workspace
    builtin-RegisterExecutionPolicyException /Users/builder/builds/o86TiJKT/0/finestructure/swiftpackageindex-builder/spi-builder-workspace/.derivedData/Build/Products/Debug-appletvos/SwiftRedunda.o

WriteAuxiliaryFile /Users/builder/builds/o86TiJKT/0/finestructure/swiftpackageindex-builder/spi-builder-workspace/.derivedData/Build/Intermediates.noindex/swiftredunda.build/Debug-appletvos/swiftredundaTests.build/empty-swiftredundaTests.plist (in target 'swiftredundaTests' from project 'swiftredunda')
    cd /Users/builder/builds/o86TiJKT/0/finestructure/swiftpackageindex-builder/spi-builder-workspace
    write-file /Users/builder/builds/o86TiJKT/0/finestructure/swiftpackageindex-builder/spi-builder-workspace/.derivedData/Build/Intermediates.noindex/swiftredunda.build/Debug-appletvos/swiftredundaTests.build/empty-swiftredundaTests.plist

WriteAuxiliaryFile /Users/builder/builds/o86TiJKT/0/finestructure/swiftpackageindex-builder/spi-builder-workspace/.derivedData/Build/Intermediates.noindex/swiftredunda.build/Debug-appletvos/swiftredundaTests.build/Objects-normal/arm64/swiftredundaTests.LinkFileList (in target 'swiftredundaTests' from project 'swiftredunda')
    cd /Users/builder/builds/o86TiJKT/0/finestructure/swiftpackageindex-builder/spi-builder-workspace
    write-file /Users/builder/builds/o86TiJKT/0/finestructure/swiftpackageindex-builder/spi-builder-workspace/.derivedData/Build/Intermediates.noindex/swiftredunda.build/Debug-appletvos/swiftredundaTests.build/Objects-normal/arm64/swiftredundaTests.LinkFileList

ProcessInfoPlistFile /Users/builder/builds/o86TiJKT/0/finestructure/swiftpackageindex-builder/spi-builder-workspace/.derivedData/Build/Products/Debug-appletvos/swiftredundaTests.xctest/Info.plist /Users/builder/builds/o86TiJKT/0/finestructure/swiftpackageindex-builder/spi-builder-workspace/.derivedData/Build/Intermediates.noindex/swiftredunda.build/Debug-appletvos/swiftredundaTests.build/empty-swiftredundaTests.plist (in target 'swiftredundaTests' from project 'swiftredunda')
    cd /Users/builder/builds/o86TiJKT/0/finestructure/swiftpackageindex-builder/spi-builder-workspace
    builtin-infoPlistUtility /Users/builder/builds/o86TiJKT/0/finestructure/swiftpackageindex-builder/spi-builder-workspace/.derivedData/Build/Intermediates.noindex/swiftredunda.build/Debug-appletvos/swiftredundaTests.build/empty-swiftredundaTests.plist -producttype com.apple.product-type.bundle.unit-test -expandbuildsettings -format binary -platform appletvos -o /Users/builder/builds/o86TiJKT/0/finestructure/swiftpackageindex-builder/spi-builder-workspace/.derivedData/Build/Products/Debug-appletvos/swiftredundaTests.xctest/Info.plist

SwiftDriverJobDiscovery normal arm64 Emitting module for swiftredundaTests (in target 'swiftredundaTests' from project 'swiftredunda')

SwiftDriver\ Compilation\ Requirements swiftredundaTests normal arm64 com.apple.xcode.tools.swift.compiler (in target 'swiftredundaTests' from project 'swiftredunda')
    cd /Users/builder/builds/o86TiJKT/0/finestructure/swiftpackageindex-builder/spi-builder-workspace
    builtin-Swift-Compilation-Requirements -- /Applications/Xcode-14.2.0.app/Contents/Developer/Toolchains/XcodeDefault.xctoolchain/usr/bin/swiftc -module-name swiftredundaTests -Onone -enforce-exclusivity\=checked @/Users/builder/builds/o86TiJKT/0/finestructure/swiftpackageindex-builder/spi-builder-workspace/.derivedData/Build/Intermediates.noindex/swiftredunda.build/Debug-appletvos/swiftredundaTests.build/Objects-normal/arm64/swiftredundaTests.SwiftFileList -DSWIFT_PACKAGE -DDEBUG -DXcode -sdk /Applications/Xcode-14.2.0.app/Contents/Developer/Platforms/AppleTVOS.platform/Developer/SDKs/AppleTVOS16.1.sdk -target arm64-apple-tvos11.0 -g -module-cache-path /Users/builder/builds/o86TiJKT/0/finestructure/swiftpackageindex-builder/spi-builder-workspace/.derivedData/ModuleCache.noindex -Xfrontend -serialize-debugging-options -enable-testing -index-store-path /Users/builder/builds/o86TiJKT/0/finestructure/swiftpackageindex-builder/spi-builder-workspace/.derivedData/Index.noindex/DataStore -swift-version 4 -I /Users/builder/builds/o86TiJKT/0/finestructure/swiftpackageindex-builder/spi-builder-workspace/.derivedData/Build/Products/Debug-appletvos -I /Applications/Xcode-14.2.0.app/Contents/Developer/Platforms/AppleTVOS.platform/Developer/usr/lib -F /Users/builder/builds/o86TiJKT/0/finestructure/swiftpackageindex-builder/spi-builder-workspace/.derivedData/Build/Products/Debug-appletvos/PackageFrameworks -F /Users/builder/builds/o86TiJKT/0/finestructure/swiftpackageindex-builder/spi-builder-workspace/.derivedData/Build/Products/Debug-appletvos -F /Applications/Xcode-14.2.0.app/Contents/Developer/Platforms/AppleTVOS.platform/Developer/Library/Frameworks -F /Applications/Xcode-14.2.0.app/Contents/Developer/Platforms/AppleTVOS.platform/Developer/SDKs/AppleTVOS16.1.sdk/Developer/Library/Frameworks -parse-as-library -c -j8 -enable-batch-mode -incremental -output-file-map /Users/builder/builds/o86TiJKT/0/finestructure/swiftpackageindex-builder/spi-builder-workspace/.derivedData/Build/Intermediates.noindex/swiftredunda.build/Debug-appletvos/swiftredundaTests.build/Objects-normal/arm64/swiftredundaTests-OutputFileMap.json -use-frontend-parseable-output -save-temps -no-color-diagnostics -serialize-diagnostics -emit-dependencies -emit-module -emit-module-path /Users/builder/builds/o86TiJKT/0/finestructure/swiftpackageindex-builder/spi-builder-workspace/.derivedData/Build/Intermediates.noindex/swiftredunda.build/Debug-appletvos/swiftredundaTests.build/Objects-normal/arm64/swiftredundaTests.swiftmodule -Xcc -I/Users/builder/builds/o86TiJKT/0/finestructure/swiftpackageindex-builder/spi-builder-workspace/.derivedData/Build/Products/Debug-appletvos/include -Xcc -I/Users/builder/builds/o86TiJKT/0/finestructure/swiftpackageindex-builder/spi-builder-workspace/.derivedData/Build/Intermediates.noindex/swiftredunda.build/Debug-appletvos/swiftredundaTests.build/DerivedSources-normal/arm64 -Xcc -I/Users/builder/builds/o86TiJKT/0/finestructure/swiftpackageindex-builder/spi-builder-workspace/.derivedData/Build/Intermediates.noindex/swiftredunda.build/Debug-appletvos/swiftredundaTests.build/DerivedSources/arm64 -Xcc -I/Users/builder/builds/o86TiJKT/0/finestructure/swiftpackageindex-builder/spi-builder-workspace/.derivedData/Build/Intermediates.noindex/swiftredunda.build/Debug-appletvos/swiftredundaTests.build/DerivedSources -Xcc -DSWIFT_PACKAGE -Xcc -DDEBUG\=1 -working-directory /Users/builder/builds/o86TiJKT/0/finestructure/swiftpackageindex-builder/spi-builder-workspace -Xfrontend -serialize-debugging-options -experimental-emit-module-separately

Copy /Users/builder/builds/o86TiJKT/0/finestructure/swiftpackageindex-builder/spi-builder-workspace/.derivedData/Build/Products/Debug-appletvos/swiftredundaTests.swiftmodule/arm64-apple-tvos.abi.json /Users/builder/builds/o86TiJKT/0/finestructure/swiftpackageindex-builder/spi-builder-workspace/.derivedData/Build/Intermediates.noindex/swiftredunda.build/Debug-appletvos/swiftredundaTests.build/Objects-normal/arm64/swiftredundaTests.abi.json (in target 'swiftredundaTests' from project 'swiftredunda')
    cd /Users/builder/builds/o86TiJKT/0/finestructure/swiftpackageindex-builder/spi-builder-workspace
    builtin-copy -exclude .DS_Store -exclude CVS -exclude .svn -exclude .git -exclude .hg -resolve-src-symlinks -rename /Users/builder/builds/o86TiJKT/0/finestructure/swiftpackageindex-builder/spi-builder-workspace/.derivedData/Build/Intermediates.noindex/swiftredunda.build/Debug-appletvos/swiftredundaTests.build/Objects-normal/arm64/swiftredundaTests.abi.json /Users/builder/builds/o86TiJKT/0/finestructure/swiftpackageindex-builder/spi-builder-workspace/.derivedData/Build/Products/Debug-appletvos/swiftredundaTests.swiftmodule/arm64-apple-tvos.abi.json

Copy /Users/builder/builds/o86TiJKT/0/finestructure/swiftpackageindex-builder/spi-builder-workspace/.derivedData/Build/Products/Debug-appletvos/swiftredundaTests.swiftmodule/arm64-apple-tvos.swiftmodule /Users/builder/builds/o86TiJKT/0/finestructure/swiftpackageindex-builder/spi-builder-workspace/.derivedData/Build/Intermediates.noindex/swiftredunda.build/Debug-appletvos/swiftredundaTests.build/Objects-normal/arm64/swiftredundaTests.swiftmodule (in target 'swiftredundaTests' from project 'swiftredunda')
    cd /Users/builder/builds/o86TiJKT/0/finestructure/swiftpackageindex-builder/spi-builder-workspace
    builtin-copy -exclude .DS_Store -exclude CVS -exclude .svn -exclude .git -exclude .hg -resolve-src-symlinks -rename /Users/builder/builds/o86TiJKT/0/finestructure/swiftpackageindex-builder/spi-builder-workspace/.derivedData/Build/Intermediates.noindex/swiftredunda.build/Debug-appletvos/swiftredundaTests.build/Objects-normal/arm64/swiftredundaTests.swiftmodule /Users/builder/builds/o86TiJKT/0/finestructure/swiftpackageindex-builder/spi-builder-workspace/.derivedData/Build/Products/Debug-appletvos/swiftredundaTests.swiftmodule/arm64-apple-tvos.swiftmodule

Copy /Users/builder/builds/o86TiJKT/0/finestructure/swiftpackageindex-builder/spi-builder-workspace/.derivedData/Build/Products/Debug-appletvos/swiftredundaTests.swiftmodule/arm64-apple-tvos.swiftdoc /Users/builder/builds/o86TiJKT/0/finestructure/swiftpackageindex-builder/spi-builder-workspace/.derivedData/Build/Intermediates.noindex/swiftredunda.build/Debug-appletvos/swiftredundaTests.build/Objects-normal/arm64/swiftredundaTests.swiftdoc (in target 'swiftredundaTests' from project 'swiftredunda')
    cd /Users/builder/builds/o86TiJKT/0/finestructure/swiftpackageindex-builder/spi-builder-workspace
    builtin-copy -exclude .DS_Store -exclude CVS -exclude .svn -exclude .git -exclude .hg -resolve-src-symlinks -rename /Users/builder/builds/o86TiJKT/0/finestructure/swiftpackageindex-builder/spi-builder-workspace/.derivedData/Build/Intermediates.noindex/swiftredunda.build/Debug-appletvos/swiftredundaTests.build/Objects-normal/arm64/swiftredundaTests.swiftdoc /Users/builder/builds/o86TiJKT/0/finestructure/swiftpackageindex-builder/spi-builder-workspace/.derivedData/Build/Products/Debug-appletvos/swiftredundaTests.swiftmodule/arm64-apple-tvos.swiftdoc

Copy /Users/builder/builds/o86TiJKT/0/finestructure/swiftpackageindex-builder/spi-builder-workspace/.derivedData/Build/Products/Debug-appletvos/swiftredundaTests.swiftmodule/Project/arm64-apple-tvos.swiftsourceinfo /Users/builder/builds/o86TiJKT/0/finestructure/swiftpackageindex-builder/spi-builder-workspace/.derivedData/Build/Intermediates.noindex/swiftredunda.build/Debug-appletvos/swiftredundaTests.build/Objects-normal/arm64/swiftredundaTests.swiftsourceinfo (in target 'swiftredundaTests' from project 'swiftredunda')
    cd /Users/builder/builds/o86TiJKT/0/finestructure/swiftpackageindex-builder/spi-builder-workspace
    builtin-copy -exclude .DS_Store -exclude CVS -exclude .svn -exclude .git -exclude .hg -resolve-src-symlinks -rename /Users/builder/builds/o86TiJKT/0/finestructure/swiftpackageindex-builder/spi-builder-workspace/.derivedData/Build/Intermediates.noindex/swiftredunda.build/Debug-appletvos/swiftredundaTests.build/Objects-normal/arm64/swiftredundaTests.swiftsourceinfo /Users/builder/builds/o86TiJKT/0/finestructure/swiftpackageindex-builder/spi-builder-workspace/.derivedData/Build/Products/Debug-appletvos/swiftredundaTests.swiftmodule/Project/arm64-apple-tvos.swiftsourceinfo

Resolve Package Graph"
Retrying in 0.0 seconds ...
Building ... (attempt 2)
Command line invocation:
    /Applications/Xcode-14.2.0.app/Contents/Developer/usr/bin/xcodebuild -IDEClonedSourcePackagesDirPathOverride=/Users/builder/builds/o86TiJKT/0/finestructure/swiftpackageindex-builder/spi-builder-workspace/.dependencies -derivedDataPath /Users/builder/builds/o86TiJKT/0/finestructure/swiftpackageindex-builder/spi-builder-workspace/.derivedData build -scheme swiftredunda -destination generic/platform=tvos

User defaults from command line:
    IDEClonedSourcePackagesDirPathOverride = /Users/builder/builds/o86TiJKT/0/finestructure/swiftpackageindex-builder/spi-builder-workspace/.dependencies
    IDEDerivedDataPathOverride = /Users/builder/builds/o86TiJKT/0/finestructure/swiftpackageindex-builder/spi-builder-workspace/.derivedData
    IDEPackageSupportUseBuiltinSCM = YES
Resolve Package Graph

Resolved source packages:
  swiftredunda: /Users/builder/builds/o86TiJKT/0/finestructure/swiftpackageindex-builder/spi-builder-workspace

Prepare packages

Computing target dependency graph and provisioning inputs

Create build description
Build description signature: 6e95bf6b23465f38dd8346217c2ea54a
Build description path: /Users/builder/builds/o86TiJKT/0/finestructure/swiftpackageindex-builder/spi-builder-workspace/.derivedData/Build/Intermediates.noindex/XCBuildData/6e95bf6b23465f38dd8346217c2ea54a-desc.xcbuild

note: Building targets in dependency order
SwiftDriver swiftredundaTests normal arm64 com.apple.xcode.tools.swift.compiler (in target 'swiftredundaTests' from project 'swiftredunda')
    cd /Users/builder/builds/o86TiJKT/0/finestructure/swiftpackageindex-builder/spi-builder-workspace
    builtin-SwiftDriver -- /Applications/Xcode-14.2.0.app/Contents/Developer/Toolchains/XcodeDefault.xctoolchain/usr/bin/swiftc -module-name swiftredundaTests -Onone -enforce-exclusivity\=checked @/Users/builder/builds/o86TiJKT/0/finestructure/swiftpackageindex-builder/spi-builder-workspace/.derivedData/Build/Intermediates.noindex/swiftredunda.build/Debug-appletvos/swiftredundaTests.build/Objects-normal/arm64/swiftredundaTests.SwiftFileList -DSWIFT_PACKAGE -DDEBUG -DXcode -sdk /Applications/Xcode-14.2.0.app/Contents/Developer/Platforms/AppleTVOS.platform/Developer/SDKs/AppleTVOS16.1.sdk -target arm64-apple-tvos11.0 -g -module-cache-path /Users/builder/builds/o86TiJKT/0/finestructure/swiftpackageindex-builder/spi-builder-workspace/.derivedData/ModuleCache.noindex -Xfrontend -serialize-debugging-options -enable-testing -index-store-path /Users/builder/builds/o86TiJKT/0/finestructure/swiftpackageindex-builder/spi-builder-workspace/.derivedData/Index.noindex/DataStore -swift-version 4 -I /Users/builder/builds/o86TiJKT/0/finestructure/swiftpackageindex-builder/spi-builder-workspace/.derivedData/Build/Products/Debug-appletvos -I /Applications/Xcode-14.2.0.app/Contents/Developer/Platforms/AppleTVOS.platform/Developer/usr/lib -F /Users/builder/builds/o86TiJKT/0/finestructure/swiftpackageindex-builder/spi-builder-workspace/.derivedData/Build/Products/Debug-appletvos/PackageFrameworks -F /Users/builder/builds/o86TiJKT/0/finestructure/swiftpackageindex-builder/spi-builder-workspace/.derivedData/Build/Products/Debug-appletvos -F /Applications/Xcode-14.2.0.app/Contents/Developer/Platforms/AppleTVOS.platform/Developer/Library/Frameworks -F /Applications/Xcode-14.2.0.app/Contents/Developer/Platforms/AppleTVOS.platform/Developer/SDKs/AppleTVOS16.1.sdk/Developer/Library/Frameworks -parse-as-library -c -j8 -enable-batch-mode -incremental -output-file-map /Users/builder/builds/o86TiJKT/0/finestructure/swiftpackageindex-builder/spi-builder-workspace/.derivedData/Build/Intermediates.noindex/swiftredunda.build/Debug-appletvos/swiftredundaTests.build/Objects-normal/arm64/swiftredundaTests-OutputFileMap.json -use-frontend-parseable-output -save-temps -no-color-diagnostics -serialize-diagnostics -emit-dependencies -emit-module -emit-module-path /Users/builder/builds/o86TiJKT/0/finestructure/swiftpackageindex-builder/spi-builder-workspace/.derivedData/Build/Intermediates.noindex/swiftredunda.build/Debug-appletvos/swiftredundaTests.build/Objects-normal/arm64/swiftredundaTests.swiftmodule -Xcc -I/Users/builder/builds/o86TiJKT/0/finestructure/swiftpackageindex-builder/spi-builder-workspace/.derivedData/Build/Products/Debug-appletvos/include -Xcc -I/Users/builder/builds/o86TiJKT/0/finestructure/swiftpackageindex-builder/spi-builder-workspace/.derivedData/Build/Intermediates.noindex/swiftredunda.build/Debug-appletvos/swiftredundaTests.build/DerivedSources-normal/arm64 -Xcc -I/Users/builder/builds/o86TiJKT/0/finestructure/swiftpackageindex-builder/spi-builder-workspace/.derivedData/Build/Intermediates.noindex/swiftredunda.build/Debug-appletvos/swiftredundaTests.build/DerivedSources/arm64 -Xcc -I/Users/builder/builds/o86TiJKT/0/finestructure/swiftpackageindex-builder/spi-builder-workspace/.derivedData/Build/Intermediates.noindex/swiftredunda.build/Debug-appletvos/swiftredundaTests.build/DerivedSources -Xcc -DSWIFT_PACKAGE -Xcc -DDEBUG\=1 -working-directory /Users/builder/builds/o86TiJKT/0/finestructure/swiftpackageindex-builder/spi-builder-workspace -Xfrontend -serialize-debugging-options -experimental-emit-module-separately

SwiftCompile normal arm64 Compiling\ swiftredundaTests.swift /Users/builder/builds/o86TiJKT/0/finestructure/swiftpackageindex-builder/spi-builder-workspace/Tests/swiftredundaTests/swiftredundaTests.swift (in target 'swiftredundaTests' from project 'swiftredunda')
    cd /Users/builder/builds/o86TiJKT/0/finestructure/swiftpackageindex-builder/spi-builder-workspace
    builtin-swiftTaskExecution -- /Applications/Xcode-14.2.0.app/Contents/Developer/Toolchains/XcodeDefault.xctoolchain/usr/bin/swift-frontend -frontend -c -primary-file /Users/builder/builds/o86TiJKT/0/finestructure/swiftpackageindex-builder/spi-builder-workspace/Tests/swiftredundaTests/swiftredundaTests.swift -emit-dependencies-path /Users/builder/builds/o86TiJKT/0/finestructure/swiftpackageindex-builder/spi-builder-workspace/.derivedData/Build/Intermediates.noindex/swiftredunda.build/Debug-appletvos/swiftredundaTests.build/Objects-normal/arm64/swiftredundaTests.d -emit-reference-dependencies-path /Users/builder/builds/o86TiJKT/0/finestructure/swiftpackageindex-builder/spi-builder-workspace/.derivedData/Build/Intermediates.noindex/swiftredunda.build/Debug-appletvos/swiftredundaTests.build/Objects-normal/arm64/swiftredundaTests.swiftdeps -serialize-diagnostics-path /Users/builder/builds/o86TiJKT/0/finestructure/swiftpackageindex-builder/spi-builder-workspace/.derivedData/Build/Intermediates.noindex/swiftredunda.build/Debug-appletvos/swiftredundaTests.build/Objects-normal/arm64/swiftredundaTests.dia -target arm64-apple-tvos11.0 -Xllvm -aarch64-use-tbi -enable-objc-interop -sdk /Applications/Xcode-14.2.0.app/Contents/Developer/Platforms/AppleTVOS.platform/Developer/SDKs/AppleTVOS16.1.sdk -I /Users/builder/builds/o86TiJKT/0/finestructure/swiftpackageindex-builder/spi-builder-workspace/.derivedData/Build/Products/Debug-appletvos -I /Applications/Xcode-14.2.0.app/Contents/Developer/Platforms/AppleTVOS.platform/Developer/usr/lib -F /Users/builder/builds/o86TiJKT/0/finestructure/swiftpackageindex-builder/spi-builder-workspace/.derivedData/Build/Products/Debug-appletvos/PackageFrameworks -F /Users/builder/builds/o86TiJKT/0/finestructure/swiftpackageindex-builder/spi-builder-workspace/.derivedData/Build/Products/Debug-appletvos -F /Applications/Xcode-14.2.0.app/Contents/Developer/Platforms/AppleTVOS.platform/Developer/Library/Frameworks -F /Applications/Xcode-14.2.0.app/Contents/Developer/Platforms/AppleTVOS.platform/Developer/SDKs/AppleTVOS16.1.sdk/Developer/Library/Frameworks -no-color-diagnostics -enable-testing -g -module-cache-path /Users/builder/builds/o86TiJKT/0/finestructure/swiftpackageindex-builder/spi-builder-workspace/.derivedData/ModuleCache.noindex -swift-version 4 -enforce-exclusivity\=checked -Onone -D SWIFT_PACKAGE -D DEBUG -D Xcode -serialize-debugging-options -serialize-debugging-options -empty-abi-descriptor -Xcc -working-directory -Xcc /Users/builder/builds/o86TiJKT/0/finestructure/swiftpackageindex-builder/spi-builder-workspace -resource-dir /Applications/Xcode-14.2.0.app/Contents/Developer/Toolchains/XcodeDefault.xctoolchain/usr/lib/swift -enable-anonymous-context-mangled-names -Xcc -I/Users/builder/builds/o86TiJKT/0/finestructure/swiftpackageindex-builder/spi-builder-workspace/.derivedData/Build/Products/Debug-appletvos/include -Xcc -I/Users/builder/builds/o86TiJKT/0/finestructure/swiftpackageindex-builder/spi-builder-workspace/.derivedData/Build/Intermediates.noindex/swiftredunda.build/Debug-appletvos/swiftredundaTests.build/DerivedSources-normal/arm64 -Xcc -I/Users/builder/builds/o86TiJKT/0/finestructure/swiftpackageindex-builder/spi-builder-workspace/.derivedData/Build/Intermediates.noindex/swiftredunda.build/Debug-appletvos/swiftredundaTests.build/DerivedSources/arm64 -Xcc -I/Users/builder/builds/o86TiJKT/0/finestructure/swiftpackageindex-builder/spi-builder-workspace/.derivedData/Build/Intermediates.noindex/swiftredunda.build/Debug-appletvos/swiftredundaTests.build/DerivedSources -Xcc -DSWIFT_PACKAGE -Xcc -DDEBUG\=1 -module-name swiftredundaTests -frontend-parseable-output -disable-clang-spi -target-sdk-version 16.1 -parse-as-library -o /Users/builder/builds/o86TiJKT/0/finestructure/swiftpackageindex-builder/spi-builder-workspace/.derivedData/Build/Intermediates.noindex/swiftredunda.build/Debug-appletvos/swiftredundaTests.build/Objects-normal/arm64/swiftredundaTests.o -index-unit-output-path /swiftredunda.build/Debug-appletvos/swiftredundaTests.build/Objects-normal/arm64/swiftredundaTests.o -index-store-path /Users/builder/builds/o86TiJKT/0/finestructure/swiftpackageindex-builder/spi-builder-workspace/.derivedData/Index.noindex/DataStore -index-system-modules

CompileSwift normal arm64 /Users/builder/builds/o86TiJKT/0/finestructure/swiftpackageindex-builder/spi-builder-workspace/Tests/swiftredundaTests/swiftredundaTests.swift (in target 'swiftredundaTests' from project 'swiftredunda')
    cd /Users/builder/builds/o86TiJKT/0/finestructure/swiftpackageindex-builder/spi-builder-workspace
    /Applications/Xcode-14.2.0.app/Contents/Developer/Toolchains/XcodeDefault.xctoolchain/usr/bin/swift-frontend -c -primary-file /Users/builder/builds/o86TiJKT/0/finestructure/swiftpackageindex-builder/spi-builder-workspace/Tests/swiftredundaTests/swiftredundaTests.swift -emit-dependencies-path /Users/builder/builds/o86TiJKT/0/finestructure/swiftpackageindex-builder/spi-builder-workspace/.derivedData/Build/Intermediates.noindex/swiftredunda.build/Debug-appletvos/swiftredundaTests.build/Objects-normal/arm64/swiftredundaTests.d -emit-reference-dependencies-path /Users/builder/builds/o86TiJKT/0/finestructure/swiftpackageindex-builder/spi-builder-workspace/.derivedData/Build/Intermediates.noindex/swiftredunda.build/Debug-appletvos/swiftredundaTests.build/Objects-normal/arm64/swiftredundaTests.swiftdeps -serialize-diagnostics-path /Users/builder/builds/o86TiJKT/0/finestructure/swiftpackageindex-builder/spi-builder-workspace/.derivedData/Build/Intermediates.noindex/swiftredunda.build/Debug-appletvos/swiftredundaTests.build/Objects-normal/arm64/swiftredundaTests.dia -target arm64-apple-tvos11.0 -Xllvm -aarch64-use-tbi -enable-objc-interop -sdk /Applications/Xcode-14.2.0.app/Contents/Developer/Platforms/AppleTVOS.platform/Developer/SDKs/AppleTVOS16.1.sdk -I /Users/builder/builds/o86TiJKT/0/finestructure/swiftpackageindex-builder/spi-builder-workspace/.derivedData/Build/Products/Debug-appletvos -I /Applications/Xcode-14.2.0.app/Contents/Developer/Platforms/AppleTVOS.platform/Developer/usr/lib -F /Users/builder/builds/o86TiJKT/0/finestructure/swiftpackageindex-builder/spi-builder-workspace/.derivedData/Build/Products/Debug-appletvos/PackageFrameworks -F /Users/builder/builds/o86TiJKT/0/finestructure/swiftpackageindex-builder/spi-builder-workspace/.derivedData/Build/Products/Debug-appletvos -F /Applications/Xcode-14.2.0.app/Contents/Developer/Platforms/AppleTVOS.platform/Developer/Library/Frameworks -F /Applications/Xcode-14.2.0.app/Contents/Developer/Platforms/AppleTVOS.platform/Developer/SDKs/AppleTVOS16.1.sdk/Developer/Library/Frameworks -no-color-diagnostics -enable-testing -g -module-cache-path /Users/builder/builds/o86TiJKT/0/finestructure/swiftpackageindex-builder/spi-builder-workspace/.derivedData/ModuleCache.noindex -swift-version 4 -enforce-exclusivity\=checked -Onone -D SWIFT_PACKAGE -D DEBUG -D Xcode -serialize-debugging-options -serialize-debugging-options -empty-abi-descriptor -Xcc -working-directory -Xcc /Users/builder/builds/o86TiJKT/0/finestructure/swiftpackageindex-builder/spi-builder-workspace -resource-dir /Applications/Xcode-14.2.0.app/Contents/Developer/Toolchains/XcodeDefault.xctoolchain/usr/lib/swift -enable-anonymous-context-mangled-names -Xcc -I/Users/builder/builds/o86TiJKT/0/finestructure/swiftpackageindex-builder/spi-builder-workspace/.derivedData/Build/Products/Debug-appletvos/include -Xcc -I/Users/builder/builds/o86TiJKT/0/finestructure/swiftpackageindex-builder/spi-builder-workspace/.derivedData/Build/Intermediates.noindex/swiftredunda.build/Debug-appletvos/swiftredundaTests.build/DerivedSources-normal/arm64 -Xcc -I/Users/builder/builds/o86TiJKT/0/finestructure/swiftpackageindex-builder/spi-builder-workspace/.derivedData/Build/Intermediates.noindex/swiftredunda.build/Debug-appletvos/swiftredundaTests.build/DerivedSources/arm64 -Xcc -I/Users/builder/builds/o86TiJKT/0/finestructure/swiftpackageindex-builder/spi-builder-workspace/.derivedData/Build/Intermediates.noindex/swiftredunda.build/Debug-appletvos/swiftredundaTests.build/DerivedSources -Xcc -DSWIFT_PACKAGE -Xcc -DDEBUG\=1 -module-name swiftredundaTests -frontend-parseable-output -disable-clang-spi -target-sdk-version 16.1 -parse-as-library -o /Users/builder/builds/o86TiJKT/0/finestructure/swiftpackageindex-builder/spi-builder-workspace/.derivedData/Build/Intermediates.noindex/swiftredunda.build/Debug-appletvos/swiftredundaTests.build/Objects-normal/arm64/swiftredundaTests.o -index-unit-output-path /swiftredunda.build/Debug-appletvos/swiftredundaTests.build/Objects-normal/arm64/swiftredundaTests.o -index-store-path /Users/builder/builds/o86TiJKT/0/finestructure/swiftpackageindex-builder/spi-builder-workspace/.derivedData/Index.noindex/DataStore -index-system-modules
/Users/builder/builds/o86TiJKT/0/finestructure/swiftpackageindex-builder/spi-builder-workspace/Tests/swiftredundaTests/swiftredundaTests.swift:9:24: error: cannot find 'swiftredunda' in scope
        XCTAssertEqual(swiftredunda().text, "Hello, World!")
                       ^~~~~~~~~~~~

** BUILD FAILED **


The following build commands failed:
	CompileSwift normal arm64 /Users/builder/builds/o86TiJKT/0/finestructure/swiftpackageindex-builder/spi-builder-workspace/Tests/swiftredundaTests/swiftredundaTests.swift (in target 'swiftredundaTests' from project 'swiftredunda')
	SwiftCompile normal arm64 Compiling\ swiftredundaTests.swift /Users/builder/builds/o86TiJKT/0/finestructure/swiftpackageindex-builder/spi-builder-workspace/Tests/swiftredundaTests/swiftredundaTests.swift (in target 'swiftredundaTests' from project 'swiftredunda')
(2 failures)
ShellOut encountered an error
Status code: 65
Message: "** BUILD FAILED **


The following build commands failed:
	CompileSwift normal arm64 /Users/builder/builds/o86TiJKT/0/finestructure/swiftpackageindex-builder/spi-builder-workspace/Tests/swiftredundaTests/swiftredundaTests.swift (in target 'swiftredundaTests' from project 'swiftredunda')
	SwiftCompile normal arm64 Compiling\ swiftredundaTests.swift /Users/builder/builds/o86TiJKT/0/finestructure/swiftpackageindex-builder/spi-builder-workspace/Tests/swiftredundaTests/swiftredundaTests.swift (in target 'swiftredundaTests' from project 'swiftredunda')
(2 failures)"
Output: "Command line invocation:
    /Applications/Xcode-14.2.0.app/Contents/Developer/usr/bin/xcodebuild -IDEClonedSourcePackagesDirPathOverride=/Users/builder/builds/o86TiJKT/0/finestructure/swiftpackageindex-builder/spi-builder-workspace/.dependencies -derivedDataPath /Users/builder/builds/o86TiJKT/0/finestructure/swiftpackageindex-builder/spi-builder-workspace/.derivedData build -scheme swiftredunda -destination generic/platform=tvos

User defaults from command line:
    IDEClonedSourcePackagesDirPathOverride = /Users/builder/builds/o86TiJKT/0/finestructure/swiftpackageindex-builder/spi-builder-workspace/.dependencies
    IDEDerivedDataPathOverride = /Users/builder/builds/o86TiJKT/0/finestructure/swiftpackageindex-builder/spi-builder-workspace/.derivedData
    IDEPackageSupportUseBuiltinSCM = YES

Resolve Package Graph

Resolved source packages:
  swiftredunda: /Users/builder/builds/o86TiJKT/0/finestructure/swiftpackageindex-builder/spi-builder-workspace


Prepare packages

Computing target dependency graph and provisioning inputs

Create build description
Build description signature: 6e95bf6b23465f38dd8346217c2ea54a
Build description path: /Users/builder/builds/o86TiJKT/0/finestructure/swiftpackageindex-builder/spi-builder-workspace/.derivedData/Build/Intermediates.noindex/XCBuildData/6e95bf6b23465f38dd8346217c2ea54a-desc.xcbuild

note: Building targets in dependency order
SwiftDriver swiftredundaTests normal arm64 com.apple.xcode.tools.swift.compiler (in target 'swiftredundaTests' from project 'swiftredunda')
    cd /Users/builder/builds/o86TiJKT/0/finestructure/swiftpackageindex-builder/spi-builder-workspace
    builtin-SwiftDriver -- /Applications/Xcode-14.2.0.app/Contents/Developer/Toolchains/XcodeDefault.xctoolchain/usr/bin/swiftc -module-name swiftredundaTests -Onone -enforce-exclusivity\=checked @/Users/builder/builds/o86TiJKT/0/finestructure/swiftpackageindex-builder/spi-builder-workspace/.derivedData/Build/Intermediates.noindex/swiftredunda.build/Debug-appletvos/swiftredundaTests.build/Objects-normal/arm64/swiftredundaTests.SwiftFileList -DSWIFT_PACKAGE -DDEBUG -DXcode -sdk /Applications/Xcode-14.2.0.app/Contents/Developer/Platforms/AppleTVOS.platform/Developer/SDKs/AppleTVOS16.1.sdk -target arm64-apple-tvos11.0 -g -module-cache-path /Users/builder/builds/o86TiJKT/0/finestructure/swiftpackageindex-builder/spi-builder-workspace/.derivedData/ModuleCache.noindex -Xfrontend -serialize-debugging-options -enable-testing -index-store-path /Users/builder/builds/o86TiJKT/0/finestructure/swiftpackageindex-builder/spi-builder-workspace/.derivedData/Index.noindex/DataStore -swift-version 4 -I /Users/builder/builds/o86TiJKT/0/finestructure/swiftpackageindex-builder/spi-builder-workspace/.derivedData/Build/Products/Debug-appletvos -I /Applications/Xcode-14.2.0.app/Contents/Developer/Platforms/AppleTVOS.platform/Developer/usr/lib -F /Users/builder/builds/o86TiJKT/0/finestructure/swiftpackageindex-builder/spi-builder-workspace/.derivedData/Build/Products/Debug-appletvos/PackageFrameworks -F /Users/builder/builds/o86TiJKT/0/finestructure/swiftpackageindex-builder/spi-builder-workspace/.derivedData/Build/Products/Debug-appletvos -F /Applications/Xcode-14.2.0.app/Contents/Developer/Platforms/AppleTVOS.platform/Developer/Library/Frameworks -F /Applications/Xcode-14.2.0.app/Contents/Developer/Platforms/AppleTVOS.platform/Developer/SDKs/AppleTVOS16.1.sdk/Developer/Library/Frameworks -parse-as-library -c -j8 -enable-batch-mode -incremental -output-file-map /Users/builder/builds/o86TiJKT/0/finestructure/swiftpackageindex-builder/spi-builder-workspace/.derivedData/Build/Intermediates.noindex/swiftredunda.build/Debug-appletvos/swiftredundaTests.build/Objects-normal/arm64/swiftredundaTests-OutputFileMap.json -use-frontend-parseable-output -save-temps -no-color-diagnostics -serialize-diagnostics -emit-dependencies -emit-module -emit-module-path /Users/builder/builds/o86TiJKT/0/finestructure/swiftpackageindex-builder/spi-builder-workspace/.derivedData/Build/Intermediates.noindex/swiftredunda.build/Debug-appletvos/swiftredundaTests.build/Objects-normal/arm64/swiftredundaTests.swiftmodule -Xcc -I/Users/builder/builds/o86TiJKT/0/finestructure/swiftpackageindex-builder/spi-builder-workspace/.derivedData/Build/Products/Debug-appletvos/include -Xcc -I/Users/builder/builds/o86TiJKT/0/finestructure/swiftpackageindex-builder/spi-builder-workspace/.derivedData/Build/Intermediates.noindex/swiftredunda.build/Debug-appletvos/swiftredundaTests.build/DerivedSources-normal/arm64 -Xcc -I/Users/builder/builds/o86TiJKT/0/finestructure/swiftpackageindex-builder/spi-builder-workspace/.derivedData/Build/Intermediates.noindex/swiftredunda.build/Debug-appletvos/swiftredundaTests.build/DerivedSources/arm64 -Xcc -I/Users/builder/builds/o86TiJKT/0/finestructure/swiftpackageindex-builder/spi-builder-workspace/.derivedData/Build/Intermediates.noindex/swiftredunda.build/Debug-appletvos/swiftredundaTests.build/DerivedSources -Xcc -DSWIFT_PACKAGE -Xcc -DDEBUG\=1 -working-directory /Users/builder/builds/o86TiJKT/0/finestructure/swiftpackageindex-builder/spi-builder-workspace -Xfrontend -serialize-debugging-options -experimental-emit-module-separately

SwiftCompile normal arm64 Compiling\ swiftredundaTests.swift /Users/builder/builds/o86TiJKT/0/finestructure/swiftpackageindex-builder/spi-builder-workspace/Tests/swiftredundaTests/swiftredundaTests.swift (in target 'swiftredundaTests' from project 'swiftredunda')
    cd /Users/builder/builds/o86TiJKT/0/finestructure/swiftpackageindex-builder/spi-builder-workspace
    builtin-swiftTaskExecution -- /Applications/Xcode-14.2.0.app/Contents/Developer/Toolchains/XcodeDefault.xctoolchain/usr/bin/swift-frontend -frontend -c -primary-file /Users/builder/builds/o86TiJKT/0/finestructure/swiftpackageindex-builder/spi-builder-workspace/Tests/swiftredundaTests/swiftredundaTests.swift -emit-dependencies-path /Users/builder/builds/o86TiJKT/0/finestructure/swiftpackageindex-builder/spi-builder-workspace/.derivedData/Build/Intermediates.noindex/swiftredunda.build/Debug-appletvos/swiftredundaTests.build/Objects-normal/arm64/swiftredundaTests.d -emit-reference-dependencies-path /Users/builder/builds/o86TiJKT/0/finestructure/swiftpackageindex-builder/spi-builder-workspace/.derivedData/Build/Intermediates.noindex/swiftredunda.build/Debug-appletvos/swiftredundaTests.build/Objects-normal/arm64/swiftredundaTests.swiftdeps -serialize-diagnostics-path /Users/builder/builds/o86TiJKT/0/finestructure/swiftpackageindex-builder/spi-builder-workspace/.derivedData/Build/Intermediates.noindex/swiftredunda.build/Debug-appletvos/swiftredundaTests.build/Objects-normal/arm64/swiftredundaTests.dia -target arm64-apple-tvos11.0 -Xllvm -aarch64-use-tbi -enable-objc-interop -sdk /Applications/Xcode-14.2.0.app/Contents/Developer/Platforms/AppleTVOS.platform/Developer/SDKs/AppleTVOS16.1.sdk -I /Users/builder/builds/o86TiJKT/0/finestructure/swiftpackageindex-builder/spi-builder-workspace/.derivedData/Build/Products/Debug-appletvos -I /Applications/Xcode-14.2.0.app/Contents/Developer/Platforms/AppleTVOS.platform/Developer/usr/lib -F /Users/builder/builds/o86TiJKT/0/finestructure/swiftpackageindex-builder/spi-builder-workspace/.derivedData/Build/Products/Debug-appletvos/PackageFrameworks -F /Users/builder/builds/o86TiJKT/0/finestructure/swiftpackageindex-builder/spi-builder-workspace/.derivedData/Build/Products/Debug-appletvos -F /Applications/Xcode-14.2.0.app/Contents/Developer/Platforms/AppleTVOS.platform/Developer/Library/Frameworks -F /Applications/Xcode-14.2.0.app/Contents/Developer/Platforms/AppleTVOS.platform/Developer/SDKs/AppleTVOS16.1.sdk/Developer/Library/Frameworks -no-color-diagnostics -enable-testing -g -module-cache-path /Users/builder/builds/o86TiJKT/0/finestructure/swiftpackageindex-builder/spi-builder-workspace/.derivedData/ModuleCache.noindex -swift-version 4 -enforce-exclusivity\=checked -Onone -D SWIFT_PACKAGE -D DEBUG -D Xcode -serialize-debugging-options -serialize-debugging-options -empty-abi-descriptor -Xcc -working-directory -Xcc /Users/builder/builds/o86TiJKT/0/finestructure/swiftpackageindex-builder/spi-builder-workspace -resource-dir /Applications/Xcode-14.2.0.app/Contents/Developer/Toolchains/XcodeDefault.xctoolchain/usr/lib/swift -enable-anonymous-context-mangled-names -Xcc -I/Users/builder/builds/o86TiJKT/0/finestructure/swiftpackageindex-builder/spi-builder-workspace/.derivedData/Build/Products/Debug-appletvos/include -Xcc -I/Users/builder/builds/o86TiJKT/0/finestructure/swiftpackageindex-builder/spi-builder-workspace/.derivedData/Build/Intermediates.noindex/swiftredunda.build/Debug-appletvos/swiftredundaTests.build/DerivedSources-normal/arm64 -Xcc -I/Users/builder/builds/o86TiJKT/0/finestructure/swiftpackageindex-builder/spi-builder-workspace/.derivedData/Build/Intermediates.noindex/swiftredunda.build/Debug-appletvos/swiftredundaTests.build/DerivedSources/arm64 -Xcc -I/Users/builder/builds/o86TiJKT/0/finestructure/swiftpackageindex-builder/spi-builder-workspace/.derivedData/Build/Intermediates.noindex/swiftredunda.build/Debug-appletvos/swiftredundaTests.build/DerivedSources -Xcc -DSWIFT_PACKAGE -Xcc -DDEBUG\=1 -module-name swiftredundaTests -frontend-parseable-output -disable-clang-spi -target-sdk-version 16.1 -parse-as-library -o /Users/builder/builds/o86TiJKT/0/finestructure/swiftpackageindex-builder/spi-builder-workspace/.derivedData/Build/Intermediates.noindex/swiftredunda.build/Debug-appletvos/swiftredundaTests.build/Objects-normal/arm64/swiftredundaTests.o -index-unit-output-path /swiftredunda.build/Debug-appletvos/swiftredundaTests.build/Objects-normal/arm64/swiftredundaTests.o -index-store-path /Users/builder/builds/o86TiJKT/0/finestructure/swiftpackageindex-builder/spi-builder-workspace/.derivedData/Index.noindex/DataStore -index-system-modules

CompileSwift normal arm64 /Users/builder/builds/o86TiJKT/0/finestructure/swiftpackageindex-builder/spi-builder-workspace/Tests/swiftredundaTests/swiftredundaTests.swift (in target 'swiftredundaTests' from project 'swiftredunda')
    cd /Users/builder/builds/o86TiJKT/0/finestructure/swiftpackageindex-builder/spi-builder-workspace
    /Applications/Xcode-14.2.0.app/Contents/Developer/Toolchains/XcodeDefault.xctoolchain/usr/bin/swift-frontend -c -primary-file /Users/builder/builds/o86TiJKT/0/finestructure/swiftpackageindex-builder/spi-builder-workspace/Tests/swiftredundaTests/swiftredundaTests.swift -emit-dependencies-path /Users/builder/builds/o86TiJKT/0/finestructure/swiftpackageindex-builder/spi-builder-workspace/.derivedData/Build/Intermediates.noindex/swiftredunda.build/Debug-appletvos/swiftredundaTests.build/Objects-normal/arm64/swiftredundaTests.d -emit-reference-dependencies-path /Users/builder/builds/o86TiJKT/0/finestructure/swiftpackageindex-builder/spi-builder-workspace/.derivedData/Build/Intermediates.noindex/swiftredunda.build/Debug-appletvos/swiftredundaTests.build/Objects-normal/arm64/swiftredundaTests.swiftdeps -serialize-diagnostics-path /Users/builder/builds/o86TiJKT/0/finestructure/swiftpackageindex-builder/spi-builder-workspace/.derivedData/Build/Intermediates.noindex/swiftredunda.build/Debug-appletvos/swiftredundaTests.build/Objects-normal/arm64/swiftredundaTests.dia -target arm64-apple-tvos11.0 -Xllvm -aarch64-use-tbi -enable-objc-interop -sdk /Applications/Xcode-14.2.0.app/Contents/Developer/Platforms/AppleTVOS.platform/Developer/SDKs/AppleTVOS16.1.sdk -I /Users/builder/builds/o86TiJKT/0/finestructure/swiftpackageindex-builder/spi-builder-workspace/.derivedData/Build/Products/Debug-appletvos -I /Applications/Xcode-14.2.0.app/Contents/Developer/Platforms/AppleTVOS.platform/Developer/usr/lib -F /Users/builder/builds/o86TiJKT/0/finestructure/swiftpackageindex-builder/spi-builder-workspace/.derivedData/Build/Products/Debug-appletvos/PackageFrameworks -F /Users/builder/builds/o86TiJKT/0/finestructure/swiftpackageindex-builder/spi-builder-workspace/.derivedData/Build/Products/Debug-appletvos -F /Applications/Xcode-14.2.0.app/Contents/Developer/Platforms/AppleTVOS.platform/Developer/Library/Frameworks -F /Applications/Xcode-14.2.0.app/Contents/Developer/Platforms/AppleTVOS.platform/Developer/SDKs/AppleTVOS16.1.sdk/Developer/Library/Frameworks -no-color-diagnostics -enable-testing -g -module-cache-path /Users/builder/builds/o86TiJKT/0/finestructure/swiftpackageindex-builder/spi-builder-workspace/.derivedData/ModuleCache.noindex -swift-version 4 -enforce-exclusivity\=checked -Onone -D SWIFT_PACKAGE -D DEBUG -D Xcode -serialize-debugging-options -serialize-debugging-options -empty-abi-descriptor -Xcc -working-directory -Xcc /Users/builder/builds/o86TiJKT/0/finestructure/swiftpackageindex-builder/spi-builder-workspace -resource-dir /Applications/Xcode-14.2.0.app/Contents/Developer/Toolchains/XcodeDefault.xctoolchain/usr/lib/swift -enable-anonymous-context-mangled-names -Xcc -I/Users/builder/builds/o86TiJKT/0/finestructure/swiftpackageindex-builder/spi-builder-workspace/.derivedData/Build/Products/Debug-appletvos/include -Xcc -I/Users/builder/builds/o86TiJKT/0/finestructure/swiftpackageindex-builder/spi-builder-workspace/.derivedData/Build/Intermediates.noindex/swiftredunda.build/Debug-appletvos/swiftredundaTests.build/DerivedSources-normal/arm64 -Xcc -I/Users/builder/builds/o86TiJKT/0/finestructure/swiftpackageindex-builder/spi-builder-workspace/.derivedData/Build/Intermediates.noindex/swiftredunda.build/Debug-appletvos/swiftredundaTests.build/DerivedSources/arm64 -Xcc -I/Users/builder/builds/o86TiJKT/0/finestructure/swiftpackageindex-builder/spi-builder-workspace/.derivedData/Build/Intermediates.noindex/swiftredunda.build/Debug-appletvos/swiftredundaTests.build/DerivedSources -Xcc -DSWIFT_PACKAGE -Xcc -DDEBUG\=1 -module-name swiftredundaTests -frontend-parseable-output -disable-clang-spi -target-sdk-version 16.1 -parse-as-library -o /Users/builder/builds/o86TiJKT/0/finestructure/swiftpackageindex-builder/spi-builder-workspace/.derivedData/Build/Intermediates.noindex/swiftredunda.build/Debug-appletvos/swiftredundaTests.build/Objects-normal/arm64/swiftredundaTests.o -index-unit-output-path /swiftredunda.build/Debug-appletvos/swiftredundaTests.build/Objects-normal/arm64/swiftredundaTests.o -index-store-path /Users/builder/builds/o86TiJKT/0/finestructure/swiftpackageindex-builder/spi-builder-workspace/.derivedData/Index.noindex/DataStore -index-system-modules
/Users/builder/builds/o86TiJKT/0/finestructure/swiftpackageindex-builder/spi-builder-workspace/Tests/swiftredundaTests/swiftredundaTests.swift:9:24: error: cannot find 'swiftredunda' in scope
        XCTAssertEqual(swiftredunda().text, "Hello, World!")
                       ^~~~~~~~~~~~
"
BUILD FAILURE 5.7 tvOS

Build Machine: Mac 5