Build Information
Failed to build SwiftyStoreKit, reference 0.16.4 (9ce911), with Swift 6.4 for visionOS using Xcode 27.0 on 19 Sep 2026 01:49:48 UTC.
Build Command
env DEVELOPER_DIR=/Applications/Xcode-27.0.0-Release.Candidate.app xcrun xcodebuild -IDEClonedSourcePackagesDirPathOverride=$PWD/.dependencies -skipMacroValidation -skipPackagePluginValidation -derivedDataPath $PWD/.derivedData build -scheme SwiftyStoreKit -destination generic/platform=xrOSBuild Log
========================================
RunAll
========================================
Builder version: 5.1.0
Interrupt handler set up.
========================================
Checkout
========================================
Clone URL: https://github.com/bizz84/SwiftyStoreKit.git
Reference: 0.16.4
Initialized empty Git repository in /Users/admin/builder/spi-builder-workspace/.git/
From https://github.com/bizz84/SwiftyStoreKit
* tag 0.16.4 -> FETCH_HEAD
HEAD is now at 9ce9116 Merge pull request #651 from jamestapping/patch-2
Cloned https://github.com/bizz84/SwiftyStoreKit.git
Revision (git rev-parse @):
9ce911639680113dac9b554d6243e406a9758ebe
SUCCESS checkout https://github.com/bizz84/SwiftyStoreKit.git at 0.16.4
========================================
Build
========================================
Selected platform: visionOS
Swift version: 6.4
Building package at path: $PWD
https://github.com/bizz84/SwiftyStoreKit.git
Command line invocation:
/Applications/Xcode-27.0.0-Release.Candidate.app/Contents/Developer/usr/bin/xcodebuild -IDEClonedSourcePackagesDirPathOverride=/Users/admin/builder/spi-builder-workspace/.dependencies -resolvePackageDependencies
resolved source packages:
{
"dependencies" : [
],
"manifest_display_name" : "SwiftyStoreKit",
"name" : "SwiftyStoreKit",
"path" : "/Users/admin/builder/spi-builder-workspace",
"platforms" : [
{
"name" : "ios",
"version" : "9.0"
},
{
"name" : "macos",
"version" : "10.10"
},
{
"name" : "tvos",
"version" : "9.0"
},
{
"name" : "watchos",
"version" : "6.2"
}
],
"products" : [
{
"name" : "SwiftyStoreKit",
"targets" : [
"SwiftyStoreKit"
],
"type" : {
"library" : [
"automatic"
]
}
}
],
"targets" : [
{
"c99name" : "SwiftyStoreKitTests",
"module_type" : "SwiftTarget",
"name" : "SwiftyStoreKitTests",
"path" : "Tests/SwiftyStoreKitTests",
"sources" : [
"CompleteTransactionsControllerTests.swift",
"InAppReceiptTests.swift",
"InAppReceiptVerificatorTests.swift",
"PaymentQueueControllerTests.swift",
"PaymentQueueSpy.swift",
"PaymentTransactionObserverFake.swift",
"PaymentsControllerTests.swift",
"ProductsInfoControllerTests.swift",
"RestorePurchasesControllerTests.swift",
"TestPaymentTransaction.swift",
"TestProduct.swift"
],
"target_dependencies" : [
"SwiftyStoreKit"
],
"type" : "test"
},
{
"c99name" : "SwiftyStoreKit",
"module_type" : "SwiftTarget",
"name" : "SwiftyStoreKit",
"path" : "Sources/SwiftyStoreKit",
"product_memberships" : [
"SwiftyStoreKit"
],
"sources" : [
"AppleReceiptValidator.swift",
"CompleteTransactionsController.swift",
"InAppProductQueryRequest.swift",
"InAppReceipt.swift",
"InAppReceiptRefreshRequest.swift",
"InAppReceiptVerificator.swift",
"OS.swift",
"PaymentQueueController.swift",
"PaymentsController.swift",
"ProductsInfoController.swift",
"RestorePurchasesController.swift",
"SKProduct+LocalizedPrice.swift",
"SKProductDiscount+LocalizedPrice.swift",
"SwiftyStoreKit+Types.swift",
"SwiftyStoreKit.swift"
],
"type" : "library"
}
],
"tools_version" : "5.0"
}
{
"project" : {
"configurations" : [
"Debug",
"Release"
],
"name" : "SwiftyStoreKit",
"schemes" : [
"SwiftyStoreKit_watchOS",
"SwiftyStoreKit-iOS",
"SwiftyStoreKit-iOS-Demo",
"SwiftyStoreKit-macOS",
"SwiftyStoreKit-macOS-Demo",
"SwiftyStoreKit-tvOS",
"SwiftyStoreKit-tvOS-Demo",
"SwiftyStoreKitTests"
],
"targets" : [
"SwiftyStoreKit_iOS",
"SwiftyStoreKit_macOS",
"SwiftyStoreKit_tvOS",
"SwiftyStoreKit_watchOS",
"SwiftyStoreKit_iOSDemo",
"SwiftyStoreKit_macOSDemo",
"SwiftyStoreKit_tvOSDemo",
"SwiftyStoreKitTests"
]
}
}
{
"workspace" : {
"name" : "SwiftyStoreKit",
"schemes" : [
"SwiftyStoreKit"
]
}
}
2026-09-18 21:49:35.967 xcodebuild[653:4161] [MT] IDERunDestination: Supported platforms for the buildables in the current scheme is empty.
Running build ...
env DEVELOPER_DIR=/Applications/Xcode-27.0.0-Release.Candidate.app xcrun xcodebuild -IDEClonedSourcePackagesDirPathOverride=$PWD/.dependencies -skipMacroValidation -skipPackagePluginValidation -derivedDataPath $PWD/.derivedData build -scheme SwiftyStoreKit -destination generic/platform=xrOS
Command line invocation:
/Applications/Xcode-27.0.0-Release.Candidate.app/Contents/Developer/usr/bin/xcodebuild -IDEClonedSourcePackagesDirPathOverride=/Users/admin/builder/spi-builder-workspace/.dependencies -skipMacroValidation -skipPackagePluginValidation -derivedDataPath /Users/admin/builder/spi-builder-workspace/.derivedData build -scheme SwiftyStoreKit -destination generic/platform=xrOS
Resolve Package Graph
Resolved source packages:
SwiftyStoreKit: /Users/admin/builder/spi-builder-workspace
ComputePackagePrebuildTargetDependencyGraph
Prepare packages
CreateBuildRequest
SendProjectDescription
CreateBuildOperation
ComputeTargetDependencyGraph
note: Building targets in dependency order
note: Target dependency graph (2 targets)
Target 'SwiftyStoreKit-product' in project 'SwiftyStoreKit'
➜ Explicit dependency on target 'SwiftyStoreKit' in project 'SwiftyStoreKit'
Target 'SwiftyStoreKit' in project 'SwiftyStoreKit' (no dependencies)
GatherProvisioningInputs
CreateBuildDescription
ExecuteExternalTool /Applications/Xcode-27.0.0-Release.Candidate.app/Contents/Developer/Toolchains/XcodeDefault.xctoolchain/usr/bin/clang -v -E -dM -isysroot /Applications/Xcode-27.0.0-Release.Candidate.app/Contents/Developer/Platforms/XROS.platform/Developer/SDKs/XROS27.0.sdk -x c -c /dev/null
ExecuteExternalTool /Applications/Xcode-27.0.0-Release.Candidate.app/Contents/Developer/Toolchains/XcodeDefault.xctoolchain/usr/bin/swiftc --version
ExecuteExternalTool /Applications/Xcode-27.0.0-Release.Candidate.app/Contents/Developer/Toolchains/XcodeDefault.xctoolchain/usr/bin/ld -version_details
Build description signature: 8dcc99ca3baa96b211aed8d0411ebaf7
Build description path: /Users/admin/builder/spi-builder-workspace/.derivedData/Build/Intermediates.noindex/XCBuildData/8dcc99ca3baa96b211aed8d0411ebaf7.xcbuilddata
CreateBuildDirectory /Users/admin/builder/spi-builder-workspace/.derivedData/SDKExplicitPrecompiledModules
cd /Users/admin/builder/spi-builder-workspace/.swiftpm/xcode
builtin-create-build-directory /Users/admin/builder/spi-builder-workspace/.derivedData/SDKExplicitPrecompiledModules
CreateBuildDirectory /Users/admin/builder/spi-builder-workspace/.derivedData/CompilationCache.noindex
cd /Users/admin/builder/spi-builder-workspace/.swiftpm/xcode
builtin-create-build-directory /Users/admin/builder/spi-builder-workspace/.derivedData/CompilationCache.noindex
CreateBuildDirectory /Users/admin/builder/spi-builder-workspace/.derivedData/ModuleCache.noindex
cd /Users/admin/builder/spi-builder-workspace/.swiftpm/xcode
builtin-create-build-directory /Users/admin/builder/spi-builder-workspace/.derivedData/ModuleCache.noindex
CreateBuildDirectory /Users/admin/builder/spi-builder-workspace/.derivedData/Build/Intermediates.noindex
cd /Users/admin/builder/spi-builder-workspace/.swiftpm/xcode
builtin-create-build-directory /Users/admin/builder/spi-builder-workspace/.derivedData/Build/Intermediates.noindex
CreateBuildDirectory /Users/admin/builder/spi-builder-workspace/.derivedData/Build/Products
cd /Users/admin/builder/spi-builder-workspace/.swiftpm/xcode
builtin-create-build-directory /Users/admin/builder/spi-builder-workspace/.derivedData/Build/Products
ClangStatCache /Applications/Xcode-27.0.0-Release.Candidate.app/Contents/Developer/Toolchains/XcodeDefault.xctoolchain/usr/bin/clang-stat-cache /Applications/Xcode-27.0.0-Release.Candidate.app/Contents/Developer/Platforms/XROS.platform/Developer/SDKs/XROS27.0.sdk /Users/admin/builder/spi-builder-workspace/.derivedData/SDKStatCaches.noindex/xros27.0-24M361-e829b21a6f8c9b70876ba0858053c044735bd543db762f57723cac368afd1ce4.sdkstatcache
cd /Users/admin/builder/spi-builder-workspace/.swiftpm/xcode
/Applications/Xcode-27.0.0-Release.Candidate.app/Contents/Developer/Toolchains/XcodeDefault.xctoolchain/usr/bin/clang-stat-cache /Applications/Xcode-27.0.0-Release.Candidate.app/Contents/Developer/Platforms/XROS.platform/Developer/SDKs/XROS27.0.sdk -o /Users/admin/builder/spi-builder-workspace/.derivedData/SDKStatCaches.noindex/xros27.0-24M361-e829b21a6f8c9b70876ba0858053c044735bd543db762f57723cac368afd1ce4.sdkstatcache
CreateBuildDirectory /Users/admin/builder/spi-builder-workspace/.derivedData/Build/Intermediates.noindex/SwiftExplicitPrecompiledModules
cd /Users/admin/builder/spi-builder-workspace/.swiftpm/xcode
builtin-create-build-directory /Users/admin/builder/spi-builder-workspace/.derivedData/Build/Intermediates.noindex/SwiftExplicitPrecompiledModules
CreateBuildDirectory /Users/admin/builder/spi-builder-workspace/.derivedData/Build/Intermediates.noindex/PrecompiledHeaders
cd /Users/admin/builder/spi-builder-workspace/.swiftpm/xcode
builtin-create-build-directory /Users/admin/builder/spi-builder-workspace/.derivedData/Build/Intermediates.noindex/PrecompiledHeaders
CreateBuildDirectory /Users/admin/builder/spi-builder-workspace/.derivedData/Build/Intermediates.noindex/ExplicitPrecompiledModules
cd /Users/admin/builder/spi-builder-workspace/.swiftpm/xcode
builtin-create-build-directory /Users/admin/builder/spi-builder-workspace/.derivedData/Build/Intermediates.noindex/ExplicitPrecompiledModules
CreateBuildDirectory /Users/admin/builder/spi-builder-workspace/.derivedData/Build/Products/Debug-xros
cd /Users/admin/builder/spi-builder-workspace/.swiftpm/xcode
builtin-create-build-directory /Users/admin/builder/spi-builder-workspace/.derivedData/Build/Products/Debug-xros
CreateBuildDirectory /Users/admin/builder/spi-builder-workspace/.derivedData/Build/Intermediates.noindex/EagerLinkingTBDs/Debug-xros
cd /Users/admin/builder/spi-builder-workspace/.swiftpm/xcode
builtin-create-build-directory /Users/admin/builder/spi-builder-workspace/.derivedData/Build/Intermediates.noindex/EagerLinkingTBDs/Debug-xros
CreateBuildDirectory /Users/admin/builder/spi-builder-workspace/.derivedData/Build/Products/Debug-xros/PackageFrameworks
cd /Users/admin/builder/spi-builder-workspace/.swiftpm/xcode
builtin-create-build-directory /Users/admin/builder/spi-builder-workspace/.derivedData/Build/Products/Debug-xros/PackageFrameworks
WriteAuxiliaryFile /Users/admin/builder/spi-builder-workspace/.derivedData/Build/Intermediates.noindex/SwiftyStoreKit.build/Debug-xros/SwiftyStoreKit-t.build/SwiftyStoreKit.modulemap (in target 'SwiftyStoreKit' from project 'SwiftyStoreKit')
cd /Users/admin/builder/spi-builder-workspace
write-file /Users/admin/builder/spi-builder-workspace/.derivedData/Build/Intermediates.noindex/SwiftyStoreKit.build/Debug-xros/SwiftyStoreKit-t.build/SwiftyStoreKit.modulemap
WriteAuxiliaryFile /Users/admin/builder/spi-builder-workspace/.derivedData/Build/Intermediates.noindex/SwiftyStoreKit.build/Debug-xros/SwiftyStoreKit-t.build/SwiftyStoreKit.DependencyStaticMetadataFileList (in target 'SwiftyStoreKit' from project 'SwiftyStoreKit')
cd /Users/admin/builder/spi-builder-workspace
write-file /Users/admin/builder/spi-builder-workspace/.derivedData/Build/Intermediates.noindex/SwiftyStoreKit.build/Debug-xros/SwiftyStoreKit-t.build/SwiftyStoreKit.DependencyStaticMetadataFileList
WriteAuxiliaryFile /Users/admin/builder/spi-builder-workspace/.derivedData/Build/Intermediates.noindex/SwiftyStoreKit.build/Debug-xros/SwiftyStoreKit-t.build/SwiftyStoreKit.DependencyMetadataFileList (in target 'SwiftyStoreKit' from project 'SwiftyStoreKit')
cd /Users/admin/builder/spi-builder-workspace
write-file /Users/admin/builder/spi-builder-workspace/.derivedData/Build/Intermediates.noindex/SwiftyStoreKit.build/Debug-xros/SwiftyStoreKit-t.build/SwiftyStoreKit.DependencyMetadataFileList
WriteAuxiliaryFile /Users/admin/builder/spi-builder-workspace/.derivedData/Build/Intermediates.noindex/SwiftyStoreKit.build/Debug-xros/SwiftyStoreKit-t.build/Objects-normal/arm64/SwiftyStoreKit-OutputFileMap.json (in target 'SwiftyStoreKit' from project 'SwiftyStoreKit')
cd /Users/admin/builder/spi-builder-workspace
write-file /Users/admin/builder/spi-builder-workspace/.derivedData/Build/Intermediates.noindex/SwiftyStoreKit.build/Debug-xros/SwiftyStoreKit-t.build/Objects-normal/arm64/SwiftyStoreKit-OutputFileMap.json
WriteAuxiliaryFile /Users/admin/builder/spi-builder-workspace/.derivedData/Build/Intermediates.noindex/SwiftyStoreKit.build/Debug-xros/SwiftyStoreKit-t.build/Objects-normal/arm64/SwiftyStoreKit_const_extract_protocols.json (in target 'SwiftyStoreKit' from project 'SwiftyStoreKit')
cd /Users/admin/builder/spi-builder-workspace
write-file /Users/admin/builder/spi-builder-workspace/.derivedData/Build/Intermediates.noindex/SwiftyStoreKit.build/Debug-xros/SwiftyStoreKit-t.build/Objects-normal/arm64/SwiftyStoreKit_const_extract_protocols.json
WriteAuxiliaryFile /Users/admin/builder/spi-builder-workspace/.derivedData/Build/Intermediates.noindex/SwiftyStoreKit.build/Debug-xros/SwiftyStoreKit-t.build/Objects-normal/arm64/SwiftyStoreKit.SwiftFileList (in target 'SwiftyStoreKit' from project 'SwiftyStoreKit')
cd /Users/admin/builder/spi-builder-workspace
write-file /Users/admin/builder/spi-builder-workspace/.derivedData/Build/Intermediates.noindex/SwiftyStoreKit.build/Debug-xros/SwiftyStoreKit-t.build/Objects-normal/arm64/SwiftyStoreKit.SwiftFileList
WriteAuxiliaryFile /Users/admin/builder/spi-builder-workspace/.derivedData/Build/Intermediates.noindex/SwiftyStoreKit.build/Debug-xros/SwiftyStoreKit-t.build/Objects-normal/arm64/SwiftyStoreKit.LinkFileList (in target 'SwiftyStoreKit' from project 'SwiftyStoreKit')
cd /Users/admin/builder/spi-builder-workspace
write-file /Users/admin/builder/spi-builder-workspace/.derivedData/Build/Intermediates.noindex/SwiftyStoreKit.build/Debug-xros/SwiftyStoreKit-t.build/Objects-normal/arm64/SwiftyStoreKit.LinkFileList
WriteAuxiliaryFile /Users/admin/builder/spi-builder-workspace/.derivedData/Build/Intermediates.noindex/SwiftyStoreKit.build/Debug-xros/SwiftyStoreKit-t.build/Objects-normal/arm64/SwiftyStoreKit.SwiftConstValuesFileList (in target 'SwiftyStoreKit' from project 'SwiftyStoreKit')
cd /Users/admin/builder/spi-builder-workspace
write-file /Users/admin/builder/spi-builder-workspace/.derivedData/Build/Intermediates.noindex/SwiftyStoreKit.build/Debug-xros/SwiftyStoreKit-t.build/Objects-normal/arm64/SwiftyStoreKit.SwiftConstValuesFileList
Copy /Users/admin/builder/spi-builder-workspace/.derivedData/Build/Intermediates.noindex/GeneratedModuleMaps-xros/SwiftyStoreKit.modulemap /Users/admin/builder/spi-builder-workspace/.derivedData/Build/Intermediates.noindex/SwiftyStoreKit.build/Debug-xros/SwiftyStoreKit-t.build/SwiftyStoreKit.modulemap (in target 'SwiftyStoreKit' from project 'SwiftyStoreKit')
cd /Users/admin/builder/spi-builder-workspace
builtin-copy -exclude .DS_Store -exclude CVS -exclude .svn -exclude .git -exclude .hg -resolve-src-symlinks /Users/admin/builder/spi-builder-workspace/.derivedData/Build/Intermediates.noindex/SwiftyStoreKit.build/Debug-xros/SwiftyStoreKit-t.build/SwiftyStoreKit.modulemap /Users/admin/builder/spi-builder-workspace/.derivedData/Build/Intermediates.noindex/GeneratedModuleMaps-xros
SwiftDriver SwiftyStoreKit normal arm64 com.apple.xcode.tools.swift.compiler (in target 'SwiftyStoreKit' from project 'SwiftyStoreKit')
cd /Users/admin/builder/spi-builder-workspace/.swiftpm/xcode
builtin-SwiftDriver -- /Applications/Xcode-27.0.0-Release.Candidate.app/Contents/Developer/Toolchains/XcodeDefault.xctoolchain/usr/bin/swiftc -parse-as-library -module-name SwiftyStoreKit -Onone @/Users/admin/builder/spi-builder-workspace/.derivedData/Build/Intermediates.noindex/SwiftyStoreKit.build/Debug-xros/SwiftyStoreKit-t.build/Objects-normal/arm64/SwiftyStoreKit.SwiftFileList -DSWIFT_PACKAGE -DDEBUG -DSWIFT_MODULE_RESOURCE_BUNDLE_UNAVAILABLE -DXcode -plugin-path /Applications/Xcode-27.0.0-Release.Candidate.app/Contents/Developer/Toolchains/XcodeDefault.xctoolchain/usr/lib/swift/host/plugins/testing -enable-experimental-feature DebugDescriptionMacro -sdk /Applications/Xcode-27.0.0-Release.Candidate.app/Contents/Developer/Platforms/XROS.platform/Developer/SDKs/XROS27.0.sdk -target arm64-apple-xros1.0 -g -module-cache-path /Users/admin/builder/spi-builder-workspace/.derivedData/ModuleCache.noindex -Xfrontend -serialize-debugging-options -profile-coverage-mapping -profile-generate -enable-testing -index-store-path /Users/admin/builder/spi-builder-workspace/.derivedData/Index.noindex/DataStore -Xcc -D_LIBCPP_HARDENING_MODE\=_LIBCPP_HARDENING_MODE_DEBUG -swift-version 5 -I /Users/admin/builder/spi-builder-workspace/.derivedData/Build/Products/Debug-xros -Isystem /Applications/Xcode-27.0.0-Release.Candidate.app/Contents/Developer/Platforms/XROS.platform/Developer/usr/lib -F /Users/admin/builder/spi-builder-workspace/.derivedData/Build/Products/Debug-xros -F /Applications/Xcode-27.0.0-Release.Candidate.app/Contents/Developer/Platforms/XROS.platform/Developer/Library/Frameworks -F /Applications/Xcode-27.0.0-Release.Candidate.app/Contents/Developer/Platforms/XROS.platform/Developer/SDKs/XROS27.0.sdk/Developer/Library/Frameworks -c -j10 -enable-batch-mode -incremental -Xcc -ivfsstatcache -Xcc /Users/admin/builder/spi-builder-workspace/.derivedData/SDKStatCaches.noindex/xros27.0-24M361-e829b21a6f8c9b70876ba0858053c044735bd543db762f57723cac368afd1ce4.sdkstatcache -output-file-map /Users/admin/builder/spi-builder-workspace/.derivedData/Build/Intermediates.noindex/SwiftyStoreKit.build/Debug-xros/SwiftyStoreKit-t.build/Objects-normal/arm64/SwiftyStoreKit-OutputFileMap.json -save-temps -no-color-diagnostics -explicit-module-build -module-cache-path /Users/admin/builder/spi-builder-workspace/.derivedData/Build/Intermediates.noindex/SwiftExplicitPrecompiledModules -clang-scanner-module-cache-path /Users/admin/builder/spi-builder-workspace/.derivedData/ModuleCache.noindex -sdk-module-cache-path /Users/admin/builder/spi-builder-workspace/.derivedData/SDKExplicitPrecompiledModules -emit-dependencies -emit-module -emit-module-path /Users/admin/builder/spi-builder-workspace/.derivedData/Build/Intermediates.noindex/SwiftyStoreKit.build/Debug-xros/SwiftyStoreKit-t.build/Objects-normal/arm64/SwiftyStoreKit.swiftmodule -serialize-diagnostics -dependency-scan-serialize-diagnostics-path /Users/admin/builder/spi-builder-workspace/.derivedData/Build/Intermediates.noindex/SwiftyStoreKit.build/Debug-xros/SwiftyStoreKit-t.build/Objects-normal/arm64/SwiftyStoreKit-dependency-scan.dia -validate-clang-modules-once -clang-build-session-file /Users/admin/builder/spi-builder-workspace/.derivedData/ModuleCache.noindex/Session.modulevalidation -Xcc -fmodules-prune-interval\=86400 -Xcc -fmodules-prune-after\=345600 -emit-const-values -const-gather-protocols-list /Users/admin/builder/spi-builder-workspace/.derivedData/Build/Intermediates.noindex/SwiftyStoreKit.build/Debug-xros/SwiftyStoreKit-t.build/Objects-normal/arm64/SwiftyStoreKit_const_extract_protocols.json -Xcc -I/Users/admin/builder/spi-builder-workspace/.derivedData/Build/Products/Debug-xros/include -Xcc -I/Users/admin/builder/spi-builder-workspace/.derivedData/Build/Intermediates.noindex/SwiftyStoreKit.build/Debug-xros/SwiftyStoreKit-t.build/DerivedSources-normal/arm64 -Xcc -I/Users/admin/builder/spi-builder-workspace/.derivedData/Build/Intermediates.noindex/SwiftyStoreKit.build/Debug-xros/SwiftyStoreKit-t.build/DerivedSources/arm64 -Xcc -I/Users/admin/builder/spi-builder-workspace/.derivedData/Build/Intermediates.noindex/SwiftyStoreKit.build/Debug-xros/SwiftyStoreKit-t.build/DerivedSources -Xcc -DSWIFT_PACKAGE -Xcc -DDEBUG\=1 -emit-objc-header -emit-objc-header-path /Users/admin/builder/spi-builder-workspace/.derivedData/Build/Intermediates.noindex/SwiftyStoreKit.build/Debug-xros/SwiftyStoreKit-t.build/Objects-normal/arm64/SwiftyStoreKit-Swift.h -working-directory /Users/admin/builder/spi-builder-workspace/.swiftpm/xcode -experimental-emit-module-separately -disable-cmo
SwiftExplicitDependencyGeneratePcm arm64 /Users/admin/builder/spi-builder-workspace/.derivedData/SDKExplicitPrecompiledModules/DeveloperToolsSupport-46GOQP8J1QTHLYQSJW81T8UZ3.pcm
SwiftExplicitDependencyGeneratePcm arm64 /Users/admin/builder/spi-builder-workspace/.derivedData/SDKExplicitPrecompiledModules/_Builtin_float-6WKHNW5S40U2QGHXXGETUDIRA.pcm
SwiftExplicitDependencyGeneratePcm arm64 /Users/admin/builder/spi-builder-workspace/.derivedData/SDKExplicitPrecompiledModules/ptrauth-1WBA714DZSVUL5JQDJ08CLKZ.pcm
SwiftExplicitDependencyGeneratePcm arm64 /Users/admin/builder/spi-builder-workspace/.derivedData/SDKExplicitPrecompiledModules/SwiftShims-CI4H5RO9IYFFWQ2COB512Q2S9.pcm
SwiftExplicitDependencyGeneratePcm arm64 /Users/admin/builder/spi-builder-workspace/.derivedData/SDKExplicitPrecompiledModules/_SwiftConcurrencyShims-C8XHKSHX96D5YYALNM4W70Z0O.pcm
SwiftExplicitDependencyGeneratePcm arm64 /Users/admin/builder/spi-builder-workspace/.derivedData/SDKExplicitPrecompiledModules/ptrcheck-BXA97MNLI4BB0HF5I8MJE403D.pcm
SwiftExplicitDependencyGeneratePcm arm64 /Users/admin/builder/spi-builder-workspace/.derivedData/SDKExplicitPrecompiledModules/_Builtin_stddef-5NQ9Z1GV07GBSRQGAQCGXGVRI.pcm
SwiftExplicitDependencyGeneratePcm arm64 /Users/admin/builder/spi-builder-workspace/.derivedData/SDKExplicitPrecompiledModules/_AvailabilityInternal-1Q8IQP6M38UWSGZ95UCEY2M44.pcm
SwiftExplicitDependencyGeneratePcm arm64 /Users/admin/builder/spi-builder-workspace/.derivedData/SDKExplicitPrecompiledModules/_Builtin_stdbool-5BU2ADS7JXQMYENKQHW9X8XOU.pcm
SwiftExplicitDependencyGeneratePcm arm64 /Users/admin/builder/spi-builder-workspace/.derivedData/SDKExplicitPrecompiledModules/_Builtin_stdarg-CDA349K2K4US766844K8E0PVA.pcm
SwiftExplicitDependencyGeneratePcm arm64 /Users/admin/builder/spi-builder-workspace/.derivedData/SDKExplicitPrecompiledModules/_DarwinFoundation1-5RGRVV2TZ6WC4WZW5IXF8NQ04.pcm
SwiftExplicitDependencyGeneratePcm arm64 /Users/admin/builder/spi-builder-workspace/.derivedData/SDKExplicitPrecompiledModules/_DarwinFoundation2-ENTECK156YEWITZRRBTOCE4KR.pcm
SwiftExplicitDependencyGeneratePcm arm64 /Users/admin/builder/spi-builder-workspace/.derivedData/SDKExplicitPrecompiledModules/_Builtin_limits-425JDMN5HPM3D0UEI8LEHP6NM.pcm
SwiftExplicitDependencyGeneratePcm arm64 /Users/admin/builder/spi-builder-workspace/.derivedData/SDKExplicitPrecompiledModules/ExtensionFoundation-E7KNHPOM6BLHXC69S4MS8K7BO.pcm
SwiftExplicitDependencyGeneratePcm arm64 /Users/admin/builder/spi-builder-workspace/.derivedData/SDKExplicitPrecompiledModules/_Builtin_stdint-8OR6T47OOYJA90ZBO3N1USDE.pcm
SwiftExplicitDependencyGeneratePcm arm64 /Users/admin/builder/spi-builder-workspace/.derivedData/SDKExplicitPrecompiledModules/sys_types-AYM0BHR77VKMWZCO2T0XGV2HF.pcm
SwiftExplicitDependencyGeneratePcm arm64 /Users/admin/builder/spi-builder-workspace/.derivedData/SDKExplicitPrecompiledModules/_Builtin_tgmath-BPYSMHWI520EQRL2HW519ZY7Z.pcm
SwiftExplicitDependencyGeneratePcm arm64 /Users/admin/builder/spi-builder-workspace/.derivedData/SDKExplicitPrecompiledModules/string_h-2GT67HHHHK5CF1V1S31LH0PU2.pcm
SwiftExplicitDependencyGeneratePcm arm64 /Users/admin/builder/spi-builder-workspace/.derivedData/SDKExplicitPrecompiledModules/_Builtin_stdatomic-1VUZPM79PNCAHXVBERD53WRSF.pcm
SwiftExplicitDependencyGeneratePcm arm64 /Users/admin/builder/spi-builder-workspace/.derivedData/SDKExplicitPrecompiledModules/_Builtin_intrinsics-BC5IJI3YI34RQ61ZNVDRDZ6RN.pcm
SwiftExplicitDependencyGeneratePcm arm64 /Users/admin/builder/spi-builder-workspace/.derivedData/SDKExplicitPrecompiledModules/_DarwinFoundation3-9ZHN6JKBS40BBA81RQMV8H0IC.pcm
SwiftExplicitDependencyGeneratePcm arm64 /Users/admin/builder/spi-builder-workspace/.derivedData/SDKExplicitPrecompiledModules/_Builtin_inttypes-11B64KJD36B3YOHBR1BBXBJY8.pcm
SwiftExplicitDependencyGeneratePcm arm64 /Users/admin/builder/spi-builder-workspace/.derivedData/SDKExplicitPrecompiledModules/Darwin-60P5LVNQO3ESRRM5DCJ05PFNK.pcm
SwiftExplicitDependencyGeneratePcm arm64 /Users/admin/builder/spi-builder-workspace/.derivedData/SDKExplicitPrecompiledModules/simd-9XXAB17Y6E4BBPQADD61NZ23.pcm
SwiftExplicitDependencyGeneratePcm arm64 /Users/admin/builder/spi-builder-workspace/.derivedData/SDKExplicitPrecompiledModules/ObjectiveC-26TIBFYCEJZVP216ZZAU1X8KN.pcm
SwiftExplicitDependencyGeneratePcm arm64 /Users/admin/builder/spi-builder-workspace/.derivedData/SDKExplicitPrecompiledModules/MachO-3XTHY7HWV6RF3KXKYQVHUBUXK.pcm
SwiftExplicitDependencyGeneratePcm arm64 /Users/admin/builder/spi-builder-workspace/.derivedData/SDKExplicitPrecompiledModules/os_object-692CJ8BG6RE5H04487EJJOVXW.pcm
SwiftExplicitDependencyGeneratePcm arm64 /Users/admin/builder/spi-builder-workspace/.derivedData/SDKExplicitPrecompiledModules/os_workgroup-4U1VXMWIZD80E7PRUQF2G7P9X.pcm
SwiftExplicitDependencyGeneratePcm arm64 /Users/admin/builder/spi-builder-workspace/.derivedData/SDKExplicitPrecompiledModules/Dispatch-CLT3466HKC22GCKAWSCNG0H7T.pcm
SwiftExplicitDependencyGeneratePcm arm64 /Users/admin/builder/spi-builder-workspace/.derivedData/SDKExplicitPrecompiledModules/Spatial-5E0I2846LO3ZE24CSVR2O57TI.pcm
SwiftExplicitDependencyGeneratePcm arm64 /Users/admin/builder/spi-builder-workspace/.derivedData/SDKExplicitPrecompiledModules/XPC-EP5EU7FNGP4VOA3EDM18P1KHO.pcm
SwiftExplicitDependencyGeneratePcm arm64 /Users/admin/builder/spi-builder-workspace/.derivedData/SDKExplicitPrecompiledModules/dnssd-CCUV1M8EULNEQJUXO7L0PJAL4.pcm
SwiftExplicitDependencyGeneratePcm arm64 /Users/admin/builder/spi-builder-workspace/.derivedData/SDKExplicitPrecompiledModules/CoreFoundation-AVLTZVCXBU2TO75JCN4AGU8XJ.pcm
SwiftExplicitDependencyGeneratePcm arm64 /Users/admin/builder/spi-builder-workspace/.derivedData/SDKExplicitPrecompiledModules/os-1004XEJ3IXOOAU0KL58SM3D0K.pcm
SwiftExplicitDependencyGeneratePcm arm64 /Users/admin/builder/spi-builder-workspace/.derivedData/SDKExplicitPrecompiledModules/Security-8TH2M8WJIQMET4SADWX0N8372.pcm
SwiftExplicitDependencyGeneratePcm arm64 /Users/admin/builder/spi-builder-workspace/.derivedData/SDKExplicitPrecompiledModules/CoreGraphics-BFUJ177R223UT2ZI327ZTZY91.pcm
SwiftExplicitDependencyGeneratePcm arm64 /Users/admin/builder/spi-builder-workspace/.derivedData/SDKExplicitPrecompiledModules/CFNetwork-5MI70N1VLDQSWTX4COWLMSIRO.pcm
SwiftExplicitDependencyGeneratePcm arm64 /Users/admin/builder/spi-builder-workspace/.derivedData/SDKExplicitPrecompiledModules/Foundation-8GON1KVEKRN3NOQI8RETBRWJP.pcm
SwiftExplicitDependencyGeneratePcm arm64 /Users/admin/builder/spi-builder-workspace/.derivedData/SDKExplicitPrecompiledModules/ImageIO-5CC6COR9KJYI1UBL7CSHLU2OG.pcm
SwiftExplicitDependencyGeneratePcm arm64 /Users/admin/builder/spi-builder-workspace/.derivedData/SDKExplicitPrecompiledModules/CoreText-6F9TY5TEPCCZ1K2KYM4GMEGHD.pcm
SwiftExplicitDependencyGeneratePcm arm64 /Users/admin/builder/spi-builder-workspace/.derivedData/SDKExplicitPrecompiledModules/IOSurface-5FE9U89GVFF9A7X7AGO2R8ENI.pcm
SwiftExplicitDependencyGeneratePcm arm64 /Users/admin/builder/spi-builder-workspace/.derivedData/SDKExplicitPrecompiledModules/Accessibility-1DR4J4YDVDGAYQTZ0FKZ1PU09.pcm
SwiftExplicitDependencyGeneratePcm arm64 /Users/admin/builder/spi-builder-workspace/.derivedData/SDKExplicitPrecompiledModules/UIUtilities-AOVGLUWEAN6CG2UZFNESGSP6C.pcm
SwiftExplicitDependencyGeneratePcm arm64 /Users/admin/builder/spi-builder-workspace/.derivedData/SDKExplicitPrecompiledModules/Network-EQPZZF3W6BWG89K0PY9NZO3T0.pcm
SwiftExplicitDependencyGeneratePcm arm64 /Users/admin/builder/spi-builder-workspace/.derivedData/SDKExplicitPrecompiledModules/_LocationEssentials-8GQGFVARUE99D8VJX3TINY0VP.pcm
SwiftExplicitDependencyGeneratePcm arm64 /Users/admin/builder/spi-builder-workspace/.derivedData/SDKExplicitPrecompiledModules/OSLog-BNGT87TS0GMBFF7TY70HHB69.pcm
SwiftExplicitDependencyGeneratePcm arm64 /Users/admin/builder/spi-builder-workspace/.derivedData/SDKExplicitPrecompiledModules/FileProvider-C9I28SI56F2SEVH1BCWTKGODO.pcm
SwiftExplicitDependencyGeneratePcm arm64 /Users/admin/builder/spi-builder-workspace/.derivedData/SDKExplicitPrecompiledModules/BackgroundAssets-7LA0QAAJKNTLEFGRAI5PIWADZ.pcm
SwiftExplicitDependencyGeneratePcm arm64 /Users/admin/builder/spi-builder-workspace/.derivedData/SDKExplicitPrecompiledModules/DataDetection-BANTQ3WXXGKZJYC0LLB3MD9K0.pcm
SwiftExplicitDependencyGeneratePcm arm64 /Users/admin/builder/spi-builder-workspace/.derivedData/SDKExplicitPrecompiledModules/CoreTransferable-8TBYAKHCX6UC8QQSS7BD8GQK5.pcm
SwiftExplicitDependencyGeneratePcm arm64 /Users/admin/builder/spi-builder-workspace/.derivedData/SDKExplicitPrecompiledModules/UniformTypeIdentifiers-E5KMWDZEKS4QW9RO1KBRDEXV6.pcm
SwiftExplicitDependencyGeneratePcm arm64 /Users/admin/builder/spi-builder-workspace/.derivedData/SDKExplicitPrecompiledModules/UserNotifications-8IIV1V1FPNAPA4LY1Y23LOM2N.pcm
SwiftExplicitDependencyGeneratePcm arm64 /Users/admin/builder/spi-builder-workspace/.derivedData/SDKExplicitPrecompiledModules/Symbols-8G2XC01RPQ5HYIZE6JNUT864I.pcm
SwiftExplicitDependencyGeneratePcm arm64 /Users/admin/builder/spi-builder-workspace/.derivedData/SDKExplicitPrecompiledModules/LocalAuthentication-9MSPUJ85OBXBTOD7NJCT1GZ0O.pcm
SwiftExplicitDependencyGeneratePcm arm64 /Users/admin/builder/spi-builder-workspace/.derivedData/SDKExplicitPrecompiledModules/CoreLocation-1SN37095DAPVJ068LLP9TBDQX.pcm
SwiftExplicitDependencyGeneratePcm arm64 /Users/admin/builder/spi-builder-workspace/.derivedData/SDKExplicitPrecompiledModules/Metal-EKNUM9P3PRIBHZK1ZBD6BA2T7.pcm
SwiftExplicitDependencyGeneratePcm arm64 /Users/admin/builder/spi-builder-workspace/.derivedData/SDKExplicitPrecompiledModules/OpenGLES-56BKSYXNVAP91BYZRWAKQZKGI.pcm
SwiftExplicitDependencyGeneratePcm arm64 /Users/admin/builder/spi-builder-workspace/.derivedData/SDKExplicitPrecompiledModules/CoreMotion-10LV922UPGE28QX2SOIO7ALIZ.pcm
SwiftExplicitDependencyGeneratePcm arm64 /Users/admin/builder/spi-builder-workspace/.derivedData/SDKExplicitPrecompiledModules/CoreVideo-E12HJSJSLO0YKWYBES11UKJ02.pcm
SwiftExplicitDependencyGeneratePcm arm64 /Users/admin/builder/spi-builder-workspace/.derivedData/SDKExplicitPrecompiledModules/QuartzCore-12T8WVKUNCL1N7VXH87MM4YOB.pcm
SwiftExplicitDependencyGeneratePcm arm64 /Users/admin/builder/spi-builder-workspace/.derivedData/SDKExplicitPrecompiledModules/CoreImage-8WF1P230U10QM666EQMNV7OF1.pcm
SwiftExplicitDependencyGeneratePcm arm64 /Users/admin/builder/spi-builder-workspace/.derivedData/SDKExplicitPrecompiledModules/SwiftUICore-6OBBMA39VFD4CB6SG2PE41FAP.pcm
SwiftExplicitDependencyGeneratePcm arm64 /Users/admin/builder/spi-builder-workspace/.derivedData/SDKExplicitPrecompiledModules/UIKit-2D2PMAAE45TMO6S28UCGCO5BR.pcm
SwiftExplicitDependencyGeneratePcm arm64 /Users/admin/builder/spi-builder-workspace/.derivedData/SDKExplicitPrecompiledModules/StoreKit-12LD5DPNQ83TE5J4G5TTT7JP8.pcm
SwiftEmitModule normal arm64 Emitting\ module\ for\ SwiftyStoreKit (in target 'SwiftyStoreKit' from project 'SwiftyStoreKit')
/Users/admin/builder/spi-builder-workspace/Sources/SwiftyStoreKit/PaymentQueueController.swift:52:30: error: 'SKDownload' is unavailable in visionOS
50 | func add(_ payment: SKPayment)
51 |
52 | func start(_ downloads: [SKDownload])
| `- error: 'SKDownload' is unavailable in visionOS
53 | func pause(_ downloads: [SKDownload])
54 | func resume(_ downloads: [SKDownload])
/Applications/Xcode-27.0.0-Release.Candidate.app/Contents/Developer/Platforms/XROS.platform/Developer/SDKs/XROS27.0.sdk/System/Library/Frameworks/StoreKit.framework/Headers/SKDownload.h:26:182: note: 'SKDownload' has been explicitly marked unavailable here
24 | SK_EXTERN NSTimeInterval SKDownloadTimeRemainingUnknown API_DEPRECATED("Hosted content is no longer supported.", ios(6.0, 16.0), macos(10.14, 13.0), tvos(9.0, 16.0), watchos(6.2, 9.0)) API_UNAVAILABLE(visionos);
25 |
26 | SK_EXTERN_CLASS API_DEPRECATED("Hosted content is no longer supported.", ios(6.0, 16.0), macos(10.8, 13.0), tvos(9.0, 16.0), watchos(6.2, 9.0)) API_UNAVAILABLE(visionos) @interface SKDownload : NSObject {
| `- note: 'SKDownload' has been explicitly marked unavailable here
27 | @private
28 | id _internal;
/Users/admin/builder/spi-builder-workspace/Sources/SwiftyStoreKit/PaymentQueueController.swift:53:30: error: 'SKDownload' is unavailable in visionOS
51 |
52 | func start(_ downloads: [SKDownload])
53 | func pause(_ downloads: [SKDownload])
| `- error: 'SKDownload' is unavailable in visionOS
54 | func resume(_ downloads: [SKDownload])
55 | func cancel(_ downloads: [SKDownload])
/Applications/Xcode-27.0.0-Release.Candidate.app/Contents/Developer/Platforms/XROS.platform/Developer/SDKs/XROS27.0.sdk/System/Library/Frameworks/StoreKit.framework/Headers/SKDownload.h:26:182: note: 'SKDownload' has been explicitly marked unavailable here
24 | SK_EXTERN NSTimeInterval SKDownloadTimeRemainingUnknown API_DEPRECATED("Hosted content is no longer supported.", ios(6.0, 16.0), macos(10.14, 13.0), tvos(9.0, 16.0), watchos(6.2, 9.0)) API_UNAVAILABLE(visionos);
25 |
26 | SK_EXTERN_CLASS API_DEPRECATED("Hosted content is no longer supported.", ios(6.0, 16.0), macos(10.8, 13.0), tvos(9.0, 16.0), watchos(6.2, 9.0)) API_UNAVAILABLE(visionos) @interface SKDownload : NSObject {
| `- note: 'SKDownload' has been explicitly marked unavailable here
27 | @private
28 | id _internal;
/Users/admin/builder/spi-builder-workspace/Sources/SwiftyStoreKit/PaymentQueueController.swift:54:31: error: 'SKDownload' is unavailable in visionOS
52 | func start(_ downloads: [SKDownload])
53 | func pause(_ downloads: [SKDownload])
54 | func resume(_ downloads: [SKDownload])
| `- error: 'SKDownload' is unavailable in visionOS
55 | func cancel(_ downloads: [SKDownload])
56 |
/Applications/Xcode-27.0.0-Release.Candidate.app/Contents/Developer/Platforms/XROS.platform/Developer/SDKs/XROS27.0.sdk/System/Library/Frameworks/StoreKit.framework/Headers/SKDownload.h:26:182: note: 'SKDownload' has been explicitly marked unavailable here
24 | SK_EXTERN NSTimeInterval SKDownloadTimeRemainingUnknown API_DEPRECATED("Hosted content is no longer supported.", ios(6.0, 16.0), macos(10.14, 13.0), tvos(9.0, 16.0), watchos(6.2, 9.0)) API_UNAVAILABLE(visionos);
25 |
26 | SK_EXTERN_CLASS API_DEPRECATED("Hosted content is no longer supported.", ios(6.0, 16.0), macos(10.8, 13.0), tvos(9.0, 16.0), watchos(6.2, 9.0)) API_UNAVAILABLE(visionos) @interface SKDownload : NSObject {
| `- note: 'SKDownload' has been explicitly marked unavailable here
27 | @private
28 | id _internal;
/Users/admin/builder/spi-builder-workspace/Sources/SwiftyStoreKit/PaymentQueueController.swift:55:31: error: 'SKDownload' is unavailable in visionOS
53 | func pause(_ downloads: [SKDownload])
54 | func resume(_ downloads: [SKDownload])
55 | func cancel(_ downloads: [SKDownload])
| `- error: 'SKDownload' is unavailable in visionOS
56 |
57 | func restoreCompletedTransactions(withApplicationUsername username: String?)
/Applications/Xcode-27.0.0-Release.Candidate.app/Contents/Developer/Platforms/XROS.platform/Developer/SDKs/XROS27.0.sdk/System/Library/Frameworks/StoreKit.framework/Headers/SKDownload.h:26:182: note: 'SKDownload' has been explicitly marked unavailable here
24 | SK_EXTERN NSTimeInterval SKDownloadTimeRemainingUnknown API_DEPRECATED("Hosted content is no longer supported.", ios(6.0, 16.0), macos(10.14, 13.0), tvos(9.0, 16.0), watchos(6.2, 9.0)) API_UNAVAILABLE(visionos);
25 |
26 | SK_EXTERN_CLASS API_DEPRECATED("Hosted content is no longer supported.", ios(6.0, 16.0), macos(10.8, 13.0), tvos(9.0, 16.0), watchos(6.2, 9.0)) API_UNAVAILABLE(visionos) @interface SKDownload : NSObject {
| `- note: 'SKDownload' has been explicitly marked unavailable here
27 | @private
28 | id _internal;
/Users/admin/builder/spi-builder-workspace/Sources/SwiftyStoreKit/PaymentQueueController.swift:62:1: error: type 'SKPaymentQueue' does not conform to protocol 'PaymentQueue'
60 | }
61 |
62 | extension SKPaymentQueue: PaymentQueue {
| `- error: type 'SKPaymentQueue' does not conform to protocol 'PaymentQueue'
63 |
64 | #if os(watchOS) && swift(<5.3)
/Users/admin/builder/spi-builder-workspace/Sources/SwiftyStoreKit/PaymentQueueController.swift:62:1: error: unavailable instance method 'start' was used to satisfy a requirement of protocol 'PaymentQueue'
50 | func add(_ payment: SKPayment)
51 |
52 | func start(_ downloads: [SKDownload])
| `- note: requirement 'start' declared here
53 | func pause(_ downloads: [SKDownload])
54 | func resume(_ downloads: [SKDownload])
:
60 | }
61 |
62 | extension SKPaymentQueue: PaymentQueue {
| `- error: unavailable instance method 'start' was used to satisfy a requirement of protocol 'PaymentQueue'
63 |
64 | #if os(watchOS) && swift(<5.3)
/Applications/Xcode-27.0.0-Release.Candidate.app/Contents/Developer/Platforms/XROS.platform/Developer/SDKs/XROS27.0.sdk/System/Library/Frameworks/StoreKit.framework/Headers/SKPaymentQueue.h:50:1: note: 'start' declared here
48 |
49 | // Asynchronous. Start the given downloads (SKDownload).
50 | - (void)startDownloads:(NSArray<SKDownload *> *)downloads API_DEPRECATED("Hosted content is no longer supported.", ios(6.0, 16.0), macos(10.8, 13.0), tvos(9.0, 16.0), watchos(6.2, 9.0)) API_UNAVAILABLE(visionos);
| `- note: 'start' declared here
51 |
52 | // Asynchronous. Pause/resume downloads (SKDownload).
/Users/admin/builder/spi-builder-workspace/Sources/SwiftyStoreKit/PaymentQueueController.swift:62:1: error: unavailable instance method 'pause' was used to satisfy a requirement of protocol 'PaymentQueue'
51 |
52 | func start(_ downloads: [SKDownload])
53 | func pause(_ downloads: [SKDownload])
| `- note: requirement 'pause' declared here
54 | func resume(_ downloads: [SKDownload])
55 | func cancel(_ downloads: [SKDownload])
:
60 | }
61 |
62 | extension SKPaymentQueue: PaymentQueue {
| `- error: unavailable instance method 'pause' was used to satisfy a requirement of protocol 'PaymentQueue'
63 |
64 | #if os(watchOS) && swift(<5.3)
/Applications/Xcode-27.0.0-Release.Candidate.app/Contents/Developer/Platforms/XROS.platform/Developer/SDKs/XROS27.0.sdk/System/Library/Frameworks/StoreKit.framework/Headers/SKPaymentQueue.h:53:1: note: 'pause' declared here
51 |
52 | // Asynchronous. Pause/resume downloads (SKDownload).
53 | - (void)pauseDownloads:(NSArray<SKDownload *> *)downloads API_DEPRECATED("Hosted content is no longer supported.", ios(6.0, 16.0), macos(10.8, 13.0), tvos(9.0, 16.0), watchos(6.2, 9.0)) API_UNAVAILABLE(visionos);
| `- note: 'pause' declared here
54 | - (void)resumeDownloads:(NSArray<SKDownload *> *)downloads API_DEPRECATED("Hosted content is no longer supported.", ios(6.0, 16.0), macos(10.8, 13.0), tvos(9.0, 16.0), watchos(6.2, 9.0)) API_UNAVAILABLE(visionos);
55 |
/Users/admin/builder/spi-builder-workspace/Sources/SwiftyStoreKit/PaymentQueueController.swift:62:1: error: unavailable instance method 'resume' was used to satisfy a requirement of protocol 'PaymentQueue'
52 | func start(_ downloads: [SKDownload])
53 | func pause(_ downloads: [SKDownload])
54 | func resume(_ downloads: [SKDownload])
| `- note: requirement 'resume' declared here
55 | func cancel(_ downloads: [SKDownload])
56 |
:
60 | }
61 |
62 | extension SKPaymentQueue: PaymentQueue {
| `- error: unavailable instance method 'resume' was used to satisfy a requirement of protocol 'PaymentQueue'
63 |
64 | #if os(watchOS) && swift(<5.3)
/Applications/Xcode-27.0.0-Release.Candidate.app/Contents/Developer/Platforms/XROS.platform/Developer/SDKs/XROS27.0.sdk/System/Library/Frameworks/StoreKit.framework/Headers/SKPaymentQueue.h:54:1: note: 'resume' declared here
52 | // Asynchronous. Pause/resume downloads (SKDownload).
53 | - (void)pauseDownloads:(NSArray<SKDownload *> *)downloads API_DEPRECATED("Hosted content is no longer supported.", ios(6.0, 16.0), macos(10.8, 13.0), tvos(9.0, 16.0), watchos(6.2, 9.0)) API_UNAVAILABLE(visionos);
54 | - (void)resumeDownloads:(NSArray<SKDownload *> *)downloads API_DEPRECATED("Hosted content is no longer supported.", ios(6.0, 16.0), macos(10.8, 13.0), tvos(9.0, 16.0), watchos(6.2, 9.0)) API_UNAVAILABLE(visionos);
| `- note: 'resume' declared here
55 |
56 | // Asynchronous. Cancel downloads (SKDownload)
/Users/admin/builder/spi-builder-workspace/Sources/SwiftyStoreKit/PaymentQueueController.swift:62:1: error: unavailable instance method 'cancel' was used to satisfy a requirement of protocol 'PaymentQueue'
53 | func pause(_ downloads: [SKDownload])
54 | func resume(_ downloads: [SKDownload])
55 | func cancel(_ downloads: [SKDownload])
| `- note: requirement 'cancel' declared here
56 |
57 | func restoreCompletedTransactions(withApplicationUsername username: String?)
:
60 | }
61 |
62 | extension SKPaymentQueue: PaymentQueue {
| `- error: unavailable instance method 'cancel' was used to satisfy a requirement of protocol 'PaymentQueue'
63 |
64 | #if os(watchOS) && swift(<5.3)
/Applications/Xcode-27.0.0-Release.Candidate.app/Contents/Developer/Platforms/XROS.platform/Developer/SDKs/XROS27.0.sdk/System/Library/Frameworks/StoreKit.framework/Headers/SKPaymentQueue.h:57:1: note: 'cancel' declared here
55 |
56 | // Asynchronous. Cancel downloads (SKDownload)
57 | - (void)cancelDownloads:(NSArray<SKDownload *> *)downloads API_DEPRECATED("Hosted content is no longer supported.", ios(6.0, 16.0), macos(10.8, 13.0), tvos(9.0, 16.0), watchos(6.2, 9.0)) API_UNAVAILABLE(visionos);
| `- note: 'cancel' declared here
58 |
59 | // Observers are not retained. The transactions array will only be synchronized with the server while the queue has observers. This may require that the user authenticate.
/Users/admin/builder/spi-builder-workspace/Sources/SwiftyStoreKit/PaymentQueueController.swift:81:1: warning: extension declares a conformance of imported type 'SKPaymentTransactionState' to imported protocol 'CustomDebugStringConvertible'; this will not behave correctly if the owners of 'StoreKit' introduce this conformance in the future
79 | }
80 |
81 | extension SKPaymentTransactionState: CustomDebugStringConvertible {
| |- warning: extension declares a conformance of imported type 'SKPaymentTransactionState' to imported protocol 'CustomDebugStringConvertible'; this will not behave correctly if the owners of 'StoreKit' introduce this conformance in the future
| `- note: add '@retroactive' to silence this warning
82 |
83 | public var debugDescription: String {
/Users/admin/builder/spi-builder-workspace/Sources/SwiftyStoreKit/PaymentQueueController.swift:196:30: error: 'SKDownload' is unavailable in visionOS
194 | }
195 |
196 | func start(_ downloads: [SKDownload]) {
| `- error: 'SKDownload' is unavailable in visionOS
197 | paymentQueue.start(downloads)
198 | }
/Applications/Xcode-27.0.0-Release.Candidate.app/Contents/Developer/Platforms/XROS.platform/Developer/SDKs/XROS27.0.sdk/System/Library/Frameworks/StoreKit.framework/Headers/SKDownload.h:26:182: note: 'SKDownload' has been explicitly marked unavailable here
24 | SK_EXTERN NSTimeInterval SKDownloadTimeRemainingUnknown API_DEPRECATED("Hosted content is no longer supported.", ios(6.0, 16.0), macos(10.14, 13.0), tvos(9.0, 16.0), watchos(6.2, 9.0)) API_UNAVAILABLE(visionos);
25 |
26 | SK_EXTERN_CLASS API_DEPRECATED("Hosted content is no longer supported.", ios(6.0, 16.0), macos(10.8, 13.0), tvos(9.0, 16.0), watchos(6.2, 9.0)) API_UNAVAILABLE(visionos) @interface SKDownload : NSObject {
| `- note: 'SKDownload' has been explicitly marked unavailable here
27 | @private
28 | id _internal;
/Users/admin/builder/spi-builder-workspace/Sources/SwiftyStoreKit/PaymentQueueController.swift:200:30: error: 'SKDownload' is unavailable in visionOS
198 | }
199 |
200 | func pause(_ downloads: [SKDownload]) {
| `- error: 'SKDownload' is unavailable in visionOS
201 | paymentQueue.pause(downloads)
202 | }
/Applications/Xcode-27.0.0-Release.Candidate.app/Contents/Developer/Platforms/XROS.platform/Developer/SDKs/XROS27.0.sdk/System/Library/Frameworks/StoreKit.framework/Headers/SKDownload.h:26:182: note: 'SKDownload' has been explicitly marked unavailable here
24 | SK_EXTERN NSTimeInterval SKDownloadTimeRemainingUnknown API_DEPRECATED("Hosted content is no longer supported.", ios(6.0, 16.0), macos(10.14, 13.0), tvos(9.0, 16.0), watchos(6.2, 9.0)) API_UNAVAILABLE(visionos);
25 |
26 | SK_EXTERN_CLASS API_DEPRECATED("Hosted content is no longer supported.", ios(6.0, 16.0), macos(10.8, 13.0), tvos(9.0, 16.0), watchos(6.2, 9.0)) API_UNAVAILABLE(visionos) @interface SKDownload : NSObject {
| `- note: 'SKDownload' has been explicitly marked unavailable here
27 | @private
28 | id _internal;
/Users/admin/builder/spi-builder-workspace/Sources/SwiftyStoreKit/PaymentQueueController.swift:204:31: error: 'SKDownload' is unavailable in visionOS
202 | }
203 |
204 | func resume(_ downloads: [SKDownload]) {
| `- error: 'SKDownload' is unavailable in visionOS
205 | paymentQueue.resume(downloads)
206 | }
/Applications/Xcode-27.0.0-Release.Candidate.app/Contents/Developer/Platforms/XROS.platform/Developer/SDKs/XROS27.0.sdk/System/Library/Frameworks/StoreKit.framework/Headers/SKDownload.h:26:182: note: 'SKDownload' has been explicitly marked unavailable here
24 | SK_EXTERN NSTimeInterval SKDownloadTimeRemainingUnknown API_DEPRECATED("Hosted content is no longer supported.", ios(6.0, 16.0), macos(10.14, 13.0), tvos(9.0, 16.0), watchos(6.2, 9.0)) API_UNAVAILABLE(visionos);
25 |
26 | SK_EXTERN_CLASS API_DEPRECATED("Hosted content is no longer supported.", ios(6.0, 16.0), macos(10.8, 13.0), tvos(9.0, 16.0), watchos(6.2, 9.0)) API_UNAVAILABLE(visionos) @interface SKDownload : NSObject {
| `- note: 'SKDownload' has been explicitly marked unavailable here
27 | @private
28 | id _internal;
/Users/admin/builder/spi-builder-workspace/Sources/SwiftyStoreKit/PaymentQueueController.swift:208:31: error: 'SKDownload' is unavailable in visionOS
206 | }
207 |
208 | func cancel(_ downloads: [SKDownload]) {
| `- error: 'SKDownload' is unavailable in visionOS
209 | paymentQueue.cancel(downloads)
210 | }
/Applications/Xcode-27.0.0-Release.Candidate.app/Contents/Developer/Platforms/XROS.platform/Developer/SDKs/XROS27.0.sdk/System/Library/Frameworks/StoreKit.framework/Headers/SKDownload.h:26:182: note: 'SKDownload' has been explicitly marked unavailable here
24 | SK_EXTERN NSTimeInterval SKDownloadTimeRemainingUnknown API_DEPRECATED("Hosted content is no longer supported.", ios(6.0, 16.0), macos(10.14, 13.0), tvos(9.0, 16.0), watchos(6.2, 9.0)) API_UNAVAILABLE(visionos);
25 |
26 | SK_EXTERN_CLASS API_DEPRECATED("Hosted content is no longer supported.", ios(6.0, 16.0), macos(10.8, 13.0), tvos(9.0, 16.0), watchos(6.2, 9.0)) API_UNAVAILABLE(visionos) @interface SKDownload : NSObject {
| `- note: 'SKDownload' has been explicitly marked unavailable here
27 | @private
28 | id _internal;
/Users/admin/builder/spi-builder-workspace/Sources/SwiftyStoreKit/PaymentQueueController.swift:273:77: error: 'SKDownload' is unavailable in visionOS
271 | }
272 |
273 | func paymentQueue(_ queue: SKPaymentQueue, updatedDownloads downloads: [SKDownload]) {
| `- error: 'SKDownload' is unavailable in visionOS
274 | updatedDownloadsHandler?(downloads)
275 | }
/Applications/Xcode-27.0.0-Release.Candidate.app/Contents/Developer/Platforms/XROS.platform/Developer/SDKs/XROS27.0.sdk/System/Library/Frameworks/StoreKit.framework/Headers/SKDownload.h:26:182: note: 'SKDownload' has been explicitly marked unavailable here
24 | SK_EXTERN NSTimeInterval SKDownloadTimeRemainingUnknown API_DEPRECATED("Hosted content is no longer supported.", ios(6.0, 16.0), macos(10.14, 13.0), tvos(9.0, 16.0), watchos(6.2, 9.0)) API_UNAVAILABLE(visionos);
25 |
26 | SK_EXTERN_CLASS API_DEPRECATED("Hosted content is no longer supported.", ios(6.0, 16.0), macos(10.8, 13.0), tvos(9.0, 16.0), watchos(6.2, 9.0)) API_UNAVAILABLE(visionos) @interface SKDownload : NSObject {
| `- note: 'SKDownload' has been explicitly marked unavailable here
27 | @private
28 | id _internal;
/Users/admin/builder/spi-builder-workspace/Sources/SwiftyStoreKit/PaymentQueueController.swift:273:10: error: cannot override 'paymentQueue' which has been marked unavailable
271 | }
272 |
273 | func paymentQueue(_ queue: SKPaymentQueue, updatedDownloads downloads: [SKDownload]) {
| `- error: cannot override 'paymentQueue' which has been marked unavailable
274 | updatedDownloadsHandler?(downloads)
275 | }
/Applications/Xcode-27.0.0-Release.Candidate.app/Contents/Developer/Platforms/XROS.platform/Developer/SDKs/XROS27.0.sdk/System/Library/Frameworks/StoreKit.framework/Headers/SKPaymentQueue.h:107:1: note: 'paymentQueue(_:updatedDownloads:)' has been explicitly marked unavailable here
105 |
106 | // Sent when the download state has changed.
107 | - (void)paymentQueue:(SKPaymentQueue *)queue updatedDownloads:(NSArray<SKDownload *> *)downloads API_DEPRECATED("Hosted content is no longer supported.", ios(6.0, 16.0), macos(10.8, 13.0), tvos(9.0, 16.0), watchos(6.2, 9.0)) API_UNAVAILABLE(visionos);
| `- note: 'paymentQueue(_:updatedDownloads:)' has been explicitly marked unavailable here
108 |
109 | // Sent when a user initiates an IAP buy from the App Store
/Users/admin/builder/spi-builder-workspace/Sources/SwiftyStoreKit/SwiftyStoreKit+Types.swift:109:21: error: 'SKDownload' is unavailable in visionOS
107 | var transactionState: SKPaymentTransactionState { get }
108 | var transactionIdentifier: String? { get }
109 | var downloads: [SKDownload] { get }
| `- error: 'SKDownload' is unavailable in visionOS
110 | }
111 |
/Applications/Xcode-27.0.0-Release.Candidate.app/Contents/Developer/Platforms/XROS.platform/Developer/SDKs/XROS27.0.sdk/System/Library/Frameworks/StoreKit.framework/Headers/SKDownload.h:26:182: note: 'SKDownload' has been explicitly marked unavailable here
24 | SK_EXTERN NSTimeInterval SKDownloadTimeRemainingUnknown API_DEPRECATED("Hosted content is no longer supported.", ios(6.0, 16.0), macos(10.14, 13.0), tvos(9.0, 16.0), watchos(6.2, 9.0)) API_UNAVAILABLE(visionos);
25 |
26 | SK_EXTERN_CLASS API_DEPRECATED("Hosted content is no longer supported.", ios(6.0, 16.0), macos(10.8, 13.0), tvos(9.0, 16.0), watchos(6.2, 9.0)) API_UNAVAILABLE(visionos) @interface SKDownload : NSObject {
| `- note: 'SKDownload' has been explicitly marked unavailable here
27 | @private
28 | id _internal;
/Users/admin/builder/spi-builder-workspace/Sources/SwiftyStoreKit/SwiftyStoreKit+Types.swift:113:1: error: type 'SKPaymentTransaction' does not conform to protocol 'PaymentTransaction'
111 |
112 | /// Add PaymentTransaction conformance to SKPaymentTransaction
113 | extension SKPaymentTransaction: PaymentTransaction { }
| `- error: type 'SKPaymentTransaction' does not conform to protocol 'PaymentTransaction'
114 |
115 | /// Products information
/Users/admin/builder/spi-builder-workspace/Sources/SwiftyStoreKit/SwiftyStoreKit+Types.swift:113:1: error: unavailable property 'downloads' was used to satisfy a requirement of protocol 'PaymentTransaction'
107 | var transactionState: SKPaymentTransactionState { get }
108 | var transactionIdentifier: String? { get }
109 | var downloads: [SKDownload] { get }
| `- note: requirement 'downloads' declared here
110 | }
111 |
112 | /// Add PaymentTransaction conformance to SKPaymentTransaction
113 | extension SKPaymentTransaction: PaymentTransaction { }
| `- error: unavailable property 'downloads' was used to satisfy a requirement of protocol 'PaymentTransaction'
114 |
115 | /// Products information
/Applications/Xcode-27.0.0-Release.Candidate.app/Contents/Developer/Platforms/XROS.platform/Developer/SDKs/XROS27.0.sdk/System/Library/Frameworks/StoreKit.framework/Headers/SKPaymentTransaction.h:41:55: note: 'downloads' declared here
39 |
40 | // Available downloads (SKDownload) for this transaction
41 | @property(nonatomic, readonly) NSArray<SKDownload *> *downloads API_DEPRECATED("Hosted content is no longer supported.", ios(6.0, 16.0), macos(10.8, 13.0), tvos(9.0, 16.0), watchos(6.2, 9.0)) API_UNAVAILABLE(visionos);
| `- note: 'downloads' declared here
42 |
43 | // The date when the transaction was added to the server queue. Only valid if state is SKPaymentTransactionStatePurchased or SKPaymentTransactionStateRestored.
/Users/admin/builder/spi-builder-workspace/Sources/SwiftyStoreKit/SwiftyStoreKit+Types.swift:147:59: error: 'SKDownload' is unavailable in visionOS
145 |
146 | public typealias ShouldAddStorePaymentHandler = (_ payment: SKPayment, _ product: SKProduct) -> Bool
147 | public typealias UpdatedDownloadsHandler = (_ downloads: [SKDownload]) -> Void
| `- error: 'SKDownload' is unavailable in visionOS
148 |
149 | // MARK: Receipt verification
/Applications/Xcode-27.0.0-Release.Candidate.app/Contents/Developer/Platforms/XROS.platform/Developer/SDKs/XROS27.0.sdk/System/Library/Frameworks/StoreKit.framework/Headers/SKDownload.h:26:182: note: 'SKDownload' has been explicitly marked unavailable here
24 | SK_EXTERN NSTimeInterval SKDownloadTimeRemainingUnknown API_DEPRECATED("Hosted content is no longer supported.", ios(6.0, 16.0), macos(10.14, 13.0), tvos(9.0, 16.0), watchos(6.2, 9.0)) API_UNAVAILABLE(visionos);
25 |
26 | SK_EXTERN_CLASS API_DEPRECATED("Hosted content is no longer supported.", ios(6.0, 16.0), macos(10.8, 13.0), tvos(9.0, 16.0), watchos(6.2, 9.0)) API_UNAVAILABLE(visionos) @interface SKDownload : NSObject {
| `- note: 'SKDownload' has been explicitly marked unavailable here
27 | @private
28 | id _internal;
/Users/admin/builder/spi-builder-workspace/Sources/SwiftyStoreKit/SwiftyStoreKit.swift:234:43: error: 'SKDownload' is unavailable in visionOS
232 | }
233 |
234 | public class func start(_ downloads: [SKDownload]) {
| `- error: 'SKDownload' is unavailable in visionOS
235 | sharedInstance.paymentQueueController.start(downloads)
236 | }
/Applications/Xcode-27.0.0-Release.Candidate.app/Contents/Developer/Platforms/XROS.platform/Developer/SDKs/XROS27.0.sdk/System/Library/Frameworks/StoreKit.framework/Headers/SKDownload.h:26:182: note: 'SKDownload' has been explicitly marked unavailable here
24 | SK_EXTERN NSTimeInterval SKDownloadTimeRemainingUnknown API_DEPRECATED("Hosted content is no longer supported.", ios(6.0, 16.0), macos(10.14, 13.0), tvos(9.0, 16.0), watchos(6.2, 9.0)) API_UNAVAILABLE(visionos);
25 |
26 | SK_EXTERN_CLASS API_DEPRECATED("Hosted content is no longer supported.", ios(6.0, 16.0), macos(10.8, 13.0), tvos(9.0, 16.0), watchos(6.2, 9.0)) API_UNAVAILABLE(visionos) @interface SKDownload : NSObject {
| `- note: 'SKDownload' has been explicitly marked unavailable here
27 | @private
28 | id _internal;
/Users/admin/builder/spi-builder-workspace/Sources/SwiftyStoreKit/SwiftyStoreKit.swift:237:43: error: 'SKDownload' is unavailable in visionOS
235 | sharedInstance.paymentQueueController.start(downloads)
236 | }
237 | public class func pause(_ downloads: [SKDownload]) {
| `- error: 'SKDownload' is unavailable in visionOS
238 | sharedInstance.paymentQueueController.pause(downloads)
239 | }
/Applications/Xcode-27.0.0-Release.Candidate.app/Contents/Developer/Platforms/XROS.platform/Developer/SDKs/XROS27.0.sdk/System/Library/Frameworks/StoreKit.framework/Headers/SKDownload.h:26:182: note: 'SKDownload' has been explicitly marked unavailable here
24 | SK_EXTERN NSTimeInterval SKDownloadTimeRemainingUnknown API_DEPRECATED("Hosted content is no longer supported.", ios(6.0, 16.0), macos(10.14, 13.0), tvos(9.0, 16.0), watchos(6.2, 9.0)) API_UNAVAILABLE(visionos);
25 |
26 | SK_EXTERN_CLASS API_DEPRECATED("Hosted content is no longer supported.", ios(6.0, 16.0), macos(10.8, 13.0), tvos(9.0, 16.0), watchos(6.2, 9.0)) API_UNAVAILABLE(visionos) @interface SKDownload : NSObject {
| `- note: 'SKDownload' has been explicitly marked unavailable here
27 | @private
28 | id _internal;
/Users/admin/builder/spi-builder-workspace/Sources/SwiftyStoreKit/SwiftyStoreKit.swift:240:44: error: 'SKDownload' is unavailable in visionOS
238 | sharedInstance.paymentQueueController.pause(downloads)
239 | }
240 | public class func resume(_ downloads: [SKDownload]) {
| `- error: 'SKDownload' is unavailable in visionOS
241 | sharedInstance.paymentQueueController.resume(downloads)
242 | }
/Applications/Xcode-27.0.0-Release.Candidate.app/Contents/Developer/Platforms/XROS.platform/Developer/SDKs/XROS27.0.sdk/System/Library/Frameworks/StoreKit.framework/Headers/SKDownload.h:26:182: note: 'SKDownload' has been explicitly marked unavailable here
24 | SK_EXTERN NSTimeInterval SKDownloadTimeRemainingUnknown API_DEPRECATED("Hosted content is no longer supported.", ios(6.0, 16.0), macos(10.14, 13.0), tvos(9.0, 16.0), watchos(6.2, 9.0)) API_UNAVAILABLE(visionos);
25 |
26 | SK_EXTERN_CLASS API_DEPRECATED("Hosted content is no longer supported.", ios(6.0, 16.0), macos(10.8, 13.0), tvos(9.0, 16.0), watchos(6.2, 9.0)) API_UNAVAILABLE(visionos) @interface SKDownload : NSObject {
| `- note: 'SKDownload' has been explicitly marked unavailable here
27 | @private
28 | id _internal;
/Users/admin/builder/spi-builder-workspace/Sources/SwiftyStoreKit/SwiftyStoreKit.swift:243:44: error: 'SKDownload' is unavailable in visionOS
241 | sharedInstance.paymentQueueController.resume(downloads)
242 | }
243 | public class func cancel(_ downloads: [SKDownload]) {
| `- error: 'SKDownload' is unavailable in visionOS
244 | sharedInstance.paymentQueueController.cancel(downloads)
245 | }
/Applications/Xcode-27.0.0-Release.Candidate.app/Contents/Developer/Platforms/XROS.platform/Developer/SDKs/XROS27.0.sdk/System/Library/Frameworks/StoreKit.framework/Headers/SKDownload.h:26:182: note: 'SKDownload' has been explicitly marked unavailable here
24 | SK_EXTERN NSTimeInterval SKDownloadTimeRemainingUnknown API_DEPRECATED("Hosted content is no longer supported.", ios(6.0, 16.0), macos(10.14, 13.0), tvos(9.0, 16.0), watchos(6.2, 9.0)) API_UNAVAILABLE(visionos);
25 |
26 | SK_EXTERN_CLASS API_DEPRECATED("Hosted content is no longer supported.", ios(6.0, 16.0), macos(10.8, 13.0), tvos(9.0, 16.0), watchos(6.2, 9.0)) API_UNAVAILABLE(visionos) @interface SKDownload : NSObject {
| `- note: 'SKDownload' has been explicitly marked unavailable here
27 | @private
28 | id _internal;
Failed frontend command:
SwiftCompile normal arm64 (in target 'SwiftyStoreKit' from project 'SwiftyStoreKit')
cd /Users/admin/builder/spi-builder-workspace/.swiftpm/xcode
/Applications/Xcode-27.0.0-Release.Candidate.app/Contents/Developer/Toolchains/XcodeDefault.xctoolchain/usr/bin/swift-frontend -frontend -emit-module -experimental-skip-non-inlinable-function-bodies-without-types /Users/admin/builder/spi-builder-workspace/Sources/SwiftyStoreKit/AppleReceiptValidator.swift /Users/admin/builder/spi-builder-workspace/Sources/SwiftyStoreKit/CompleteTransactionsController.swift /Users/admin/builder/spi-builder-workspace/Sources/SwiftyStoreKit/InAppProductQueryRequest.swift /Users/admin/builder/spi-builder-workspace/Sources/SwiftyStoreKit/InAppReceipt.swift /Users/admin/builder/spi-builder-workspace/Sources/SwiftyStoreKit/InAppReceiptRefreshRequest.swift /Users/admin/builder/spi-builder-workspace/Sources/SwiftyStoreKit/InAppReceiptVerificator.swift /Users/admin/builder/spi-builder-workspace/Sources/SwiftyStoreKit/OS.swift /Users/admin/builder/spi-builder-workspace/Sources/SwiftyStoreKit/PaymentQueueController.swift /Users/admin/builder/spi-builder-workspace/Sources/SwiftyStoreKit/PaymentsController.swift /Users/admin/builder/spi-builder-workspace/Sources/SwiftyStoreKit/ProductsInfoController.swift /Users/admin/builder/spi-builder-workspace/Sources/SwiftyStoreKit/RestorePurchasesController.swift /Users/admin/builder/spi-builder-workspace/Sources/SwiftyStoreKit/SKProduct+LocalizedPrice.swift /Users/admin/builder/spi-builder-workspace/Sources/SwiftyStoreKit/SKProductDiscount+LocalizedPrice.swift /Users/admin/builder/spi-builder-workspace/Sources/SwiftyStoreKit/SwiftyStoreKit+Types.swift /Users/admin/builder/spi-builder-workspace/Sources/SwiftyStoreKit/SwiftyStoreKit.swift -target arm64-apple-xros1.0 -disable-cross-import-overlay-search -swift-module-cross-import StoreKit /Applications/Xcode-27.0.0-Release.Candidate.app/Contents/Developer/Platforms/XROS.platform/Developer/SDKs/XROS.sdk/System/Library/Frameworks/StoreKit.framework/Modules/StoreKit.swiftcrossimport/SwiftUI.swiftoverlay -swift-module-cross-import StoreKit /Applications/Xcode-27.0.0-Release.Candidate.app/Contents/Developer/Platforms/XROS.platform/Developer/SDKs/XROS27.0.sdk/System/Library/Frameworks/StoreKit.framework/Modules/StoreKit.swiftcrossimport/SwiftUI.swiftoverlay -load-resolved-plugin /Applications/Xcode-27.0.0-Release.Candidate.app/Contents/Developer/Platforms/XROS.platform/Developer/usr/lib/swift/host/plugins/libFoundationMacros.dylib\#/Applications/Xcode-27.0.0-Release.Candidate.app/Contents/Developer/Platforms/XROS.platform/Developer/usr/bin/swift-plugin-server\#FoundationMacros -load-resolved-plugin /Applications/Xcode-27.0.0-Release.Candidate.app/Contents/Developer/Platforms/XROS.platform/Developer/usr/lib/swift/host/plugins/libObservationMacros.dylib\#/Applications/Xcode-27.0.0-Release.Candidate.app/Contents/Developer/Platforms/XROS.platform/Developer/usr/bin/swift-plugin-server\#ObservationMacros -load-resolved-plugin /Applications/Xcode-27.0.0-Release.Candidate.app/Contents/Developer/Platforms/XROS.platform/Developer/usr/lib/swift/host/plugins/libPreviewsMacros.dylib\#/Applications/Xcode-27.0.0-Release.Candidate.app/Contents/Developer/Platforms/XROS.platform/Developer/usr/bin/swift-plugin-server\#PreviewsMacros -load-resolved-plugin /Applications/Xcode-27.0.0-Release.Candidate.app/Contents/Developer/Platforms/XROS.platform/Developer/usr/lib/swift/host/plugins/libSwiftMacros.dylib\#/Applications/Xcode-27.0.0-Release.Candidate.app/Contents/Developer/Platforms/XROS.platform/Developer/usr/bin/swift-plugin-server\#SwiftMacros -load-resolved-plugin /Applications/Xcode-27.0.0-Release.Candidate.app/Contents/Developer/Platforms/XROS.platform/Developer/usr/lib/swift/host/plugins/libSwiftUIMacros.dylib\#/Applications/Xcode-27.0.0-Release.Candidate.app/Contents/Developer/Platforms/XROS.platform/Developer/usr/bin/swift-plugin-server\#SwiftUIMacros -disable-implicit-swift-modules -Xcc -fno-implicit-modules -Xcc -fno-implicit-module-maps -explicit-swift-module-map-file /Users/admin/builder/spi-builder-workspace/.derivedData/Build/Intermediates.noindex/SwiftyStoreKit.build/Debug-xros/SwiftyStoreKit-t.build/Objects-normal/arm64/SwiftyStoreKit-dependencies-1.json -Xllvm -aarch64-use-tbi -enable-objc-interop -stack-check -sdk /Applications/Xcode-27.0.0-Release.Candidate.app/Contents/Developer/Platforms/XROS.platform/Developer/SDKs/XROS27.0.sdk -I /Users/admin/builder/spi-builder-workspace/.derivedData/Build/Products/Debug-xros -Isystem /Applications/Xcode-27.0.0-Release.Candidate.app/Contents/Developer/Platforms/XROS.platform/Developer/usr/lib -F /Users/admin/builder/spi-builder-workspace/.derivedData/Build/Products/Debug-xros -F /Applications/Xcode-27.0.0-Release.Candidate.app/Contents/Developer/Platforms/XROS.platform/Developer/Library/Frameworks -F /Applications/Xcode-27.0.0-Release.Candidate.app/Contents/Developer/Platforms/XROS.platform/Developer/SDKs/XROS27.0.sdk/Developer/Library/Frameworks -module-cache-path /Users/admin/builder/spi-builder-workspace/.derivedData/Build/Intermediates.noindex/SwiftExplicitPrecompiledModules -no-color-diagnostics -Xcc -fno-color-diagnostics -enable-testing -g -debug-info-format\=dwarf -dwarf-version\=4 -profile-generate -profile-coverage-mapping -swift-version 5 -Onone -D SWIFT_PACKAGE -D DEBUG -D SWIFT_MODULE_RESOURCE_BUNDLE_UNAVAILABLE -D Xcode -serialize-debugging-options -enable-experimental-feature DebugDescriptionMacro -empty-abi-descriptor -validate-clang-modules-once -clang-build-session-file /Users/admin/builder/spi-builder-workspace/.derivedData/ModuleCache.noindex/Session.modulevalidation -Xcc -working-directory -Xcc /Users/admin/builder/spi-builder-workspace/.swiftpm/xcode -enable-anonymous-context-mangled-names -file-compilation-dir /Users/admin/builder/spi-builder-workspace/.swiftpm/xcode -Xcc -D_LIBCPP_HARDENING_MODE\=_LIBCPP_HARDENING_MODE_DEBUG -Xcc -ivfsstatcache -Xcc /Users/admin/builder/spi-builder-workspace/.derivedData/SDKStatCaches.noindex/xros27.0-24M361-e829b21a6f8c9b70876ba0858053c044735bd543db762f57723cac368afd1ce4.sdkstatcache -Xcc -fmodules-prune-interval\=86400 -Xcc -fmodules-prune-after\=345600 -Xcc -I/Users/admin/builder/spi-builder-workspace/.derivedData/Build/Products/Debug-xros/include -Xcc -I/Users/admin/builder/spi-builder-workspace/.derivedData/Build/Intermediates.noindex/SwiftyStoreKit.build/Debug-xros/SwiftyStoreKit-t.build/DerivedSources-normal/arm64 -Xcc -I/Users/admin/builder/spi-builder-workspace/.derivedData/Build/Intermediates.noindex/SwiftyStoreKit.build/Debug-xros/SwiftyStoreKit-t.build/DerivedSources/arm64 -Xcc -I/Users/admin/builder/spi-builder-workspace/.derivedData/Build/Intermediates.noindex/SwiftyStoreKit.build/Debug-xros/SwiftyStoreKit-t.build/DerivedSources -Xcc -DSWIFT_PACKAGE -Xcc -DDEBUG\=1 -no-auto-bridging-header-chaining -module-name SwiftyStoreKit -const-gather-protocols-file /Users/admin/builder/spi-builder-workspace/.derivedData/Build/Intermediates.noindex/SwiftyStoreKit.build/Debug-xros/SwiftyStoreKit-t.build/Objects-normal/arm64/SwiftyStoreKit_const_extract_protocols.json -disable-clang-spi -clang-target arm64-apple-xros27.0 -target-sdk-version 27.0 -target-sdk-name xros27.0 -in-process-plugin-server-path /Applications/Xcode-27.0.0-Release.Candidate.app/Contents/Developer/Toolchains/XcodeDefault.xctoolchain/usr/lib/swift/host/libSwiftInProcPluginServer.dylib -emit-module-doc-path /Users/admin/builder/spi-builder-workspace/.derivedData/Build/Intermediates.noindex/SwiftyStoreKit.build/Debug-xros/SwiftyStoreKit-t.build/Objects-normal/arm64/SwiftyStoreKit.swiftdoc -emit-module-source-info-path /Users/admin/builder/spi-builder-workspace/.derivedData/Build/Intermediates.noindex/SwiftyStoreKit.build/Debug-xros/SwiftyStoreKit-t.build/Objects-normal/arm64/SwiftyStoreKit.swiftsourceinfo -emit-objc-header-path /Users/admin/builder/spi-builder-workspace/.derivedData/Build/Intermediates.noindex/SwiftyStoreKit.build/Debug-xros/SwiftyStoreKit-t.build/Objects-normal/arm64/SwiftyStoreKit-Swift.h -serialize-diagnostics-path /Users/admin/builder/spi-builder-workspace/.derivedData/Build/Intermediates.noindex/SwiftyStoreKit.build/Debug-xros/SwiftyStoreKit-t.build/Objects-normal/arm64/SwiftyStoreKit-primary-emit-module.dia -emit-dependencies-path /Users/admin/builder/spi-builder-workspace/.derivedData/Build/Intermediates.noindex/SwiftyStoreKit.build/Debug-xros/SwiftyStoreKit-t.build/Objects-normal/arm64/SwiftyStoreKit-primary-emit-module.d -parse-as-library -o /Users/admin/builder/spi-builder-workspace/.derivedData/Build/Intermediates.noindex/SwiftyStoreKit.build/Debug-xros/SwiftyStoreKit-t.build/Objects-normal/arm64/SwiftyStoreKit.swiftmodule -emit-abi-descriptor-path /Users/admin/builder/spi-builder-workspace/.derivedData/Build/Intermediates.noindex/SwiftyStoreKit.build/Debug-xros/SwiftyStoreKit-t.build/Objects-normal/arm64/SwiftyStoreKit.abi.json
SwiftCompile normal arm64 Compiling\ SwiftyStoreKit+Types.swift /Users/admin/builder/spi-builder-workspace/Sources/SwiftyStoreKit/SwiftyStoreKit+Types.swift (in target 'SwiftyStoreKit' from project 'SwiftyStoreKit')
SwiftCompile normal arm64 /Users/admin/builder/spi-builder-workspace/Sources/SwiftyStoreKit/SwiftyStoreKit+Types.swift (in target 'SwiftyStoreKit' from project 'SwiftyStoreKit')
cd /Users/admin/builder/spi-builder-workspace/.swiftpm/xcode
builtin-SwiftPerFileCompile SwiftyStoreKit+Types.swift
/Users/admin/builder/spi-builder-workspace/Sources/SwiftyStoreKit/SwiftyStoreKit+Types.swift:109:21: error: 'SKDownload' is unavailable in visionOS
107 | var transactionState: SKPaymentTransactionState { get }
108 | var transactionIdentifier: String? { get }
109 | var downloads: [SKDownload] { get }
| `- error: 'SKDownload' is unavailable in visionOS
110 | }
111 |
/Applications/Xcode-27.0.0-Release.Candidate.app/Contents/Developer/Platforms/XROS.platform/Developer/SDKs/XROS27.0.sdk/System/Library/Frameworks/StoreKit.framework/Headers/SKDownload.h:26:182: note: 'SKDownload' has been explicitly marked unavailable here
24 | SK_EXTERN NSTimeInterval SKDownloadTimeRemainingUnknown API_DEPRECATED("Hosted content is no longer supported.", ios(6.0, 16.0), macos(10.14, 13.0), tvos(9.0, 16.0), watchos(6.2, 9.0)) API_UNAVAILABLE(visionos);
25 |
26 | SK_EXTERN_CLASS API_DEPRECATED("Hosted content is no longer supported.", ios(6.0, 16.0), macos(10.8, 13.0), tvos(9.0, 16.0), watchos(6.2, 9.0)) API_UNAVAILABLE(visionos) @interface SKDownload : NSObject {
| `- note: 'SKDownload' has been explicitly marked unavailable here
27 | @private
28 | id _internal;
/Users/admin/builder/spi-builder-workspace/Sources/SwiftyStoreKit/SwiftyStoreKit+Types.swift:113:1: error: type 'SKPaymentTransaction' does not conform to protocol 'PaymentTransaction'
111 |
112 | /// Add PaymentTransaction conformance to SKPaymentTransaction
113 | extension SKPaymentTransaction: PaymentTransaction { }
| `- error: type 'SKPaymentTransaction' does not conform to protocol 'PaymentTransaction'
114 |
115 | /// Products information
/Users/admin/builder/spi-builder-workspace/Sources/SwiftyStoreKit/SwiftyStoreKit+Types.swift:113:1: error: unavailable property 'downloads' was used to satisfy a requirement of protocol 'PaymentTransaction'
107 | var transactionState: SKPaymentTransactionState { get }
108 | var transactionIdentifier: String? { get }
109 | var downloads: [SKDownload] { get }
| `- note: requirement 'downloads' declared here
110 | }
111 |
112 | /// Add PaymentTransaction conformance to SKPaymentTransaction
113 | extension SKPaymentTransaction: PaymentTransaction { }
| `- error: unavailable property 'downloads' was used to satisfy a requirement of protocol 'PaymentTransaction'
114 |
115 | /// Products information
/Applications/Xcode-27.0.0-Release.Candidate.app/Contents/Developer/Platforms/XROS.platform/Developer/SDKs/XROS27.0.sdk/System/Library/Frameworks/StoreKit.framework/Headers/SKPaymentTransaction.h:41:55: note: 'downloads' declared here
39 |
40 | // Available downloads (SKDownload) for this transaction
41 | @property(nonatomic, readonly) NSArray<SKDownload *> *downloads API_DEPRECATED("Hosted content is no longer supported.", ios(6.0, 16.0), macos(10.8, 13.0), tvos(9.0, 16.0), watchos(6.2, 9.0)) API_UNAVAILABLE(visionos);
| `- note: 'downloads' declared here
42 |
43 | // The date when the transaction was added to the server queue. Only valid if state is SKPaymentTransactionStatePurchased or SKPaymentTransactionStateRestored.
SwiftCompile normal arm64 Compiling\ SKProductDiscount+LocalizedPrice.swift /Users/admin/builder/spi-builder-workspace/Sources/SwiftyStoreKit/SKProductDiscount+LocalizedPrice.swift (in target 'SwiftyStoreKit' from project 'SwiftyStoreKit')
SwiftCompile normal arm64 /Users/admin/builder/spi-builder-workspace/Sources/SwiftyStoreKit/SKProductDiscount+LocalizedPrice.swift (in target 'SwiftyStoreKit' from project 'SwiftyStoreKit')
cd /Users/admin/builder/spi-builder-workspace/.swiftpm/xcode
builtin-SwiftPerFileCompile SKProductDiscount+LocalizedPrice.swift
SwiftCompile normal arm64 Compiling\ InAppReceiptRefreshRequest.swift,\ InAppReceiptVerificator.swift /Users/admin/builder/spi-builder-workspace/Sources/SwiftyStoreKit/InAppReceiptRefreshRequest.swift /Users/admin/builder/spi-builder-workspace/Sources/SwiftyStoreKit/InAppReceiptVerificator.swift (in target 'SwiftyStoreKit' from project 'SwiftyStoreKit')
SwiftCompile normal arm64 /Users/admin/builder/spi-builder-workspace/Sources/SwiftyStoreKit/InAppReceiptRefreshRequest.swift (in target 'SwiftyStoreKit' from project 'SwiftyStoreKit')
cd /Users/admin/builder/spi-builder-workspace/.swiftpm/xcode
builtin-SwiftPerFileCompile InAppReceiptRefreshRequest.swift
SwiftCompile normal arm64 /Users/admin/builder/spi-builder-workspace/Sources/SwiftyStoreKit/InAppReceiptVerificator.swift (in target 'SwiftyStoreKit' from project 'SwiftyStoreKit')
cd /Users/admin/builder/spi-builder-workspace/.swiftpm/xcode
builtin-SwiftPerFileCompile InAppReceiptVerificator.swift
SwiftCompile normal arm64 Compiling\ RestorePurchasesController.swift /Users/admin/builder/spi-builder-workspace/Sources/SwiftyStoreKit/RestorePurchasesController.swift (in target 'SwiftyStoreKit' from project 'SwiftyStoreKit')
SwiftCompile normal arm64 /Users/admin/builder/spi-builder-workspace/Sources/SwiftyStoreKit/RestorePurchasesController.swift (in target 'SwiftyStoreKit' from project 'SwiftyStoreKit')
cd /Users/admin/builder/spi-builder-workspace/.swiftpm/xcode
builtin-SwiftPerFileCompile RestorePurchasesController.swift
SwiftCompile normal arm64 Compiling\ SwiftyStoreKit.swift /Users/admin/builder/spi-builder-workspace/Sources/SwiftyStoreKit/SwiftyStoreKit.swift (in target 'SwiftyStoreKit' from project 'SwiftyStoreKit')
SwiftCompile normal arm64 /Users/admin/builder/spi-builder-workspace/Sources/SwiftyStoreKit/SwiftyStoreKit.swift (in target 'SwiftyStoreKit' from project 'SwiftyStoreKit')
cd /Users/admin/builder/spi-builder-workspace/.swiftpm/xcode
builtin-SwiftPerFileCompile SwiftyStoreKit.swift
/Users/admin/builder/spi-builder-workspace/Sources/SwiftyStoreKit/SwiftyStoreKit.swift:234:43: error: 'SKDownload' is unavailable in visionOS
232 | }
233 |
234 | public class func start(_ downloads: [SKDownload]) {
| `- error: 'SKDownload' is unavailable in visionOS
235 | sharedInstance.paymentQueueController.start(downloads)
236 | }
/Applications/Xcode-27.0.0-Release.Candidate.app/Contents/Developer/Platforms/XROS.platform/Developer/SDKs/XROS27.0.sdk/System/Library/Frameworks/StoreKit.framework/Headers/SKDownload.h:26:182: note: 'SKDownload' has been explicitly marked unavailable here
24 | SK_EXTERN NSTimeInterval SKDownloadTimeRemainingUnknown API_DEPRECATED("Hosted content is no longer supported.", ios(6.0, 16.0), macos(10.14, 13.0), tvos(9.0, 16.0), watchos(6.2, 9.0)) API_UNAVAILABLE(visionos);
25 |
26 | SK_EXTERN_CLASS API_DEPRECATED("Hosted content is no longer supported.", ios(6.0, 16.0), macos(10.8, 13.0), tvos(9.0, 16.0), watchos(6.2, 9.0)) API_UNAVAILABLE(visionos) @interface SKDownload : NSObject {
| `- note: 'SKDownload' has been explicitly marked unavailable here
27 | @private
28 | id _internal;
/Users/admin/builder/spi-builder-workspace/Sources/SwiftyStoreKit/SwiftyStoreKit.swift:237:43: error: 'SKDownload' is unavailable in visionOS
235 | sharedInstance.paymentQueueController.start(downloads)
236 | }
237 | public class func pause(_ downloads: [SKDownload]) {
| `- error: 'SKDownload' is unavailable in visionOS
238 | sharedInstance.paymentQueueController.pause(downloads)
239 | }
/Applications/Xcode-27.0.0-Release.Candidate.app/Contents/Developer/Platforms/XROS.platform/Developer/SDKs/XROS27.0.sdk/System/Library/Frameworks/StoreKit.framework/Headers/SKDownload.h:26:182: note: 'SKDownload' has been explicitly marked unavailable here
24 | SK_EXTERN NSTimeInterval SKDownloadTimeRemainingUnknown API_DEPRECATED("Hosted content is no longer supported.", ios(6.0, 16.0), macos(10.14, 13.0), tvos(9.0, 16.0), watchos(6.2, 9.0)) API_UNAVAILABLE(visionos);
25 |
26 | SK_EXTERN_CLASS API_DEPRECATED("Hosted content is no longer supported.", ios(6.0, 16.0), macos(10.8, 13.0), tvos(9.0, 16.0), watchos(6.2, 9.0)) API_UNAVAILABLE(visionos) @interface SKDownload : NSObject {
| `- note: 'SKDownload' has been explicitly marked unavailable here
27 | @private
28 | id _internal;
/Users/admin/builder/spi-builder-workspace/Sources/SwiftyStoreKit/SwiftyStoreKit.swift:240:44: error: 'SKDownload' is unavailable in visionOS
238 | sharedInstance.paymentQueueController.pause(downloads)
239 | }
240 | public class func resume(_ downloads: [SKDownload]) {
| `- error: 'SKDownload' is unavailable in visionOS
241 | sharedInstance.paymentQueueController.resume(downloads)
242 | }
/Applications/Xcode-27.0.0-Release.Candidate.app/Contents/Developer/Platforms/XROS.platform/Developer/SDKs/XROS27.0.sdk/System/Library/Frameworks/StoreKit.framework/Headers/SKDownload.h:26:182: note: 'SKDownload' has been explicitly marked unavailable here
24 | SK_EXTERN NSTimeInterval SKDownloadTimeRemainingUnknown API_DEPRECATED("Hosted content is no longer supported.", ios(6.0, 16.0), macos(10.14, 13.0), tvos(9.0, 16.0), watchos(6.2, 9.0)) API_UNAVAILABLE(visionos);
25 |
26 | SK_EXTERN_CLASS API_DEPRECATED("Hosted content is no longer supported.", ios(6.0, 16.0), macos(10.8, 13.0), tvos(9.0, 16.0), watchos(6.2, 9.0)) API_UNAVAILABLE(visionos) @interface SKDownload : NSObject {
| `- note: 'SKDownload' has been explicitly marked unavailable here
27 | @private
28 | id _internal;
SwiftCompile normal arm64 Compiling\ InAppProductQueryRequest.swift,\ InAppReceipt.swift /Users/admin/builder/spi-builder-workspace/Sources/SwiftyStoreKit/InAppProductQueryRequest.swift /Users/admin/builder/spi-builder-workspace/Sources/SwiftyStoreKit/InAppReceipt.swift (in target 'SwiftyStoreKit' from project 'SwiftyStoreKit')
SwiftCompile normal arm64 /Users/admin/builder/spi-builder-workspace/Sources/SwiftyStoreKit/InAppProductQueryRequest.swift (in target 'SwiftyStoreKit' from project 'SwiftyStoreKit')
cd /Users/admin/builder/spi-builder-workspace/.swiftpm/xcode
builtin-SwiftPerFileCompile InAppProductQueryRequest.swift
SwiftCompile normal arm64 /Users/admin/builder/spi-builder-workspace/Sources/SwiftyStoreKit/InAppReceipt.swift (in target 'SwiftyStoreKit' from project 'SwiftyStoreKit')
cd /Users/admin/builder/spi-builder-workspace/.swiftpm/xcode
builtin-SwiftPerFileCompile InAppReceipt.swift
SwiftCompile normal arm64 Compiling\ AppleReceiptValidator.swift,\ CompleteTransactionsController.swift /Users/admin/builder/spi-builder-workspace/Sources/SwiftyStoreKit/AppleReceiptValidator.swift /Users/admin/builder/spi-builder-workspace/Sources/SwiftyStoreKit/CompleteTransactionsController.swift (in target 'SwiftyStoreKit' from project 'SwiftyStoreKit')
SwiftCompile normal arm64 /Users/admin/builder/spi-builder-workspace/Sources/SwiftyStoreKit/AppleReceiptValidator.swift (in target 'SwiftyStoreKit' from project 'SwiftyStoreKit')
cd /Users/admin/builder/spi-builder-workspace/.swiftpm/xcode
builtin-SwiftPerFileCompile AppleReceiptValidator.swift
SwiftCompile normal arm64 /Users/admin/builder/spi-builder-workspace/Sources/SwiftyStoreKit/CompleteTransactionsController.swift (in target 'SwiftyStoreKit' from project 'SwiftyStoreKit')
cd /Users/admin/builder/spi-builder-workspace/.swiftpm/xcode
builtin-SwiftPerFileCompile CompleteTransactionsController.swift
SwiftCompile normal arm64 Compiling\ SKProduct+LocalizedPrice.swift /Users/admin/builder/spi-builder-workspace/Sources/SwiftyStoreKit/SKProduct+LocalizedPrice.swift (in target 'SwiftyStoreKit' from project 'SwiftyStoreKit')
SwiftCompile normal arm64 /Users/admin/builder/spi-builder-workspace/Sources/SwiftyStoreKit/SKProduct+LocalizedPrice.swift (in target 'SwiftyStoreKit' from project 'SwiftyStoreKit')
cd /Users/admin/builder/spi-builder-workspace/.swiftpm/xcode
builtin-SwiftPerFileCompile SKProduct+LocalizedPrice.swift
SwiftCompile normal arm64 Compiling\ PaymentsController.swift,\ ProductsInfoController.swift /Users/admin/builder/spi-builder-workspace/Sources/SwiftyStoreKit/PaymentsController.swift /Users/admin/builder/spi-builder-workspace/Sources/SwiftyStoreKit/ProductsInfoController.swift (in target 'SwiftyStoreKit' from project 'SwiftyStoreKit')
SwiftCompile normal arm64 /Users/admin/builder/spi-builder-workspace/Sources/SwiftyStoreKit/PaymentsController.swift (in target 'SwiftyStoreKit' from project 'SwiftyStoreKit')
cd /Users/admin/builder/spi-builder-workspace/.swiftpm/xcode
builtin-SwiftPerFileCompile PaymentsController.swift
SwiftCompile normal arm64 /Users/admin/builder/spi-builder-workspace/Sources/SwiftyStoreKit/ProductsInfoController.swift (in target 'SwiftyStoreKit' from project 'SwiftyStoreKit')
cd /Users/admin/builder/spi-builder-workspace/.swiftpm/xcode
builtin-SwiftPerFileCompile ProductsInfoController.swift
SwiftCompile normal arm64 Compiling\ OS.swift,\ PaymentQueueController.swift /Users/admin/builder/spi-builder-workspace/Sources/SwiftyStoreKit/OS.swift /Users/admin/builder/spi-builder-workspace/Sources/SwiftyStoreKit/PaymentQueueController.swift (in target 'SwiftyStoreKit' from project 'SwiftyStoreKit')
SwiftCompile normal arm64 /Users/admin/builder/spi-builder-workspace/Sources/SwiftyStoreKit/OS.swift (in target 'SwiftyStoreKit' from project 'SwiftyStoreKit')
cd /Users/admin/builder/spi-builder-workspace/.swiftpm/xcode
builtin-SwiftPerFileCompile OS.swift
SwiftCompile normal arm64 /Users/admin/builder/spi-builder-workspace/Sources/SwiftyStoreKit/PaymentQueueController.swift (in target 'SwiftyStoreKit' from project 'SwiftyStoreKit')
cd /Users/admin/builder/spi-builder-workspace/.swiftpm/xcode
builtin-SwiftPerFileCompile PaymentQueueController.swift
PruneExplicitPrecompiledModules /Users/admin/builder/spi-builder-workspace/.derivedData/SDKExplicitPrecompiledModules
PruneExplicitPrecompiledModules /Users/admin/builder/spi-builder-workspace/.derivedData/Build/Intermediates.noindex/ExplicitPrecompiledModules
PruneExplicitPrecompiledModules /Users/admin/builder/spi-builder-workspace/.derivedData/Build/Intermediates.noindex/SwiftExplicitPrecompiledModules
2026-09-18 21:49:37.648 xcodebuild[667:4358] [MT] IDERunDestination: Supported platforms for the buildables in the current scheme is empty.
** BUILD FAILED **
The following build commands failed:
SwiftCompile normal arm64 (in target 'SwiftyStoreKit' from project 'SwiftyStoreKit')
SwiftEmitModule normal arm64 Emitting\ module\ for\ SwiftyStoreKit (in target 'SwiftyStoreKit' from project 'SwiftyStoreKit')
Building workspace SwiftyStoreKit with scheme SwiftyStoreKit
(3 failures)
Command line invocation:
/Applications/Xcode-27.0.0-Release.Candidate.app/Contents/Developer/usr/bin/xcodebuild -IDEClonedSourcePackagesDirPathOverride=/Users/admin/builder/spi-builder-workspace/.dependencies -resolvePackageDependencies
Resolve Package Graph
Resolved source packages:
SwiftyStoreKit: /Users/admin/builder/spi-builder-workspace
resolved source packages: SwiftyStoreKit
2026-09-18 21:49:45.449 xcodebuild[765:4772] [MT] IDERunDestination: Supported platforms for the buildables in the current scheme is empty.
{
"dependencies" : [
],
"manifest_display_name" : "SwiftyStoreKit",
"name" : "SwiftyStoreKit",
"path" : "/Users/admin/builder/spi-builder-workspace",
"platforms" : [
{
"name" : "ios",
"version" : "9.0"
},
{
"name" : "macos",
"version" : "10.10"
},
{
"name" : "tvos",
"version" : "9.0"
},
{
"name" : "watchos",
"version" : "6.2"
}
],
"products" : [
{
"name" : "SwiftyStoreKit",
"targets" : [
"SwiftyStoreKit"
],
"type" : {
"library" : [
"automatic"
]
}
}
],
"targets" : [
{
"c99name" : "SwiftyStoreKitTests",
"module_type" : "SwiftTarget",
"name" : "SwiftyStoreKitTests",
"path" : "Tests/SwiftyStoreKitTests",
"sources" : [
"CompleteTransactionsControllerTests.swift",
"InAppReceiptTests.swift",
"InAppReceiptVerificatorTests.swift",
"PaymentQueueControllerTests.swift",
"PaymentQueueSpy.swift",
"PaymentTransactionObserverFake.swift",
"PaymentsControllerTests.swift",
"ProductsInfoControllerTests.swift",
"RestorePurchasesControllerTests.swift",
"TestPaymentTransaction.swift",
"TestProduct.swift"
],
"target_dependencies" : [
"SwiftyStoreKit"
],
"type" : "test"
},
{
"c99name" : "SwiftyStoreKit",
"module_type" : "SwiftTarget",
"name" : "SwiftyStoreKit",
"path" : "Sources/SwiftyStoreKit",
"product_memberships" : [
"SwiftyStoreKit"
],
"sources" : [
"AppleReceiptValidator.swift",
"CompleteTransactionsController.swift",
"InAppProductQueryRequest.swift",
"InAppReceipt.swift",
"InAppReceiptRefreshRequest.swift",
"InAppReceiptVerificator.swift",
"OS.swift",
"PaymentQueueController.swift",
"PaymentsController.swift",
"ProductsInfoController.swift",
"RestorePurchasesController.swift",
"SKProduct+LocalizedPrice.swift",
"SKProductDiscount+LocalizedPrice.swift",
"SwiftyStoreKit+Types.swift",
"SwiftyStoreKit.swift"
],
"type" : "library"
}
],
"tools_version" : "5.0"
}
{
"workspace" : {
"name" : "SwiftyStoreKit",
"schemes" : [
"SwiftyStoreKit"
]
}
}
2026-09-18 21:49:46.751 xcodebuild[773:4835] [MT] IDERunDestination: Supported platforms for the buildables in the current scheme is empty.
Running build ...
env DEVELOPER_DIR=/Applications/Xcode-27.0.0-Release.Candidate.app xcrun xcodebuild -IDEClonedSourcePackagesDirPathOverride=$PWD/.dependencies -skipMacroValidation -skipPackagePluginValidation -derivedDataPath $PWD/.derivedData build -scheme SwiftyStoreKit -destination generic/platform=xrOS
Command line invocation:
/Applications/Xcode-27.0.0-Release.Candidate.app/Contents/Developer/usr/bin/xcodebuild -IDEClonedSourcePackagesDirPathOverride=/Users/admin/builder/spi-builder-workspace/.dependencies -skipMacroValidation -skipPackagePluginValidation -derivedDataPath /Users/admin/builder/spi-builder-workspace/.derivedData build -scheme SwiftyStoreKit -destination generic/platform=xrOS
Resolve Package Graph
Resolved source packages:
SwiftyStoreKit: /Users/admin/builder/spi-builder-workspace
ComputePackagePrebuildTargetDependencyGraph
Prepare packages
CreateBuildRequest
SendProjectDescription
CreateBuildOperation
ComputeTargetDependencyGraph
note: Building targets in dependency order
note: Target dependency graph (2 targets)
Target 'SwiftyStoreKit-product' in project 'SwiftyStoreKit'
➜ Explicit dependency on target 'SwiftyStoreKit' in project 'SwiftyStoreKit'
Target 'SwiftyStoreKit' in project 'SwiftyStoreKit' (no dependencies)
GatherProvisioningInputs
CreateBuildDescription
ClangStatCache /Applications/Xcode-27.0.0-Release.Candidate.app/Contents/Developer/Toolchains/XcodeDefault.xctoolchain/usr/bin/clang-stat-cache /Applications/Xcode-27.0.0-Release.Candidate.app/Contents/Developer/Platforms/XROS.platform/Developer/SDKs/XROS27.0.sdk /Users/admin/builder/spi-builder-workspace/.derivedData/SDKStatCaches.noindex/xros27.0-24M361-e829b21a6f8c9b70876ba0858053c044735bd543db762f57723cac368afd1ce4.sdkstatcache
cd /Users/admin/builder/spi-builder-workspace/.swiftpm/xcode
/Applications/Xcode-27.0.0-Release.Candidate.app/Contents/Developer/Toolchains/XcodeDefault.xctoolchain/usr/bin/clang-stat-cache /Applications/Xcode-27.0.0-Release.Candidate.app/Contents/Developer/Platforms/XROS.platform/Developer/SDKs/XROS27.0.sdk -o /Users/admin/builder/spi-builder-workspace/.derivedData/SDKStatCaches.noindex/xros27.0-24M361-e829b21a6f8c9b70876ba0858053c044735bd543db762f57723cac368afd1ce4.sdkstatcache
SwiftDriver SwiftyStoreKit normal arm64 com.apple.xcode.tools.swift.compiler (in target 'SwiftyStoreKit' from project 'SwiftyStoreKit')
cd /Users/admin/builder/spi-builder-workspace/.swiftpm/xcode
builtin-SwiftDriver -- /Applications/Xcode-27.0.0-Release.Candidate.app/Contents/Developer/Toolchains/XcodeDefault.xctoolchain/usr/bin/swiftc -parse-as-library -module-name SwiftyStoreKit -Onone @/Users/admin/builder/spi-builder-workspace/.derivedData/Build/Intermediates.noindex/SwiftyStoreKit.build/Debug-xros/SwiftyStoreKit-t.build/Objects-normal/arm64/SwiftyStoreKit.SwiftFileList -DSWIFT_PACKAGE -DDEBUG -DSWIFT_MODULE_RESOURCE_BUNDLE_UNAVAILABLE -DXcode -plugin-path /Applications/Xcode-27.0.0-Release.Candidate.app/Contents/Developer/Toolchains/XcodeDefault.xctoolchain/usr/lib/swift/host/plugins/testing -enable-experimental-feature DebugDescriptionMacro -sdk /Applications/Xcode-27.0.0-Release.Candidate.app/Contents/Developer/Platforms/XROS.platform/Developer/SDKs/XROS27.0.sdk -target arm64-apple-xros1.0 -g -module-cache-path /Users/admin/builder/spi-builder-workspace/.derivedData/ModuleCache.noindex -Xfrontend -serialize-debugging-options -profile-coverage-mapping -profile-generate -enable-testing -index-store-path /Users/admin/builder/spi-builder-workspace/.derivedData/Index.noindex/DataStore -Xcc -D_LIBCPP_HARDENING_MODE\=_LIBCPP_HARDENING_MODE_DEBUG -swift-version 5 -I /Users/admin/builder/spi-builder-workspace/.derivedData/Build/Products/Debug-xros -Isystem /Applications/Xcode-27.0.0-Release.Candidate.app/Contents/Developer/Platforms/XROS.platform/Developer/usr/lib -F /Users/admin/builder/spi-builder-workspace/.derivedData/Build/Products/Debug-xros -F /Applications/Xcode-27.0.0-Release.Candidate.app/Contents/Developer/Platforms/XROS.platform/Developer/Library/Frameworks -F /Applications/Xcode-27.0.0-Release.Candidate.app/Contents/Developer/Platforms/XROS.platform/Developer/SDKs/XROS27.0.sdk/Developer/Library/Frameworks -c -j10 -enable-batch-mode -incremental -Xcc -ivfsstatcache -Xcc /Users/admin/builder/spi-builder-workspace/.derivedData/SDKStatCaches.noindex/xros27.0-24M361-e829b21a6f8c9b70876ba0858053c044735bd543db762f57723cac368afd1ce4.sdkstatcache -output-file-map /Users/admin/builder/spi-builder-workspace/.derivedData/Build/Intermediates.noindex/SwiftyStoreKit.build/Debug-xros/SwiftyStoreKit-t.build/Objects-normal/arm64/SwiftyStoreKit-OutputFileMap.json -save-temps -no-color-diagnostics -explicit-module-build -module-cache-path /Users/admin/builder/spi-builder-workspace/.derivedData/Build/Intermediates.noindex/SwiftExplicitPrecompiledModules -clang-scanner-module-cache-path /Users/admin/builder/spi-builder-workspace/.derivedData/ModuleCache.noindex -sdk-module-cache-path /Users/admin/builder/spi-builder-workspace/.derivedData/SDKExplicitPrecompiledModules -emit-dependencies -emit-module -emit-module-path /Users/admin/builder/spi-builder-workspace/.derivedData/Build/Intermediates.noindex/SwiftyStoreKit.build/Debug-xros/SwiftyStoreKit-t.build/Objects-normal/arm64/SwiftyStoreKit.swiftmodule -serialize-diagnostics -dependency-scan-serialize-diagnostics-path /Users/admin/builder/spi-builder-workspace/.derivedData/Build/Intermediates.noindex/SwiftyStoreKit.build/Debug-xros/SwiftyStoreKit-t.build/Objects-normal/arm64/SwiftyStoreKit-dependency-scan.dia -validate-clang-modules-once -clang-build-session-file /Users/admin/builder/spi-builder-workspace/.derivedData/ModuleCache.noindex/Session.modulevalidation -Xcc -fmodules-prune-interval\=86400 -Xcc -fmodules-prune-after\=345600 -emit-const-values -const-gather-protocols-list /Users/admin/builder/spi-builder-workspace/.derivedData/Build/Intermediates.noindex/SwiftyStoreKit.build/Debug-xros/SwiftyStoreKit-t.build/Objects-normal/arm64/SwiftyStoreKit_const_extract_protocols.json -Xcc -I/Users/admin/builder/spi-builder-workspace/.derivedData/Build/Products/Debug-xros/include -Xcc -I/Users/admin/builder/spi-builder-workspace/.derivedData/Build/Intermediates.noindex/SwiftyStoreKit.build/Debug-xros/SwiftyStoreKit-t.build/DerivedSources-normal/arm64 -Xcc -I/Users/admin/builder/spi-builder-workspace/.derivedData/Build/Intermediates.noindex/SwiftyStoreKit.build/Debug-xros/SwiftyStoreKit-t.build/DerivedSources/arm64 -Xcc -I/Users/admin/builder/spi-builder-workspace/.derivedData/Build/Intermediates.noindex/SwiftyStoreKit.build/Debug-xros/SwiftyStoreKit-t.build/DerivedSources -Xcc -DSWIFT_PACKAGE -Xcc -DDEBUG\=1 -emit-objc-header -emit-objc-header-path /Users/admin/builder/spi-builder-workspace/.derivedData/Build/Intermediates.noindex/SwiftyStoreKit.build/Debug-xros/SwiftyStoreKit-t.build/Objects-normal/arm64/SwiftyStoreKit-Swift.h -working-directory /Users/admin/builder/spi-builder-workspace/.swiftpm/xcode -experimental-emit-module-separately -disable-cmo
SwiftCompile normal arm64 Compiling\ InAppProductQueryRequest.swift,\ InAppReceipt.swift /Users/admin/builder/spi-builder-workspace/Sources/SwiftyStoreKit/InAppProductQueryRequest.swift /Users/admin/builder/spi-builder-workspace/Sources/SwiftyStoreKit/InAppReceipt.swift (in target 'SwiftyStoreKit' from project 'SwiftyStoreKit')
SwiftCompile normal arm64 /Users/admin/builder/spi-builder-workspace/Sources/SwiftyStoreKit/InAppProductQueryRequest.swift (in target 'SwiftyStoreKit' from project 'SwiftyStoreKit')
cd /Users/admin/builder/spi-builder-workspace/.swiftpm/xcode
builtin-SwiftPerFileCompile InAppProductQueryRequest.swift
SwiftCompile normal arm64 /Users/admin/builder/spi-builder-workspace/Sources/SwiftyStoreKit/InAppReceipt.swift (in target 'SwiftyStoreKit' from project 'SwiftyStoreKit')
cd /Users/admin/builder/spi-builder-workspace/.swiftpm/xcode
builtin-SwiftPerFileCompile InAppReceipt.swift
SwiftCompile normal arm64 Compiling\ AppleReceiptValidator.swift,\ CompleteTransactionsController.swift /Users/admin/builder/spi-builder-workspace/Sources/SwiftyStoreKit/AppleReceiptValidator.swift /Users/admin/builder/spi-builder-workspace/Sources/SwiftyStoreKit/CompleteTransactionsController.swift (in target 'SwiftyStoreKit' from project 'SwiftyStoreKit')
SwiftCompile normal arm64 /Users/admin/builder/spi-builder-workspace/Sources/SwiftyStoreKit/AppleReceiptValidator.swift (in target 'SwiftyStoreKit' from project 'SwiftyStoreKit')
cd /Users/admin/builder/spi-builder-workspace/.swiftpm/xcode
builtin-SwiftPerFileCompile AppleReceiptValidator.swift
SwiftCompile normal arm64 /Users/admin/builder/spi-builder-workspace/Sources/SwiftyStoreKit/CompleteTransactionsController.swift (in target 'SwiftyStoreKit' from project 'SwiftyStoreKit')
cd /Users/admin/builder/spi-builder-workspace/.swiftpm/xcode
builtin-SwiftPerFileCompile CompleteTransactionsController.swift
SwiftCompile normal arm64 Compiling\ InAppReceiptRefreshRequest.swift,\ InAppReceiptVerificator.swift /Users/admin/builder/spi-builder-workspace/Sources/SwiftyStoreKit/InAppReceiptRefreshRequest.swift /Users/admin/builder/spi-builder-workspace/Sources/SwiftyStoreKit/InAppReceiptVerificator.swift (in target 'SwiftyStoreKit' from project 'SwiftyStoreKit')
SwiftCompile normal arm64 /Users/admin/builder/spi-builder-workspace/Sources/SwiftyStoreKit/InAppReceiptRefreshRequest.swift (in target 'SwiftyStoreKit' from project 'SwiftyStoreKit')
cd /Users/admin/builder/spi-builder-workspace/.swiftpm/xcode
builtin-SwiftPerFileCompile InAppReceiptRefreshRequest.swift
SwiftCompile normal arm64 /Users/admin/builder/spi-builder-workspace/Sources/SwiftyStoreKit/InAppReceiptVerificator.swift (in target 'SwiftyStoreKit' from project 'SwiftyStoreKit')
cd /Users/admin/builder/spi-builder-workspace/.swiftpm/xcode
builtin-SwiftPerFileCompile InAppReceiptVerificator.swift
SwiftCompile normal arm64 Compiling\ OS.swift,\ PaymentQueueController.swift /Users/admin/builder/spi-builder-workspace/Sources/SwiftyStoreKit/OS.swift /Users/admin/builder/spi-builder-workspace/Sources/SwiftyStoreKit/PaymentQueueController.swift (in target 'SwiftyStoreKit' from project 'SwiftyStoreKit')
/Users/admin/builder/spi-builder-workspace/Sources/SwiftyStoreKit/PaymentQueueController.swift:52:30: error: 'SKDownload' is unavailable in visionOS
50 | func add(_ payment: SKPayment)
51 |
52 | func start(_ downloads: [SKDownload])
| `- error: 'SKDownload' is unavailable in visionOS
53 | func pause(_ downloads: [SKDownload])
54 | func resume(_ downloads: [SKDownload])
/Applications/Xcode-27.0.0-Release.Candidate.app/Contents/Developer/Platforms/XROS.platform/Developer/SDKs/XROS27.0.sdk/System/Library/Frameworks/StoreKit.framework/Headers/SKDownload.h:26:182: note: 'SKDownload' has been explicitly marked unavailable here
24 | SK_EXTERN NSTimeInterval SKDownloadTimeRemainingUnknown API_DEPRECATED("Hosted content is no longer supported.", ios(6.0, 16.0), macos(10.14, 13.0), tvos(9.0, 16.0), watchos(6.2, 9.0)) API_UNAVAILABLE(visionos);
25 |
26 | SK_EXTERN_CLASS API_DEPRECATED("Hosted content is no longer supported.", ios(6.0, 16.0), macos(10.8, 13.0), tvos(9.0, 16.0), watchos(6.2, 9.0)) API_UNAVAILABLE(visionos) @interface SKDownload : NSObject {
| `- note: 'SKDownload' has been explicitly marked unavailable here
27 | @private
28 | id _internal;
/Users/admin/builder/spi-builder-workspace/Sources/SwiftyStoreKit/PaymentQueueController.swift:53:30: error: 'SKDownload' is unavailable in visionOS
51 |
52 | func start(_ downloads: [SKDownload])
53 | func pause(_ downloads: [SKDownload])
| `- error: 'SKDownload' is unavailable in visionOS
54 | func resume(_ downloads: [SKDownload])
55 | func cancel(_ downloads: [SKDownload])
/Applications/Xcode-27.0.0-Release.Candidate.app/Contents/Developer/Platforms/XROS.platform/Developer/SDKs/XROS27.0.sdk/System/Library/Frameworks/StoreKit.framework/Headers/SKDownload.h:26:182: note: 'SKDownload' has been explicitly marked unavailable here
24 | SK_EXTERN NSTimeInterval SKDownloadTimeRemainingUnknown API_DEPRECATED("Hosted content is no longer supported.", ios(6.0, 16.0), macos(10.14, 13.0), tvos(9.0, 16.0), watchos(6.2, 9.0)) API_UNAVAILABLE(visionos);
25 |
26 | SK_EXTERN_CLASS API_DEPRECATED("Hosted content is no longer supported.", ios(6.0, 16.0), macos(10.8, 13.0), tvos(9.0, 16.0), watchos(6.2, 9.0)) API_UNAVAILABLE(visionos) @interface SKDownload : NSObject {
| `- note: 'SKDownload' has been explicitly marked unavailable here
27 | @private
28 | id _internal;
/Users/admin/builder/spi-builder-workspace/Sources/SwiftyStoreKit/PaymentQueueController.swift:54:31: error: 'SKDownload' is unavailable in visionOS
52 | func start(_ downloads: [SKDownload])
53 | func pause(_ downloads: [SKDownload])
54 | func resume(_ downloads: [SKDownload])
| `- error: 'SKDownload' is unavailable in visionOS
55 | func cancel(_ downloads: [SKDownload])
56 |
/Applications/Xcode-27.0.0-Release.Candidate.app/Contents/Developer/Platforms/XROS.platform/Developer/SDKs/XROS27.0.sdk/System/Library/Frameworks/StoreKit.framework/Headers/SKDownload.h:26:182: note: 'SKDownload' has been explicitly marked unavailable here
24 | SK_EXTERN NSTimeInterval SKDownloadTimeRemainingUnknown API_DEPRECATED("Hosted content is no longer supported.", ios(6.0, 16.0), macos(10.14, 13.0), tvos(9.0, 16.0), watchos(6.2, 9.0)) API_UNAVAILABLE(visionos);
25 |
26 | SK_EXTERN_CLASS API_DEPRECATED("Hosted content is no longer supported.", ios(6.0, 16.0), macos(10.8, 13.0), tvos(9.0, 16.0), watchos(6.2, 9.0)) API_UNAVAILABLE(visionos) @interface SKDownload : NSObject {
| `- note: 'SKDownload' has been explicitly marked unavailable here
27 | @private
28 | id _internal;
/Users/admin/builder/spi-builder-workspace/Sources/SwiftyStoreKit/PaymentQueueController.swift:55:31: error: 'SKDownload' is unavailable in visionOS
53 | func pause(_ downloads: [SKDownload])
54 | func resume(_ downloads: [SKDownload])
55 | func cancel(_ downloads: [SKDownload])
| `- error: 'SKDownload' is unavailable in visionOS
56 |
57 | func restoreCompletedTransactions(withApplicationUsername username: String?)
/Applications/Xcode-27.0.0-Release.Candidate.app/Contents/Developer/Platforms/XROS.platform/Developer/SDKs/XROS27.0.sdk/System/Library/Frameworks/StoreKit.framework/Headers/SKDownload.h:26:182: note: 'SKDownload' has been explicitly marked unavailable here
24 | SK_EXTERN NSTimeInterval SKDownloadTimeRemainingUnknown API_DEPRECATED("Hosted content is no longer supported.", ios(6.0, 16.0), macos(10.14, 13.0), tvos(9.0, 16.0), watchos(6.2, 9.0)) API_UNAVAILABLE(visionos);
25 |
26 | SK_EXTERN_CLASS API_DEPRECATED("Hosted content is no longer supported.", ios(6.0, 16.0), macos(10.8, 13.0), tvos(9.0, 16.0), watchos(6.2, 9.0)) API_UNAVAILABLE(visionos) @interface SKDownload : NSObject {
| `- note: 'SKDownload' has been explicitly marked unavailable here
27 | @private
28 | id _internal;
/Users/admin/builder/spi-builder-workspace/Sources/SwiftyStoreKit/PaymentQueueController.swift:62:1: error: type 'SKPaymentQueue' does not conform to protocol 'PaymentQueue'
60 | }
61 |
62 | extension SKPaymentQueue: PaymentQueue {
| `- error: type 'SKPaymentQueue' does not conform to protocol 'PaymentQueue'
63 |
64 | #if os(watchOS) && swift(<5.3)
/Users/admin/builder/spi-builder-workspace/Sources/SwiftyStoreKit/PaymentQueueController.swift:62:1: error: unavailable instance method 'start' was used to satisfy a requirement of protocol 'PaymentQueue'
50 | func add(_ payment: SKPayment)
51 |
52 | func start(_ downloads: [SKDownload])
| `- note: requirement 'start' declared here
53 | func pause(_ downloads: [SKDownload])
54 | func resume(_ downloads: [SKDownload])
:
60 | }
61 |
62 | extension SKPaymentQueue: PaymentQueue {
| `- error: unavailable instance method 'start' was used to satisfy a requirement of protocol 'PaymentQueue'
63 |
64 | #if os(watchOS) && swift(<5.3)
/Applications/Xcode-27.0.0-Release.Candidate.app/Contents/Developer/Platforms/XROS.platform/Developer/SDKs/XROS27.0.sdk/System/Library/Frameworks/StoreKit.framework/Headers/SKPaymentQueue.h:50:1: note: 'start' declared here
48 |
49 | // Asynchronous. Start the given downloads (SKDownload).
50 | - (void)startDownloads:(NSArray<SKDownload *> *)downloads API_DEPRECATED("Hosted content is no longer supported.", ios(6.0, 16.0), macos(10.8, 13.0), tvos(9.0, 16.0), watchos(6.2, 9.0)) API_UNAVAILABLE(visionos);
| `- note: 'start' declared here
51 |
52 | // Asynchronous. Pause/resume downloads (SKDownload).
/Users/admin/builder/spi-builder-workspace/Sources/SwiftyStoreKit/PaymentQueueController.swift:62:1: error: unavailable instance method 'pause' was used to satisfy a requirement of protocol 'PaymentQueue'
51 |
52 | func start(_ downloads: [SKDownload])
53 | func pause(_ downloads: [SKDownload])
| `- note: requirement 'pause' declared here
54 | func resume(_ downloads: [SKDownload])
55 | func cancel(_ downloads: [SKDownload])
:
60 | }
61 |
62 | extension SKPaymentQueue: PaymentQueue {
| `- error: unavailable instance method 'pause' was used to satisfy a requirement of protocol 'PaymentQueue'
63 |
64 | #if os(watchOS) && swift(<5.3)
/Applications/Xcode-27.0.0-Release.Candidate.app/Contents/Developer/Platforms/XROS.platform/Developer/SDKs/XROS27.0.sdk/System/Library/Frameworks/StoreKit.framework/Headers/SKPaymentQueue.h:53:1: note: 'pause' declared here
51 |
52 | // Asynchronous. Pause/resume downloads (SKDownload).
53 | - (void)pauseDownloads:(NSArray<SKDownload *> *)downloads API_DEPRECATED("Hosted content is no longer supported.", ios(6.0, 16.0), macos(10.8, 13.0), tvos(9.0, 16.0), watchos(6.2, 9.0)) API_UNAVAILABLE(visionos);
| `- note: 'pause' declared here
54 | - (void)resumeDownloads:(NSArray<SKDownload *> *)downloads API_DEPRECATED("Hosted content is no longer supported.", ios(6.0, 16.0), macos(10.8, 13.0), tvos(9.0, 16.0), watchos(6.2, 9.0)) API_UNAVAILABLE(visionos);
55 |
/Users/admin/builder/spi-builder-workspace/Sources/SwiftyStoreKit/PaymentQueueController.swift:62:1: error: unavailable instance method 'resume' was used to satisfy a requirement of protocol 'PaymentQueue'
52 | func start(_ downloads: [SKDownload])
53 | func pause(_ downloads: [SKDownload])
54 | func resume(_ downloads: [SKDownload])
| `- note: requirement 'resume' declared here
55 | func cancel(_ downloads: [SKDownload])
56 |
:
60 | }
61 |
62 | extension SKPaymentQueue: PaymentQueue {
| `- error: unavailable instance method 'resume' was used to satisfy a requirement of protocol 'PaymentQueue'
63 |
64 | #if os(watchOS) && swift(<5.3)
/Applications/Xcode-27.0.0-Release.Candidate.app/Contents/Developer/Platforms/XROS.platform/Developer/SDKs/XROS27.0.sdk/System/Library/Frameworks/StoreKit.framework/Headers/SKPaymentQueue.h:54:1: note: 'resume' declared here
52 | // Asynchronous. Pause/resume downloads (SKDownload).
53 | - (void)pauseDownloads:(NSArray<SKDownload *> *)downloads API_DEPRECATED("Hosted content is no longer supported.", ios(6.0, 16.0), macos(10.8, 13.0), tvos(9.0, 16.0), watchos(6.2, 9.0)) API_UNAVAILABLE(visionos);
54 | - (void)resumeDownloads:(NSArray<SKDownload *> *)downloads API_DEPRECATED("Hosted content is no longer supported.", ios(6.0, 16.0), macos(10.8, 13.0), tvos(9.0, 16.0), watchos(6.2, 9.0)) API_UNAVAILABLE(visionos);
| `- note: 'resume' declared here
55 |
56 | // Asynchronous. Cancel downloads (SKDownload)
/Users/admin/builder/spi-builder-workspace/Sources/SwiftyStoreKit/PaymentQueueController.swift:62:1: error: unavailable instance method 'cancel' was used to satisfy a requirement of protocol 'PaymentQueue'
53 | func pause(_ downloads: [SKDownload])
54 | func resume(_ downloads: [SKDownload])
55 | func cancel(_ downloads: [SKDownload])
| `- note: requirement 'cancel' declared here
56 |
57 | func restoreCompletedTransactions(withApplicationUsername username: String?)
:
60 | }
61 |
62 | extension SKPaymentQueue: PaymentQueue {
| `- error: unavailable instance method 'cancel' was used to satisfy a requirement of protocol 'PaymentQueue'
63 |
64 | #if os(watchOS) && swift(<5.3)
/Applications/Xcode-27.0.0-Release.Candidate.app/Contents/Developer/Platforms/XROS.platform/Developer/SDKs/XROS27.0.sdk/System/Library/Frameworks/StoreKit.framework/Headers/SKPaymentQueue.h:57:1: note: 'cancel' declared here
55 |
56 | // Asynchronous. Cancel downloads (SKDownload)
57 | - (void)cancelDownloads:(NSArray<SKDownload *> *)downloads API_DEPRECATED("Hosted content is no longer supported.", ios(6.0, 16.0), macos(10.8, 13.0), tvos(9.0, 16.0), watchos(6.2, 9.0)) API_UNAVAILABLE(visionos);
| `- note: 'cancel' declared here
58 |
59 | // Observers are not retained. The transactions array will only be synchronized with the server while the queue has observers. This may require that the user authenticate.
/Users/admin/builder/spi-builder-workspace/Sources/SwiftyStoreKit/PaymentQueueController.swift:81:1: warning: extension declares a conformance of imported type 'SKPaymentTransactionState' to imported protocol 'CustomDebugStringConvertible'; this will not behave correctly if the owners of 'StoreKit' introduce this conformance in the future
79 | }
80 |
81 | extension SKPaymentTransactionState: CustomDebugStringConvertible {
| |- warning: extension declares a conformance of imported type 'SKPaymentTransactionState' to imported protocol 'CustomDebugStringConvertible'; this will not behave correctly if the owners of 'StoreKit' introduce this conformance in the future
| `- note: add '@retroactive' to silence this warning
82 |
83 | public var debugDescription: String {
/Users/admin/builder/spi-builder-workspace/Sources/SwiftyStoreKit/PaymentQueueController.swift:196:30: error: 'SKDownload' is unavailable in visionOS
194 | }
195 |
196 | func start(_ downloads: [SKDownload]) {
| `- error: 'SKDownload' is unavailable in visionOS
197 | paymentQueue.start(downloads)
198 | }
/Applications/Xcode-27.0.0-Release.Candidate.app/Contents/Developer/Platforms/XROS.platform/Developer/SDKs/XROS27.0.sdk/System/Library/Frameworks/StoreKit.framework/Headers/SKDownload.h:26:182: note: 'SKDownload' has been explicitly marked unavailable here
24 | SK_EXTERN NSTimeInterval SKDownloadTimeRemainingUnknown API_DEPRECATED("Hosted content is no longer supported.", ios(6.0, 16.0), macos(10.14, 13.0), tvos(9.0, 16.0), watchos(6.2, 9.0)) API_UNAVAILABLE(visionos);
25 |
26 | SK_EXTERN_CLASS API_DEPRECATED("Hosted content is no longer supported.", ios(6.0, 16.0), macos(10.8, 13.0), tvos(9.0, 16.0), watchos(6.2, 9.0)) API_UNAVAILABLE(visionos) @interface SKDownload : NSObject {
| `- note: 'SKDownload' has been explicitly marked unavailable here
27 | @private
28 | id _internal;
/Users/admin/builder/spi-builder-workspace/Sources/SwiftyStoreKit/PaymentQueueController.swift:200:30: error: 'SKDownload' is unavailable in visionOS
198 | }
199 |
200 | func pause(_ downloads: [SKDownload]) {
| `- error: 'SKDownload' is unavailable in visionOS
201 | paymentQueue.pause(downloads)
202 | }
/Applications/Xcode-27.0.0-Release.Candidate.app/Contents/Developer/Platforms/XROS.platform/Developer/SDKs/XROS27.0.sdk/System/Library/Frameworks/StoreKit.framework/Headers/SKDownload.h:26:182: note: 'SKDownload' has been explicitly marked unavailable here
24 | SK_EXTERN NSTimeInterval SKDownloadTimeRemainingUnknown API_DEPRECATED("Hosted content is no longer supported.", ios(6.0, 16.0), macos(10.14, 13.0), tvos(9.0, 16.0), watchos(6.2, 9.0)) API_UNAVAILABLE(visionos);
25 |
26 | SK_EXTERN_CLASS API_DEPRECATED("Hosted content is no longer supported.", ios(6.0, 16.0), macos(10.8, 13.0), tvos(9.0, 16.0), watchos(6.2, 9.0)) API_UNAVAILABLE(visionos) @interface SKDownload : NSObject {
| `- note: 'SKDownload' has been explicitly marked unavailable here
27 | @private
28 | id _internal;
/Users/admin/builder/spi-builder-workspace/Sources/SwiftyStoreKit/PaymentQueueController.swift:204:31: error: 'SKDownload' is unavailable in visionOS
202 | }
203 |
204 | func resume(_ downloads: [SKDownload]) {
| `- error: 'SKDownload' is unavailable in visionOS
205 | paymentQueue.resume(downloads)
206 | }
/Applications/Xcode-27.0.0-Release.Candidate.app/Contents/Developer/Platforms/XROS.platform/Developer/SDKs/XROS27.0.sdk/System/Library/Frameworks/StoreKit.framework/Headers/SKDownload.h:26:182: note: 'SKDownload' has been explicitly marked unavailable here
24 | SK_EXTERN NSTimeInterval SKDownloadTimeRemainingUnknown API_DEPRECATED("Hosted content is no longer supported.", ios(6.0, 16.0), macos(10.14, 13.0), tvos(9.0, 16.0), watchos(6.2, 9.0)) API_UNAVAILABLE(visionos);
25 |
26 | SK_EXTERN_CLASS API_DEPRECATED("Hosted content is no longer supported.", ios(6.0, 16.0), macos(10.8, 13.0), tvos(9.0, 16.0), watchos(6.2, 9.0)) API_UNAVAILABLE(visionos) @interface SKDownload : NSObject {
| `- note: 'SKDownload' has been explicitly marked unavailable here
27 | @private
28 | id _internal;
/Users/admin/builder/spi-builder-workspace/Sources/SwiftyStoreKit/PaymentQueueController.swift:208:31: error: 'SKDownload' is unavailable in visionOS
206 | }
207 |
208 | func cancel(_ downloads: [SKDownload]) {
| `- error: 'SKDownload' is unavailable in visionOS
209 | paymentQueue.cancel(downloads)
210 | }
/Applications/Xcode-27.0.0-Release.Candidate.app/Contents/Developer/Platforms/XROS.platform/Developer/SDKs/XROS27.0.sdk/System/Library/Frameworks/StoreKit.framework/Headers/SKDownload.h:26:182: note: 'SKDownload' has been explicitly marked unavailable here
24 | SK_EXTERN NSTimeInterval SKDownloadTimeRemainingUnknown API_DEPRECATED("Hosted content is no longer supported.", ios(6.0, 16.0), macos(10.14, 13.0), tvos(9.0, 16.0), watchos(6.2, 9.0)) API_UNAVAILABLE(visionos);
25 |
26 | SK_EXTERN_CLASS API_DEPRECATED("Hosted content is no longer supported.", ios(6.0, 16.0), macos(10.8, 13.0), tvos(9.0, 16.0), watchos(6.2, 9.0)) API_UNAVAILABLE(visionos) @interface SKDownload : NSObject {
| `- note: 'SKDownload' has been explicitly marked unavailable here
27 | @private
28 | id _internal;
/Users/admin/builder/spi-builder-workspace/Sources/SwiftyStoreKit/PaymentQueueController.swift:273:77: error: 'SKDownload' is unavailable in visionOS
271 | }
272 |
273 | func paymentQueue(_ queue: SKPaymentQueue, updatedDownloads downloads: [SKDownload]) {
| `- error: 'SKDownload' is unavailable in visionOS
274 | updatedDownloadsHandler?(downloads)
275 | }
/Applications/Xcode-27.0.0-Release.Candidate.app/Contents/Developer/Platforms/XROS.platform/Developer/SDKs/XROS27.0.sdk/System/Library/Frameworks/StoreKit.framework/Headers/SKDownload.h:26:182: note: 'SKDownload' has been explicitly marked unavailable here
24 | SK_EXTERN NSTimeInterval SKDownloadTimeRemainingUnknown API_DEPRECATED("Hosted content is no longer supported.", ios(6.0, 16.0), macos(10.14, 13.0), tvos(9.0, 16.0), watchos(6.2, 9.0)) API_UNAVAILABLE(visionos);
25 |
26 | SK_EXTERN_CLASS API_DEPRECATED("Hosted content is no longer supported.", ios(6.0, 16.0), macos(10.8, 13.0), tvos(9.0, 16.0), watchos(6.2, 9.0)) API_UNAVAILABLE(visionos) @interface SKDownload : NSObject {
| `- note: 'SKDownload' has been explicitly marked unavailable here
27 | @private
28 | id _internal;
SwiftCompile normal arm64 /Users/admin/builder/spi-builder-workspace/Sources/SwiftyStoreKit/OS.swift (in target 'SwiftyStoreKit' from project 'SwiftyStoreKit')
cd /Users/admin/builder/spi-builder-workspace/.swiftpm/xcode
builtin-SwiftPerFileCompile OS.swift
SwiftCompile normal arm64 /Users/admin/builder/spi-builder-workspace/Sources/SwiftyStoreKit/PaymentQueueController.swift (in target 'SwiftyStoreKit' from project 'SwiftyStoreKit')
cd /Users/admin/builder/spi-builder-workspace/.swiftpm/xcode
builtin-SwiftPerFileCompile PaymentQueueController.swift
SwiftCompile normal arm64 Compiling\ PaymentsController.swift,\ ProductsInfoController.swift /Users/admin/builder/spi-builder-workspace/Sources/SwiftyStoreKit/PaymentsController.swift /Users/admin/builder/spi-builder-workspace/Sources/SwiftyStoreKit/ProductsInfoController.swift (in target 'SwiftyStoreKit' from project 'SwiftyStoreKit')
SwiftCompile normal arm64 /Users/admin/builder/spi-builder-workspace/Sources/SwiftyStoreKit/PaymentsController.swift (in target 'SwiftyStoreKit' from project 'SwiftyStoreKit')
cd /Users/admin/builder/spi-builder-workspace/.swiftpm/xcode
builtin-SwiftPerFileCompile PaymentsController.swift
SwiftCompile normal arm64 /Users/admin/builder/spi-builder-workspace/Sources/SwiftyStoreKit/ProductsInfoController.swift (in target 'SwiftyStoreKit' from project 'SwiftyStoreKit')
cd /Users/admin/builder/spi-builder-workspace/.swiftpm/xcode
builtin-SwiftPerFileCompile ProductsInfoController.swift
SwiftCompile normal arm64 Compiling\ RestorePurchasesController.swift /Users/admin/builder/spi-builder-workspace/Sources/SwiftyStoreKit/RestorePurchasesController.swift (in target 'SwiftyStoreKit' from project 'SwiftyStoreKit')
SwiftCompile normal arm64 /Users/admin/builder/spi-builder-workspace/Sources/SwiftyStoreKit/RestorePurchasesController.swift (in target 'SwiftyStoreKit' from project 'SwiftyStoreKit')
cd /Users/admin/builder/spi-builder-workspace/.swiftpm/xcode
builtin-SwiftPerFileCompile RestorePurchasesController.swift
SwiftCompile normal arm64 Compiling\ SwiftyStoreKit.swift /Users/admin/builder/spi-builder-workspace/Sources/SwiftyStoreKit/SwiftyStoreKit.swift (in target 'SwiftyStoreKit' from project 'SwiftyStoreKit')
/Users/admin/builder/spi-builder-workspace/Sources/SwiftyStoreKit/SwiftyStoreKit.swift:234:43: error: 'SKDownload' is unavailable in visionOS
232 | }
233 |
234 | public class func start(_ downloads: [SKDownload]) {
| `- error: 'SKDownload' is unavailable in visionOS
235 | sharedInstance.paymentQueueController.start(downloads)
236 | }
/Applications/Xcode-27.0.0-Release.Candidate.app/Contents/Developer/Platforms/XROS.platform/Developer/SDKs/XROS27.0.sdk/System/Library/Frameworks/StoreKit.framework/Headers/SKDownload.h:26:182: note: 'SKDownload' has been explicitly marked unavailable here
24 | SK_EXTERN NSTimeInterval SKDownloadTimeRemainingUnknown API_DEPRECATED("Hosted content is no longer supported.", ios(6.0, 16.0), macos(10.14, 13.0), tvos(9.0, 16.0), watchos(6.2, 9.0)) API_UNAVAILABLE(visionos);
25 |
26 | SK_EXTERN_CLASS API_DEPRECATED("Hosted content is no longer supported.", ios(6.0, 16.0), macos(10.8, 13.0), tvos(9.0, 16.0), watchos(6.2, 9.0)) API_UNAVAILABLE(visionos) @interface SKDownload : NSObject {
| `- note: 'SKDownload' has been explicitly marked unavailable here
27 | @private
28 | id _internal;
/Users/admin/builder/spi-builder-workspace/Sources/SwiftyStoreKit/SwiftyStoreKit.swift:237:43: error: 'SKDownload' is unavailable in visionOS
235 | sharedInstance.paymentQueueController.start(downloads)
236 | }
237 | public class func pause(_ downloads: [SKDownload]) {
| `- error: 'SKDownload' is unavailable in visionOS
238 | sharedInstance.paymentQueueController.pause(downloads)
239 | }
/Applications/Xcode-27.0.0-Release.Candidate.app/Contents/Developer/Platforms/XROS.platform/Developer/SDKs/XROS27.0.sdk/System/Library/Frameworks/StoreKit.framework/Headers/SKDownload.h:26:182: note: 'SKDownload' has been explicitly marked unavailable here
24 | SK_EXTERN NSTimeInterval SKDownloadTimeRemainingUnknown API_DEPRECATED("Hosted content is no longer supported.", ios(6.0, 16.0), macos(10.14, 13.0), tvos(9.0, 16.0), watchos(6.2, 9.0)) API_UNAVAILABLE(visionos);
25 |
26 | SK_EXTERN_CLASS API_DEPRECATED("Hosted content is no longer supported.", ios(6.0, 16.0), macos(10.8, 13.0), tvos(9.0, 16.0), watchos(6.2, 9.0)) API_UNAVAILABLE(visionos) @interface SKDownload : NSObject {
| `- note: 'SKDownload' has been explicitly marked unavailable here
27 | @private
28 | id _internal;
/Users/admin/builder/spi-builder-workspace/Sources/SwiftyStoreKit/SwiftyStoreKit.swift:240:44: error: 'SKDownload' is unavailable in visionOS
238 | sharedInstance.paymentQueueController.pause(downloads)
239 | }
240 | public class func resume(_ downloads: [SKDownload]) {
| `- error: 'SKDownload' is unavailable in visionOS
241 | sharedInstance.paymentQueueController.resume(downloads)
242 | }
/Applications/Xcode-27.0.0-Release.Candidate.app/Contents/Developer/Platforms/XROS.platform/Developer/SDKs/XROS27.0.sdk/System/Library/Frameworks/StoreKit.framework/Headers/SKDownload.h:26:182: note: 'SKDownload' has been explicitly marked unavailable here
24 | SK_EXTERN NSTimeInterval SKDownloadTimeRemainingUnknown API_DEPRECATED("Hosted content is no longer supported.", ios(6.0, 16.0), macos(10.14, 13.0), tvos(9.0, 16.0), watchos(6.2, 9.0)) API_UNAVAILABLE(visionos);
25 |
26 | SK_EXTERN_CLASS API_DEPRECATED("Hosted content is no longer supported.", ios(6.0, 16.0), macos(10.8, 13.0), tvos(9.0, 16.0), watchos(6.2, 9.0)) API_UNAVAILABLE(visionos) @interface SKDownload : NSObject {
| `- note: 'SKDownload' has been explicitly marked unavailable here
27 | @private
28 | id _internal;
SwiftCompile normal arm64 /Users/admin/builder/spi-builder-workspace/Sources/SwiftyStoreKit/SwiftyStoreKit.swift (in target 'SwiftyStoreKit' from project 'SwiftyStoreKit')
cd /Users/admin/builder/spi-builder-workspace/.swiftpm/xcode
builtin-SwiftPerFileCompile SwiftyStoreKit.swift
SwiftCompile normal arm64 Compiling\ SKProductDiscount+LocalizedPrice.swift /Users/admin/builder/spi-builder-workspace/Sources/SwiftyStoreKit/SKProductDiscount+LocalizedPrice.swift (in target 'SwiftyStoreKit' from project 'SwiftyStoreKit')
SwiftCompile normal arm64 /Users/admin/builder/spi-builder-workspace/Sources/SwiftyStoreKit/SKProductDiscount+LocalizedPrice.swift (in target 'SwiftyStoreKit' from project 'SwiftyStoreKit')
cd /Users/admin/builder/spi-builder-workspace/.swiftpm/xcode
builtin-SwiftPerFileCompile SKProductDiscount+LocalizedPrice.swift
SwiftCompile normal arm64 Compiling\ SwiftyStoreKit+Types.swift /Users/admin/builder/spi-builder-workspace/Sources/SwiftyStoreKit/SwiftyStoreKit+Types.swift (in target 'SwiftyStoreKit' from project 'SwiftyStoreKit')
/Users/admin/builder/spi-builder-workspace/Sources/SwiftyStoreKit/SwiftyStoreKit+Types.swift:109:21: error: 'SKDownload' is unavailable in visionOS
107 | var transactionState: SKPaymentTransactionState { get }
108 | var transactionIdentifier: String? { get }
109 | var downloads: [SKDownload] { get }
| `- error: 'SKDownload' is unavailable in visionOS
110 | }
111 |
/Applications/Xcode-27.0.0-Release.Candidate.app/Contents/Developer/Platforms/XROS.platform/Developer/SDKs/XROS27.0.sdk/System/Library/Frameworks/StoreKit.framework/Headers/SKDownload.h:26:182: note: 'SKDownload' has been explicitly marked unavailable here
24 | SK_EXTERN NSTimeInterval SKDownloadTimeRemainingUnknown API_DEPRECATED("Hosted content is no longer supported.", ios(6.0, 16.0), macos(10.14, 13.0), tvos(9.0, 16.0), watchos(6.2, 9.0)) API_UNAVAILABLE(visionos);
25 |
26 | SK_EXTERN_CLASS API_DEPRECATED("Hosted content is no longer supported.", ios(6.0, 16.0), macos(10.8, 13.0), tvos(9.0, 16.0), watchos(6.2, 9.0)) API_UNAVAILABLE(visionos) @interface SKDownload : NSObject {
| `- note: 'SKDownload' has been explicitly marked unavailable here
27 | @private
28 | id _internal;
/Users/admin/builder/spi-builder-workspace/Sources/SwiftyStoreKit/SwiftyStoreKit+Types.swift:113:1: error: type 'SKPaymentTransaction' does not conform to protocol 'PaymentTransaction'
111 |
112 | /// Add PaymentTransaction conformance to SKPaymentTransaction
113 | extension SKPaymentTransaction: PaymentTransaction { }
| `- error: type 'SKPaymentTransaction' does not conform to protocol 'PaymentTransaction'
114 |
115 | /// Products information
/Users/admin/builder/spi-builder-workspace/Sources/SwiftyStoreKit/SwiftyStoreKit+Types.swift:113:1: error: unavailable property 'downloads' was used to satisfy a requirement of protocol 'PaymentTransaction'
107 | var transactionState: SKPaymentTransactionState { get }
108 | var transactionIdentifier: String? { get }
109 | var downloads: [SKDownload] { get }
| `- note: requirement 'downloads' declared here
110 | }
111 |
112 | /// Add PaymentTransaction conformance to SKPaymentTransaction
113 | extension SKPaymentTransaction: PaymentTransaction { }
| `- error: unavailable property 'downloads' was used to satisfy a requirement of protocol 'PaymentTransaction'
114 |
115 | /// Products information
/Applications/Xcode-27.0.0-Release.Candidate.app/Contents/Developer/Platforms/XROS.platform/Developer/SDKs/XROS27.0.sdk/System/Library/Frameworks/StoreKit.framework/Headers/SKPaymentTransaction.h:41:55: note: 'downloads' declared here
39 |
40 | // Available downloads (SKDownload) for this transaction
41 | @property(nonatomic, readonly) NSArray<SKDownload *> *downloads API_DEPRECATED("Hosted content is no longer supported.", ios(6.0, 16.0), macos(10.8, 13.0), tvos(9.0, 16.0), watchos(6.2, 9.0)) API_UNAVAILABLE(visionos);
| `- note: 'downloads' declared here
42 |
43 | // The date when the transaction was added to the server queue. Only valid if state is SKPaymentTransactionStatePurchased or SKPaymentTransactionStateRestored.
SwiftCompile normal arm64 /Users/admin/builder/spi-builder-workspace/Sources/SwiftyStoreKit/SwiftyStoreKit+Types.swift (in target 'SwiftyStoreKit' from project 'SwiftyStoreKit')
cd /Users/admin/builder/spi-builder-workspace/.swiftpm/xcode
builtin-SwiftPerFileCompile SwiftyStoreKit+Types.swift
SwiftEmitModule normal arm64 Emitting\ module\ for\ SwiftyStoreKit (in target 'SwiftyStoreKit' from project 'SwiftyStoreKit')
/Users/admin/builder/spi-builder-workspace/Sources/SwiftyStoreKit/PaymentQueueController.swift:52:30: error: 'SKDownload' is unavailable in visionOS
50 | func add(_ payment: SKPayment)
51 |
52 | func start(_ downloads: [SKDownload])
| `- error: 'SKDownload' is unavailable in visionOS
53 | func pause(_ downloads: [SKDownload])
54 | func resume(_ downloads: [SKDownload])
/Applications/Xcode-27.0.0-Release.Candidate.app/Contents/Developer/Platforms/XROS.platform/Developer/SDKs/XROS27.0.sdk/System/Library/Frameworks/StoreKit.framework/Headers/SKDownload.h:26:182: note: 'SKDownload' has been explicitly marked unavailable here
24 | SK_EXTERN NSTimeInterval SKDownloadTimeRemainingUnknown API_DEPRECATED("Hosted content is no longer supported.", ios(6.0, 16.0), macos(10.14, 13.0), tvos(9.0, 16.0), watchos(6.2, 9.0)) API_UNAVAILABLE(visionos);
25 |
26 | SK_EXTERN_CLASS API_DEPRECATED("Hosted content is no longer supported.", ios(6.0, 16.0), macos(10.8, 13.0), tvos(9.0, 16.0), watchos(6.2, 9.0)) API_UNAVAILABLE(visionos) @interface SKDownload : NSObject {
| `- note: 'SKDownload' has been explicitly marked unavailable here
27 | @private
28 | id _internal;
/Users/admin/builder/spi-builder-workspace/Sources/SwiftyStoreKit/PaymentQueueController.swift:53:30: error: 'SKDownload' is unavailable in visionOS
51 |
52 | func start(_ downloads: [SKDownload])
53 | func pause(_ downloads: [SKDownload])
| `- error: 'SKDownload' is unavailable in visionOS
54 | func resume(_ downloads: [SKDownload])
55 | func cancel(_ downloads: [SKDownload])
/Applications/Xcode-27.0.0-Release.Candidate.app/Contents/Developer/Platforms/XROS.platform/Developer/SDKs/XROS27.0.sdk/System/Library/Frameworks/StoreKit.framework/Headers/SKDownload.h:26:182: note: 'SKDownload' has been explicitly marked unavailable here
24 | SK_EXTERN NSTimeInterval SKDownloadTimeRemainingUnknown API_DEPRECATED("Hosted content is no longer supported.", ios(6.0, 16.0), macos(10.14, 13.0), tvos(9.0, 16.0), watchos(6.2, 9.0)) API_UNAVAILABLE(visionos);
25 |
26 | SK_EXTERN_CLASS API_DEPRECATED("Hosted content is no longer supported.", ios(6.0, 16.0), macos(10.8, 13.0), tvos(9.0, 16.0), watchos(6.2, 9.0)) API_UNAVAILABLE(visionos) @interface SKDownload : NSObject {
| `- note: 'SKDownload' has been explicitly marked unavailable here
27 | @private
28 | id _internal;
/Users/admin/builder/spi-builder-workspace/Sources/SwiftyStoreKit/PaymentQueueController.swift:54:31: error: 'SKDownload' is unavailable in visionOS
52 | func start(_ downloads: [SKDownload])
53 | func pause(_ downloads: [SKDownload])
54 | func resume(_ downloads: [SKDownload])
| `- error: 'SKDownload' is unavailable in visionOS
55 | func cancel(_ downloads: [SKDownload])
56 |
/Applications/Xcode-27.0.0-Release.Candidate.app/Contents/Developer/Platforms/XROS.platform/Developer/SDKs/XROS27.0.sdk/System/Library/Frameworks/StoreKit.framework/Headers/SKDownload.h:26:182: note: 'SKDownload' has been explicitly marked unavailable here
24 | SK_EXTERN NSTimeInterval SKDownloadTimeRemainingUnknown API_DEPRECATED("Hosted content is no longer supported.", ios(6.0, 16.0), macos(10.14, 13.0), tvos(9.0, 16.0), watchos(6.2, 9.0)) API_UNAVAILABLE(visionos);
25 |
26 | SK_EXTERN_CLASS API_DEPRECATED("Hosted content is no longer supported.", ios(6.0, 16.0), macos(10.8, 13.0), tvos(9.0, 16.0), watchos(6.2, 9.0)) API_UNAVAILABLE(visionos) @interface SKDownload : NSObject {
| `- note: 'SKDownload' has been explicitly marked unavailable here
27 | @private
28 | id _internal;
/Users/admin/builder/spi-builder-workspace/Sources/SwiftyStoreKit/PaymentQueueController.swift:55:31: error: 'SKDownload' is unavailable in visionOS
53 | func pause(_ downloads: [SKDownload])
54 | func resume(_ downloads: [SKDownload])
55 | func cancel(_ downloads: [SKDownload])
| `- error: 'SKDownload' is unavailable in visionOS
56 |
57 | func restoreCompletedTransactions(withApplicationUsername username: String?)
/Applications/Xcode-27.0.0-Release.Candidate.app/Contents/Developer/Platforms/XROS.platform/Developer/SDKs/XROS27.0.sdk/System/Library/Frameworks/StoreKit.framework/Headers/SKDownload.h:26:182: note: 'SKDownload' has been explicitly marked unavailable here
24 | SK_EXTERN NSTimeInterval SKDownloadTimeRemainingUnknown API_DEPRECATED("Hosted content is no longer supported.", ios(6.0, 16.0), macos(10.14, 13.0), tvos(9.0, 16.0), watchos(6.2, 9.0)) API_UNAVAILABLE(visionos);
25 |
26 | SK_EXTERN_CLASS API_DEPRECATED("Hosted content is no longer supported.", ios(6.0, 16.0), macos(10.8, 13.0), tvos(9.0, 16.0), watchos(6.2, 9.0)) API_UNAVAILABLE(visionos) @interface SKDownload : NSObject {
| `- note: 'SKDownload' has been explicitly marked unavailable here
27 | @private
28 | id _internal;
/Users/admin/builder/spi-builder-workspace/Sources/SwiftyStoreKit/PaymentQueueController.swift:62:1: error: type 'SKPaymentQueue' does not conform to protocol 'PaymentQueue'
60 | }
61 |
62 | extension SKPaymentQueue: PaymentQueue {
| `- error: type 'SKPaymentQueue' does not conform to protocol 'PaymentQueue'
63 |
64 | #if os(watchOS) && swift(<5.3)
/Users/admin/builder/spi-builder-workspace/Sources/SwiftyStoreKit/PaymentQueueController.swift:62:1: error: unavailable instance method 'start' was used to satisfy a requirement of protocol 'PaymentQueue'
50 | func add(_ payment: SKPayment)
51 |
52 | func start(_ downloads: [SKDownload])
| `- note: requirement 'start' declared here
53 | func pause(_ downloads: [SKDownload])
54 | func resume(_ downloads: [SKDownload])
:
60 | }
61 |
62 | extension SKPaymentQueue: PaymentQueue {
| `- error: unavailable instance method 'start' was used to satisfy a requirement of protocol 'PaymentQueue'
63 |
64 | #if os(watchOS) && swift(<5.3)
/Applications/Xcode-27.0.0-Release.Candidate.app/Contents/Developer/Platforms/XROS.platform/Developer/SDKs/XROS27.0.sdk/System/Library/Frameworks/StoreKit.framework/Headers/SKPaymentQueue.h:50:1: note: 'start' declared here
48 |
49 | // Asynchronous. Start the given downloads (SKDownload).
50 | - (void)startDownloads:(NSArray<SKDownload *> *)downloads API_DEPRECATED("Hosted content is no longer supported.", ios(6.0, 16.0), macos(10.8, 13.0), tvos(9.0, 16.0), watchos(6.2, 9.0)) API_UNAVAILABLE(visionos);
| `- note: 'start' declared here
51 |
52 | // Asynchronous. Pause/resume downloads (SKDownload).
/Users/admin/builder/spi-builder-workspace/Sources/SwiftyStoreKit/PaymentQueueController.swift:62:1: error: unavailable instance method 'pause' was used to satisfy a requirement of protocol 'PaymentQueue'
51 |
52 | func start(_ downloads: [SKDownload])
53 | func pause(_ downloads: [SKDownload])
| `- note: requirement 'pause' declared here
54 | func resume(_ downloads: [SKDownload])
55 | func cancel(_ downloads: [SKDownload])
:
60 | }
61 |
62 | extension SKPaymentQueue: PaymentQueue {
| `- error: unavailable instance method 'pause' was used to satisfy a requirement of protocol 'PaymentQueue'
63 |
64 | #if os(watchOS) && swift(<5.3)
/Applications/Xcode-27.0.0-Release.Candidate.app/Contents/Developer/Platforms/XROS.platform/Developer/SDKs/XROS27.0.sdk/System/Library/Frameworks/StoreKit.framework/Headers/SKPaymentQueue.h:53:1: note: 'pause' declared here
51 |
52 | // Asynchronous. Pause/resume downloads (SKDownload).
53 | - (void)pauseDownloads:(NSArray<SKDownload *> *)downloads API_DEPRECATED("Hosted content is no longer supported.", ios(6.0, 16.0), macos(10.8, 13.0), tvos(9.0, 16.0), watchos(6.2, 9.0)) API_UNAVAILABLE(visionos);
| `- note: 'pause' declared here
54 | - (void)resumeDownloads:(NSArray<SKDownload *> *)downloads API_DEPRECATED("Hosted content is no longer supported.", ios(6.0, 16.0), macos(10.8, 13.0), tvos(9.0, 16.0), watchos(6.2, 9.0)) API_UNAVAILABLE(visionos);
55 |
/Users/admin/builder/spi-builder-workspace/Sources/SwiftyStoreKit/PaymentQueueController.swift:62:1: error: unavailable instance method 'resume' was used to satisfy a requirement of protocol 'PaymentQueue'
52 | func start(_ downloads: [SKDownload])
53 | func pause(_ downloads: [SKDownload])
54 | func resume(_ downloads: [SKDownload])
| `- note: requirement 'resume' declared here
55 | func cancel(_ downloads: [SKDownload])
56 |
:
60 | }
61 |
62 | extension SKPaymentQueue: PaymentQueue {
| `- error: unavailable instance method 'resume' was used to satisfy a requirement of protocol 'PaymentQueue'
63 |
64 | #if os(watchOS) && swift(<5.3)
/Applications/Xcode-27.0.0-Release.Candidate.app/Contents/Developer/Platforms/XROS.platform/Developer/SDKs/XROS27.0.sdk/System/Library/Frameworks/StoreKit.framework/Headers/SKPaymentQueue.h:54:1: note: 'resume' declared here
52 | // Asynchronous. Pause/resume downloads (SKDownload).
53 | - (void)pauseDownloads:(NSArray<SKDownload *> *)downloads API_DEPRECATED("Hosted content is no longer supported.", ios(6.0, 16.0), macos(10.8, 13.0), tvos(9.0, 16.0), watchos(6.2, 9.0)) API_UNAVAILABLE(visionos);
54 | - (void)resumeDownloads:(NSArray<SKDownload *> *)downloads API_DEPRECATED("Hosted content is no longer supported.", ios(6.0, 16.0), macos(10.8, 13.0), tvos(9.0, 16.0), watchos(6.2, 9.0)) API_UNAVAILABLE(visionos);
| `- note: 'resume' declared here
55 |
56 | // Asynchronous. Cancel downloads (SKDownload)
/Users/admin/builder/spi-builder-workspace/Sources/SwiftyStoreKit/PaymentQueueController.swift:62:1: error: unavailable instance method 'cancel' was used to satisfy a requirement of protocol 'PaymentQueue'
53 | func pause(_ downloads: [SKDownload])
54 | func resume(_ downloads: [SKDownload])
55 | func cancel(_ downloads: [SKDownload])
| `- note: requirement 'cancel' declared here
56 |
57 | func restoreCompletedTransactions(withApplicationUsername username: String?)
:
60 | }
61 |
62 | extension SKPaymentQueue: PaymentQueue {
| `- error: unavailable instance method 'cancel' was used to satisfy a requirement of protocol 'PaymentQueue'
63 |
64 | #if os(watchOS) && swift(<5.3)
/Applications/Xcode-27.0.0-Release.Candidate.app/Contents/Developer/Platforms/XROS.platform/Developer/SDKs/XROS27.0.sdk/System/Library/Frameworks/StoreKit.framework/Headers/SKPaymentQueue.h:57:1: note: 'cancel' declared here
55 |
56 | // Asynchronous. Cancel downloads (SKDownload)
57 | - (void)cancelDownloads:(NSArray<SKDownload *> *)downloads API_DEPRECATED("Hosted content is no longer supported.", ios(6.0, 16.0), macos(10.8, 13.0), tvos(9.0, 16.0), watchos(6.2, 9.0)) API_UNAVAILABLE(visionos);
| `- note: 'cancel' declared here
58 |
59 | // Observers are not retained. The transactions array will only be synchronized with the server while the queue has observers. This may require that the user authenticate.
/Users/admin/builder/spi-builder-workspace/Sources/SwiftyStoreKit/PaymentQueueController.swift:81:1: warning: extension declares a conformance of imported type 'SKPaymentTransactionState' to imported protocol 'CustomDebugStringConvertible'; this will not behave correctly if the owners of 'StoreKit' introduce this conformance in the future
79 | }
80 |
81 | extension SKPaymentTransactionState: CustomDebugStringConvertible {
| |- warning: extension declares a conformance of imported type 'SKPaymentTransactionState' to imported protocol 'CustomDebugStringConvertible'; this will not behave correctly if the owners of 'StoreKit' introduce this conformance in the future
| `- note: add '@retroactive' to silence this warning
82 |
83 | public var debugDescription: String {
/Users/admin/builder/spi-builder-workspace/Sources/SwiftyStoreKit/PaymentQueueController.swift:196:30: error: 'SKDownload' is unavailable in visionOS
194 | }
195 |
196 | func start(_ downloads: [SKDownload]) {
| `- error: 'SKDownload' is unavailable in visionOS
197 | paymentQueue.start(downloads)
198 | }
/Applications/Xcode-27.0.0-Release.Candidate.app/Contents/Developer/Platforms/XROS.platform/Developer/SDKs/XROS27.0.sdk/System/Library/Frameworks/StoreKit.framework/Headers/SKDownload.h:26:182: note: 'SKDownload' has been explicitly marked unavailable here
24 | SK_EXTERN NSTimeInterval SKDownloadTimeRemainingUnknown API_DEPRECATED("Hosted content is no longer supported.", ios(6.0, 16.0), macos(10.14, 13.0), tvos(9.0, 16.0), watchos(6.2, 9.0)) API_UNAVAILABLE(visionos);
25 |
26 | SK_EXTERN_CLASS API_DEPRECATED("Hosted content is no longer supported.", ios(6.0, 16.0), macos(10.8, 13.0), tvos(9.0, 16.0), watchos(6.2, 9.0)) API_UNAVAILABLE(visionos) @interface SKDownload : NSObject {
| `- note: 'SKDownload' has been explicitly marked unavailable here
27 | @private
28 | id _internal;
/Users/admin/builder/spi-builder-workspace/Sources/SwiftyStoreKit/PaymentQueueController.swift:200:30: error: 'SKDownload' is unavailable in visionOS
198 | }
199 |
200 | func pause(_ downloads: [SKDownload]) {
| `- error: 'SKDownload' is unavailable in visionOS
201 | paymentQueue.pause(downloads)
202 | }
/Applications/Xcode-27.0.0-Release.Candidate.app/Contents/Developer/Platforms/XROS.platform/Developer/SDKs/XROS27.0.sdk/System/Library/Frameworks/StoreKit.framework/Headers/SKDownload.h:26:182: note: 'SKDownload' has been explicitly marked unavailable here
24 | SK_EXTERN NSTimeInterval SKDownloadTimeRemainingUnknown API_DEPRECATED("Hosted content is no longer supported.", ios(6.0, 16.0), macos(10.14, 13.0), tvos(9.0, 16.0), watchos(6.2, 9.0)) API_UNAVAILABLE(visionos);
25 |
26 | SK_EXTERN_CLASS API_DEPRECATED("Hosted content is no longer supported.", ios(6.0, 16.0), macos(10.8, 13.0), tvos(9.0, 16.0), watchos(6.2, 9.0)) API_UNAVAILABLE(visionos) @interface SKDownload : NSObject {
| `- note: 'SKDownload' has been explicitly marked unavailable here
27 | @private
28 | id _internal;
/Users/admin/builder/spi-builder-workspace/Sources/SwiftyStoreKit/PaymentQueueController.swift:204:31: error: 'SKDownload' is unavailable in visionOS
202 | }
203 |
204 | func resume(_ downloads: [SKDownload]) {
| `- error: 'SKDownload' is unavailable in visionOS
205 | paymentQueue.resume(downloads)
206 | }
/Applications/Xcode-27.0.0-Release.Candidate.app/Contents/Developer/Platforms/XROS.platform/Developer/SDKs/XROS27.0.sdk/System/Library/Frameworks/StoreKit.framework/Headers/SKDownload.h:26:182: note: 'SKDownload' has been explicitly marked unavailable here
24 | SK_EXTERN NSTimeInterval SKDownloadTimeRemainingUnknown API_DEPRECATED("Hosted content is no longer supported.", ios(6.0, 16.0), macos(10.14, 13.0), tvos(9.0, 16.0), watchos(6.2, 9.0)) API_UNAVAILABLE(visionos);
25 |
26 | SK_EXTERN_CLASS API_DEPRECATED("Hosted content is no longer supported.", ios(6.0, 16.0), macos(10.8, 13.0), tvos(9.0, 16.0), watchos(6.2, 9.0)) API_UNAVAILABLE(visionos) @interface SKDownload : NSObject {
| `- note: 'SKDownload' has been explicitly marked unavailable here
27 | @private
28 | id _internal;
/Users/admin/builder/spi-builder-workspace/Sources/SwiftyStoreKit/PaymentQueueController.swift:208:31: error: 'SKDownload' is unavailable in visionOS
206 | }
207 |
208 | func cancel(_ downloads: [SKDownload]) {
| `- error: 'SKDownload' is unavailable in visionOS
209 | paymentQueue.cancel(downloads)
210 | }
/Applications/Xcode-27.0.0-Release.Candidate.app/Contents/Developer/Platforms/XROS.platform/Developer/SDKs/XROS27.0.sdk/System/Library/Frameworks/StoreKit.framework/Headers/SKDownload.h:26:182: note: 'SKDownload' has been explicitly marked unavailable here
24 | SK_EXTERN NSTimeInterval SKDownloadTimeRemainingUnknown API_DEPRECATED("Hosted content is no longer supported.", ios(6.0, 16.0), macos(10.14, 13.0), tvos(9.0, 16.0), watchos(6.2, 9.0)) API_UNAVAILABLE(visionos);
25 |
26 | SK_EXTERN_CLASS API_DEPRECATED("Hosted content is no longer supported.", ios(6.0, 16.0), macos(10.8, 13.0), tvos(9.0, 16.0), watchos(6.2, 9.0)) API_UNAVAILABLE(visionos) @interface SKDownload : NSObject {
| `- note: 'SKDownload' has been explicitly marked unavailable here
27 | @private
28 | id _internal;
/Users/admin/builder/spi-builder-workspace/Sources/SwiftyStoreKit/PaymentQueueController.swift:273:77: error: 'SKDownload' is unavailable in visionOS
271 | }
272 |
273 | func paymentQueue(_ queue: SKPaymentQueue, updatedDownloads downloads: [SKDownload]) {
| `- error: 'SKDownload' is unavailable in visionOS
274 | updatedDownloadsHandler?(downloads)
275 | }
/Applications/Xcode-27.0.0-Release.Candidate.app/Contents/Developer/Platforms/XROS.platform/Developer/SDKs/XROS27.0.sdk/System/Library/Frameworks/StoreKit.framework/Headers/SKDownload.h:26:182: note: 'SKDownload' has been explicitly marked unavailable here
24 | SK_EXTERN NSTimeInterval SKDownloadTimeRemainingUnknown API_DEPRECATED("Hosted content is no longer supported.", ios(6.0, 16.0), macos(10.14, 13.0), tvos(9.0, 16.0), watchos(6.2, 9.0)) API_UNAVAILABLE(visionos);
25 |
26 | SK_EXTERN_CLASS API_DEPRECATED("Hosted content is no longer supported.", ios(6.0, 16.0), macos(10.8, 13.0), tvos(9.0, 16.0), watchos(6.2, 9.0)) API_UNAVAILABLE(visionos) @interface SKDownload : NSObject {
| `- note: 'SKDownload' has been explicitly marked unavailable here
27 | @private
28 | id _internal;
/Users/admin/builder/spi-builder-workspace/Sources/SwiftyStoreKit/PaymentQueueController.swift:273:10: error: cannot override 'paymentQueue' which has been marked unavailable
271 | }
272 |
273 | func paymentQueue(_ queue: SKPaymentQueue, updatedDownloads downloads: [SKDownload]) {
| `- error: cannot override 'paymentQueue' which has been marked unavailable
274 | updatedDownloadsHandler?(downloads)
275 | }
/Applications/Xcode-27.0.0-Release.Candidate.app/Contents/Developer/Platforms/XROS.platform/Developer/SDKs/XROS27.0.sdk/System/Library/Frameworks/StoreKit.framework/Headers/SKPaymentQueue.h:107:1: note: 'paymentQueue(_:updatedDownloads:)' has been explicitly marked unavailable here
105 |
106 | // Sent when the download state has changed.
107 | - (void)paymentQueue:(SKPaymentQueue *)queue updatedDownloads:(NSArray<SKDownload *> *)downloads API_DEPRECATED("Hosted content is no longer supported.", ios(6.0, 16.0), macos(10.8, 13.0), tvos(9.0, 16.0), watchos(6.2, 9.0)) API_UNAVAILABLE(visionos);
| `- note: 'paymentQueue(_:updatedDownloads:)' has been explicitly marked unavailable here
108 |
109 | // Sent when a user initiates an IAP buy from the App Store
/Users/admin/builder/spi-builder-workspace/Sources/SwiftyStoreKit/SwiftyStoreKit+Types.swift:109:21: error: 'SKDownload' is unavailable in visionOS
107 | var transactionState: SKPaymentTransactionState { get }
108 | var transactionIdentifier: String? { get }
109 | var downloads: [SKDownload] { get }
| `- error: 'SKDownload' is unavailable in visionOS
110 | }
111 |
/Applications/Xcode-27.0.0-Release.Candidate.app/Contents/Developer/Platforms/XROS.platform/Developer/SDKs/XROS27.0.sdk/System/Library/Frameworks/StoreKit.framework/Headers/SKDownload.h:26:182: note: 'SKDownload' has been explicitly marked unavailable here
24 | SK_EXTERN NSTimeInterval SKDownloadTimeRemainingUnknown API_DEPRECATED("Hosted content is no longer supported.", ios(6.0, 16.0), macos(10.14, 13.0), tvos(9.0, 16.0), watchos(6.2, 9.0)) API_UNAVAILABLE(visionos);
25 |
26 | SK_EXTERN_CLASS API_DEPRECATED("Hosted content is no longer supported.", ios(6.0, 16.0), macos(10.8, 13.0), tvos(9.0, 16.0), watchos(6.2, 9.0)) API_UNAVAILABLE(visionos) @interface SKDownload : NSObject {
| `- note: 'SKDownload' has been explicitly marked unavailable here
27 | @private
28 | id _internal;
/Users/admin/builder/spi-builder-workspace/Sources/SwiftyStoreKit/SwiftyStoreKit+Types.swift:113:1: error: type 'SKPaymentTransaction' does not conform to protocol 'PaymentTransaction'
111 |
112 | /// Add PaymentTransaction conformance to SKPaymentTransaction
113 | extension SKPaymentTransaction: PaymentTransaction { }
| `- error: type 'SKPaymentTransaction' does not conform to protocol 'PaymentTransaction'
114 |
115 | /// Products information
/Users/admin/builder/spi-builder-workspace/Sources/SwiftyStoreKit/SwiftyStoreKit+Types.swift:113:1: error: unavailable property 'downloads' was used to satisfy a requirement of protocol 'PaymentTransaction'
107 | var transactionState: SKPaymentTransactionState { get }
108 | var transactionIdentifier: String? { get }
109 | var downloads: [SKDownload] { get }
| `- note: requirement 'downloads' declared here
110 | }
111 |
112 | /// Add PaymentTransaction conformance to SKPaymentTransaction
113 | extension SKPaymentTransaction: PaymentTransaction { }
| `- error: unavailable property 'downloads' was used to satisfy a requirement of protocol 'PaymentTransaction'
114 |
115 | /// Products information
/Applications/Xcode-27.0.0-Release.Candidate.app/Contents/Developer/Platforms/XROS.platform/Developer/SDKs/XROS27.0.sdk/System/Library/Frameworks/StoreKit.framework/Headers/SKPaymentTransaction.h:41:55: note: 'downloads' declared here
39 |
40 | // Available downloads (SKDownload) for this transaction
41 | @property(nonatomic, readonly) NSArray<SKDownload *> *downloads API_DEPRECATED("Hosted content is no longer supported.", ios(6.0, 16.0), macos(10.8, 13.0), tvos(9.0, 16.0), watchos(6.2, 9.0)) API_UNAVAILABLE(visionos);
| `- note: 'downloads' declared here
42 |
43 | // The date when the transaction was added to the server queue. Only valid if state is SKPaymentTransactionStatePurchased or SKPaymentTransactionStateRestored.
/Users/admin/builder/spi-builder-workspace/Sources/SwiftyStoreKit/SwiftyStoreKit+Types.swift:147:59: error: 'SKDownload' is unavailable in visionOS
145 |
146 | public typealias ShouldAddStorePaymentHandler = (_ payment: SKPayment, _ product: SKProduct) -> Bool
147 | public typealias UpdatedDownloadsHandler = (_ downloads: [SKDownload]) -> Void
| `- error: 'SKDownload' is unavailable in visionOS
148 |
149 | // MARK: Receipt verification
/Applications/Xcode-27.0.0-Release.Candidate.app/Contents/Developer/Platforms/XROS.platform/Developer/SDKs/XROS27.0.sdk/System/Library/Frameworks/StoreKit.framework/Headers/SKDownload.h:26:182: note: 'SKDownload' has been explicitly marked unavailable here
24 | SK_EXTERN NSTimeInterval SKDownloadTimeRemainingUnknown API_DEPRECATED("Hosted content is no longer supported.", ios(6.0, 16.0), macos(10.14, 13.0), tvos(9.0, 16.0), watchos(6.2, 9.0)) API_UNAVAILABLE(visionos);
25 |
26 | SK_EXTERN_CLASS API_DEPRECATED("Hosted content is no longer supported.", ios(6.0, 16.0), macos(10.8, 13.0), tvos(9.0, 16.0), watchos(6.2, 9.0)) API_UNAVAILABLE(visionos) @interface SKDownload : NSObject {
| `- note: 'SKDownload' has been explicitly marked unavailable here
27 | @private
28 | id _internal;
/Users/admin/builder/spi-builder-workspace/Sources/SwiftyStoreKit/SwiftyStoreKit.swift:234:43: error: 'SKDownload' is unavailable in visionOS
232 | }
233 |
234 | public class func start(_ downloads: [SKDownload]) {
| `- error: 'SKDownload' is unavailable in visionOS
235 | sharedInstance.paymentQueueController.start(downloads)
236 | }
/Applications/Xcode-27.0.0-Release.Candidate.app/Contents/Developer/Platforms/XROS.platform/Developer/SDKs/XROS27.0.sdk/System/Library/Frameworks/StoreKit.framework/Headers/SKDownload.h:26:182: note: 'SKDownload' has been explicitly marked unavailable here
24 | SK_EXTERN NSTimeInterval SKDownloadTimeRemainingUnknown API_DEPRECATED("Hosted content is no longer supported.", ios(6.0, 16.0), macos(10.14, 13.0), tvos(9.0, 16.0), watchos(6.2, 9.0)) API_UNAVAILABLE(visionos);
25 |
26 | SK_EXTERN_CLASS API_DEPRECATED("Hosted content is no longer supported.", ios(6.0, 16.0), macos(10.8, 13.0), tvos(9.0, 16.0), watchos(6.2, 9.0)) API_UNAVAILABLE(visionos) @interface SKDownload : NSObject {
| `- note: 'SKDownload' has been explicitly marked unavailable here
27 | @private
28 | id _internal;
/Users/admin/builder/spi-builder-workspace/Sources/SwiftyStoreKit/SwiftyStoreKit.swift:237:43: error: 'SKDownload' is unavailable in visionOS
235 | sharedInstance.paymentQueueController.start(downloads)
236 | }
237 | public class func pause(_ downloads: [SKDownload]) {
| `- error: 'SKDownload' is unavailable in visionOS
238 | sharedInstance.paymentQueueController.pause(downloads)
239 | }
/Applications/Xcode-27.0.0-Release.Candidate.app/Contents/Developer/Platforms/XROS.platform/Developer/SDKs/XROS27.0.sdk/System/Library/Frameworks/StoreKit.framework/Headers/SKDownload.h:26:182: note: 'SKDownload' has been explicitly marked unavailable here
24 | SK_EXTERN NSTimeInterval SKDownloadTimeRemainingUnknown API_DEPRECATED("Hosted content is no longer supported.", ios(6.0, 16.0), macos(10.14, 13.0), tvos(9.0, 16.0), watchos(6.2, 9.0)) API_UNAVAILABLE(visionos);
25 |
26 | SK_EXTERN_CLASS API_DEPRECATED("Hosted content is no longer supported.", ios(6.0, 16.0), macos(10.8, 13.0), tvos(9.0, 16.0), watchos(6.2, 9.0)) API_UNAVAILABLE(visionos) @interface SKDownload : NSObject {
| `- note: 'SKDownload' has been explicitly marked unavailable here
27 | @private
28 | id _internal;
/Users/admin/builder/spi-builder-workspace/Sources/SwiftyStoreKit/SwiftyStoreKit.swift:240:44: error: 'SKDownload' is unavailable in visionOS
238 | sharedInstance.paymentQueueController.pause(downloads)
239 | }
240 | public class func resume(_ downloads: [SKDownload]) {
| `- error: 'SKDownload' is unavailable in visionOS
241 | sharedInstance.paymentQueueController.resume(downloads)
242 | }
/Applications/Xcode-27.0.0-Release.Candidate.app/Contents/Developer/Platforms/XROS.platform/Developer/SDKs/XROS27.0.sdk/System/Library/Frameworks/StoreKit.framework/Headers/SKDownload.h:26:182: note: 'SKDownload' has been explicitly marked unavailable here
24 | SK_EXTERN NSTimeInterval SKDownloadTimeRemainingUnknown API_DEPRECATED("Hosted content is no longer supported.", ios(6.0, 16.0), macos(10.14, 13.0), tvos(9.0, 16.0), watchos(6.2, 9.0)) API_UNAVAILABLE(visionos);
25 |
26 | SK_EXTERN_CLASS API_DEPRECATED("Hosted content is no longer supported.", ios(6.0, 16.0), macos(10.8, 13.0), tvos(9.0, 16.0), watchos(6.2, 9.0)) API_UNAVAILABLE(visionos) @interface SKDownload : NSObject {
| `- note: 'SKDownload' has been explicitly marked unavailable here
27 | @private
28 | id _internal;
/Users/admin/builder/spi-builder-workspace/Sources/SwiftyStoreKit/SwiftyStoreKit.swift:243:44: error: 'SKDownload' is unavailable in visionOS
241 | sharedInstance.paymentQueueController.resume(downloads)
242 | }
243 | public class func cancel(_ downloads: [SKDownload]) {
| `- error: 'SKDownload' is unavailable in visionOS
244 | sharedInstance.paymentQueueController.cancel(downloads)
245 | }
/Applications/Xcode-27.0.0-Release.Candidate.app/Contents/Developer/Platforms/XROS.platform/Developer/SDKs/XROS27.0.sdk/System/Library/Frameworks/StoreKit.framework/Headers/SKDownload.h:26:182: note: 'SKDownload' has been explicitly marked unavailable here
24 | SK_EXTERN NSTimeInterval SKDownloadTimeRemainingUnknown API_DEPRECATED("Hosted content is no longer supported.", ios(6.0, 16.0), macos(10.14, 13.0), tvos(9.0, 16.0), watchos(6.2, 9.0)) API_UNAVAILABLE(visionos);
25 |
26 | SK_EXTERN_CLASS API_DEPRECATED("Hosted content is no longer supported.", ios(6.0, 16.0), macos(10.8, 13.0), tvos(9.0, 16.0), watchos(6.2, 9.0)) API_UNAVAILABLE(visionos) @interface SKDownload : NSObject {
| `- note: 'SKDownload' has been explicitly marked unavailable here
27 | @private
28 | id _internal;
Failed frontend command:
/Applications/Xcode-27.0.0-Release.Candidate.app/Contents/Developer/Toolchains/XcodeDefault.xctoolchain/usr/bin/swift-frontend -frontend -emit-module -experimental-skip-non-inlinable-function-bodies-without-types /Users/admin/builder/spi-builder-workspace/Sources/SwiftyStoreKit/AppleReceiptValidator.swift /Users/admin/builder/spi-builder-workspace/Sources/SwiftyStoreKit/CompleteTransactionsController.swift /Users/admin/builder/spi-builder-workspace/Sources/SwiftyStoreKit/InAppProductQueryRequest.swift /Users/admin/builder/spi-builder-workspace/Sources/SwiftyStoreKit/InAppReceipt.swift /Users/admin/builder/spi-builder-workspace/Sources/SwiftyStoreKit/InAppReceiptRefreshRequest.swift /Users/admin/builder/spi-builder-workspace/Sources/SwiftyStoreKit/InAppReceiptVerificator.swift /Users/admin/builder/spi-builder-workspace/Sources/SwiftyStoreKit/OS.swift /Users/admin/builder/spi-builder-workspace/Sources/SwiftyStoreKit/PaymentQueueController.swift /Users/admin/builder/spi-builder-workspace/Sources/SwiftyStoreKit/PaymentsController.swift /Users/admin/builder/spi-builder-workspace/Sources/SwiftyStoreKit/ProductsInfoController.swift /Users/admin/builder/spi-builder-workspace/Sources/SwiftyStoreKit/RestorePurchasesController.swift /Users/admin/builder/spi-builder-workspace/Sources/SwiftyStoreKit/SKProduct+LocalizedPrice.swift /Users/admin/builder/spi-builder-workspace/Sources/SwiftyStoreKit/SKProductDiscount+LocalizedPrice.swift /Users/admin/builder/spi-builder-workspace/Sources/SwiftyStoreKit/SwiftyStoreKit+Types.swift /Users/admin/builder/spi-builder-workspace/Sources/SwiftyStoreKit/SwiftyStoreKit.swift -target arm64-apple-xros1.0 -disable-cross-import-overlay-search -swift-module-cross-import StoreKit /Applications/Xcode-27.0.0-Release.Candidate.app/Contents/Developer/Platforms/XROS.platform/Developer/SDKs/XROS.sdk/System/Library/Frameworks/StoreKit.framework/Modules/StoreKit.swiftcrossimport/SwiftUI.swiftoverlay -swift-module-cross-import StoreKit /Applications/Xcode-27.0.0-Release.Candidate.app/Contents/Developer/Platforms/XROS.platform/Developer/SDKs/XROS27.0.sdk/System/Library/Frameworks/StoreKit.framework/Modules/StoreKit.swiftcrossimport/SwiftUI.swiftoverlay -load-resolved-plugin /Applications/Xcode-27.0.0-Release.Candidate.app/Contents/Developer/Platforms/XROS.platform/Developer/usr/lib/swift/host/plugins/libFoundationMacros.dylib\#/Applications/Xcode-27.0.0-Release.Candidate.app/Contents/Developer/Platforms/XROS.platform/Developer/usr/bin/swift-plugin-server\#FoundationMacros -load-resolved-plugin /Applications/Xcode-27.0.0-Release.Candidate.app/Contents/Developer/Platforms/XROS.platform/Developer/usr/lib/swift/host/plugins/libObservationMacros.dylib\#/Applications/Xcode-27.0.0-Release.Candidate.app/Contents/Developer/Platforms/XROS.platform/Developer/usr/bin/swift-plugin-server\#ObservationMacros -load-resolved-plugin /Applications/Xcode-27.0.0-Release.Candidate.app/Contents/Developer/Platforms/XROS.platform/Developer/usr/lib/swift/host/plugins/libPreviewsMacros.dylib\#/Applications/Xcode-27.0.0-Release.Candidate.app/Contents/Developer/Platforms/XROS.platform/Developer/usr/bin/swift-plugin-server\#PreviewsMacros -load-resolved-plugin /Applications/Xcode-27.0.0-Release.Candidate.app/Contents/Developer/Platforms/XROS.platform/Developer/usr/lib/swift/host/plugins/libSwiftMacros.dylib\#/Applications/Xcode-27.0.0-Release.Candidate.app/Contents/Developer/Platforms/XROS.platform/Developer/usr/bin/swift-plugin-server\#SwiftMacros -load-resolved-plugin /Applications/Xcode-27.0.0-Release.Candidate.app/Contents/Developer/Platforms/XROS.platform/Developer/usr/lib/swift/host/plugins/libSwiftUIMacros.dylib\#/Applications/Xcode-27.0.0-Release.Candidate.app/Contents/Developer/Platforms/XROS.platform/Developer/usr/bin/swift-plugin-server\#SwiftUIMacros -disable-implicit-swift-modules -Xcc -fno-implicit-modules -Xcc -fno-implicit-module-maps -explicit-swift-module-map-file /Users/admin/builder/spi-builder-workspace/.derivedData/Build/Intermediates.noindex/SwiftyStoreKit.build/Debug-xros/SwiftyStoreKit-t.build/Objects-normal/arm64/SwiftyStoreKit-dependencies-1.json -Xllvm -aarch64-use-tbi -enable-objc-interop -stack-check -sdk /Applications/Xcode-27.0.0-Release.Candidate.app/Contents/Developer/Platforms/XROS.platform/Developer/SDKs/XROS27.0.sdk -I /Users/admin/builder/spi-builder-workspace/.derivedData/Build/Products/Debug-xros -Isystem /Applications/Xcode-27.0.0-Release.Candidate.app/Contents/Developer/Platforms/XROS.platform/Developer/usr/lib -F /Users/admin/builder/spi-builder-workspace/.derivedData/Build/Products/Debug-xros -F /Applications/Xcode-27.0.0-Release.Candidate.app/Contents/Developer/Platforms/XROS.platform/Developer/Library/Frameworks -F /Applications/Xcode-27.0.0-Release.Candidate.app/Contents/Developer/Platforms/XROS.platform/Developer/SDKs/XROS27.0.sdk/Developer/Library/Frameworks -module-cache-path /Users/admin/builder/spi-builder-workspace/.derivedData/Build/Intermediates.noindex/SwiftExplicitPrecompiledModules -no-color-diagnostics -Xcc -fno-color-diagnostics -enable-testing -g -debug-info-format\=dwarf -dwarf-version\=4 -profile-generate -profile-coverage-mapping -swift-version 5 -Onone -D SWIFT_PACKAGE -D DEBUG -D SWIFT_MODULE_RESOURCE_BUNDLE_UNAVAILABLE -D Xcode -serialize-debugging-options -enable-experimental-feature DebugDescriptionMacro -empty-abi-descriptor -validate-clang-modules-once -clang-build-session-file /Users/admin/builder/spi-builder-workspace/.derivedData/ModuleCache.noindex/Session.modulevalidation -Xcc -working-directory -Xcc /Users/admin/builder/spi-builder-workspace/.swiftpm/xcode -enable-anonymous-context-mangled-names -file-compilation-dir /Users/admin/builder/spi-builder-workspace/.swiftpm/xcode -Xcc -D_LIBCPP_HARDENING_MODE\=_LIBCPP_HARDENING_MODE_DEBUG -Xcc -ivfsstatcache -Xcc /Users/admin/builder/spi-builder-workspace/.derivedData/SDKStatCaches.noindex/xros27.0-24M361-e829b21a6f8c9b70876ba0858053c044735bd543db762f57723cac368afd1ce4.sdkstatcache -Xcc -fmodules-prune-interval\=86400 -Xcc -fmodules-prune-after\=345600 -Xcc -I/Users/admin/builder/spi-builder-workspace/.derivedData/Build/Products/Debug-xros/include -Xcc -I/Users/admin/builder/spi-builder-workspace/.derivedData/Build/Intermediates.noindex/SwiftyStoreKit.build/Debug-xros/SwiftyStoreKit-t.build/DerivedSources-normal/arm64 -Xcc -I/Users/admin/builder/spi-builder-workspace/.derivedData/Build/Intermediates.noindex/SwiftyStoreKit.build/Debug-xros/SwiftyStoreKit-t.build/DerivedSources/arm64 -Xcc -I/Users/admin/builder/spi-builder-workspace/.derivedData/Build/Intermediates.noindex/SwiftyStoreKit.build/Debug-xros/SwiftyStoreKit-t.build/DerivedSources -Xcc -DSWIFT_PACKAGE -Xcc -DDEBUG\=1 -no-auto-bridging-header-chaining -module-name SwiftyStoreKit -const-gather-protocols-file /Users/admin/builder/spi-builder-workspace/.derivedData/Build/Intermediates.noindex/SwiftyStoreKit.build/Debug-xros/SwiftyStoreKit-t.build/Objects-normal/arm64/SwiftyStoreKit_const_extract_protocols.json -disable-clang-spi -clang-target arm64-apple-xros27.0 -target-sdk-version 27.0 -target-sdk-name xros27.0 -in-process-plugin-server-path /Applications/Xcode-27.0.0-Release.Candidate.app/Contents/Developer/Toolchains/XcodeDefault.xctoolchain/usr/lib/swift/host/libSwiftInProcPluginServer.dylib -emit-module-doc-path /Users/admin/builder/spi-builder-workspace/.derivedData/Build/Intermediates.noindex/SwiftyStoreKit.build/Debug-xros/SwiftyStoreKit-t.build/Objects-normal/arm64/SwiftyStoreKit.swiftdoc -emit-module-source-info-path /Users/admin/builder/spi-builder-workspace/.derivedData/Build/Intermediates.noindex/SwiftyStoreKit.build/Debug-xros/SwiftyStoreKit-t.build/Objects-normal/arm64/SwiftyStoreKit.swiftsourceinfo -emit-objc-header-path /Users/admin/builder/spi-builder-workspace/.derivedData/Build/Intermediates.noindex/SwiftyStoreKit.build/Debug-xros/SwiftyStoreKit-t.build/Objects-normal/arm64/SwiftyStoreKit-Swift.h -serialize-diagnostics-path /Users/admin/builder/spi-builder-workspace/.derivedData/Build/Intermediates.noindex/SwiftyStoreKit.build/Debug-xros/SwiftyStoreKit-t.build/Objects-normal/arm64/SwiftyStoreKit-primary-emit-module.dia -emit-dependencies-path /Users/admin/builder/spi-builder-workspace/.derivedData/Build/Intermediates.noindex/SwiftyStoreKit.build/Debug-xros/SwiftyStoreKit-t.build/Objects-normal/arm64/SwiftyStoreKit-primary-emit-module.d -parse-as-library -o /Users/admin/builder/spi-builder-workspace/.derivedData/Build/Intermediates.noindex/SwiftyStoreKit.build/Debug-xros/SwiftyStoreKit-t.build/Objects-normal/arm64/SwiftyStoreKit.swiftmodule -emit-abi-descriptor-path /Users/admin/builder/spi-builder-workspace/.derivedData/Build/Intermediates.noindex/SwiftyStoreKit.build/Debug-xros/SwiftyStoreKit-t.build/Objects-normal/arm64/SwiftyStoreKit.abi.json
SwiftCompile normal arm64 (in target 'SwiftyStoreKit' from project 'SwiftyStoreKit')
cd /Users/admin/builder/spi-builder-workspace/.swiftpm/xcode
SwiftCompile normal arm64 Compiling\ SKProduct+LocalizedPrice.swift /Users/admin/builder/spi-builder-workspace/Sources/SwiftyStoreKit/SKProduct+LocalizedPrice.swift (in target 'SwiftyStoreKit' from project 'SwiftyStoreKit')
SwiftCompile normal arm64 /Users/admin/builder/spi-builder-workspace/Sources/SwiftyStoreKit/SKProduct+LocalizedPrice.swift (in target 'SwiftyStoreKit' from project 'SwiftyStoreKit')
cd /Users/admin/builder/spi-builder-workspace/.swiftpm/xcode
builtin-SwiftPerFileCompile SKProduct+LocalizedPrice.swift
PruneExplicitPrecompiledModules /Users/admin/builder/spi-builder-workspace/.derivedData/SDKExplicitPrecompiledModules
PruneExplicitPrecompiledModules /Users/admin/builder/spi-builder-workspace/.derivedData/Build/Intermediates.noindex/ExplicitPrecompiledModules
PruneExplicitPrecompiledModules /Users/admin/builder/spi-builder-workspace/.derivedData/Build/Intermediates.noindex/SwiftExplicitPrecompiledModules
2026-09-18 21:49:47.784 xcodebuild[774:4863] [MT] IDERunDestination: Supported platforms for the buildables in the current scheme is empty.
** BUILD FAILED **
The following build commands failed:
SwiftEmitModule normal arm64 Emitting\ module\ for\ SwiftyStoreKit (in target 'SwiftyStoreKit' from project 'SwiftyStoreKit')
SwiftCompile normal arm64 (in target 'SwiftyStoreKit' from project 'SwiftyStoreKit')
Building workspace SwiftyStoreKit with scheme SwiftyStoreKit
(3 failures)
BUILD FAILURE 6.4 visionOS