The Swift Package Index logo.Swift Package Index

Build Information

Failed to build Texture, reference 3.0.4 (962082), with Swift 6.4 for watchOS using Xcode 27.0 on 24 Sep 2026 17:44:53 UTC.

Build Command

env DEVELOPER_DIR=/Applications/Xcode-27.0.0-Release.Candidate.app xcrun xcodebuild -IDEClonedSourcePackagesDirPathOverride=$PWD/.dependencies -skipMacroValidation -skipPackagePluginValidation -derivedDataPath $PWD/.derivedData build -scheme Texture -destination generic/platform=watchOS

Build Log

In file included from /Applications/Xcode-27.0.0-Release.Candidate.app/Contents/Developer/Platforms/WatchOS.platform/Developer/SDKs/WatchOS27.0.sdk/System/Library/Frameworks/UIKit.framework/Headers/UIAccessibilityAdditions.h:11:
In file included from /Applications/Xcode-27.0.0-Release.Candidate.app/Contents/Developer/Platforms/WatchOS.platform/Developer/SDKs/WatchOS27.0.sdk/System/Library/Frameworks/UIKit.framework/Headers/UIPickerView.h:11:
In file included from /Applications/Xcode-27.0.0-Release.Candidate.app/Contents/Developer/Platforms/WatchOS.platform/Developer/SDKs/WatchOS27.0.sdk/System/Library/Frameworks/UIKit.framework/Headers/UIView.h:12:
/Applications/Xcode-27.0.0-Release.Candidate.app/Contents/Developer/Platforms/WatchOS.platform/Developer/SDKs/WatchOS27.0.sdk/System/Library/Frameworks/UIKit.framework/Headers/UIInterface.h:26:28: note: 'UIUserInterfaceSizeClass' has been explicitly marked unavailable here
   26 | typedef NS_ENUM(NSInteger, UIUserInterfaceSizeClass) {
      |                            ^
In file included from /Users/admin/builder/spi-builder-workspace/Source/Private/_ASPendingState.mm:12:
In file included from /Users/admin/builder/spi-builder-workspace/Source/Private/_ASCoreAnimationExtras.h:13:
In file included from /Users/admin/builder/spi-builder-workspace/Source/include/ASDisplayNode.h:20:
In file included from /Users/admin/builder/spi-builder-workspace/Source/include/ASLayoutElement.h:15:
/Users/admin/builder/spi-builder-workspace/Source/include/ASTraitCollection.h:38:3: error: 'UIDisplayGamut' is unavailable: not available on watchOS
   38 |   UIDisplayGamut displayGamut API_AVAILABLE(ios(10.0));
      |   ^
In file included from /Users/admin/builder/spi-builder-workspace/Source/Private/_ASPendingState.mm:10:
In file included from /Users/admin/builder/spi-builder-workspace/Source/Private/_ASPendingState.h:10:
In file included from /Applications/Xcode-27.0.0-Release.Candidate.app/Contents/Developer/Platforms/WatchOS.platform/Developer/SDKs/WatchOS27.0.sdk/System/Library/Frameworks/UIKit.framework/Headers/UIKit.h:13:
In file included from /Applications/Xcode-27.0.0-Release.Candidate.app/Contents/Developer/Platforms/WatchOS.platform/Developer/SDKs/WatchOS27.0.sdk/System/Library/Frameworks/UIKit.framework/Headers/UIKitCore.h:29:
In file included from /Applications/Xcode-27.0.0-Release.Candidate.app/Contents/Developer/Platforms/WatchOS.platform/Developer/SDKs/WatchOS27.0.sdk/System/Library/Frameworks/UIKit.framework/Headers/UIAccessibility.h:15:
In file included from /Applications/Xcode-27.0.0-Release.Candidate.app/Contents/Developer/Platforms/WatchOS.platform/Developer/SDKs/WatchOS27.0.sdk/System/Library/Frameworks/UIKit.framework/Headers/UIAccessibilityAdditions.h:11:
In file included from /Applications/Xcode-27.0.0-Release.Candidate.app/Contents/Developer/Platforms/WatchOS.platform/Developer/SDKs/WatchOS27.0.sdk/System/Library/Frameworks/UIKit.framework/Headers/UIPickerView.h:11:
In file included from /Applications/Xcode-27.0.0-Release.Candidate.app/Contents/Developer/Platforms/WatchOS.platform/Developer/SDKs/WatchOS27.0.sdk/System/Library/Frameworks/UIKit.framework/Headers/UIView.h:12:
/Applications/Xcode-27.0.0-Release.Candidate.app/Contents/Developer/Platforms/WatchOS.platform/Developer/SDKs/WatchOS27.0.sdk/System/Library/Frameworks/UIKit.framework/Headers/UIInterface.h:50:28: note: 'UIDisplayGamut' has been explicitly marked unavailable here
   50 | typedef NS_ENUM(NSInteger, UIDisplayGamut) {
      |                            ^
In file included from /Users/admin/builder/spi-builder-workspace/Source/Private/_ASPendingState.mm:12:
In file included from /Users/admin/builder/spi-builder-workspace/Source/Private/_ASCoreAnimationExtras.h:13:
In file included from /Users/admin/builder/spi-builder-workspace/Source/include/ASDisplayNode.h:20:
In file included from /Users/admin/builder/spi-builder-workspace/Source/include/ASLayoutElement.h:15:
/Users/admin/builder/spi-builder-workspace/Source/include/ASTraitCollection.h:40:3: error: 'UIUserInterfaceIdiom' is unavailable: not available on watchOS
   40 |   UIUserInterfaceIdiom userInterfaceIdiom;
      |   ^
In file included from /Users/admin/builder/spi-builder-workspace/Source/Private/_ASPendingState.mm:10:
In file included from /Users/admin/builder/spi-builder-workspace/Source/Private/_ASPendingState.h:10:
In file included from /Applications/Xcode-27.0.0-Release.Candidate.app/Contents/Developer/Platforms/WatchOS.platform/Developer/SDKs/WatchOS27.0.sdk/System/Library/Frameworks/UIKit.framework/Headers/UIKit.h:13:
In file included from /Applications/Xcode-27.0.0-Release.Candidate.app/Contents/Developer/Platforms/WatchOS.platform/Developer/SDKs/WatchOS27.0.sdk/System/Library/Frameworks/UIKit.framework/Headers/UIKitCore.h:29:
In file included from /Applications/Xcode-27.0.0-Release.Candidate.app/Contents/Developer/Platforms/WatchOS.platform/Developer/SDKs/WatchOS27.0.sdk/System/Library/Frameworks/UIKit.framework/Headers/UIAccessibility.h:15:
In file included from /Applications/Xcode-27.0.0-Release.Candidate.app/Contents/Developer/Platforms/WatchOS.platform/Developer/SDKs/WatchOS27.0.sdk/System/Library/Frameworks/UIKit.framework/Headers/UIAccessibilityAdditions.h:11:
In file included from /Applications/Xcode-27.0.0-Release.Candidate.app/Contents/Developer/Platforms/WatchOS.platform/Developer/SDKs/WatchOS27.0.sdk/System/Library/Frameworks/UIKit.framework/Headers/UIPickerView.h:11:
In file included from /Applications/Xcode-27.0.0-Release.Candidate.app/Contents/Developer/Platforms/WatchOS.platform/Developer/SDKs/WatchOS27.0.sdk/System/Library/Frameworks/UIKit.framework/Headers/UIView.h:17:
In file included from /Applications/Xcode-27.0.0-Release.Candidate.app/Contents/Developer/Platforms/WatchOS.platform/Developer/SDKs/WatchOS27.0.sdk/System/Library/Frameworks/UIKit.framework/Headers/UITraitCollection.h:10:
/Applications/Xcode-27.0.0-Release.Candidate.app/Contents/Developer/Platforms/WatchOS.platform/Developer/SDKs/WatchOS27.0.sdk/System/Library/Frameworks/UIKit.framework/Headers/UIDevice.h:22:28: note: 'UIUserInterfaceIdiom' has been explicitly marked unavailable here
   22 | typedef NS_ENUM(NSInteger, UIUserInterfaceIdiom) {
      |                            ^
In file included from /Users/admin/builder/spi-builder-workspace/Source/Private/_ASPendingState.mm:12:
In file included from /Users/admin/builder/spi-builder-workspace/Source/Private/_ASCoreAnimationExtras.h:13:
In file included from /Users/admin/builder/spi-builder-workspace/Source/include/ASDisplayNode.h:20:
In file included from /Users/admin/builder/spi-builder-workspace/Source/include/ASLayoutElement.h:15:
/Users/admin/builder/spi-builder-workspace/Source/include/ASTraitCollection.h:41:3: error: 'UIForceTouchCapability' is unavailable: not available on watchOS
   41 |   UIForceTouchCapability forceTouchCapability;
      |   ^
In file included from /Users/admin/builder/spi-builder-workspace/Source/Private/_ASPendingState.mm:10:
In file included from /Users/admin/builder/spi-builder-workspace/Source/Private/_ASPendingState.h:10:
In file included from /Applications/Xcode-27.0.0-Release.Candidate.app/Contents/Developer/Platforms/WatchOS.platform/Developer/SDKs/WatchOS27.0.sdk/System/Library/Frameworks/UIKit.framework/Headers/UIKit.h:13:
In file included from /Applications/Xcode-27.0.0-Release.Candidate.app/Contents/Developer/Platforms/WatchOS.platform/Developer/SDKs/WatchOS27.0.sdk/System/Library/Frameworks/UIKit.framework/Headers/UIKitCore.h:29:
In file included from /Applications/Xcode-27.0.0-Release.Candidate.app/Contents/Developer/Platforms/WatchOS.platform/Developer/SDKs/WatchOS27.0.sdk/System/Library/Frameworks/UIKit.framework/Headers/UIAccessibility.h:15:
In file included from /Applications/Xcode-27.0.0-Release.Candidate.app/Contents/Developer/Platforms/WatchOS.platform/Developer/SDKs/WatchOS27.0.sdk/System/Library/Frameworks/UIKit.framework/Headers/UIAccessibilityAdditions.h:11:
In file included from /Applications/Xcode-27.0.0-Release.Candidate.app/Contents/Developer/Platforms/WatchOS.platform/Developer/SDKs/WatchOS27.0.sdk/System/Library/Frameworks/UIKit.framework/Headers/UIPickerView.h:11:
In file included from /Applications/Xcode-27.0.0-Release.Candidate.app/Contents/Developer/Platforms/WatchOS.platform/Developer/SDKs/WatchOS27.0.sdk/System/Library/Frameworks/UIKit.framework/Headers/UIView.h:17:
In file included from /Applications/Xcode-27.0.0-Release.Candidate.app/Contents/Developer/Platforms/WatchOS.platform/Developer/SDKs/WatchOS27.0.sdk/System/Library/Frameworks/UIKit.framework/Headers/UITraitCollection.h:12:
/Applications/Xcode-27.0.0-Release.Candidate.app/Contents/Developer/Platforms/WatchOS.platform/Developer/SDKs/WatchOS27.0.sdk/System/Library/Frameworks/UIKit.framework/Headers/UITouch.h:28:28: note: 'UIForceTouchCapability' has been explicitly marked unavailable here
   28 | typedef NS_ENUM(NSInteger, UIForceTouchCapability) {
      |                            ^
In file included from /Users/admin/builder/spi-builder-workspace/Source/Private/_ASPendingState.mm:12:
In file included from /Users/admin/builder/spi-builder-workspace/Source/Private/_ASCoreAnimationExtras.h:13:
In file included from /Users/admin/builder/spi-builder-workspace/Source/include/ASDisplayNode.h:20:
In file included from /Users/admin/builder/spi-builder-workspace/Source/include/ASLayoutElement.h:15:
/Users/admin/builder/spi-builder-workspace/Source/include/ASTraitCollection.h:42:3: error: 'UITraitEnvironmentLayoutDirection' is unavailable: not available on watchOS
   42 |   UITraitEnvironmentLayoutDirection layoutDirection API_AVAILABLE(ios(10.0));
      |   ^
In file included from /Users/admin/builder/spi-builder-workspace/Source/Private/_ASPendingState.mm:10:
In file included from /Users/admin/builder/spi-builder-workspace/Source/Private/_ASPendingState.h:10:
In file included from /Applications/Xcode-27.0.0-Release.Candidate.app/Contents/Developer/Platforms/WatchOS.platform/Developer/SDKs/WatchOS27.0.sdk/System/Library/Frameworks/UIKit.framework/Headers/UIKit.h:13:
In file included from /Applications/Xcode-27.0.0-Release.Candidate.app/Contents/Developer/Platforms/WatchOS.platform/Developer/SDKs/WatchOS27.0.sdk/System/Library/Frameworks/UIKit.framework/Headers/UIKitCore.h:29:
In file included from /Applications/Xcode-27.0.0-Release.Candidate.app/Contents/Developer/Platforms/WatchOS.platform/Developer/SDKs/WatchOS27.0.sdk/System/Library/Frameworks/UIKit.framework/Headers/UIAccessibility.h:15:
In file included from /Applications/Xcode-27.0.0-Release.Candidate.app/Contents/Developer/Platforms/WatchOS.platform/Developer/SDKs/WatchOS27.0.sdk/System/Library/Frameworks/UIKit.framework/Headers/UIAccessibilityAdditions.h:11:
In file included from /Applications/Xcode-27.0.0-Release.Candidate.app/Contents/Developer/Platforms/WatchOS.platform/Developer/SDKs/WatchOS27.0.sdk/System/Library/Frameworks/UIKit.framework/Headers/UIPickerView.h:11:
In file included from /Applications/Xcode-27.0.0-Release.Candidate.app/Contents/Developer/Platforms/WatchOS.platform/Developer/SDKs/WatchOS27.0.sdk/System/Library/Frameworks/UIKit.framework/Headers/UIView.h:12:
/Applications/Xcode-27.0.0-Release.Candidate.app/Contents/Developer/Platforms/WatchOS.platform/Developer/SDKs/WatchOS27.0.sdk/System/Library/Frameworks/UIKit.framework/Headers/UIInterface.h:44:28: note: 'UITraitEnvironmentLayoutDirection' has been explicitly marked unavailable here
   44 | typedef NS_ENUM(NSInteger, UITraitEnvironmentLayoutDirection) {
      |                            ^
In file included from /Users/admin/builder/spi-builder-workspace/Source/Private/_ASPendingState.mm:12:
In file included from /Users/admin/builder/spi-builder-workspace/Source/Private/_ASCoreAnimationExtras.h:13:
In file included from /Users/admin/builder/spi-builder-workspace/Source/include/ASDisplayNode.h:20:
In file included from /Users/admin/builder/spi-builder-workspace/Source/include/ASLayoutElement.h:15:
/Users/admin/builder/spi-builder-workspace/Source/include/ASTraitCollection.h:43:3: error: 'UIUserInterfaceStyle' is unavailable: not available on watchOS
   43 |   UIUserInterfaceStyle userInterfaceStyle API_AVAILABLE(tvos(10.0), ios(12.0));
      |   ^
In file included from /Users/admin/builder/spi-builder-workspace/Source/Private/_ASPendingState.mm:10:
In file included from /Users/admin/builder/spi-builder-workspace/Source/Private/_ASPendingState.h:10:
In file included from /Applications/Xcode-27.0.0-Release.Candidate.app/Contents/Developer/Platforms/WatchOS.platform/Developer/SDKs/WatchOS27.0.sdk/System/Library/Frameworks/UIKit.framework/Headers/UIKit.h:13:
In file included from /Applications/Xcode-27.0.0-Release.Candidate.app/Contents/Developer/Platforms/WatchOS.platform/Developer/SDKs/WatchOS27.0.sdk/System/Library/Frameworks/UIKit.framework/Headers/UIKitCore.h:29:
In file included from /Applications/Xcode-27.0.0-Release.Candidate.app/Contents/Developer/Platforms/WatchOS.platform/Developer/SDKs/WatchOS27.0.sdk/System/Library/Frameworks/UIKit.framework/Headers/UIAccessibility.h:15:
In file included from /Applications/Xcode-27.0.0-Release.Candidate.app/Contents/Developer/Platforms/WatchOS.platform/Developer/SDKs/WatchOS27.0.sdk/System/Library/Frameworks/UIKit.framework/Headers/UIAccessibilityAdditions.h:11:
In file included from /Applications/Xcode-27.0.0-Release.Candidate.app/Contents/Developer/Platforms/WatchOS.platform/Developer/SDKs/WatchOS27.0.sdk/System/Library/Frameworks/UIKit.framework/Headers/UIPickerView.h:11:
In file included from /Applications/Xcode-27.0.0-Release.Candidate.app/Contents/Developer/Platforms/WatchOS.platform/Developer/SDKs/WatchOS27.0.sdk/System/Library/Frameworks/UIKit.framework/Headers/UIView.h:12:
/Applications/Xcode-27.0.0-Release.Candidate.app/Contents/Developer/Platforms/WatchOS.platform/Developer/SDKs/WatchOS27.0.sdk/System/Library/Frameworks/UIKit.framework/Headers/UIInterface.h:32:28: note: 'UIUserInterfaceStyle' has been explicitly marked unavailable here
   32 | typedef NS_ENUM(NSInteger, UIUserInterfaceStyle) {
      |                            ^
In file included from /Users/admin/builder/spi-builder-workspace/Source/Private/_ASPendingState.mm:12:
In file included from /Users/admin/builder/spi-builder-workspace/Source/Private/_ASCoreAnimationExtras.h:13:
In file included from /Users/admin/builder/spi-builder-workspace/Source/include/ASDisplayNode.h:20:
In file included from /Users/admin/builder/spi-builder-workspace/Source/include/ASLayoutElement.h:15:
/Users/admin/builder/spi-builder-workspace/Source/include/ASTraitCollection.h:47:11: error: 'UIContentSizeCategory' is unavailable: not available on watchOS
   47 |   unowned UIContentSizeCategory preferredContentSizeCategory API_AVAILABLE(ios(10.0));
      |           ^
In file included from /Users/admin/builder/spi-builder-workspace/Source/Private/_ASPendingState.mm:10:
In file included from /Users/admin/builder/spi-builder-workspace/Source/Private/_ASPendingState.h:10:
In file included from /Applications/Xcode-27.0.0-Release.Candidate.app/Contents/Developer/Platforms/WatchOS.platform/Developer/SDKs/WatchOS27.0.sdk/System/Library/Frameworks/UIKit.framework/Headers/UIKit.h:13:
In file included from /Applications/Xcode-27.0.0-Release.Candidate.app/Contents/Developer/Platforms/WatchOS.platform/Developer/SDKs/WatchOS27.0.sdk/System/Library/Frameworks/UIKit.framework/Headers/UIKitCore.h:29:
In file included from /Applications/Xcode-27.0.0-Release.Candidate.app/Contents/Developer/Platforms/WatchOS.platform/Developer/SDKs/WatchOS27.0.sdk/System/Library/Frameworks/UIKit.framework/Headers/UIAccessibility.h:15:
In file included from /Applications/Xcode-27.0.0-Release.Candidate.app/Contents/Developer/Platforms/WatchOS.platform/Developer/SDKs/WatchOS27.0.sdk/System/Library/Frameworks/UIKit.framework/Headers/UIAccessibilityAdditions.h:11:
In file included from /Applications/Xcode-27.0.0-Release.Candidate.app/Contents/Developer/Platforms/WatchOS.platform/Developer/SDKs/WatchOS27.0.sdk/System/Library/Frameworks/UIKit.framework/Headers/UIPickerView.h:11:
In file included from /Applications/Xcode-27.0.0-Release.Candidate.app/Contents/Developer/Platforms/WatchOS.platform/Developer/SDKs/WatchOS27.0.sdk/System/Library/Frameworks/UIKit.framework/Headers/UIView.h:17:
In file included from /Applications/Xcode-27.0.0-Release.Candidate.app/Contents/Developer/Platforms/WatchOS.platform/Developer/SDKs/WatchOS27.0.sdk/System/Library/Frameworks/UIKit.framework/Headers/UITraitCollection.h:13:
/Applications/Xcode-27.0.0-Release.Candidate.app/Contents/Developer/Platforms/WatchOS.platform/Developer/SDKs/WatchOS27.0.sdk/System/Library/Frameworks/UIKit.framework/Headers/UIContentSizeCategory.h:14:20: note: 'UIContentSizeCategory' has been explicitly marked unavailable here
   14 | typedef NSString * UIContentSizeCategory NS_TYPED_ENUM API_AVAILABLE(ios(7.0)) API_UNAVAILABLE(watchos);
      |                    ^
In file included from /Users/admin/builder/spi-builder-workspace/Source/Private/_ASPendingState.mm:12:
In file included from /Users/admin/builder/spi-builder-workspace/Source/Private/_ASCoreAnimationExtras.h:13:
In file included from /Users/admin/builder/spi-builder-workspace/Source/include/ASDisplayNode.h:20:
In file included from /Users/admin/builder/spi-builder-workspace/Source/include/ASLayoutElement.h:15:
/Users/admin/builder/spi-builder-workspace/Source/include/ASTraitCollection.h:54:3: error: 'UIAccessibilityContrast' is unavailable: not available on watchOS
   54 |   UIAccessibilityContrast accessibilityContrast API_AVAILABLE(ios(13.0));
      |   ^
In file included from /Users/admin/builder/spi-builder-workspace/Source/Private/_ASPendingState.mm:10:
In file included from /Users/admin/builder/spi-builder-workspace/Source/Private/_ASPendingState.h:10:
In file included from /Applications/Xcode-27.0.0-Release.Candidate.app/Contents/Developer/Platforms/WatchOS.platform/Developer/SDKs/WatchOS27.0.sdk/System/Library/Frameworks/UIKit.framework/Headers/UIKit.h:13:
In file included from /Applications/Xcode-27.0.0-Release.Candidate.app/Contents/Developer/Platforms/WatchOS.platform/Developer/SDKs/WatchOS27.0.sdk/System/Library/Frameworks/UIKit.framework/Headers/UIKitCore.h:29:
In file included from /Applications/Xcode-27.0.0-Release.Candidate.app/Contents/Developer/Platforms/WatchOS.platform/Developer/SDKs/WatchOS27.0.sdk/System/Library/Frameworks/UIKit.framework/Headers/UIAccessibility.h:15:
In file included from /Applications/Xcode-27.0.0-Release.Candidate.app/Contents/Developer/Platforms/WatchOS.platform/Developer/SDKs/WatchOS27.0.sdk/System/Library/Frameworks/UIKit.framework/Headers/UIAccessibilityAdditions.h:11:
In file included from /Applications/Xcode-27.0.0-Release.Candidate.app/Contents/Developer/Platforms/WatchOS.platform/Developer/SDKs/WatchOS27.0.sdk/System/Library/Frameworks/UIKit.framework/Headers/UIPickerView.h:11:
In file included from /Applications/Xcode-27.0.0-Release.Candidate.app/Contents/Developer/Platforms/WatchOS.platform/Developer/SDKs/WatchOS27.0.sdk/System/Library/Frameworks/UIKit.framework/Headers/UIView.h:12:
/Applications/Xcode-27.0.0-Release.Candidate.app/Contents/Developer/Platforms/WatchOS.platform/Developer/SDKs/WatchOS27.0.sdk/System/Library/Frameworks/UIKit.framework/Headers/UIInterface.h:59:28: note: 'UIAccessibilityContrast' has been explicitly marked unavailable here
   59 | typedef NS_ENUM(NSInteger, UIAccessibilityContrast) {
      |                            ^
fatal error: too many errors emitted, stopping now [-ferror-limit=]
20 errors generated.
CompileC /Users/admin/builder/spi-builder-workspace/.derivedData/Build/Intermediates.noindex/Texture.build/Debug-watchos/AsyncDisplayKit-t.build/Objects-normal/arm64_32/_ASHierarchyChangeSet.o /Users/admin/builder/spi-builder-workspace/Source/Private/_ASHierarchyChangeSet.mm normal arm64_32 objective-c++ com.apple.compilers.llvm.clang.1_0.compiler (in target 'AsyncDisplayKit' from project 'Texture')
    cd /Users/admin/builder/spi-builder-workspace/.swiftpm/xcode

    Using response file: /Users/admin/builder/spi-builder-workspace/.derivedData/Build/Intermediates.noindex/Texture.build/Debug-watchos/AsyncDisplayKit-t.build/Objects-normal/arm64_32/af3fcb34312c57c0f52879cdce924b91-common-args.resp

    /Applications/Xcode-27.0.0-Release.Candidate.app/Contents/Developer/Toolchains/XcodeDefault.xctoolchain/usr/bin/clang -x objective-c++ -ivfsstatcache /Users/admin/builder/spi-builder-workspace/.derivedData/SDKStatCaches.noindex/watchos27.0-24R360-e829b21a6f8c9b70876ba0858053c04477534ef55a1706bf4c1112bbb242f0a2.sdkstatcache -target arm64_32-apple-watchos9.0 -fmessage-length\=0 -fdiagnostics-show-note-include-stack -fmacro-backtrace-limit\=0 -fno-color-diagnostics -fmodules-prune-interval\=86400 -fmodules-prune-after\=345600 -fbuild-session-file\=/Users/admin/builder/spi-builder-workspace/.derivedData/ModuleCache.noindex/Session.modulevalidation -fmodules-validate-once-per-build-session -Wnon-modular-include-in-framework-module -Werror\=non-modular-include-in-framework-module -Wno-trigraphs -Wno-missing-field-initializers -Wno-missing-prototypes -Wno-return-type -Wno-implicit-atomic-properties -Wno-objc-interface-ivars -Wno-arc-repeated-use-of-weak -Wno-non-virtual-dtor -Wno-overloaded-virtual -Wno-exit-time-destructors -Wno-missing-braces -Wparentheses -Wswitch -Wno-unused-function -Wno-unused-label -Wno-unused-parameter -Wno-unused-variable -Wunused-value -Wno-empty-body -Wno-uninitialized -Wno-unknown-pragmas -Wno-shadow -Wno-four-char-constants -Wno-conversion -Wno-constant-conversion -Wno-int-conversion -Wno-bool-conversion -Wno-enum-conversion -Wno-float-conversion -Wno-non-literal-null-conversion -Wno-objc-literal-conversion -Wno-shorten-64-to-32 -Wno-newline-eof -Wno-selector -Wno-strict-selector-match -Wno-undeclared-selector -Wno-deprecated-implementations -Wno-c++11-extensions -Wno-implicit-fallthrough -isysroot /Applications/Xcode-27.0.0-Release.Candidate.app/Contents/Developer/Platforms/WatchOS.platform/Developer/SDKs/WatchOS27.0.sdk -fstrict-aliasing -Wprotocol -Wdeprecated-declarations -Winvalid-offsetof -Wno-sign-conversion -Wno-infinite-recursion -Wno-move -Wno-comma -Wno-block-capture-autoreleasing -Wno-strict-prototypes -Wno-range-loop-analysis -Wno-semicolon-before-method-body -index-store-path /Users/admin/builder/spi-builder-workspace/.derivedData/Index.noindex/DataStore @/Users/admin/builder/spi-builder-workspace/.derivedData/Build/Intermediates.noindex/Texture.build/Debug-watchos/AsyncDisplayKit-t.build/Objects-normal/arm64_32/af3fcb34312c57c0f52879cdce924b91-common-args.resp -MMD -MT dependencies -MF /Users/admin/builder/spi-builder-workspace/.derivedData/Build/Intermediates.noindex/Texture.build/Debug-watchos/AsyncDisplayKit-t.build/Objects-normal/arm64_32/_ASHierarchyChangeSet.d --serialize-diagnostics /Users/admin/builder/spi-builder-workspace/.derivedData/Build/Intermediates.noindex/Texture.build/Debug-watchos/AsyncDisplayKit-t.build/Objects-normal/arm64_32/_ASHierarchyChangeSet.dia -c /Users/admin/builder/spi-builder-workspace/Source/Private/_ASHierarchyChangeSet.mm -o /Users/admin/builder/spi-builder-workspace/.derivedData/Build/Intermediates.noindex/Texture.build/Debug-watchos/AsyncDisplayKit-t.build/Objects-normal/arm64_32/_ASHierarchyChangeSet.o -index-unit-output-path /Texture.build/Debug-watchos/AsyncDisplayKit-t.build/Objects-normal/arm64_32/_ASHierarchyChangeSet.o
PruneExplicitPrecompiledModules /Users/admin/builder/spi-builder-workspace/.derivedData/SDKExplicitPrecompiledModules
PruneExplicitPrecompiledModules /Users/admin/builder/spi-builder-workspace/.derivedData/Build/Intermediates.noindex/SwiftExplicitPrecompiledModules
PruneExplicitPrecompiledModules /Users/admin/builder/spi-builder-workspace/.derivedData/Build/Intermediates.noindex/ExplicitPrecompiledModules
2026-09-24 13:44:44.358 xcodebuild[876:5635] [MT] IDERunDestination: Supported platforms for the buildables in the current scheme is empty.
** BUILD FAILED **
The following build commands failed:
	CompileC /Users/admin/builder/spi-builder-workspace/.derivedData/Build/Intermediates.noindex/Texture.build/Debug-watchos/AsyncDisplayKit-t.build/Objects-normal/arm64_32/_ASTransitionContext.o /Users/admin/builder/spi-builder-workspace/Source/_ASTransitionContext.mm normal arm64_32 objective-c++ com.apple.compilers.llvm.clang.1_0.compiler (in target 'AsyncDisplayKit' from project 'Texture')
	CompileC /Users/admin/builder/spi-builder-workspace/.derivedData/Build/Intermediates.noindex/Texture.build/Debug-watchos/AsyncDisplayKit-t.build/Objects-normal/arm64_32/ASTextNodeWordKerner.o /Users/admin/builder/spi-builder-workspace/Source/TextKit/ASTextNodeWordKerner.mm normal arm64_32 objective-c++ com.apple.compilers.llvm.clang.1_0.compiler (in target 'AsyncDisplayKit' from project 'Texture')
	CompileC /Users/admin/builder/spi-builder-workspace/.derivedData/Build/Intermediates.noindex/Texture.build/Debug-watchos/AsyncDisplayKit-t.build/Objects-normal/arm64_32/UIResponder+AsyncDisplayKit.o /Users/admin/builder/spi-builder-workspace/Source/UIResponder+AsyncDisplayKit.mm normal arm64_32 objective-c++ com.apple.compilers.llvm.clang.1_0.compiler (in target 'AsyncDisplayKit' from project 'Texture')
	CompileC /Users/admin/builder/spi-builder-workspace/.derivedData/Build/Intermediates.noindex/Texture.build/Debug-watchos/AsyncDisplayKit-t.build/Objects-normal/arm64_32/UIImage+ASConvenience.o /Users/admin/builder/spi-builder-workspace/Source/UIImage+ASConvenience.mm normal arm64_32 objective-c++ com.apple.compilers.llvm.clang.1_0.compiler (in target 'AsyncDisplayKit' from project 'Texture')
	CompileC /Users/admin/builder/spi-builder-workspace/.derivedData/Build/Intermediates.noindex/Texture.build/Debug-watchos/AsyncDisplayKit-t.build/Objects-normal/arm64_32/_ASPendingState.o /Users/admin/builder/spi-builder-workspace/Source/Private/_ASPendingState.mm normal arm64_32 objective-c++ com.apple.compilers.llvm.clang.1_0.compiler (in target 'AsyncDisplayKit' from project 'Texture')
	Building workspace Texture with scheme Texture
(6 failures)
Command line invocation:
    /Applications/Xcode-27.0.0-Release.Candidate.app/Contents/Developer/usr/bin/xcodebuild -IDEClonedSourcePackagesDirPathOverride=/Users/admin/builder/spi-builder-workspace/.dependencies -resolvePackageDependencies
Resolve Package Graph
Resolved source packages:
  Texture: /Users/admin/builder/spi-builder-workspace
resolved source packages: Texture
2026-09-24 13:44:48.884 xcodebuild[918:5800] [MT] IDERunDestination: Supported platforms for the buildables in the current scheme is empty.
{
  "c_language_standard" : "c11",
  "cxx_language_standard" : "c++11",
  "dependencies" : [
  ],
  "manifest_display_name" : "Texture",
  "name" : "Texture",
  "path" : "/Users/admin/builder/spi-builder-workspace",
  "platforms" : [
    {
      "name" : "macos",
      "version" : "10.15"
    },
    {
      "name" : "ios",
      "version" : "10.0"
    },
    {
      "name" : "tvos",
      "version" : "10.0"
    }
  ],
  "products" : [
    {
      "name" : "AsyncDisplayKit",
      "targets" : [
        "AsyncDisplayKit"
      ],
      "type" : {
        "library" : [
          "static"
        ]
      }
    }
  ],
  "targets" : [
    {
      "c99name" : "AsyncDisplayKit",
      "module_type" : "ClangTarget",
      "name" : "AsyncDisplayKit",
      "path" : "Source",
      "product_memberships" : [
        "AsyncDisplayKit"
      ],
      "sources" : [
        "ASButtonNode+Yoga.mm",
        "ASButtonNode.mm",
        "ASCellNode.mm",
        "ASCollectionNode.mm",
        "ASCollectionView.mm",
        "ASCollections.mm",
        "ASConfiguration.mm",
        "ASConfigurationInternal.mm",
        "ASControlNode.mm",
        "ASDKNavigationController.mm",
        "ASDKViewController.mm",
        "ASDisplayNode+Convenience.mm",
        "ASDisplayNode+Layout.mm",
        "ASDisplayNode+LayoutSpec.mm",
        "ASDisplayNode+Yoga.mm",
        "ASDisplayNode.mm",
        "ASDisplayNodeExtras.mm",
        "ASEditableTextNode.mm",
        "ASExperimentalFeatures.mm",
        "ASImageNode+AnimatedImage.mm",
        "ASImageNode.mm",
        "ASInternalHelpers.mm",
        "ASMainThreadDeallocation.mm",
        "ASMapNode.mm",
        "ASMultiplexImageNode.mm",
        "ASNetworkImageLoadInfo.mm",
        "ASNetworkImageNode.mm",
        "ASNodeController+Beta.mm",
        "ASPagerFlowLayout.mm",
        "ASPagerNode.mm",
        "ASRunLoopQueue.mm",
        "ASScrollNode.mm",
        "ASTabBarController.mm",
        "ASTableNode.mm",
        "ASTableView.mm",
        "ASTextNode.mm",
        "ASTextNode2.mm",
        "ASVideoNode.mm",
        "ASVideoPlayerNode.mm",
        "ASVisibilityProtocols.mm",
        "AsyncDisplayKit+IGListKitMethods.mm",
        "Base/ASAssert.mm",
        "Base/ASDisplayNode+Ancestry.mm",
        "Base/ASLog.mm",
        "Debug/AsyncDisplayKit+Debug.mm",
        "Debug/AsyncDisplayKit+Tips.mm",
        "Details/ASAbstractLayoutController.mm",
        "Details/ASBasicImageDownloader.mm",
        "Details/ASBatchContext.mm",
        "Details/ASCollectionElement.mm",
        "Details/ASCollectionFlowLayoutDelegate.mm",
        "Details/ASCollectionGalleryLayoutDelegate.mm",
        "Details/ASCollectionLayoutContext.mm",
        "Details/ASCollectionLayoutState.mm",
        "Details/ASCollectionViewLayoutController.mm",
        "Details/ASCollectionViewLayoutInspector.mm",
        "Details/ASDataController.mm",
        "Details/ASDelegateProxy.mm",
        "Details/ASElementMap.mm",
        "Details/ASGraphicsContext.mm",
        "Details/ASHashing.mm",
        "Details/ASHighlightOverlayLayer.mm",
        "Details/ASImageContainerProtocolCategories.mm",
        "Details/ASIntegerMap.mm",
        "Details/ASMainSerialQueue.mm",
        "Details/ASMutableAttributedStringBuilder.mm",
        "Details/ASObjectDescriptionHelpers.mm",
        "Details/ASPINRemoteImageDownloader.mm",
        "Details/ASPageTable.mm",
        "Details/ASPhotosFrameworkImageRequest.mm",
        "Details/ASRangeController.mm",
        "Details/ASRecursiveUnfairLock.mm",
        "Details/ASScrollDirection.mm",
        "Details/ASTableLayoutController.mm",
        "Details/ASTraitCollection.mm",
        "Details/ASWeakProxy.mm",
        "Details/ASWeakSet.mm",
        "Details/NSArray+Diffing.mm",
        "Details/NSIndexSet+ASHelpers.mm",
        "Details/NSMutableAttributedString+TextKitAdditions.mm",
        "Details/Transactions/_ASAsyncTransaction.mm",
        "Details/Transactions/_ASAsyncTransactionContainer.mm",
        "Details/Transactions/_ASAsyncTransactionGroup.mm",
        "Details/UICollectionViewLayout+ASConvenience.mm",
        "Details/_ASCollectionReusableView.mm",
        "Details/_ASCollectionViewCell.mm",
        "Details/_ASDisplayLayer.mm",
        "Details/_ASDisplayView.mm",
        "Details/_ASDisplayViewAccessiblity.mm",
        "IGListAdapter+AsyncDisplayKit.mm",
        "Layout/ASAbsoluteLayoutSpec.mm",
        "Layout/ASAsciiArtBoxCreator.mm",
        "Layout/ASBackgroundLayoutSpec.mm",
        "Layout/ASCenterLayoutSpec.mm",
        "Layout/ASCornerLayoutSpec.mm",
        "Layout/ASDimension.mm",
        "Layout/ASDimensionInternal.mm",
        "Layout/ASInsetLayoutSpec.mm",
        "Layout/ASLayout+IGListDiffKit.mm",
        "Layout/ASLayout.mm",
        "Layout/ASLayoutElement.mm",
        "Layout/ASLayoutSpec+Subclasses.mm",
        "Layout/ASLayoutSpec.mm",
        "Layout/ASOverlayLayoutSpec.mm",
        "Layout/ASRatioLayoutSpec.mm",
        "Layout/ASRelativeLayoutSpec.mm",
        "Layout/ASStackLayoutSpec.mm",
        "Layout/ASYogaUtilities.mm",
        "Private/ASBatchFetching.mm",
        "Private/ASCollectionLayout.mm",
        "Private/ASCollectionLayoutCache.mm",
        "Private/ASCollectionLayoutDefines.mm",
        "Private/ASCollectionViewFlowLayoutInspector.mm",
        "Private/ASControlTargetAction.mm",
        "Private/ASDefaultPlayButton.mm",
        "Private/ASDefaultPlaybackButton.mm",
        "Private/ASDispatch.mm",
        "Private/ASDisplayNode+AsyncDisplay.mm",
        "Private/ASDisplayNode+DebugTiming.mm",
        "Private/ASDisplayNode+UIViewBridge.mm",
        "Private/ASDisplayNodeCornerLayerDelegate.mm",
        "Private/ASDisplayNodeTipState.mm",
        "Private/ASIGListAdapterBasedDataSource.mm",
        "Private/ASImageNode+CGExtras.mm",
        "Private/ASLayerBackingTipProvider.mm",
        "Private/ASLayoutTransition.mm",
        "Private/ASMutableElementMap.mm",
        "Private/ASPendingStateController.mm",
        "Private/ASResponderChainEnumerator.mm",
        "Private/ASSection.mm",
        "Private/ASTip.mm",
        "Private/ASTipNode.mm",
        "Private/ASTipProvider.mm",
        "Private/ASTipsController.mm",
        "Private/ASTipsWindow.mm",
        "Private/ASTwoDimensionalArrayUtils.mm",
        "Private/ASWeakMap.mm",
        "Private/Layout/ASStackPositionedLayout.mm",
        "Private/Layout/ASStackUnpositionedLayout.mm",
        "Private/_ASCollectionGalleryLayoutInfo.mm",
        "Private/_ASCollectionGalleryLayoutItem.mm",
        "Private/_ASCoreAnimationExtras.mm",
        "Private/_ASHierarchyChangeSet.mm",
        "Private/_ASPendingState.mm",
        "TextExperiment/Component/ASTextDebugOption.mm",
        "TextExperiment/Component/ASTextInput.mm",
        "TextExperiment/Component/ASTextLayout.mm",
        "TextExperiment/Component/ASTextLine.mm",
        "TextExperiment/String/ASTextAttribute.mm",
        "TextExperiment/String/ASTextRunDelegate.mm",
        "TextExperiment/Utility/ASTextUtilities.mm",
        "TextExperiment/Utility/NSAttributedString+ASText.mm",
        "TextExperiment/Utility/NSParagraphStyle+ASText.mm",
        "TextKit/ASLayoutManager.mm",
        "TextKit/ASTextKitAttributes.mm",
        "TextKit/ASTextKitComponents.mm",
        "TextKit/ASTextKitContext.mm",
        "TextKit/ASTextKitCoreTextAdditions.mm",
        "TextKit/ASTextKitEntityAttribute.mm",
        "TextKit/ASTextKitFontSizeAdjuster.mm",
        "TextKit/ASTextKitRenderer+Positioning.mm",
        "TextKit/ASTextKitRenderer+TextChecking.mm",
        "TextKit/ASTextKitRenderer.mm",
        "TextKit/ASTextKitShadower.mm",
        "TextKit/ASTextKitTailTruncater.mm",
        "TextKit/ASTextNodeWordKerner.mm",
        "UIImage+ASConvenience.mm",
        "UIResponder+AsyncDisplayKit.mm",
        "_ASTransitionContext.mm",
        "tvOS/ASControlNode+tvOS.mm",
        "tvOS/ASImageNode+tvOS.mm"
      ],
      "type" : "library"
    }
  ],
  "tools_version" : "5.3"
}
{
  "workspace" : {
    "name" : "Texture",
    "schemes" : [
      "Texture"
    ]
  }
}
2026-09-24 13:44:50.359 xcodebuild[926:5863] [MT] IDERunDestination: Supported platforms for the buildables in the current scheme is empty.
Running build ...
env DEVELOPER_DIR=/Applications/Xcode-27.0.0-Release.Candidate.app xcrun xcodebuild -IDEClonedSourcePackagesDirPathOverride=$PWD/.dependencies -skipMacroValidation -skipPackagePluginValidation -derivedDataPath $PWD/.derivedData build -scheme Texture -destination generic/platform=watchOS
Command line invocation:
    /Applications/Xcode-27.0.0-Release.Candidate.app/Contents/Developer/usr/bin/xcodebuild -IDEClonedSourcePackagesDirPathOverride=/Users/admin/builder/spi-builder-workspace/.dependencies -skipMacroValidation -skipPackagePluginValidation -derivedDataPath /Users/admin/builder/spi-builder-workspace/.derivedData build -scheme Texture -destination generic/platform=watchOS
Resolve Package Graph
Resolved source packages:
  Texture: /Users/admin/builder/spi-builder-workspace
ComputePackagePrebuildTargetDependencyGraph
Prepare packages
CreateBuildRequest
SendProjectDescription
CreateBuildOperation
ComputeTargetDependencyGraph
note: Building targets in dependency order
note: Target dependency graph (2 targets)
    Target 'AsyncDisplayKit-product' in project 'Texture'
        ➜ Explicit dependency on target 'AsyncDisplayKit' in project 'Texture'
    Target 'AsyncDisplayKit' in project 'Texture' (no dependencies)
GatherProvisioningInputs
CreateBuildDescription
ClangStatCache /Applications/Xcode-27.0.0-Release.Candidate.app/Contents/Developer/Toolchains/XcodeDefault.xctoolchain/usr/bin/clang-stat-cache /Applications/Xcode-27.0.0-Release.Candidate.app/Contents/Developer/Platforms/WatchOS.platform/Developer/SDKs/WatchOS27.0.sdk /Users/admin/builder/spi-builder-workspace/.derivedData/SDKStatCaches.noindex/watchos27.0-24R360-e829b21a6f8c9b70876ba0858053c04477534ef55a1706bf4c1112bbb242f0a2.sdkstatcache
    cd /Users/admin/builder/spi-builder-workspace/.swiftpm/xcode
    /Applications/Xcode-27.0.0-Release.Candidate.app/Contents/Developer/Toolchains/XcodeDefault.xctoolchain/usr/bin/clang-stat-cache /Applications/Xcode-27.0.0-Release.Candidate.app/Contents/Developer/Platforms/WatchOS.platform/Developer/SDKs/WatchOS27.0.sdk -o /Users/admin/builder/spi-builder-workspace/.derivedData/SDKStatCaches.noindex/watchos27.0-24R360-e829b21a6f8c9b70876ba0858053c04477534ef55a1706bf4c1112bbb242f0a2.sdkstatcache
CompileC /Users/admin/builder/spi-builder-workspace/.derivedData/Build/Intermediates.noindex/Texture.build/Debug-watchos/AsyncDisplayKit-t.build/Objects-normal/arm64_32/_ASTransitionContext.o /Users/admin/builder/spi-builder-workspace/Source/_ASTransitionContext.mm normal arm64_32 objective-c++ com.apple.compilers.llvm.clang.1_0.compiler (in target 'AsyncDisplayKit' from project 'Texture')
    cd /Users/admin/builder/spi-builder-workspace/.swiftpm/xcode

    Using response file: /Users/admin/builder/spi-builder-workspace/.derivedData/Build/Intermediates.noindex/Texture.build/Debug-watchos/AsyncDisplayKit-t.build/Objects-normal/arm64_32/af3fcb34312c57c0f52879cdce924b91-common-args.resp

    /Applications/Xcode-27.0.0-Release.Candidate.app/Contents/Developer/Toolchains/XcodeDefault.xctoolchain/usr/bin/clang -x objective-c++ -ivfsstatcache /Users/admin/builder/spi-builder-workspace/.derivedData/SDKStatCaches.noindex/watchos27.0-24R360-e829b21a6f8c9b70876ba0858053c04477534ef55a1706bf4c1112bbb242f0a2.sdkstatcache -target arm64_32-apple-watchos9.0 -fmessage-length\=0 -fdiagnostics-show-note-include-stack -fmacro-backtrace-limit\=0 -fno-color-diagnostics -fmodules-prune-interval\=86400 -fmodules-prune-after\=345600 -fbuild-session-file\=/Users/admin/builder/spi-builder-workspace/.derivedData/ModuleCache.noindex/Session.modulevalidation -fmodules-validate-once-per-build-session -Wnon-modular-include-in-framework-module -Werror\=non-modular-include-in-framework-module -Wno-trigraphs -Wno-missing-field-initializers -Wno-missing-prototypes -Wno-return-type -Wno-implicit-atomic-properties -Wno-objc-interface-ivars -Wno-arc-repeated-use-of-weak -Wno-non-virtual-dtor -Wno-overloaded-virtual -Wno-exit-time-destructors -Wno-missing-braces -Wparentheses -Wswitch -Wno-unused-function -Wno-unused-label -Wno-unused-parameter -Wno-unused-variable -Wunused-value -Wno-empty-body -Wno-uninitialized -Wno-unknown-pragmas -Wno-shadow -Wno-four-char-constants -Wno-conversion -Wno-constant-conversion -Wno-int-conversion -Wno-bool-conversion -Wno-enum-conversion -Wno-float-conversion -Wno-non-literal-null-conversion -Wno-objc-literal-conversion -Wno-shorten-64-to-32 -Wno-newline-eof -Wno-selector -Wno-strict-selector-match -Wno-undeclared-selector -Wno-deprecated-implementations -Wno-c++11-extensions -Wno-implicit-fallthrough -isysroot /Applications/Xcode-27.0.0-Release.Candidate.app/Contents/Developer/Platforms/WatchOS.platform/Developer/SDKs/WatchOS27.0.sdk -fstrict-aliasing -Wprotocol -Wdeprecated-declarations -Winvalid-offsetof -Wno-sign-conversion -Wno-infinite-recursion -Wno-move -Wno-comma -Wno-block-capture-autoreleasing -Wno-strict-prototypes -Wno-range-loop-analysis -Wno-semicolon-before-method-body -index-store-path /Users/admin/builder/spi-builder-workspace/.derivedData/Index.noindex/DataStore @/Users/admin/builder/spi-builder-workspace/.derivedData/Build/Intermediates.noindex/Texture.build/Debug-watchos/AsyncDisplayKit-t.build/Objects-normal/arm64_32/af3fcb34312c57c0f52879cdce924b91-common-args.resp -MMD -MT dependencies -MF /Users/admin/builder/spi-builder-workspace/.derivedData/Build/Intermediates.noindex/Texture.build/Debug-watchos/AsyncDisplayKit-t.build/Objects-normal/arm64_32/_ASTransitionContext.d --serialize-diagnostics /Users/admin/builder/spi-builder-workspace/.derivedData/Build/Intermediates.noindex/Texture.build/Debug-watchos/AsyncDisplayKit-t.build/Objects-normal/arm64_32/_ASTransitionContext.dia -c /Users/admin/builder/spi-builder-workspace/Source/_ASTransitionContext.mm -o /Users/admin/builder/spi-builder-workspace/.derivedData/Build/Intermediates.noindex/Texture.build/Debug-watchos/AsyncDisplayKit-t.build/Objects-normal/arm64_32/_ASTransitionContext.o -index-unit-output-path /Texture.build/Debug-watchos/AsyncDisplayKit-t.build/Objects-normal/arm64_32/_ASTransitionContext.o
In file included from /Users/admin/builder/spi-builder-workspace/Source/_ASTransitionContext.mm:10:
In file included from /Users/admin/builder/spi-builder-workspace/Source/_ASTransitionContext.h:12:
In file included from /Users/admin/builder/spi-builder-workspace/Source/ASContextTransitioning.h:10:
/Users/admin/builder/spi-builder-workspace/Source/include/ASDimension.h:58:55: error: 'CATransform3D' is unavailable: not available on watchOS
   58 | ASDISPLAYNODE_INLINE BOOL ASIsTransformValidForLayout(CATransform3D t)
      |                                                       ^
In file included from /Users/admin/builder/spi-builder-workspace/Source/_ASTransitionContext.mm:10:
In file included from /Users/admin/builder/spi-builder-workspace/Source/_ASTransitionContext.h:12:
In file included from /Users/admin/builder/spi-builder-workspace/Source/ASContextTransitioning.h:10:
In file included from /Users/admin/builder/spi-builder-workspace/Source/include/ASDimension.h:15:
In file included from /Applications/Xcode-27.0.0-Release.Candidate.app/Contents/Developer/Platforms/WatchOS.platform/Developer/SDKs/WatchOS27.0.sdk/System/Library/Frameworks/QuartzCore.framework/Headers/QuartzCore.h:17:
In file included from /Applications/Xcode-27.0.0-Release.Candidate.app/Contents/Developer/Platforms/WatchOS.platform/Developer/SDKs/WatchOS27.0.sdk/System/Library/Frameworks/QuartzCore.framework/Headers/CoreAnimation.h:10:
/Applications/Xcode-27.0.0-Release.Candidate.app/Contents/Developer/Platforms/WatchOS.platform/Developer/SDKs/WatchOS27.0.sdk/System/Library/Frameworks/QuartzCore.framework/Headers/CATransform3D.h:25:41: note: 'CATransform3D' has been explicitly marked unavailable here
   25 | typedef struct CA_BOXABLE CATransform3D CATransform3D API_AVAILABLE(macos(10.5), ios(2.0), tvos(9.0)) API_UNAVAILABLE(watchos);
      |                                         ^
In file included from /Users/admin/builder/spi-builder-workspace/Source/_ASTransitionContext.mm:11:
In file included from /Users/admin/builder/spi-builder-workspace/Source/ASDisplayNode.h:20:
In file included from /Users/admin/builder/spi-builder-workspace/Source/include/ASLayoutElement.h:15:
/Users/admin/builder/spi-builder-workspace/Source/include/ASTraitCollection.h:34:3: error: 'UIUserInterfaceSizeClass' is unavailable: not available on watchOS
   34 |   UIUserInterfaceSizeClass horizontalSizeClass;
      |   ^
In file included from /Users/admin/builder/spi-builder-workspace/Source/_ASTransitionContext.mm:11:
In file included from /Users/admin/builder/spi-builder-workspace/Source/ASDisplayNode.h:12:
In file included from /Applications/Xcode-27.0.0-Release.Candidate.app/Contents/Developer/Platforms/WatchOS.platform/Developer/SDKs/WatchOS27.0.sdk/System/Library/Frameworks/UIKit.framework/Headers/UIKit.h:13:
In file included from /Applications/Xcode-27.0.0-Release.Candidate.app/Contents/Developer/Platforms/WatchOS.platform/Developer/SDKs/WatchOS27.0.sdk/System/Library/Frameworks/UIKit.framework/Headers/UIKitCore.h:29:
In file included from /Applications/Xcode-27.0.0-Release.Candidate.app/Contents/Developer/Platforms/WatchOS.platform/Developer/SDKs/WatchOS27.0.sdk/System/Library/Frameworks/UIKit.framework/Headers/UIAccessibility.h:15:
In file included from /Applications/Xcode-27.0.0-Release.Candidate.app/Contents/Developer/Platforms/WatchOS.platform/Developer/SDKs/WatchOS27.0.sdk/System/Library/Frameworks/UIKit.framework/Headers/UIAccessibilityAdditions.h:11:
In file included from /Applications/Xcode-27.0.0-Release.Candidate.app/Contents/Developer/Platforms/WatchOS.platform/Developer/SDKs/WatchOS27.0.sdk/System/Library/Frameworks/UIKit.framework/Headers/UIPickerView.h:11:
In file included from /Applications/Xcode-27.0.0-Release.Candidate.app/Contents/Developer/Platforms/WatchOS.platform/Developer/SDKs/WatchOS27.0.sdk/System/Library/Frameworks/UIKit.framework/Headers/UIView.h:12:
/Applications/Xcode-27.0.0-Release.Candidate.app/Contents/Developer/Platforms/WatchOS.platform/Developer/SDKs/WatchOS27.0.sdk/System/Library/Frameworks/UIKit.framework/Headers/UIInterface.h:26:28: note: 'UIUserInterfaceSizeClass' has been explicitly marked unavailable here
   26 | typedef NS_ENUM(NSInteger, UIUserInterfaceSizeClass) {
      |                            ^
In file included from /Users/admin/builder/spi-builder-workspace/Source/_ASTransitionContext.mm:11:
In file included from /Users/admin/builder/spi-builder-workspace/Source/ASDisplayNode.h:20:
In file included from /Users/admin/builder/spi-builder-workspace/Source/include/ASLayoutElement.h:15:
/Users/admin/builder/spi-builder-workspace/Source/include/ASTraitCollection.h:35:3: error: 'UIUserInterfaceSizeClass' is unavailable: not available on watchOS
   35 |   UIUserInterfaceSizeClass verticalSizeClass;
      |   ^
In file included from /Users/admin/builder/spi-builder-workspace/Source/_ASTransitionContext.mm:11:
In file included from /Users/admin/builder/spi-builder-workspace/Source/ASDisplayNode.h:12:
In file included from /Applications/Xcode-27.0.0-Release.Candidate.app/Contents/Developer/Platforms/WatchOS.platform/Developer/SDKs/WatchOS27.0.sdk/System/Library/Frameworks/UIKit.framework/Headers/UIKit.h:13:
In file included from /Applications/Xcode-27.0.0-Release.Candidate.app/Contents/Developer/Platforms/WatchOS.platform/Developer/SDKs/WatchOS27.0.sdk/System/Library/Frameworks/UIKit.framework/Headers/UIKitCore.h:29:
In file included from /Applications/Xcode-27.0.0-Release.Candidate.app/Contents/Developer/Platforms/WatchOS.platform/Developer/SDKs/WatchOS27.0.sdk/System/Library/Frameworks/UIKit.framework/Headers/UIAccessibility.h:15:
In file included from /Applications/Xcode-27.0.0-Release.Candidate.app/Contents/Developer/Platforms/WatchOS.platform/Developer/SDKs/WatchOS27.0.sdk/System/Library/Frameworks/UIKit.framework/Headers/UIAccessibilityAdditions.h:11:
In file included from /Applications/Xcode-27.0.0-Release.Candidate.app/Contents/Developer/Platforms/WatchOS.platform/Developer/SDKs/WatchOS27.0.sdk/System/Library/Frameworks/UIKit.framework/Headers/UIPickerView.h:11:
In file included from /Applications/Xcode-27.0.0-Release.Candidate.app/Contents/Developer/Platforms/WatchOS.platform/Developer/SDKs/WatchOS27.0.sdk/System/Library/Frameworks/UIKit.framework/Headers/UIView.h:12:
/Applications/Xcode-27.0.0-Release.Candidate.app/Contents/Developer/Platforms/WatchOS.platform/Developer/SDKs/WatchOS27.0.sdk/System/Library/Frameworks/UIKit.framework/Headers/UIInterface.h:26:28: note: 'UIUserInterfaceSizeClass' has been explicitly marked unavailable here
   26 | typedef NS_ENUM(NSInteger, UIUserInterfaceSizeClass) {
      |                            ^
In file included from /Users/admin/builder/spi-builder-workspace/Source/_ASTransitionContext.mm:11:
In file included from /Users/admin/builder/spi-builder-workspace/Source/ASDisplayNode.h:20:
In file included from /Users/admin/builder/spi-builder-workspace/Source/include/ASLayoutElement.h:15:
/Users/admin/builder/spi-builder-workspace/Source/include/ASTraitCollection.h:38:3: error: 'UIDisplayGamut' is unavailable: not available on watchOS
   38 |   UIDisplayGamut displayGamut API_AVAILABLE(ios(10.0));
      |   ^
In file included from /Users/admin/builder/spi-builder-workspace/Source/_ASTransitionContext.mm:11:
In file included from /Users/admin/builder/spi-builder-workspace/Source/ASDisplayNode.h:12:
In file included from /Applications/Xcode-27.0.0-Release.Candidate.app/Contents/Developer/Platforms/WatchOS.platform/Developer/SDKs/WatchOS27.0.sdk/System/Library/Frameworks/UIKit.framework/Headers/UIKit.h:13:
In file included from /Applications/Xcode-27.0.0-Release.Candidate.app/Contents/Developer/Platforms/WatchOS.platform/Developer/SDKs/WatchOS27.0.sdk/System/Library/Frameworks/UIKit.framework/Headers/UIKitCore.h:29:
In file included from /Applications/Xcode-27.0.0-Release.Candidate.app/Contents/Developer/Platforms/WatchOS.platform/Developer/SDKs/WatchOS27.0.sdk/System/Library/Frameworks/UIKit.framework/Headers/UIAccessibility.h:15:
In file included from /Applications/Xcode-27.0.0-Release.Candidate.app/Contents/Developer/Platforms/WatchOS.platform/Developer/SDKs/WatchOS27.0.sdk/System/Library/Frameworks/UIKit.framework/Headers/UIAccessibilityAdditions.h:11:
In file included from /Applications/Xcode-27.0.0-Release.Candidate.app/Contents/Developer/Platforms/WatchOS.platform/Developer/SDKs/WatchOS27.0.sdk/System/Library/Frameworks/UIKit.framework/Headers/UIPickerView.h:11:
In file included from /Applications/Xcode-27.0.0-Release.Candidate.app/Contents/Developer/Platforms/WatchOS.platform/Developer/SDKs/WatchOS27.0.sdk/System/Library/Frameworks/UIKit.framework/Headers/UIView.h:12:
/Applications/Xcode-27.0.0-Release.Candidate.app/Contents/Developer/Platforms/WatchOS.platform/Developer/SDKs/WatchOS27.0.sdk/System/Library/Frameworks/UIKit.framework/Headers/UIInterface.h:50:28: note: 'UIDisplayGamut' has been explicitly marked unavailable here
   50 | typedef NS_ENUM(NSInteger, UIDisplayGamut) {
      |                            ^
In file included from /Users/admin/builder/spi-builder-workspace/Source/_ASTransitionContext.mm:11:
In file included from /Users/admin/builder/spi-builder-workspace/Source/ASDisplayNode.h:20:
In file included from /Users/admin/builder/spi-builder-workspace/Source/include/ASLayoutElement.h:15:
/Users/admin/builder/spi-builder-workspace/Source/include/ASTraitCollection.h:40:3: error: 'UIUserInterfaceIdiom' is unavailable: not available on watchOS
   40 |   UIUserInterfaceIdiom userInterfaceIdiom;
      |   ^
In file included from /Users/admin/builder/spi-builder-workspace/Source/_ASTransitionContext.mm:11:
In file included from /Users/admin/builder/spi-builder-workspace/Source/ASDisplayNode.h:12:
In file included from /Applications/Xcode-27.0.0-Release.Candidate.app/Contents/Developer/Platforms/WatchOS.platform/Developer/SDKs/WatchOS27.0.sdk/System/Library/Frameworks/UIKit.framework/Headers/UIKit.h:13:
In file included from /Applications/Xcode-27.0.0-Release.Candidate.app/Contents/Developer/Platforms/WatchOS.platform/Developer/SDKs/WatchOS27.0.sdk/System/Library/Frameworks/UIKit.framework/Headers/UIKitCore.h:29:
In file included from /Applications/Xcode-27.0.0-Release.Candidate.app/Contents/Developer/Platforms/WatchOS.platform/Developer/SDKs/WatchOS27.0.sdk/System/Library/Frameworks/UIKit.framework/Headers/UIAccessibility.h:15:
In file included from /Applications/Xcode-27.0.0-Release.Candidate.app/Contents/Developer/Platforms/WatchOS.platform/Developer/SDKs/WatchOS27.0.sdk/System/Library/Frameworks/UIKit.framework/Headers/UIAccessibilityAdditions.h:11:
In file included from /Applications/Xcode-27.0.0-Release.Candidate.app/Contents/Developer/Platforms/WatchOS.platform/Developer/SDKs/WatchOS27.0.sdk/System/Library/Frameworks/UIKit.framework/Headers/UIPickerView.h:11:
In file included from /Applications/Xcode-27.0.0-Release.Candidate.app/Contents/Developer/Platforms/WatchOS.platform/Developer/SDKs/WatchOS27.0.sdk/System/Library/Frameworks/UIKit.framework/Headers/UIView.h:17:
In file included from /Applications/Xcode-27.0.0-Release.Candidate.app/Contents/Developer/Platforms/WatchOS.platform/Developer/SDKs/WatchOS27.0.sdk/System/Library/Frameworks/UIKit.framework/Headers/UITraitCollection.h:10:
/Applications/Xcode-27.0.0-Release.Candidate.app/Contents/Developer/Platforms/WatchOS.platform/Developer/SDKs/WatchOS27.0.sdk/System/Library/Frameworks/UIKit.framework/Headers/UIDevice.h:22:28: note: 'UIUserInterfaceIdiom' has been explicitly marked unavailable here
   22 | typedef NS_ENUM(NSInteger, UIUserInterfaceIdiom) {
      |                            ^
In file included from /Users/admin/builder/spi-builder-workspace/Source/_ASTransitionContext.mm:11:
In file included from /Users/admin/builder/spi-builder-workspace/Source/ASDisplayNode.h:20:
In file included from /Users/admin/builder/spi-builder-workspace/Source/include/ASLayoutElement.h:15:
/Users/admin/builder/spi-builder-workspace/Source/include/ASTraitCollection.h:41:3: error: 'UIForceTouchCapability' is unavailable: not available on watchOS
   41 |   UIForceTouchCapability forceTouchCapability;
      |   ^
In file included from /Users/admin/builder/spi-builder-workspace/Source/_ASTransitionContext.mm:11:
In file included from /Users/admin/builder/spi-builder-workspace/Source/ASDisplayNode.h:12:
In file included from /Applications/Xcode-27.0.0-Release.Candidate.app/Contents/Developer/Platforms/WatchOS.platform/Developer/SDKs/WatchOS27.0.sdk/System/Library/Frameworks/UIKit.framework/Headers/UIKit.h:13:
In file included from /Applications/Xcode-27.0.0-Release.Candidate.app/Contents/Developer/Platforms/WatchOS.platform/Developer/SDKs/WatchOS27.0.sdk/System/Library/Frameworks/UIKit.framework/Headers/UIKitCore.h:29:
In file included from /Applications/Xcode-27.0.0-Release.Candidate.app/Contents/Developer/Platforms/WatchOS.platform/Developer/SDKs/WatchOS27.0.sdk/System/Library/Frameworks/UIKit.framework/Headers/UIAccessibility.h:15:
In file included from /Applications/Xcode-27.0.0-Release.Candidate.app/Contents/Developer/Platforms/WatchOS.platform/Developer/SDKs/WatchOS27.0.sdk/System/Library/Frameworks/UIKit.framework/Headers/UIAccessibilityAdditions.h:11:
In file included from /Applications/Xcode-27.0.0-Release.Candidate.app/Contents/Developer/Platforms/WatchOS.platform/Developer/SDKs/WatchOS27.0.sdk/System/Library/Frameworks/UIKit.framework/Headers/UIPickerView.h:11:
In file included from /Applications/Xcode-27.0.0-Release.Candidate.app/Contents/Developer/Platforms/WatchOS.platform/Developer/SDKs/WatchOS27.0.sdk/System/Library/Frameworks/UIKit.framework/Headers/UIView.h:17:
In file included from /Applications/Xcode-27.0.0-Release.Candidate.app/Contents/Developer/Platforms/WatchOS.platform/Developer/SDKs/WatchOS27.0.sdk/System/Library/Frameworks/UIKit.framework/Headers/UITraitCollection.h:12:
/Applications/Xcode-27.0.0-Release.Candidate.app/Contents/Developer/Platforms/WatchOS.platform/Developer/SDKs/WatchOS27.0.sdk/System/Library/Frameworks/UIKit.framework/Headers/UITouch.h:28:28: note: 'UIForceTouchCapability' has been explicitly marked unavailable here
   28 | typedef NS_ENUM(NSInteger, UIForceTouchCapability) {
      |                            ^
In file included from /Users/admin/builder/spi-builder-workspace/Source/_ASTransitionContext.mm:11:
In file included from /Users/admin/builder/spi-builder-workspace/Source/ASDisplayNode.h:20:
In file included from /Users/admin/builder/spi-builder-workspace/Source/include/ASLayoutElement.h:15:
/Users/admin/builder/spi-builder-workspace/Source/include/ASTraitCollection.h:42:3: error: 'UITraitEnvironmentLayoutDirection' is unavailable: not available on watchOS
   42 |   UITraitEnvironmentLayoutDirection layoutDirection API_AVAILABLE(ios(10.0));
      |   ^
In file included from /Users/admin/builder/spi-builder-workspace/Source/_ASTransitionContext.mm:11:
In file included from /Users/admin/builder/spi-builder-workspace/Source/ASDisplayNode.h:12:
In file included from /Applications/Xcode-27.0.0-Release.Candidate.app/Contents/Developer/Platforms/WatchOS.platform/Developer/SDKs/WatchOS27.0.sdk/System/Library/Frameworks/UIKit.framework/Headers/UIKit.h:13:
In file included from /Applications/Xcode-27.0.0-Release.Candidate.app/Contents/Developer/Platforms/WatchOS.platform/Developer/SDKs/WatchOS27.0.sdk/System/Library/Frameworks/UIKit.framework/Headers/UIKitCore.h:29:
In file included from /Applications/Xcode-27.0.0-Release.Candidate.app/Contents/Developer/Platforms/WatchOS.platform/Developer/SDKs/WatchOS27.0.sdk/System/Library/Frameworks/UIKit.framework/Headers/UIAccessibility.h:15:
In file included from /Applications/Xcode-27.0.0-Release.Candidate.app/Contents/Developer/Platforms/WatchOS.platform/Developer/SDKs/WatchOS27.0.sdk/System/Library/Frameworks/UIKit.framework/Headers/UIAccessibilityAdditions.h:11:
In file included from /Applications/Xcode-27.0.0-Release.Candidate.app/Contents/Developer/Platforms/WatchOS.platform/Developer/SDKs/WatchOS27.0.sdk/System/Library/Frameworks/UIKit.framework/Headers/UIPickerView.h:11:
In file included from /Applications/Xcode-27.0.0-Release.Candidate.app/Contents/Developer/Platforms/WatchOS.platform/Developer/SDKs/WatchOS27.0.sdk/System/Library/Frameworks/UIKit.framework/Headers/UIView.h:12:
/Applications/Xcode-27.0.0-Release.Candidate.app/Contents/Developer/Platforms/WatchOS.platform/Developer/SDKs/WatchOS27.0.sdk/System/Library/Frameworks/UIKit.framework/Headers/UIInterface.h:44:28: note: 'UITraitEnvironmentLayoutDirection' has been explicitly marked unavailable here
   44 | typedef NS_ENUM(NSInteger, UITraitEnvironmentLayoutDirection) {
      |                            ^
In file included from /Users/admin/builder/spi-builder-workspace/Source/_ASTransitionContext.mm:11:
In file included from /Users/admin/builder/spi-builder-workspace/Source/ASDisplayNode.h:20:
In file included from /Users/admin/builder/spi-builder-workspace/Source/include/ASLayoutElement.h:15:
/Users/admin/builder/spi-builder-workspace/Source/include/ASTraitCollection.h:43:3: error: 'UIUserInterfaceStyle' is unavailable: not available on watchOS
   43 |   UIUserInterfaceStyle userInterfaceStyle API_AVAILABLE(tvos(10.0), ios(12.0));
      |   ^
In file included from /Users/admin/builder/spi-builder-workspace/Source/_ASTransitionContext.mm:11:
In file included from /Users/admin/builder/spi-builder-workspace/Source/ASDisplayNode.h:12:
In file included from /Applications/Xcode-27.0.0-Release.Candidate.app/Contents/Developer/Platforms/WatchOS.platform/Developer/SDKs/WatchOS27.0.sdk/System/Library/Frameworks/UIKit.framework/Headers/UIKit.h:13:
In file included from /Applications/Xcode-27.0.0-Release.Candidate.app/Contents/Developer/Platforms/WatchOS.platform/Developer/SDKs/WatchOS27.0.sdk/System/Library/Frameworks/UIKit.framework/Headers/UIKitCore.h:29:
In file included from /Applications/Xcode-27.0.0-Release.Candidate.app/Contents/Developer/Platforms/WatchOS.platform/Developer/SDKs/WatchOS27.0.sdk/System/Library/Frameworks/UIKit.framework/Headers/UIAccessibility.h:15:
In file included from /Applications/Xcode-27.0.0-Release.Candidate.app/Contents/Developer/Platforms/WatchOS.platform/Developer/SDKs/WatchOS27.0.sdk/System/Library/Frameworks/UIKit.framework/Headers/UIAccessibilityAdditions.h:11:
In file included from /Applications/Xcode-27.0.0-Release.Candidate.app/Contents/Developer/Platforms/WatchOS.platform/Developer/SDKs/WatchOS27.0.sdk/System/Library/Frameworks/UIKit.framework/Headers/UIPickerView.h:11:
In file included from /Applications/Xcode-27.0.0-Release.Candidate.app/Contents/Developer/Platforms/WatchOS.platform/Developer/SDKs/WatchOS27.0.sdk/System/Library/Frameworks/UIKit.framework/Headers/UIView.h:12:
/Applications/Xcode-27.0.0-Release.Candidate.app/Contents/Developer/Platforms/WatchOS.platform/Developer/SDKs/WatchOS27.0.sdk/System/Library/Frameworks/UIKit.framework/Headers/UIInterface.h:32:28: note: 'UIUserInterfaceStyle' has been explicitly marked unavailable here
   32 | typedef NS_ENUM(NSInteger, UIUserInterfaceStyle) {
      |                            ^
In file included from /Users/admin/builder/spi-builder-workspace/Source/_ASTransitionContext.mm:11:
In file included from /Users/admin/builder/spi-builder-workspace/Source/ASDisplayNode.h:20:
In file included from /Users/admin/builder/spi-builder-workspace/Source/include/ASLayoutElement.h:15:
/Users/admin/builder/spi-builder-workspace/Source/include/ASTraitCollection.h:47:11: error: 'UIContentSizeCategory' is unavailable: not available on watchOS
   47 |   unowned UIContentSizeCategory preferredContentSizeCategory API_AVAILABLE(ios(10.0));
      |           ^
In file included from /Users/admin/builder/spi-builder-workspace/Source/_ASTransitionContext.mm:11:
In file included from /Users/admin/builder/spi-builder-workspace/Source/ASDisplayNode.h:12:
In file included from /Applications/Xcode-27.0.0-Release.Candidate.app/Contents/Developer/Platforms/WatchOS.platform/Developer/SDKs/WatchOS27.0.sdk/System/Library/Frameworks/UIKit.framework/Headers/UIKit.h:13:
In file included from /Applications/Xcode-27.0.0-Release.Candidate.app/Contents/Developer/Platforms/WatchOS.platform/Developer/SDKs/WatchOS27.0.sdk/System/Library/Frameworks/UIKit.framework/Headers/UIKitCore.h:29:
In file included from /Applications/Xcode-27.0.0-Release.Candidate.app/Contents/Developer/Platforms/WatchOS.platform/Developer/SDKs/WatchOS27.0.sdk/System/Library/Frameworks/UIKit.framework/Headers/UIAccessibility.h:15:
In file included from /Applications/Xcode-27.0.0-Release.Candidate.app/Contents/Developer/Platforms/WatchOS.platform/Developer/SDKs/WatchOS27.0.sdk/System/Library/Frameworks/UIKit.framework/Headers/UIAccessibilityAdditions.h:11:
In file included from /Applications/Xcode-27.0.0-Release.Candidate.app/Contents/Developer/Platforms/WatchOS.platform/Developer/SDKs/WatchOS27.0.sdk/System/Library/Frameworks/UIKit.framework/Headers/UIPickerView.h:11:
In file included from /Applications/Xcode-27.0.0-Release.Candidate.app/Contents/Developer/Platforms/WatchOS.platform/Developer/SDKs/WatchOS27.0.sdk/System/Library/Frameworks/UIKit.framework/Headers/UIView.h:17:
In file included from /Applications/Xcode-27.0.0-Release.Candidate.app/Contents/Developer/Platforms/WatchOS.platform/Developer/SDKs/WatchOS27.0.sdk/System/Library/Frameworks/UIKit.framework/Headers/UITraitCollection.h:13:
/Applications/Xcode-27.0.0-Release.Candidate.app/Contents/Developer/Platforms/WatchOS.platform/Developer/SDKs/WatchOS27.0.sdk/System/Library/Frameworks/UIKit.framework/Headers/UIContentSizeCategory.h:14:20: note: 'UIContentSizeCategory' has been explicitly marked unavailable here
   14 | typedef NSString * UIContentSizeCategory NS_TYPED_ENUM API_AVAILABLE(ios(7.0)) API_UNAVAILABLE(watchos);
      |                    ^
In file included from /Users/admin/builder/spi-builder-workspace/Source/_ASTransitionContext.mm:11:
In file included from /Users/admin/builder/spi-builder-workspace/Source/ASDisplayNode.h:20:
In file included from /Users/admin/builder/spi-builder-workspace/Source/include/ASLayoutElement.h:15:
/Users/admin/builder/spi-builder-workspace/Source/include/ASTraitCollection.h:54:3: error: 'UIAccessibilityContrast' is unavailable: not available on watchOS
   54 |   UIAccessibilityContrast accessibilityContrast API_AVAILABLE(ios(13.0));
      |   ^
In file included from /Users/admin/builder/spi-builder-workspace/Source/_ASTransitionContext.mm:11:
In file included from /Users/admin/builder/spi-builder-workspace/Source/ASDisplayNode.h:12:
In file included from /Applications/Xcode-27.0.0-Release.Candidate.app/Contents/Developer/Platforms/WatchOS.platform/Developer/SDKs/WatchOS27.0.sdk/System/Library/Frameworks/UIKit.framework/Headers/UIKit.h:13:
In file included from /Applications/Xcode-27.0.0-Release.Candidate.app/Contents/Developer/Platforms/WatchOS.platform/Developer/SDKs/WatchOS27.0.sdk/System/Library/Frameworks/UIKit.framework/Headers/UIKitCore.h:29:
In file included from /Applications/Xcode-27.0.0-Release.Candidate.app/Contents/Developer/Platforms/WatchOS.platform/Developer/SDKs/WatchOS27.0.sdk/System/Library/Frameworks/UIKit.framework/Headers/UIAccessibility.h:15:
In file included from /Applications/Xcode-27.0.0-Release.Candidate.app/Contents/Developer/Platforms/WatchOS.platform/Developer/SDKs/WatchOS27.0.sdk/System/Library/Frameworks/UIKit.framework/Headers/UIAccessibilityAdditions.h:11:
In file included from /Applications/Xcode-27.0.0-Release.Candidate.app/Contents/Developer/Platforms/WatchOS.platform/Developer/SDKs/WatchOS27.0.sdk/System/Library/Frameworks/UIKit.framework/Headers/UIPickerView.h:11:
In file included from /Applications/Xcode-27.0.0-Release.Candidate.app/Contents/Developer/Platforms/WatchOS.platform/Developer/SDKs/WatchOS27.0.sdk/System/Library/Frameworks/UIKit.framework/Headers/UIView.h:12:
/Applications/Xcode-27.0.0-Release.Candidate.app/Contents/Developer/Platforms/WatchOS.platform/Developer/SDKs/WatchOS27.0.sdk/System/Library/Frameworks/UIKit.framework/Headers/UIInterface.h:59:28: note: 'UIAccessibilityContrast' has been explicitly marked unavailable here
   59 | typedef NS_ENUM(NSInteger, UIAccessibilityContrast) {
      |                            ^
In file included from /Users/admin/builder/spi-builder-workspace/Source/_ASTransitionContext.mm:11:
In file included from /Users/admin/builder/spi-builder-workspace/Source/ASDisplayNode.h:20:
In file included from /Users/admin/builder/spi-builder-workspace/Source/include/ASLayoutElement.h:15:
/Users/admin/builder/spi-builder-workspace/Source/include/ASTraitCollection.h:55:3: error: 'UILegibilityWeight' is unavailable: not available on watchOS
   55 |   UILegibilityWeight legibilityWeight API_AVAILABLE(ios(13.0));
      |   ^
In file included from /Users/admin/builder/spi-builder-workspace/Source/_ASTransitionContext.mm:11:
In file included from /Users/admin/builder/spi-builder-workspace/Source/ASDisplayNode.h:12:
In file included from /Applications/Xcode-27.0.0-Release.Candidate.app/Contents/Developer/Platforms/WatchOS.platform/Developer/SDKs/WatchOS27.0.sdk/System/Library/Frameworks/UIKit.framework/Headers/UIKit.h:13:
In file included from /Applications/Xcode-27.0.0-Release.Candidate.app/Contents/Developer/Platforms/WatchOS.platform/Developer/SDKs/WatchOS27.0.sdk/System/Library/Frameworks/UIKit.framework/Headers/UIKitCore.h:29:
In file included from /Applications/Xcode-27.0.0-Release.Candidate.app/Contents/Developer/Platforms/WatchOS.platform/Developer/SDKs/WatchOS27.0.sdk/System/Library/Frameworks/UIKit.framework/Headers/UIAccessibility.h:15:
In file included from /Applications/Xcode-27.0.0-Release.Candidate.app/Contents/Developer/Platforms/WatchOS.platform/Developer/SDKs/WatchOS27.0.sdk/System/Library/Frameworks/UIKit.framework/Headers/UIAccessibilityAdditions.h:11:
In file included from /Applications/Xcode-27.0.0-Release.Candidate.app/Contents/Developer/Platforms/WatchOS.platform/Developer/SDKs/WatchOS27.0.sdk/System/Library/Frameworks/UIKit.framework/Headers/UIPickerView.h:11:
In file included from /Applications/Xcode-27.0.0-Release.Candidate.app/Contents/Developer/Platforms/WatchOS.platform/Developer/SDKs/WatchOS27.0.sdk/System/Library/Frameworks/UIKit.framework/Headers/UIView.h:12:
/Applications/Xcode-27.0.0-Release.Candidate.app/Contents/Developer/Platforms/WatchOS.platform/Developer/SDKs/WatchOS27.0.sdk/System/Library/Frameworks/UIKit.framework/Headers/UIInterface.h:66:28: note: 'UILegibilityWeight' has been explicitly marked unavailable here
   66 | typedef NS_ENUM(NSInteger, UILegibilityWeight) {
      |                            ^
In file included from /Users/admin/builder/spi-builder-workspace/Source/_ASTransitionContext.mm:11:
In file included from /Users/admin/builder/spi-builder-workspace/Source/ASDisplayNode.h:20:
In file included from /Users/admin/builder/spi-builder-workspace/Source/include/ASLayoutElement.h:15:
/Users/admin/builder/spi-builder-workspace/Source/include/ASTraitCollection.h:67:88: error: 'UITraitCollection' is unavailable: not available on watchOS
   67 | ASDK_EXTERN ASPrimitiveTraitCollection ASPrimitiveTraitCollectionFromUITraitCollection(UITraitCollection *traitCollection);
      |                                                                                        ^
In file included from /Users/admin/builder/spi-builder-workspace/Source/_ASTransitionContext.mm:11:
In file included from /Users/admin/builder/spi-builder-workspace/Source/ASDisplayNode.h:12:
In file included from /Applications/Xcode-27.0.0-Release.Candidate.app/Contents/Developer/Platforms/WatchOS.platform/Developer/SDKs/WatchOS27.0.sdk/System/Library/Frameworks/UIKit.framework/Headers/UIKit.h:13:
In file included from /Applications/Xcode-27.0.0-Release.Candidate.app/Contents/Developer/Platforms/WatchOS.platform/Developer/SDKs/WatchOS27.0.sdk/System/Library/Frameworks/UIKit.framework/Headers/UIKitCore.h:29:
In file included from /Applications/Xcode-27.0.0-Release.Candidate.app/Contents/Developer/Platforms/WatchOS.platform/Developer/SDKs/WatchOS27.0.sdk/System/Library/Frameworks/UIKit.framework/Headers/UIAccessibility.h:15:
In file included from /Applications/Xcode-27.0.0-Release.Candidate.app/Contents/Developer/Platforms/WatchOS.platform/Developer/SDKs/WatchOS27.0.sdk/System/Library/Frameworks/UIKit.framework/Headers/UIAccessibilityAdditions.h:11:
In file included from /Applications/Xcode-27.0.0-Release.Candidate.app/Contents/Developer/Platforms/WatchOS.platform/Developer/SDKs/WatchOS27.0.sdk/System/Library/Frameworks/UIKit.framework/Headers/UIPickerView.h:11:
In file included from /Applications/Xcode-27.0.0-Release.Candidate.app/Contents/Developer/Platforms/WatchOS.platform/Developer/SDKs/WatchOS27.0.sdk/System/Library/Frameworks/UIKit.framework/Headers/UIView.h:17:
/Applications/Xcode-27.0.0-Release.Candidate.app/Contents/Developer/Platforms/WatchOS.platform/Developer/SDKs/WatchOS27.0.sdk/System/Library/Frameworks/UIKit.framework/Headers/UITraitCollection.h:23:12: note: 'UITraitCollection' has been explicitly marked unavailable here
   23 | @interface UITraitCollection : NSObject <NSCopying, NSSecureCoding>
      |            ^
In file included from /Users/admin/builder/spi-builder-workspace/Source/_ASTransitionContext.mm:11:
In file included from /Users/admin/builder/spi-builder-workspace/Source/ASDisplayNode.h:20:
In file included from /Users/admin/builder/spi-builder-workspace/Source/include/ASLayoutElement.h:15:
/Users/admin/builder/spi-builder-workspace/Source/include/ASTraitCollection.h:72:13: error: 'UITraitCollection' is unavailable: not available on watchOS
   72 | ASDK_EXTERN UITraitCollection * ASPrimitiveTraitCollectionToUITraitCollection(ASPrimitiveTraitCollection traitCollection);
      |             ^
In file included from /Users/admin/builder/spi-builder-workspace/Source/_ASTransitionContext.mm:11:
In file included from /Users/admin/builder/spi-builder-workspace/Source/ASDisplayNode.h:12:
In file included from /Applications/Xcode-27.0.0-Release.Candidate.app/Contents/Developer/Platforms/WatchOS.platform/Developer/SDKs/WatchOS27.0.sdk/System/Library/Frameworks/UIKit.framework/Headers/UIKit.h:13:
In file included from /Applications/Xcode-27.0.0-Release.Candidate.app/Contents/Developer/Platforms/WatchOS.platform/Developer/SDKs/WatchOS27.0.sdk/System/Library/Frameworks/UIKit.framework/Headers/UIKitCore.h:29:
In file included from /Applications/Xcode-27.0.0-Release.Candidate.app/Contents/Developer/Platforms/WatchOS.platform/Developer/SDKs/WatchOS27.0.sdk/System/Library/Frameworks/UIKit.framework/Headers/UIAccessibility.h:15:
In file included from /Applications/Xcode-27.0.0-Release.Candidate.app/Contents/Developer/Platforms/WatchOS.platform/Developer/SDKs/WatchOS27.0.sdk/System/Library/Frameworks/UIKit.framework/Headers/UIAccessibilityAdditions.h:11:
In file included from /Applications/Xcode-27.0.0-Release.Candidate.app/Contents/Developer/Platforms/WatchOS.platform/Developer/SDKs/WatchOS27.0.sdk/System/Library/Frameworks/UIKit.framework/Headers/UIPickerView.h:11:
In file included from /Applications/Xcode-27.0.0-Release.Candidate.app/Contents/Developer/Platforms/WatchOS.platform/Developer/SDKs/WatchOS27.0.sdk/System/Library/Frameworks/UIKit.framework/Headers/UIView.h:17:
/Applications/Xcode-27.0.0-Release.Candidate.app/Contents/Developer/Platforms/WatchOS.platform/Developer/SDKs/WatchOS27.0.sdk/System/Library/Frameworks/UIKit.framework/Headers/UITraitCollection.h:23:12: note: 'UITraitCollection' has been explicitly marked unavailable here
   23 | @interface UITraitCollection : NSObject <NSCopying, NSSecureCoding>
      |            ^
In file included from /Users/admin/builder/spi-builder-workspace/Source/_ASTransitionContext.mm:11:
In file included from /Users/admin/builder/spi-builder-workspace/Source/ASDisplayNode.h:20:
In file included from /Users/admin/builder/spi-builder-workspace/Source/include/ASLayoutElement.h:15:
/Users/admin/builder/spi-builder-workspace/Source/include/ASTraitCollection.h:143:22: error: 'UIUserInterfaceSizeClass' is unavailable: not available on watchOS
  143 | @property (readonly) UIUserInterfaceSizeClass horizontalSizeClass;
      |                      ^
In file included from /Users/admin/builder/spi-builder-workspace/Source/_ASTransitionContext.mm:11:
In file included from /Users/admin/builder/spi-builder-workspace/Source/ASDisplayNode.h:12:
In file included from /Applications/Xcode-27.0.0-Release.Candidate.app/Contents/Developer/Platforms/WatchOS.platform/Developer/SDKs/WatchOS27.0.sdk/System/Library/Frameworks/UIKit.framework/Headers/UIKit.h:13:
In file included from /Applications/Xcode-27.0.0-Release.Candidate.app/Contents/Developer/Platforms/WatchOS.platform/Developer/SDKs/WatchOS27.0.sdk/System/Library/Frameworks/UIKit.framework/Headers/UIKitCore.h:29:
In file included from /Applications/Xcode-27.0.0-Release.Candidate.app/Contents/Developer/Platforms/WatchOS.platform/Developer/SDKs/WatchOS27.0.sdk/System/Library/Frameworks/UIKit.framework/Headers/UIAccessibility.h:15:
In file included from /Applications/Xcode-27.0.0-Release.Candidate.app/Contents/Developer/Platforms/WatchOS.platform/Developer/SDKs/WatchOS27.0.sdk/System/Library/Frameworks/UIKit.framework/Headers/UIAccessibilityAdditions.h:11:
In file included from /Applications/Xcode-27.0.0-Release.Candidate.app/Contents/Developer/Platforms/WatchOS.platform/Developer/SDKs/WatchOS27.0.sdk/System/Library/Frameworks/UIKit.framework/Headers/UIPickerView.h:11:
In file included from /Applications/Xcode-27.0.0-Release.Candidate.app/Contents/Developer/Platforms/WatchOS.platform/Developer/SDKs/WatchOS27.0.sdk/System/Library/Frameworks/UIKit.framework/Headers/UIView.h:12:
/Applications/Xcode-27.0.0-Release.Candidate.app/Contents/Developer/Platforms/WatchOS.platform/Developer/SDKs/WatchOS27.0.sdk/System/Library/Frameworks/UIKit.framework/Headers/UIInterface.h:26:28: note: 'UIUserInterfaceSizeClass' has been explicitly marked unavailable here
   26 | typedef NS_ENUM(NSInteger, UIUserInterfaceSizeClass) {
      |                            ^
In file included from /Users/admin/builder/spi-builder-workspace/Source/_ASTransitionContext.mm:11:
In file included from /Users/admin/builder/spi-builder-workspace/Source/ASDisplayNode.h:20:
In file included from /Users/admin/builder/spi-builder-workspace/Source/include/ASLayoutElement.h:15:
/Users/admin/builder/spi-builder-workspace/Source/include/ASTraitCollection.h:144:22: error: 'UIUserInterfaceSizeClass' is unavailable: not available on watchOS
  144 | @property (readonly) UIUserInterfaceSizeClass verticalSizeClass;
      |                      ^
In file included from /Users/admin/builder/spi-builder-workspace/Source/_ASTransitionContext.mm:11:
In file included from /Users/admin/builder/spi-builder-workspace/Source/ASDisplayNode.h:12:
In file included from /Applications/Xcode-27.0.0-Release.Candidate.app/Contents/Developer/Platforms/WatchOS.platform/Developer/SDKs/WatchOS27.0.sdk/System/Library/Frameworks/UIKit.framework/Headers/UIKit.h:13:
In file included from /Applications/Xcode-27.0.0-Release.Candidate.app/Contents/Developer/Platforms/WatchOS.platform/Developer/SDKs/WatchOS27.0.sdk/System/Library/Frameworks/UIKit.framework/Headers/UIKitCore.h:29:
In file included from /Applications/Xcode-27.0.0-Release.Candidate.app/Contents/Developer/Platforms/WatchOS.platform/Developer/SDKs/WatchOS27.0.sdk/System/Library/Frameworks/UIKit.framework/Headers/UIAccessibility.h:15:
In file included from /Applications/Xcode-27.0.0-Release.Candidate.app/Contents/Developer/Platforms/WatchOS.platform/Developer/SDKs/WatchOS27.0.sdk/System/Library/Frameworks/UIKit.framework/Headers/UIAccessibilityAdditions.h:11:
In file included from /Applications/Xcode-27.0.0-Release.Candidate.app/Contents/Developer/Platforms/WatchOS.platform/Developer/SDKs/WatchOS27.0.sdk/System/Library/Frameworks/UIKit.framework/Headers/UIPickerView.h:11:
In file included from /Applications/Xcode-27.0.0-Release.Candidate.app/Contents/Developer/Platforms/WatchOS.platform/Developer/SDKs/WatchOS27.0.sdk/System/Library/Frameworks/UIKit.framework/Headers/UIView.h:12:
/Applications/Xcode-27.0.0-Release.Candidate.app/Contents/Developer/Platforms/WatchOS.platform/Developer/SDKs/WatchOS27.0.sdk/System/Library/Frameworks/UIKit.framework/Headers/UIInterface.h:26:28: note: 'UIUserInterfaceSizeClass' has been explicitly marked unavailable here
   26 | typedef NS_ENUM(NSInteger, UIUserInterfaceSizeClass) {
      |                            ^
In file included from /Users/admin/builder/spi-builder-workspace/Source/_ASTransitionContext.mm:11:
In file included from /Users/admin/builder/spi-builder-workspace/Source/ASDisplayNode.h:20:
In file included from /Users/admin/builder/spi-builder-workspace/Source/include/ASLayoutElement.h:15:
/Users/admin/builder/spi-builder-workspace/Source/include/ASTraitCollection.h:147:22: error: 'UIDisplayGamut' is unavailable: not available on watchOS
  147 | @property (readonly) UIDisplayGamut displayGamut API_AVAILABLE(ios(10.0));
      |                      ^
In file included from /Users/admin/builder/spi-builder-workspace/Source/_ASTransitionContext.mm:11:
In file included from /Users/admin/builder/spi-builder-workspace/Source/ASDisplayNode.h:12:
In file included from /Applications/Xcode-27.0.0-Release.Candidate.app/Contents/Developer/Platforms/WatchOS.platform/Developer/SDKs/WatchOS27.0.sdk/System/Library/Frameworks/UIKit.framework/Headers/UIKit.h:13:
In file included from /Applications/Xcode-27.0.0-Release.Candidate.app/Contents/Developer/Platforms/WatchOS.platform/Developer/SDKs/WatchOS27.0.sdk/System/Library/Frameworks/UIKit.framework/Headers/UIKitCore.h:29:
In file included from /Applications/Xcode-27.0.0-Release.Candidate.app/Contents/Developer/Platforms/WatchOS.platform/Developer/SDKs/WatchOS27.0.sdk/System/Library/Frameworks/UIKit.framework/Headers/UIAccessibility.h:15:
In file included from /Applications/Xcode-27.0.0-Release.Candidate.app/Contents/Developer/Platforms/WatchOS.platform/Developer/SDKs/WatchOS27.0.sdk/System/Library/Frameworks/UIKit.framework/Headers/UIAccessibilityAdditions.h:11:
In file included from /Applications/Xcode-27.0.0-Release.Candidate.app/Contents/Developer/Platforms/WatchOS.platform/Developer/SDKs/WatchOS27.0.sdk/System/Library/Frameworks/UIKit.framework/Headers/UIPickerView.h:11:
In file included from /Applications/Xcode-27.0.0-Release.Candidate.app/Contents/Developer/Platforms/WatchOS.platform/Developer/SDKs/WatchOS27.0.sdk/System/Library/Frameworks/UIKit.framework/Headers/UIView.h:12:
/Applications/Xcode-27.0.0-Release.Candidate.app/Contents/Developer/Platforms/WatchOS.platform/Developer/SDKs/WatchOS27.0.sdk/System/Library/Frameworks/UIKit.framework/Headers/UIInterface.h:50:28: note: 'UIDisplayGamut' has been explicitly marked unavailable here
   50 | typedef NS_ENUM(NSInteger, UIDisplayGamut) {
      |                            ^
In file included from /Users/admin/builder/spi-builder-workspace/Source/_ASTransitionContext.mm:11:
In file included from /Users/admin/builder/spi-builder-workspace/Source/ASDisplayNode.h:20:
In file included from /Users/admin/builder/spi-builder-workspace/Source/include/ASLayoutElement.h:15:
/Users/admin/builder/spi-builder-workspace/Source/include/ASTraitCollection.h:149:22: error: 'UIUserInterfaceIdiom' is unavailable: not available on watchOS
  149 | @property (readonly) UIUserInterfaceIdiom userInterfaceIdiom;
      |                      ^
In file included from /Users/admin/builder/spi-builder-workspace/Source/_ASTransitionContext.mm:11:
In file included from /Users/admin/builder/spi-builder-workspace/Source/ASDisplayNode.h:12:
In file included from /Applications/Xcode-27.0.0-Release.Candidate.app/Contents/Developer/Platforms/WatchOS.platform/Developer/SDKs/WatchOS27.0.sdk/System/Library/Frameworks/UIKit.framework/Headers/UIKit.h:13:
In file included from /Applications/Xcode-27.0.0-Release.Candidate.app/Contents/Developer/Platforms/WatchOS.platform/Developer/SDKs/WatchOS27.0.sdk/System/Library/Frameworks/UIKit.framework/Headers/UIKitCore.h:29:
In file included from /Applications/Xcode-27.0.0-Release.Candidate.app/Contents/Developer/Platforms/WatchOS.platform/Developer/SDKs/WatchOS27.0.sdk/System/Library/Frameworks/UIKit.framework/Headers/UIAccessibility.h:15:
In file included from /Applications/Xcode-27.0.0-Release.Candidate.app/Contents/Developer/Platforms/WatchOS.platform/Developer/SDKs/WatchOS27.0.sdk/System/Library/Frameworks/UIKit.framework/Headers/UIAccessibilityAdditions.h:11:
In file included from /Applications/Xcode-27.0.0-Release.Candidate.app/Contents/Developer/Platforms/WatchOS.platform/Developer/SDKs/WatchOS27.0.sdk/System/Library/Frameworks/UIKit.framework/Headers/UIPickerView.h:11:
In file included from /Applications/Xcode-27.0.0-Release.Candidate.app/Contents/Developer/Platforms/WatchOS.platform/Developer/SDKs/WatchOS27.0.sdk/System/Library/Frameworks/UIKit.framework/Headers/UIView.h:17:
In file included from /Applications/Xcode-27.0.0-Release.Candidate.app/Contents/Developer/Platforms/WatchOS.platform/Developer/SDKs/WatchOS27.0.sdk/System/Library/Frameworks/UIKit.framework/Headers/UITraitCollection.h:10:
/Applications/Xcode-27.0.0-Release.Candidate.app/Contents/Developer/Platforms/WatchOS.platform/Developer/SDKs/WatchOS27.0.sdk/System/Library/Frameworks/UIKit.framework/Headers/UIDevice.h:22:28: note: 'UIUserInterfaceIdiom' has been explicitly marked unavailable here
   22 | typedef NS_ENUM(NSInteger, UIUserInterfaceIdiom) {
      |                            ^
In file included from /Users/admin/builder/spi-builder-workspace/Source/_ASTransitionContext.mm:11:
In file included from /Users/admin/builder/spi-builder-workspace/Source/ASDisplayNode.h:20:
In file included from /Users/admin/builder/spi-builder-workspace/Source/include/ASLayoutElement.h:15:
/Users/admin/builder/spi-builder-workspace/Source/include/ASTraitCollection.h:150:22: error: 'UIForceTouchCapability' is unavailable: not available on watchOS
  150 | @property (readonly) UIForceTouchCapability forceTouchCapability;
      |                      ^
In file included from /Users/admin/builder/spi-builder-workspace/Source/_ASTransitionContext.mm:11:
In file included from /Users/admin/builder/spi-builder-workspace/Source/ASDisplayNode.h:12:
In file included from /Applications/Xcode-27.0.0-Release.Candidate.app/Contents/Developer/Platforms/WatchOS.platform/Developer/SDKs/WatchOS27.0.sdk/System/Library/Frameworks/UIKit.framework/Headers/UIKit.h:13:
In file included from /Applications/Xcode-27.0.0-Release.Candidate.app/Contents/Developer/Platforms/WatchOS.platform/Developer/SDKs/WatchOS27.0.sdk/System/Library/Frameworks/UIKit.framework/Headers/UIKitCore.h:29:
In file included from /Applications/Xcode-27.0.0-Release.Candidate.app/Contents/Developer/Platforms/WatchOS.platform/Developer/SDKs/WatchOS27.0.sdk/System/Library/Frameworks/UIKit.framework/Headers/UIAccessibility.h:15:
In file included from /Applications/Xcode-27.0.0-Release.Candidate.app/Contents/Developer/Platforms/WatchOS.platform/Developer/SDKs/WatchOS27.0.sdk/System/Library/Frameworks/UIKit.framework/Headers/UIAccessibilityAdditions.h:11:
In file included from /Applications/Xcode-27.0.0-Release.Candidate.app/Contents/Developer/Platforms/WatchOS.platform/Developer/SDKs/WatchOS27.0.sdk/System/Library/Frameworks/UIKit.framework/Headers/UIPickerView.h:11:
In file included from /Applications/Xcode-27.0.0-Release.Candidate.app/Contents/Developer/Platforms/WatchOS.platform/Developer/SDKs/WatchOS27.0.sdk/System/Library/Frameworks/UIKit.framework/Headers/UIView.h:17:
In file included from /Applications/Xcode-27.0.0-Release.Candidate.app/Contents/Developer/Platforms/WatchOS.platform/Developer/SDKs/WatchOS27.0.sdk/System/Library/Frameworks/UIKit.framework/Headers/UITraitCollection.h:12:
/Applications/Xcode-27.0.0-Release.Candidate.app/Contents/Developer/Platforms/WatchOS.platform/Developer/SDKs/WatchOS27.0.sdk/System/Library/Frameworks/UIKit.framework/Headers/UITouch.h:28:28: note: 'UIForceTouchCapability' has been explicitly marked unavailable here
   28 | typedef NS_ENUM(NSInteger, UIForceTouchCapability) {
      |                            ^
In file included from /Users/admin/builder/spi-builder-workspace/Source/_ASTransitionContext.mm:11:
In file included from /Users/admin/builder/spi-builder-workspace/Source/ASDisplayNode.h:20:
In file included from /Users/admin/builder/spi-builder-workspace/Source/include/ASLayoutElement.h:15:
/Users/admin/builder/spi-builder-workspace/Source/include/ASTraitCollection.h:151:22: error: 'UITraitEnvironmentLayoutDirection' is unavailable: not available on watchOS
  151 | @property (readonly) UITraitEnvironmentLayoutDirection layoutDirection API_AVAILABLE(ios(10.0));
      |                      ^
In file included from /Users/admin/builder/spi-builder-workspace/Source/_ASTransitionContext.mm:11:
In file included from /Users/admin/builder/spi-builder-workspace/Source/ASDisplayNode.h:12:
In file included from /Applications/Xcode-27.0.0-Release.Candidate.app/Contents/Developer/Platforms/WatchOS.platform/Developer/SDKs/WatchOS27.0.sdk/System/Library/Frameworks/UIKit.framework/Headers/UIKit.h:13:
In file included from /Applications/Xcode-27.0.0-Release.Candidate.app/Contents/Developer/Platforms/WatchOS.platform/Developer/SDKs/WatchOS27.0.sdk/System/Library/Frameworks/UIKit.framework/Headers/UIKitCore.h:29:
In file included from /Applications/Xcode-27.0.0-Release.Candidate.app/Contents/Developer/Platforms/WatchOS.platform/Developer/SDKs/WatchOS27.0.sdk/System/Library/Frameworks/UIKit.framework/Headers/UIAccessibility.h:15:
In file included from /Applications/Xcode-27.0.0-Release.Candidate.app/Contents/Developer/Platforms/WatchOS.platform/Developer/SDKs/WatchOS27.0.sdk/System/Library/Frameworks/UIKit.framework/Headers/UIAccessibilityAdditions.h:11:
In file included from /Applications/Xcode-27.0.0-Release.Candidate.app/Contents/Developer/Platforms/WatchOS.platform/Developer/SDKs/WatchOS27.0.sdk/System/Library/Frameworks/UIKit.framework/Headers/UIPickerView.h:11:
In file included from /Applications/Xcode-27.0.0-Release.Candidate.app/Contents/Developer/Platforms/WatchOS.platform/Developer/SDKs/WatchOS27.0.sdk/System/Library/Frameworks/UIKit.framework/Headers/UIView.h:12:
/Applications/Xcode-27.0.0-Release.Candidate.app/Contents/Developer/Platforms/WatchOS.platform/Developer/SDKs/WatchOS27.0.sdk/System/Library/Frameworks/UIKit.framework/Headers/UIInterface.h:44:28: note: 'UITraitEnvironmentLayoutDirection' has been explicitly marked unavailable here
   44 | typedef NS_ENUM(NSInteger, UITraitEnvironmentLayoutDirection) {
      |                            ^
fatal error: too many errors emitted, stopping now [-ferror-limit=]
CompileC /Users/admin/builder/spi-builder-workspace/.derivedData/Build/Intermediates.noindex/Texture.build/Debug-watchos/AsyncDisplayKit-t.build/Objects-normal/arm64_32/UIResponder+AsyncDisplayKit.o /Users/admin/builder/spi-builder-workspace/Source/UIResponder+AsyncDisplayKit.mm normal arm64_32 objective-c++ com.apple.compilers.llvm.clang.1_0.compiler (in target 'AsyncDisplayKit' from project 'Texture')
    cd /Users/admin/builder/spi-builder-workspace/.swiftpm/xcode

    Using response file: /Users/admin/builder/spi-builder-workspace/.derivedData/Build/Intermediates.noindex/Texture.build/Debug-watchos/AsyncDisplayKit-t.build/Objects-normal/arm64_32/af3fcb34312c57c0f52879cdce924b91-common-args.resp

    /Applications/Xcode-27.0.0-Release.Candidate.app/Contents/Developer/Toolchains/XcodeDefault.xctoolchain/usr/bin/clang -x objective-c++ -ivfsstatcache /Users/admin/builder/spi-builder-workspace/.derivedData/SDKStatCaches.noindex/watchos27.0-24R360-e829b21a6f8c9b70876ba0858053c04477534ef55a1706bf4c1112bbb242f0a2.sdkstatcache -target arm64_32-apple-watchos9.0 -fmessage-length\=0 -fdiagnostics-show-note-include-stack -fmacro-backtrace-limit\=0 -fno-color-diagnostics -fmodules-prune-interval\=86400 -fmodules-prune-after\=345600 -fbuild-session-file\=/Users/admin/builder/spi-builder-workspace/.derivedData/ModuleCache.noindex/Session.modulevalidation -fmodules-validate-once-per-build-session -Wnon-modular-include-in-framework-module -Werror\=non-modular-include-in-framework-module -Wno-trigraphs -Wno-missing-field-initializers -Wno-missing-prototypes -Wno-return-type -Wno-implicit-atomic-properties -Wno-objc-interface-ivars -Wno-arc-repeated-use-of-weak -Wno-non-virtual-dtor -Wno-overloaded-virtual -Wno-exit-time-destructors -Wno-missing-braces -Wparentheses -Wswitch -Wno-unused-function -Wno-unused-label -Wno-unused-parameter -Wno-unused-variable -Wunused-value -Wno-empty-body -Wno-uninitialized -Wno-unknown-pragmas -Wno-shadow -Wno-four-char-constants -Wno-conversion -Wno-constant-conversion -Wno-int-conversion -Wno-bool-conversion -Wno-enum-conversion -Wno-float-conversion -Wno-non-literal-null-conversion -Wno-objc-literal-conversion -Wno-shorten-64-to-32 -Wno-newline-eof -Wno-selector -Wno-strict-selector-match -Wno-undeclared-selector -Wno-deprecated-implementations -Wno-c++11-extensions -Wno-implicit-fallthrough -isysroot /Applications/Xcode-27.0.0-Release.Candidate.app/Contents/Developer/Platforms/WatchOS.platform/Developer/SDKs/WatchOS27.0.sdk -fstrict-aliasing -Wprotocol -Wdeprecated-declarations -Winvalid-offsetof -Wno-sign-conversion -Wno-infinite-recursion -Wno-move -Wno-comma -Wno-block-capture-autoreleasing -Wno-strict-prototypes -Wno-range-loop-analysis -Wno-semicolon-before-method-body -index-store-path /Users/admin/builder/spi-builder-workspace/.derivedData/Index.noindex/DataStore @/Users/admin/builder/spi-builder-workspace/.derivedData/Build/Intermediates.noindex/Texture.build/Debug-watchos/AsyncDisplayKit-t.build/Objects-normal/arm64_32/af3fcb34312c57c0f52879cdce924b91-common-args.resp -MMD -MT dependencies -MF /Users/admin/builder/spi-builder-workspace/.derivedData/Build/Intermediates.noindex/Texture.build/Debug-watchos/AsyncDisplayKit-t.build/Objects-normal/arm64_32/UIResponder+AsyncDisplayKit.d --serialize-diagnostics /Users/admin/builder/spi-builder-workspace/.derivedData/Build/Intermediates.noindex/Texture.build/Debug-watchos/AsyncDisplayKit-t.build/Objects-normal/arm64_32/UIResponder+AsyncDisplayKit.dia -c /Users/admin/builder/spi-builder-workspace/Source/UIResponder+AsyncDisplayKit.mm -o /Users/admin/builder/spi-builder-workspace/.derivedData/Build/Intermediates.noindex/Texture.build/Debug-watchos/AsyncDisplayKit-t.build/Objects-normal/arm64_32/UIResponder+AsyncDisplayKit.o -index-unit-output-path /Texture.build/Debug-watchos/AsyncDisplayKit-t.build/Objects-normal/arm64_32/UIResponder+AsyncDisplayKit.o
In file included from /Users/admin/builder/spi-builder-workspace/Source/UIResponder+AsyncDisplayKit.mm:13:
/Users/admin/builder/spi-builder-workspace/Source/Private/ASResponderChainEnumerator.h:18:36: error: 'UIResponder' is unavailable: not available on watchOS
   18 | - (instancetype)initWithResponder:(UIResponder *)responder;
      |                                    ^
In file included from /Users/admin/builder/spi-builder-workspace/Source/UIResponder+AsyncDisplayKit.mm:10:
In file included from /Users/admin/builder/spi-builder-workspace/Source/UIResponder+AsyncDisplayKit.h:10:
In file included from /Applications/Xcode-27.0.0-Release.Candidate.app/Contents/Developer/Platforms/WatchOS.platform/Developer/SDKs/WatchOS27.0.sdk/System/Library/Frameworks/UIKit.framework/Headers/UIKit.h:13:
In file included from /Applications/Xcode-27.0.0-Release.Candidate.app/Contents/Developer/Platforms/WatchOS.platform/Developer/SDKs/WatchOS27.0.sdk/System/Library/Frameworks/UIKit.framework/Headers/UIKitCore.h:29:
In file included from /Applications/Xcode-27.0.0-Release.Candidate.app/Contents/Developer/Platforms/WatchOS.platform/Developer/SDKs/WatchOS27.0.sdk/System/Library/Frameworks/UIKit.framework/Headers/UIAccessibility.h:15:
In file included from /Applications/Xcode-27.0.0-Release.Candidate.app/Contents/Developer/Platforms/WatchOS.platform/Developer/SDKs/WatchOS27.0.sdk/System/Library/Frameworks/UIKit.framework/Headers/UIAccessibilityAdditions.h:11:
In file included from /Applications/Xcode-27.0.0-Release.Candidate.app/Contents/Developer/Platforms/WatchOS.platform/Developer/SDKs/WatchOS27.0.sdk/System/Library/Frameworks/UIKit.framework/Headers/UIPickerView.h:11:
In file included from /Applications/Xcode-27.0.0-Release.Candidate.app/Contents/Developer/Platforms/WatchOS.platform/Developer/SDKs/WatchOS27.0.sdk/System/Library/Frameworks/UIKit.framework/Headers/UIView.h:11:
/Applications/Xcode-27.0.0-Release.Candidate.app/Contents/Developer/Platforms/WatchOS.platform/Developer/SDKs/WatchOS27.0.sdk/System/Library/Frameworks/UIKit.framework/Headers/UIResponder.h:82:12: note: 'UIResponder' has been explicitly marked unavailable here
   82 | @interface UIResponder : NSObject <UIResponderStandardEditActions>
      |            ^
1 error generated.
CompileC /Users/admin/builder/spi-builder-workspace/.derivedData/Build/Intermediates.noindex/Texture.build/Debug-watchos/AsyncDisplayKit-t.build/Objects-normal/arm64_32/UIImage+ASConvenience.o /Users/admin/builder/spi-builder-workspace/Source/UIImage+ASConvenience.mm normal arm64_32 objective-c++ com.apple.compilers.llvm.clang.1_0.compiler (in target 'AsyncDisplayKit' from project 'Texture')
    cd /Users/admin/builder/spi-builder-workspace/.swiftpm/xcode

    Using response file: /Users/admin/builder/spi-builder-workspace/.derivedData/Build/Intermediates.noindex/Texture.build/Debug-watchos/AsyncDisplayKit-t.build/Objects-normal/arm64_32/af3fcb34312c57c0f52879cdce924b91-common-args.resp

    /Applications/Xcode-27.0.0-Release.Candidate.app/Contents/Developer/Toolchains/XcodeDefault.xctoolchain/usr/bin/clang -x objective-c++ -ivfsstatcache /Users/admin/builder/spi-builder-workspace/.derivedData/SDKStatCaches.noindex/watchos27.0-24R360-e829b21a6f8c9b70876ba0858053c04477534ef55a1706bf4c1112bbb242f0a2.sdkstatcache -target arm64_32-apple-watchos9.0 -fmessage-length\=0 -fdiagnostics-show-note-include-stack -fmacro-backtrace-limit\=0 -fno-color-diagnostics -fmodules-prune-interval\=86400 -fmodules-prune-after\=345600 -fbuild-session-file\=/Users/admin/builder/spi-builder-workspace/.derivedData/ModuleCache.noindex/Session.modulevalidation -fmodules-validate-once-per-build-session -Wnon-modular-include-in-framework-module -Werror\=non-modular-include-in-framework-module -Wno-trigraphs -Wno-missing-field-initializers -Wno-missing-prototypes -Wno-return-type -Wno-implicit-atomic-properties -Wno-objc-interface-ivars -Wno-arc-repeated-use-of-weak -Wno-non-virtual-dtor -Wno-overloaded-virtual -Wno-exit-time-destructors -Wno-missing-braces -Wparentheses -Wswitch -Wno-unused-function -Wno-unused-label -Wno-unused-parameter -Wno-unused-variable -Wunused-value -Wno-empty-body -Wno-uninitialized -Wno-unknown-pragmas -Wno-shadow -Wno-four-char-constants -Wno-conversion -Wno-constant-conversion -Wno-int-conversion -Wno-bool-conversion -Wno-enum-conversion -Wno-float-conversion -Wno-non-literal-null-conversion -Wno-objc-literal-conversion -Wno-shorten-64-to-32 -Wno-newline-eof -Wno-selector -Wno-strict-selector-match -Wno-undeclared-selector -Wno-deprecated-implementations -Wno-c++11-extensions -Wno-implicit-fallthrough -isysroot /Applications/Xcode-27.0.0-Release.Candidate.app/Contents/Developer/Platforms/WatchOS.platform/Developer/SDKs/WatchOS27.0.sdk -fstrict-aliasing -Wprotocol -Wdeprecated-declarations -Winvalid-offsetof -Wno-sign-conversion -Wno-infinite-recursion -Wno-move -Wno-comma -Wno-block-capture-autoreleasing -Wno-strict-prototypes -Wno-range-loop-analysis -Wno-semicolon-before-method-body -index-store-path /Users/admin/builder/spi-builder-workspace/.derivedData/Index.noindex/DataStore @/Users/admin/builder/spi-builder-workspace/.derivedData/Build/Intermediates.noindex/Texture.build/Debug-watchos/AsyncDisplayKit-t.build/Objects-normal/arm64_32/af3fcb34312c57c0f52879cdce924b91-common-args.resp -MMD -MT dependencies -MF /Users/admin/builder/spi-builder-workspace/.derivedData/Build/Intermediates.noindex/Texture.build/Debug-watchos/AsyncDisplayKit-t.build/Objects-normal/arm64_32/UIImage+ASConvenience.d --serialize-diagnostics /Users/admin/builder/spi-builder-workspace/.derivedData/Build/Intermediates.noindex/Texture.build/Debug-watchos/AsyncDisplayKit-t.build/Objects-normal/arm64_32/UIImage+ASConvenience.dia -c /Users/admin/builder/spi-builder-workspace/Source/UIImage+ASConvenience.mm -o /Users/admin/builder/spi-builder-workspace/.derivedData/Build/Intermediates.noindex/Texture.build/Debug-watchos/AsyncDisplayKit-t.build/Objects-normal/arm64_32/UIImage+ASConvenience.o -index-unit-output-path /Texture.build/Debug-watchos/AsyncDisplayKit-t.build/Objects-normal/arm64_32/UIImage+ASConvenience.o
In file included from /Users/admin/builder/spi-builder-workspace/Source/UIImage+ASConvenience.mm:10:
In file included from /Users/admin/builder/spi-builder-workspace/Source/UIImage+ASConvenience.h:12:
/Users/admin/builder/spi-builder-workspace/Source/include/ASTraitCollection.h:34:3: error: 'UIUserInterfaceSizeClass' is unavailable: not available on watchOS
   34 |   UIUserInterfaceSizeClass horizontalSizeClass;
      |   ^
In file included from /Users/admin/builder/spi-builder-workspace/Source/UIImage+ASConvenience.mm:10:
In file included from /Users/admin/builder/spi-builder-workspace/Source/UIImage+ASConvenience.h:10:
In file included from /Applications/Xcode-27.0.0-Release.Candidate.app/Contents/Developer/Platforms/WatchOS.platform/Developer/SDKs/WatchOS27.0.sdk/System/Library/Frameworks/UIKit.framework/Headers/UIKit.h:13:
In file included from /Applications/Xcode-27.0.0-Release.Candidate.app/Contents/Developer/Platforms/WatchOS.platform/Developer/SDKs/WatchOS27.0.sdk/System/Library/Frameworks/UIKit.framework/Headers/UIKitCore.h:29:
In file included from /Applications/Xcode-27.0.0-Release.Candidate.app/Contents/Developer/Platforms/WatchOS.platform/Developer/SDKs/WatchOS27.0.sdk/System/Library/Frameworks/UIKit.framework/Headers/UIAccessibility.h:15:
In file included from /Applications/Xcode-27.0.0-Release.Candidate.app/Contents/Developer/Platforms/WatchOS.platform/Developer/SDKs/WatchOS27.0.sdk/System/Library/Frameworks/UIKit.framework/Headers/UIAccessibilityAdditions.h:11:
In file included from /Applications/Xcode-27.0.0-Release.Candidate.app/Contents/Developer/Platforms/WatchOS.platform/Developer/SDKs/WatchOS27.0.sdk/System/Library/Frameworks/UIKit.framework/Headers/UIPickerView.h:11:
In file included from /Applications/Xcode-27.0.0-Release.Candidate.app/Contents/Developer/Platforms/WatchOS.platform/Developer/SDKs/WatchOS27.0.sdk/System/Library/Frameworks/UIKit.framework/Headers/UIView.h:12:
/Applications/Xcode-27.0.0-Release.Candidate.app/Contents/Developer/Platforms/WatchOS.platform/Developer/SDKs/WatchOS27.0.sdk/System/Library/Frameworks/UIKit.framework/Headers/UIInterface.h:26:28: note: 'UIUserInterfaceSizeClass' has been explicitly marked unavailable here
   26 | typedef NS_ENUM(NSInteger, UIUserInterfaceSizeClass) {
      |                            ^
In file included from /Users/admin/builder/spi-builder-workspace/Source/UIImage+ASConvenience.mm:10:
In file included from /Users/admin/builder/spi-builder-workspace/Source/UIImage+ASConvenience.h:12:
/Users/admin/builder/spi-builder-workspace/Source/include/ASTraitCollection.h:35:3: error: 'UIUserInterfaceSizeClass' is unavailable: not available on watchOS
   35 |   UIUserInterfaceSizeClass verticalSizeClass;
      |   ^
In file included from /Users/admin/builder/spi-builder-workspace/Source/UIImage+ASConvenience.mm:10:
In file included from /Users/admin/builder/spi-builder-workspace/Source/UIImage+ASConvenience.h:10:
In file included from /Applications/Xcode-27.0.0-Release.Candidate.app/Contents/Developer/Platforms/WatchOS.platform/Developer/SDKs/WatchOS27.0.sdk/System/Library/Frameworks/UIKit.framework/Headers/UIKit.h:13:
In file included from /Applications/Xcode-27.0.0-Release.Candidate.app/Contents/Developer/Platforms/WatchOS.platform/Developer/SDKs/WatchOS27.0.sdk/System/Library/Frameworks/UIKit.framework/Headers/UIKitCore.h:29:
In file included from /Applications/Xcode-27.0.0-Release.Candidate.app/Contents/Developer/Platforms/WatchOS.platform/Developer/SDKs/WatchOS27.0.sdk/System/Library/Frameworks/UIKit.framework/Headers/UIAccessibility.h:15:
In file included from /Applications/Xcode-27.0.0-Release.Candidate.app/Contents/Developer/Platforms/WatchOS.platform/Developer/SDKs/WatchOS27.0.sdk/System/Library/Frameworks/UIKit.framework/Headers/UIAccessibilityAdditions.h:11:
In file included from /Applications/Xcode-27.0.0-Release.Candidate.app/Contents/Developer/Platforms/WatchOS.platform/Developer/SDKs/WatchOS27.0.sdk/System/Library/Frameworks/UIKit.framework/Headers/UIPickerView.h:11:
In file included from /Applications/Xcode-27.0.0-Release.Candidate.app/Contents/Developer/Platforms/WatchOS.platform/Developer/SDKs/WatchOS27.0.sdk/System/Library/Frameworks/UIKit.framework/Headers/UIView.h:12:
/Applications/Xcode-27.0.0-Release.Candidate.app/Contents/Developer/Platforms/WatchOS.platform/Developer/SDKs/WatchOS27.0.sdk/System/Library/Frameworks/UIKit.framework/Headers/UIInterface.h:26:28: note: 'UIUserInterfaceSizeClass' has been explicitly marked unavailable here
   26 | typedef NS_ENUM(NSInteger, UIUserInterfaceSizeClass) {
      |                            ^
In file included from /Users/admin/builder/spi-builder-workspace/Source/UIImage+ASConvenience.mm:10:
In file included from /Users/admin/builder/spi-builder-workspace/Source/UIImage+ASConvenience.h:12:
/Users/admin/builder/spi-builder-workspace/Source/include/ASTraitCollection.h:38:3: error: 'UIDisplayGamut' is unavailable: not available on watchOS
   38 |   UIDisplayGamut displayGamut API_AVAILABLE(ios(10.0));
      |   ^
In file included from /Users/admin/builder/spi-builder-workspace/Source/UIImage+ASConvenience.mm:10:
In file included from /Users/admin/builder/spi-builder-workspace/Source/UIImage+ASConvenience.h:10:
In file included from /Applications/Xcode-27.0.0-Release.Candidate.app/Contents/Developer/Platforms/WatchOS.platform/Developer/SDKs/WatchOS27.0.sdk/System/Library/Frameworks/UIKit.framework/Headers/UIKit.h:13:
In file included from /Applications/Xcode-27.0.0-Release.Candidate.app/Contents/Developer/Platforms/WatchOS.platform/Developer/SDKs/WatchOS27.0.sdk/System/Library/Frameworks/UIKit.framework/Headers/UIKitCore.h:29:
In file included from /Applications/Xcode-27.0.0-Release.Candidate.app/Contents/Developer/Platforms/WatchOS.platform/Developer/SDKs/WatchOS27.0.sdk/System/Library/Frameworks/UIKit.framework/Headers/UIAccessibility.h:15:
In file included from /Applications/Xcode-27.0.0-Release.Candidate.app/Contents/Developer/Platforms/WatchOS.platform/Developer/SDKs/WatchOS27.0.sdk/System/Library/Frameworks/UIKit.framework/Headers/UIAccessibilityAdditions.h:11:
In file included from /Applications/Xcode-27.0.0-Release.Candidate.app/Contents/Developer/Platforms/WatchOS.platform/Developer/SDKs/WatchOS27.0.sdk/System/Library/Frameworks/UIKit.framework/Headers/UIPickerView.h:11:
In file included from /Applications/Xcode-27.0.0-Release.Candidate.app/Contents/Developer/Platforms/WatchOS.platform/Developer/SDKs/WatchOS27.0.sdk/System/Library/Frameworks/UIKit.framework/Headers/UIView.h:12:
/Applications/Xcode-27.0.0-Release.Candidate.app/Contents/Developer/Platforms/WatchOS.platform/Developer/SDKs/WatchOS27.0.sdk/System/Library/Frameworks/UIKit.framework/Headers/UIInterface.h:50:28: note: 'UIDisplayGamut' has been explicitly marked unavailable here
   50 | typedef NS_ENUM(NSInteger, UIDisplayGamut) {
      |                            ^
In file included from /Users/admin/builder/spi-builder-workspace/Source/UIImage+ASConvenience.mm:10:
In file included from /Users/admin/builder/spi-builder-workspace/Source/UIImage+ASConvenience.h:12:
/Users/admin/builder/spi-builder-workspace/Source/include/ASTraitCollection.h:40:3: error: 'UIUserInterfaceIdiom' is unavailable: not available on watchOS
   40 |   UIUserInterfaceIdiom userInterfaceIdiom;
      |   ^
In file included from /Users/admin/builder/spi-builder-workspace/Source/UIImage+ASConvenience.mm:10:
In file included from /Users/admin/builder/spi-builder-workspace/Source/UIImage+ASConvenience.h:10:
In file included from /Applications/Xcode-27.0.0-Release.Candidate.app/Contents/Developer/Platforms/WatchOS.platform/Developer/SDKs/WatchOS27.0.sdk/System/Library/Frameworks/UIKit.framework/Headers/UIKit.h:13:
In file included from /Applications/Xcode-27.0.0-Release.Candidate.app/Contents/Developer/Platforms/WatchOS.platform/Developer/SDKs/WatchOS27.0.sdk/System/Library/Frameworks/UIKit.framework/Headers/UIKitCore.h:29:
In file included from /Applications/Xcode-27.0.0-Release.Candidate.app/Contents/Developer/Platforms/WatchOS.platform/Developer/SDKs/WatchOS27.0.sdk/System/Library/Frameworks/UIKit.framework/Headers/UIAccessibility.h:15:
In file included from /Applications/Xcode-27.0.0-Release.Candidate.app/Contents/Developer/Platforms/WatchOS.platform/Developer/SDKs/WatchOS27.0.sdk/System/Library/Frameworks/UIKit.framework/Headers/UIAccessibilityAdditions.h:11:
In file included from /Applications/Xcode-27.0.0-Release.Candidate.app/Contents/Developer/Platforms/WatchOS.platform/Developer/SDKs/WatchOS27.0.sdk/System/Library/Frameworks/UIKit.framework/Headers/UIPickerView.h:11:
In file included from /Applications/Xcode-27.0.0-Release.Candidate.app/Contents/Developer/Platforms/WatchOS.platform/Developer/SDKs/WatchOS27.0.sdk/System/Library/Frameworks/UIKit.framework/Headers/UIView.h:17:
In file included from /Applications/Xcode-27.0.0-Release.Candidate.app/Contents/Developer/Platforms/WatchOS.platform/Developer/SDKs/WatchOS27.0.sdk/System/Library/Frameworks/UIKit.framework/Headers/UITraitCollection.h:10:
/Applications/Xcode-27.0.0-Release.Candidate.app/Contents/Developer/Platforms/WatchOS.platform/Developer/SDKs/WatchOS27.0.sdk/System/Library/Frameworks/UIKit.framework/Headers/UIDevice.h:22:28: note: 'UIUserInterfaceIdiom' has been explicitly marked unavailable here
   22 | typedef NS_ENUM(NSInteger, UIUserInterfaceIdiom) {
      |                            ^
In file included from /Users/admin/builder/spi-builder-workspace/Source/UIImage+ASConvenience.mm:10:
In file included from /Users/admin/builder/spi-builder-workspace/Source/UIImage+ASConvenience.h:12:
/Users/admin/builder/spi-builder-workspace/Source/include/ASTraitCollection.h:41:3: error: 'UIForceTouchCapability' is unavailable: not available on watchOS
   41 |   UIForceTouchCapability forceTouchCapability;
      |   ^
In file included from /Users/admin/builder/spi-builder-workspace/Source/UIImage+ASConvenience.mm:10:
In file included from /Users/admin/builder/spi-builder-workspace/Source/UIImage+ASConvenience.h:10:
In file included from /Applications/Xcode-27.0.0-Release.Candidate.app/Contents/Developer/Platforms/WatchOS.platform/Developer/SDKs/WatchOS27.0.sdk/System/Library/Frameworks/UIKit.framework/Headers/UIKit.h:13:
In file included from /Applications/Xcode-27.0.0-Release.Candidate.app/Contents/Developer/Platforms/WatchOS.platform/Developer/SDKs/WatchOS27.0.sdk/System/Library/Frameworks/UIKit.framework/Headers/UIKitCore.h:29:
In file included from /Applications/Xcode-27.0.0-Release.Candidate.app/Contents/Developer/Platforms/WatchOS.platform/Developer/SDKs/WatchOS27.0.sdk/System/Library/Frameworks/UIKit.framework/Headers/UIAccessibility.h:15:
In file included from /Applications/Xcode-27.0.0-Release.Candidate.app/Contents/Developer/Platforms/WatchOS.platform/Developer/SDKs/WatchOS27.0.sdk/System/Library/Frameworks/UIKit.framework/Headers/UIAccessibilityAdditions.h:11:
In file included from /Applications/Xcode-27.0.0-Release.Candidate.app/Contents/Developer/Platforms/WatchOS.platform/Developer/SDKs/WatchOS27.0.sdk/System/Library/Frameworks/UIKit.framework/Headers/UIPickerView.h:11:
In file included from /Applications/Xcode-27.0.0-Release.Candidate.app/Contents/Developer/Platforms/WatchOS.platform/Developer/SDKs/WatchOS27.0.sdk/System/Library/Frameworks/UIKit.framework/Headers/UIView.h:17:
In file included from /Applications/Xcode-27.0.0-Release.Candidate.app/Contents/Developer/Platforms/WatchOS.platform/Developer/SDKs/WatchOS27.0.sdk/System/Library/Frameworks/UIKit.framework/Headers/UITraitCollection.h:12:
/Applications/Xcode-27.0.0-Release.Candidate.app/Contents/Developer/Platforms/WatchOS.platform/Developer/SDKs/WatchOS27.0.sdk/System/Library/Frameworks/UIKit.framework/Headers/UITouch.h:28:28: note: 'UIForceTouchCapability' has been explicitly marked unavailable here
   28 | typedef NS_ENUM(NSInteger, UIForceTouchCapability) {
      |                            ^
In file included from /Users/admin/builder/spi-builder-workspace/Source/UIImage+ASConvenience.mm:10:
In file included from /Users/admin/builder/spi-builder-workspace/Source/UIImage+ASConvenience.h:12:
/Users/admin/builder/spi-builder-workspace/Source/include/ASTraitCollection.h:42:3: error: 'UITraitEnvironmentLayoutDirection' is unavailable: not available on watchOS
   42 |   UITraitEnvironmentLayoutDirection layoutDirection API_AVAILABLE(ios(10.0));
      |   ^
In file included from /Users/admin/builder/spi-builder-workspace/Source/UIImage+ASConvenience.mm:10:
In file included from /Users/admin/builder/spi-builder-workspace/Source/UIImage+ASConvenience.h:10:
In file included from /Applications/Xcode-27.0.0-Release.Candidate.app/Contents/Developer/Platforms/WatchOS.platform/Developer/SDKs/WatchOS27.0.sdk/System/Library/Frameworks/UIKit.framework/Headers/UIKit.h:13:
In file included from /Applications/Xcode-27.0.0-Release.Candidate.app/Contents/Developer/Platforms/WatchOS.platform/Developer/SDKs/WatchOS27.0.sdk/System/Library/Frameworks/UIKit.framework/Headers/UIKitCore.h:29:
In file included from /Applications/Xcode-27.0.0-Release.Candidate.app/Contents/Developer/Platforms/WatchOS.platform/Developer/SDKs/WatchOS27.0.sdk/System/Library/Frameworks/UIKit.framework/Headers/UIAccessibility.h:15:
In file included from /Applications/Xcode-27.0.0-Release.Candidate.app/Contents/Developer/Platforms/WatchOS.platform/Developer/SDKs/WatchOS27.0.sdk/System/Library/Frameworks/UIKit.framework/Headers/UIAccessibilityAdditions.h:11:
In file included from /Applications/Xcode-27.0.0-Release.Candidate.app/Contents/Developer/Platforms/WatchOS.platform/Developer/SDKs/WatchOS27.0.sdk/System/Library/Frameworks/UIKit.framework/Headers/UIPickerView.h:11:
In file included from /Applications/Xcode-27.0.0-Release.Candidate.app/Contents/Developer/Platforms/WatchOS.platform/Developer/SDKs/WatchOS27.0.sdk/System/Library/Frameworks/UIKit.framework/Headers/UIView.h:12:
/Applications/Xcode-27.0.0-Release.Candidate.app/Contents/Developer/Platforms/WatchOS.platform/Developer/SDKs/WatchOS27.0.sdk/System/Library/Frameworks/UIKit.framework/Headers/UIInterface.h:44:28: note: 'UITraitEnvironmentLayoutDirection' has been explicitly marked unavailable here
   44 | typedef NS_ENUM(NSInteger, UITraitEnvironmentLayoutDirection) {
      |                            ^
In file included from /Users/admin/builder/spi-builder-workspace/Source/UIImage+ASConvenience.mm:10:
In file included from /Users/admin/builder/spi-builder-workspace/Source/UIImage+ASConvenience.h:12:
/Users/admin/builder/spi-builder-workspace/Source/include/ASTraitCollection.h:43:3: error: 'UIUserInterfaceStyle' is unavailable: not available on watchOS
   43 |   UIUserInterfaceStyle userInterfaceStyle API_AVAILABLE(tvos(10.0), ios(12.0));
      |   ^
In file included from /Users/admin/builder/spi-builder-workspace/Source/UIImage+ASConvenience.mm:10:
In file included from /Users/admin/builder/spi-builder-workspace/Source/UIImage+ASConvenience.h:10:
In file included from /Applications/Xcode-27.0.0-Release.Candidate.app/Contents/Developer/Platforms/WatchOS.platform/Developer/SDKs/WatchOS27.0.sdk/System/Library/Frameworks/UIKit.framework/Headers/UIKit.h:13:
In file included from /Applications/Xcode-27.0.0-Release.Candidate.app/Contents/Developer/Platforms/WatchOS.platform/Developer/SDKs/WatchOS27.0.sdk/System/Library/Frameworks/UIKit.framework/Headers/UIKitCore.h:29:
In file included from /Applications/Xcode-27.0.0-Release.Candidate.app/Contents/Developer/Platforms/WatchOS.platform/Developer/SDKs/WatchOS27.0.sdk/System/Library/Frameworks/UIKit.framework/Headers/UIAccessibility.h:15:
In file included from /Applications/Xcode-27.0.0-Release.Candidate.app/Contents/Developer/Platforms/WatchOS.platform/Developer/SDKs/WatchOS27.0.sdk/System/Library/Frameworks/UIKit.framework/Headers/UIAccessibilityAdditions.h:11:
In file included from /Applications/Xcode-27.0.0-Release.Candidate.app/Contents/Developer/Platforms/WatchOS.platform/Developer/SDKs/WatchOS27.0.sdk/System/Library/Frameworks/UIKit.framework/Headers/UIPickerView.h:11:
In file included from /Applications/Xcode-27.0.0-Release.Candidate.app/Contents/Developer/Platforms/WatchOS.platform/Developer/SDKs/WatchOS27.0.sdk/System/Library/Frameworks/UIKit.framework/Headers/UIView.h:12:
/Applications/Xcode-27.0.0-Release.Candidate.app/Contents/Developer/Platforms/WatchOS.platform/Developer/SDKs/WatchOS27.0.sdk/System/Library/Frameworks/UIKit.framework/Headers/UIInterface.h:32:28: note: 'UIUserInterfaceStyle' has been explicitly marked unavailable here
   32 | typedef NS_ENUM(NSInteger, UIUserInterfaceStyle) {
      |                            ^
In file included from /Users/admin/builder/spi-builder-workspace/Source/UIImage+ASConvenience.mm:10:
In file included from /Users/admin/builder/spi-builder-workspace/Source/UIImage+ASConvenience.h:12:
/Users/admin/builder/spi-builder-workspace/Source/include/ASTraitCollection.h:47:11: error: 'UIContentSizeCategory' is unavailable: not available on watchOS
   47 |   unowned UIContentSizeCategory preferredContentSizeCategory API_AVAILABLE(ios(10.0));
      |           ^
In file included from /Users/admin/builder/spi-builder-workspace/Source/UIImage+ASConvenience.mm:10:
In file included from /Users/admin/builder/spi-builder-workspace/Source/UIImage+ASConvenience.h:10:
In file included from /Applications/Xcode-27.0.0-Release.Candidate.app/Contents/Developer/Platforms/WatchOS.platform/Developer/SDKs/WatchOS27.0.sdk/System/Library/Frameworks/UIKit.framework/Headers/UIKit.h:13:
In file included from /Applications/Xcode-27.0.0-Release.Candidate.app/Contents/Developer/Platforms/WatchOS.platform/Developer/SDKs/WatchOS27.0.sdk/System/Library/Frameworks/UIKit.framework/Headers/UIKitCore.h:29:
In file included from /Applications/Xcode-27.0.0-Release.Candidate.app/Contents/Developer/Platforms/WatchOS.platform/Developer/SDKs/WatchOS27.0.sdk/System/Library/Frameworks/UIKit.framework/Headers/UIAccessibility.h:15:
In file included from /Applications/Xcode-27.0.0-Release.Candidate.app/Contents/Developer/Platforms/WatchOS.platform/Developer/SDKs/WatchOS27.0.sdk/System/Library/Frameworks/UIKit.framework/Headers/UIAccessibilityAdditions.h:11:
In file included from /Applications/Xcode-27.0.0-Release.Candidate.app/Contents/Developer/Platforms/WatchOS.platform/Developer/SDKs/WatchOS27.0.sdk/System/Library/Frameworks/UIKit.framework/Headers/UIPickerView.h:11:
In file included from /Applications/Xcode-27.0.0-Release.Candidate.app/Contents/Developer/Platforms/WatchOS.platform/Developer/SDKs/WatchOS27.0.sdk/System/Library/Frameworks/UIKit.framework/Headers/UIView.h:17:
In file included from /Applications/Xcode-27.0.0-Release.Candidate.app/Contents/Developer/Platforms/WatchOS.platform/Developer/SDKs/WatchOS27.0.sdk/System/Library/Frameworks/UIKit.framework/Headers/UITraitCollection.h:13:
/Applications/Xcode-27.0.0-Release.Candidate.app/Contents/Developer/Platforms/WatchOS.platform/Developer/SDKs/WatchOS27.0.sdk/System/Library/Frameworks/UIKit.framework/Headers/UIContentSizeCategory.h:14:20: note: 'UIContentSizeCategory' has been explicitly marked unavailable here
   14 | typedef NSString * UIContentSizeCategory NS_TYPED_ENUM API_AVAILABLE(ios(7.0)) API_UNAVAILABLE(watchos);
      |                    ^
In file included from /Users/admin/builder/spi-builder-workspace/Source/UIImage+ASConvenience.mm:10:
In file included from /Users/admin/builder/spi-builder-workspace/Source/UIImage+ASConvenience.h:12:
/Users/admin/builder/spi-builder-workspace/Source/include/ASTraitCollection.h:54:3: error: 'UIAccessibilityContrast' is unavailable: not available on watchOS
   54 |   UIAccessibilityContrast accessibilityContrast API_AVAILABLE(ios(13.0));
      |   ^
In file included from /Users/admin/builder/spi-builder-workspace/Source/UIImage+ASConvenience.mm:10:
In file included from /Users/admin/builder/spi-builder-workspace/Source/UIImage+ASConvenience.h:10:
In file included from /Applications/Xcode-27.0.0-Release.Candidate.app/Contents/Developer/Platforms/WatchOS.platform/Developer/SDKs/WatchOS27.0.sdk/System/Library/Frameworks/UIKit.framework/Headers/UIKit.h:13:
In file included from /Applications/Xcode-27.0.0-Release.Candidate.app/Contents/Developer/Platforms/WatchOS.platform/Developer/SDKs/WatchOS27.0.sdk/System/Library/Frameworks/UIKit.framework/Headers/UIKitCore.h:29:
In file included from /Applications/Xcode-27.0.0-Release.Candidate.app/Contents/Developer/Platforms/WatchOS.platform/Developer/SDKs/WatchOS27.0.sdk/System/Library/Frameworks/UIKit.framework/Headers/UIAccessibility.h:15:
In file included from /Applications/Xcode-27.0.0-Release.Candidate.app/Contents/Developer/Platforms/WatchOS.platform/Developer/SDKs/WatchOS27.0.sdk/System/Library/Frameworks/UIKit.framework/Headers/UIAccessibilityAdditions.h:11:
In file included from /Applications/Xcode-27.0.0-Release.Candidate.app/Contents/Developer/Platforms/WatchOS.platform/Developer/SDKs/WatchOS27.0.sdk/System/Library/Frameworks/UIKit.framework/Headers/UIPickerView.h:11:
In file included from /Applications/Xcode-27.0.0-Release.Candidate.app/Contents/Developer/Platforms/WatchOS.platform/Developer/SDKs/WatchOS27.0.sdk/System/Library/Frameworks/UIKit.framework/Headers/UIView.h:12:
/Applications/Xcode-27.0.0-Release.Candidate.app/Contents/Developer/Platforms/WatchOS.platform/Developer/SDKs/WatchOS27.0.sdk/System/Library/Frameworks/UIKit.framework/Headers/UIInterface.h:59:28: note: 'UIAccessibilityContrast' has been explicitly marked unavailable here
   59 | typedef NS_ENUM(NSInteger, UIAccessibilityContrast) {
      |                            ^
In file included from /Users/admin/builder/spi-builder-workspace/Source/UIImage+ASConvenience.mm:10:
In file included from /Users/admin/builder/spi-builder-workspace/Source/UIImage+ASConvenience.h:12:
/Users/admin/builder/spi-builder-workspace/Source/include/ASTraitCollection.h:55:3: error: 'UILegibilityWeight' is unavailable: not available on watchOS
   55 |   UILegibilityWeight legibilityWeight API_AVAILABLE(ios(13.0));
      |   ^
In file included from /Users/admin/builder/spi-builder-workspace/Source/UIImage+ASConvenience.mm:10:
In file included from /Users/admin/builder/spi-builder-workspace/Source/UIImage+ASConvenience.h:10:
In file included from /Applications/Xcode-27.0.0-Release.Candidate.app/Contents/Developer/Platforms/WatchOS.platform/Developer/SDKs/WatchOS27.0.sdk/System/Library/Frameworks/UIKit.framework/Headers/UIKit.h:13:
In file included from /Applications/Xcode-27.0.0-Release.Candidate.app/Contents/Developer/Platforms/WatchOS.platform/Developer/SDKs/WatchOS27.0.sdk/System/Library/Frameworks/UIKit.framework/Headers/UIKitCore.h:29:
In file included from /Applications/Xcode-27.0.0-Release.Candidate.app/Contents/Developer/Platforms/WatchOS.platform/Developer/SDKs/WatchOS27.0.sdk/System/Library/Frameworks/UIKit.framework/Headers/UIAccessibility.h:15:
In file included from /Applications/Xcode-27.0.0-Release.Candidate.app/Contents/Developer/Platforms/WatchOS.platform/Developer/SDKs/WatchOS27.0.sdk/System/Library/Frameworks/UIKit.framework/Headers/UIAccessibilityAdditions.h:11:
In file included from /Applications/Xcode-27.0.0-Release.Candidate.app/Contents/Developer/Platforms/WatchOS.platform/Developer/SDKs/WatchOS27.0.sdk/System/Library/Frameworks/UIKit.framework/Headers/UIPickerView.h:11:
In file included from /Applications/Xcode-27.0.0-Release.Candidate.app/Contents/Developer/Platforms/WatchOS.platform/Developer/SDKs/WatchOS27.0.sdk/System/Library/Frameworks/UIKit.framework/Headers/UIView.h:12:
/Applications/Xcode-27.0.0-Release.Candidate.app/Contents/Developer/Platforms/WatchOS.platform/Developer/SDKs/WatchOS27.0.sdk/System/Library/Frameworks/UIKit.framework/Headers/UIInterface.h:66:28: note: 'UILegibilityWeight' has been explicitly marked unavailable here
   66 | typedef NS_ENUM(NSInteger, UILegibilityWeight) {
      |                            ^
In file included from /Users/admin/builder/spi-builder-workspace/Source/UIImage+ASConvenience.mm:10:
In file included from /Users/admin/builder/spi-builder-workspace/Source/UIImage+ASConvenience.h:12:
/Users/admin/builder/spi-builder-workspace/Source/include/ASTraitCollection.h:67:88: error: 'UITraitCollection' is unavailable: not available on watchOS
   67 | ASDK_EXTERN ASPrimitiveTraitCollection ASPrimitiveTraitCollectionFromUITraitCollection(UITraitCollection *traitCollection);
      |                                                                                        ^
In file included from /Users/admin/builder/spi-builder-workspace/Source/UIImage+ASConvenience.mm:10:
In file included from /Users/admin/builder/spi-builder-workspace/Source/UIImage+ASConvenience.h:10:
In file included from /Applications/Xcode-27.0.0-Release.Candidate.app/Contents/Developer/Platforms/WatchOS.platform/Developer/SDKs/WatchOS27.0.sdk/System/Library/Frameworks/UIKit.framework/Headers/UIKit.h:13:
In file included from /Applications/Xcode-27.0.0-Release.Candidate.app/Contents/Developer/Platforms/WatchOS.platform/Developer/SDKs/WatchOS27.0.sdk/System/Library/Frameworks/UIKit.framework/Headers/UIKitCore.h:29:
In file included from /Applications/Xcode-27.0.0-Release.Candidate.app/Contents/Developer/Platforms/WatchOS.platform/Developer/SDKs/WatchOS27.0.sdk/System/Library/Frameworks/UIKit.framework/Headers/UIAccessibility.h:15:
In file included from /Applications/Xcode-27.0.0-Release.Candidate.app/Contents/Developer/Platforms/WatchOS.platform/Developer/SDKs/WatchOS27.0.sdk/System/Library/Frameworks/UIKit.framework/Headers/UIAccessibilityAdditions.h:11:
In file included from /Applications/Xcode-27.0.0-Release.Candidate.app/Contents/Developer/Platforms/WatchOS.platform/Developer/SDKs/WatchOS27.0.sdk/System/Library/Frameworks/UIKit.framework/Headers/UIPickerView.h:11:
In file included from /Applications/Xcode-27.0.0-Release.Candidate.app/Contents/Developer/Platforms/WatchOS.platform/Developer/SDKs/WatchOS27.0.sdk/System/Library/Frameworks/UIKit.framework/Headers/UIView.h:17:
/Applications/Xcode-27.0.0-Release.Candidate.app/Contents/Developer/Platforms/WatchOS.platform/Developer/SDKs/WatchOS27.0.sdk/System/Library/Frameworks/UIKit.framework/Headers/UITraitCollection.h:23:12: note: 'UITraitCollection' has been explicitly marked unavailable here
   23 | @interface UITraitCollection : NSObject <NSCopying, NSSecureCoding>
      |            ^
In file included from /Users/admin/builder/spi-builder-workspace/Source/UIImage+ASConvenience.mm:10:
In file included from /Users/admin/builder/spi-builder-workspace/Source/UIImage+ASConvenience.h:12:
/Users/admin/builder/spi-builder-workspace/Source/include/ASTraitCollection.h:72:13: error: 'UITraitCollection' is unavailable: not available on watchOS
   72 | ASDK_EXTERN UITraitCollection * ASPrimitiveTraitCollectionToUITraitCollection(ASPrimitiveTraitCollection traitCollection);
      |             ^
In file included from /Users/admin/builder/spi-builder-workspace/Source/UIImage+ASConvenience.mm:10:
In file included from /Users/admin/builder/spi-builder-workspace/Source/UIImage+ASConvenience.h:10:
In file included from /Applications/Xcode-27.0.0-Release.Candidate.app/Contents/Developer/Platforms/WatchOS.platform/Developer/SDKs/WatchOS27.0.sdk/System/Library/Frameworks/UIKit.framework/Headers/UIKit.h:13:
In file included from /Applications/Xcode-27.0.0-Release.Candidate.app/Contents/Developer/Platforms/WatchOS.platform/Developer/SDKs/WatchOS27.0.sdk/System/Library/Frameworks/UIKit.framework/Headers/UIKitCore.h:29:
In file included from /Applications/Xcode-27.0.0-Release.Candidate.app/Contents/Developer/Platforms/WatchOS.platform/Developer/SDKs/WatchOS27.0.sdk/System/Library/Frameworks/UIKit.framework/Headers/UIAccessibility.h:15:
In file included from /Applications/Xcode-27.0.0-Release.Candidate.app/Contents/Developer/Platforms/WatchOS.platform/Developer/SDKs/WatchOS27.0.sdk/System/Library/Frameworks/UIKit.framework/Headers/UIAccessibilityAdditions.h:11:
In file included from /Applications/Xcode-27.0.0-Release.Candidate.app/Contents/Developer/Platforms/WatchOS.platform/Developer/SDKs/WatchOS27.0.sdk/System/Library/Frameworks/UIKit.framework/Headers/UIPickerView.h:11:
In file included from /Applications/Xcode-27.0.0-Release.Candidate.app/Contents/Developer/Platforms/WatchOS.platform/Developer/SDKs/WatchOS27.0.sdk/System/Library/Frameworks/UIKit.framework/Headers/UIView.h:17:
/Applications/Xcode-27.0.0-Release.Candidate.app/Contents/Developer/Platforms/WatchOS.platform/Developer/SDKs/WatchOS27.0.sdk/System/Library/Frameworks/UIKit.framework/Headers/UITraitCollection.h:23:12: note: 'UITraitCollection' has been explicitly marked unavailable here
   23 | @interface UITraitCollection : NSObject <NSCopying, NSSecureCoding>
      |            ^
In file included from /Users/admin/builder/spi-builder-workspace/Source/UIImage+ASConvenience.mm:10:
In file included from /Users/admin/builder/spi-builder-workspace/Source/UIImage+ASConvenience.h:12:
/Users/admin/builder/spi-builder-workspace/Source/include/ASTraitCollection.h:143:22: error: 'UIUserInterfaceSizeClass' is unavailable: not available on watchOS
  143 | @property (readonly) UIUserInterfaceSizeClass horizontalSizeClass;
      |                      ^
In file included from /Users/admin/builder/spi-builder-workspace/Source/UIImage+ASConvenience.mm:10:
In file included from /Users/admin/builder/spi-builder-workspace/Source/UIImage+ASConvenience.h:10:
In file included from /Applications/Xcode-27.0.0-Release.Candidate.app/Contents/Developer/Platforms/WatchOS.platform/Developer/SDKs/WatchOS27.0.sdk/System/Library/Frameworks/UIKit.framework/Headers/UIKit.h:13:
In file included from /Applications/Xcode-27.0.0-Release.Candidate.app/Contents/Developer/Platforms/WatchOS.platform/Developer/SDKs/WatchOS27.0.sdk/System/Library/Frameworks/UIKit.framework/Headers/UIKitCore.h:29:
In file included from /Applications/Xcode-27.0.0-Release.Candidate.app/Contents/Developer/Platforms/WatchOS.platform/Developer/SDKs/WatchOS27.0.sdk/System/Library/Frameworks/UIKit.framework/Headers/UIAccessibility.h:15:
In file included from /Applications/Xcode-27.0.0-Release.Candidate.app/Contents/Developer/Platforms/WatchOS.platform/Developer/SDKs/WatchOS27.0.sdk/System/Library/Frameworks/UIKit.framework/Headers/UIAccessibilityAdditions.h:11:
In file included from /Applications/Xcode-27.0.0-Release.Candidate.app/Contents/Developer/Platforms/WatchOS.platform/Developer/SDKs/WatchOS27.0.sdk/System/Library/Frameworks/UIKit.framework/Headers/UIPickerView.h:11:
In file included from /Applications/Xcode-27.0.0-Release.Candidate.app/Contents/Developer/Platforms/WatchOS.platform/Developer/SDKs/WatchOS27.0.sdk/System/Library/Frameworks/UIKit.framework/Headers/UIView.h:12:
/Applications/Xcode-27.0.0-Release.Candidate.app/Contents/Developer/Platforms/WatchOS.platform/Developer/SDKs/WatchOS27.0.sdk/System/Library/Frameworks/UIKit.framework/Headers/UIInterface.h:26:28: note: 'UIUserInterfaceSizeClass' has been explicitly marked unavailable here
   26 | typedef NS_ENUM(NSInteger, UIUserInterfaceSizeClass) {
      |                            ^
In file included from /Users/admin/builder/spi-builder-workspace/Source/UIImage+ASConvenience.mm:10:
In file included from /Users/admin/builder/spi-builder-workspace/Source/UIImage+ASConvenience.h:12:
/Users/admin/builder/spi-builder-workspace/Source/include/ASTraitCollection.h:144:22: error: 'UIUserInterfaceSizeClass' is unavailable: not available on watchOS
  144 | @property (readonly) UIUserInterfaceSizeClass verticalSizeClass;
      |                      ^
In file included from /Users/admin/builder/spi-builder-workspace/Source/UIImage+ASConvenience.mm:10:
In file included from /Users/admin/builder/spi-builder-workspace/Source/UIImage+ASConvenience.h:10:
In file included from /Applications/Xcode-27.0.0-Release.Candidate.app/Contents/Developer/Platforms/WatchOS.platform/Developer/SDKs/WatchOS27.0.sdk/System/Library/Frameworks/UIKit.framework/Headers/UIKit.h:13:
In file included from /Applications/Xcode-27.0.0-Release.Candidate.app/Contents/Developer/Platforms/WatchOS.platform/Developer/SDKs/WatchOS27.0.sdk/System/Library/Frameworks/UIKit.framework/Headers/UIKitCore.h:29:
In file included from /Applications/Xcode-27.0.0-Release.Candidate.app/Contents/Developer/Platforms/WatchOS.platform/Developer/SDKs/WatchOS27.0.sdk/System/Library/Frameworks/UIKit.framework/Headers/UIAccessibility.h:15:
In file included from /Applications/Xcode-27.0.0-Release.Candidate.app/Contents/Developer/Platforms/WatchOS.platform/Developer/SDKs/WatchOS27.0.sdk/System/Library/Frameworks/UIKit.framework/Headers/UIAccessibilityAdditions.h:11:
In file included from /Applications/Xcode-27.0.0-Release.Candidate.app/Contents/Developer/Platforms/WatchOS.platform/Developer/SDKs/WatchOS27.0.sdk/System/Library/Frameworks/UIKit.framework/Headers/UIPickerView.h:11:
In file included from /Applications/Xcode-27.0.0-Release.Candidate.app/Contents/Developer/Platforms/WatchOS.platform/Developer/SDKs/WatchOS27.0.sdk/System/Library/Frameworks/UIKit.framework/Headers/UIView.h:12:
/Applications/Xcode-27.0.0-Release.Candidate.app/Contents/Developer/Platforms/WatchOS.platform/Developer/SDKs/WatchOS27.0.sdk/System/Library/Frameworks/UIKit.framework/Headers/UIInterface.h:26:28: note: 'UIUserInterfaceSizeClass' has been explicitly marked unavailable here
   26 | typedef NS_ENUM(NSInteger, UIUserInterfaceSizeClass) {
      |                            ^
In file included from /Users/admin/builder/spi-builder-workspace/Source/UIImage+ASConvenience.mm:10:
In file included from /Users/admin/builder/spi-builder-workspace/Source/UIImage+ASConvenience.h:12:
/Users/admin/builder/spi-builder-workspace/Source/include/ASTraitCollection.h:147:22: error: 'UIDisplayGamut' is unavailable: not available on watchOS
  147 | @property (readonly) UIDisplayGamut displayGamut API_AVAILABLE(ios(10.0));
      |                      ^
In file included from /Users/admin/builder/spi-builder-workspace/Source/UIImage+ASConvenience.mm:10:
In file included from /Users/admin/builder/spi-builder-workspace/Source/UIImage+ASConvenience.h:10:
In file included from /Applications/Xcode-27.0.0-Release.Candidate.app/Contents/Developer/Platforms/WatchOS.platform/Developer/SDKs/WatchOS27.0.sdk/System/Library/Frameworks/UIKit.framework/Headers/UIKit.h:13:
In file included from /Applications/Xcode-27.0.0-Release.Candidate.app/Contents/Developer/Platforms/WatchOS.platform/Developer/SDKs/WatchOS27.0.sdk/System/Library/Frameworks/UIKit.framework/Headers/UIKitCore.h:29:
In file included from /Applications/Xcode-27.0.0-Release.Candidate.app/Contents/Developer/Platforms/WatchOS.platform/Developer/SDKs/WatchOS27.0.sdk/System/Library/Frameworks/UIKit.framework/Headers/UIAccessibility.h:15:
In file included from /Applications/Xcode-27.0.0-Release.Candidate.app/Contents/Developer/Platforms/WatchOS.platform/Developer/SDKs/WatchOS27.0.sdk/System/Library/Frameworks/UIKit.framework/Headers/UIAccessibilityAdditions.h:11:
In file included from /Applications/Xcode-27.0.0-Release.Candidate.app/Contents/Developer/Platforms/WatchOS.platform/Developer/SDKs/WatchOS27.0.sdk/System/Library/Frameworks/UIKit.framework/Headers/UIPickerView.h:11:
In file included from /Applications/Xcode-27.0.0-Release.Candidate.app/Contents/Developer/Platforms/WatchOS.platform/Developer/SDKs/WatchOS27.0.sdk/System/Library/Frameworks/UIKit.framework/Headers/UIView.h:12:
/Applications/Xcode-27.0.0-Release.Candidate.app/Contents/Developer/Platforms/WatchOS.platform/Developer/SDKs/WatchOS27.0.sdk/System/Library/Frameworks/UIKit.framework/Headers/UIInterface.h:50:28: note: 'UIDisplayGamut' has been explicitly marked unavailable here
   50 | typedef NS_ENUM(NSInteger, UIDisplayGamut) {
      |                            ^
In file included from /Users/admin/builder/spi-builder-workspace/Source/UIImage+ASConvenience.mm:10:
In file included from /Users/admin/builder/spi-builder-workspace/Source/UIImage+ASConvenience.h:12:
/Users/admin/builder/spi-builder-workspace/Source/include/ASTraitCollection.h:149:22: error: 'UIUserInterfaceIdiom' is unavailable: not available on watchOS
  149 | @property (readonly) UIUserInterfaceIdiom userInterfaceIdiom;
      |                      ^
In file included from /Users/admin/builder/spi-builder-workspace/Source/UIImage+ASConvenience.mm:10:
In file included from /Users/admin/builder/spi-builder-workspace/Source/UIImage+ASConvenience.h:10:
In file included from /Applications/Xcode-27.0.0-Release.Candidate.app/Contents/Developer/Platforms/WatchOS.platform/Developer/SDKs/WatchOS27.0.sdk/System/Library/Frameworks/UIKit.framework/Headers/UIKit.h:13:
In file included from /Applications/Xcode-27.0.0-Release.Candidate.app/Contents/Developer/Platforms/WatchOS.platform/Developer/SDKs/WatchOS27.0.sdk/System/Library/Frameworks/UIKit.framework/Headers/UIKitCore.h:29:
In file included from /Applications/Xcode-27.0.0-Release.Candidate.app/Contents/Developer/Platforms/WatchOS.platform/Developer/SDKs/WatchOS27.0.sdk/System/Library/Frameworks/UIKit.framework/Headers/UIAccessibility.h:15:
In file included from /Applications/Xcode-27.0.0-Release.Candidate.app/Contents/Developer/Platforms/WatchOS.platform/Developer/SDKs/WatchOS27.0.sdk/System/Library/Frameworks/UIKit.framework/Headers/UIAccessibilityAdditions.h:11:
In file included from /Applications/Xcode-27.0.0-Release.Candidate.app/Contents/Developer/Platforms/WatchOS.platform/Developer/SDKs/WatchOS27.0.sdk/System/Library/Frameworks/UIKit.framework/Headers/UIPickerView.h:11:
In file included from /Applications/Xcode-27.0.0-Release.Candidate.app/Contents/Developer/Platforms/WatchOS.platform/Developer/SDKs/WatchOS27.0.sdk/System/Library/Frameworks/UIKit.framework/Headers/UIView.h:17:
In file included from /Applications/Xcode-27.0.0-Release.Candidate.app/Contents/Developer/Platforms/WatchOS.platform/Developer/SDKs/WatchOS27.0.sdk/System/Library/Frameworks/UIKit.framework/Headers/UITraitCollection.h:10:
/Applications/Xcode-27.0.0-Release.Candidate.app/Contents/Developer/Platforms/WatchOS.platform/Developer/SDKs/WatchOS27.0.sdk/System/Library/Frameworks/UIKit.framework/Headers/UIDevice.h:22:28: note: 'UIUserInterfaceIdiom' has been explicitly marked unavailable here
   22 | typedef NS_ENUM(NSInteger, UIUserInterfaceIdiom) {
      |                            ^
In file included from /Users/admin/builder/spi-builder-workspace/Source/UIImage+ASConvenience.mm:10:
In file included from /Users/admin/builder/spi-builder-workspace/Source/UIImage+ASConvenience.h:12:
/Users/admin/builder/spi-builder-workspace/Source/include/ASTraitCollection.h:150:22: error: 'UIForceTouchCapability' is unavailable: not available on watchOS
  150 | @property (readonly) UIForceTouchCapability forceTouchCapability;
      |                      ^
In file included from /Users/admin/builder/spi-builder-workspace/Source/UIImage+ASConvenience.mm:10:
In file included from /Users/admin/builder/spi-builder-workspace/Source/UIImage+ASConvenience.h:10:
In file included from /Applications/Xcode-27.0.0-Release.Candidate.app/Contents/Developer/Platforms/WatchOS.platform/Developer/SDKs/WatchOS27.0.sdk/System/Library/Frameworks/UIKit.framework/Headers/UIKit.h:13:
In file included from /Applications/Xcode-27.0.0-Release.Candidate.app/Contents/Developer/Platforms/WatchOS.platform/Developer/SDKs/WatchOS27.0.sdk/System/Library/Frameworks/UIKit.framework/Headers/UIKitCore.h:29:
In file included from /Applications/Xcode-27.0.0-Release.Candidate.app/Contents/Developer/Platforms/WatchOS.platform/Developer/SDKs/WatchOS27.0.sdk/System/Library/Frameworks/UIKit.framework/Headers/UIAccessibility.h:15:
In file included from /Applications/Xcode-27.0.0-Release.Candidate.app/Contents/Developer/Platforms/WatchOS.platform/Developer/SDKs/WatchOS27.0.sdk/System/Library/Frameworks/UIKit.framework/Headers/UIAccessibilityAdditions.h:11:
In file included from /Applications/Xcode-27.0.0-Release.Candidate.app/Contents/Developer/Platforms/WatchOS.platform/Developer/SDKs/WatchOS27.0.sdk/System/Library/Frameworks/UIKit.framework/Headers/UIPickerView.h:11:
In file included from /Applications/Xcode-27.0.0-Release.Candidate.app/Contents/Developer/Platforms/WatchOS.platform/Developer/SDKs/WatchOS27.0.sdk/System/Library/Frameworks/UIKit.framework/Headers/UIView.h:17:
In file included from /Applications/Xcode-27.0.0-Release.Candidate.app/Contents/Developer/Platforms/WatchOS.platform/Developer/SDKs/WatchOS27.0.sdk/System/Library/Frameworks/UIKit.framework/Headers/UITraitCollection.h:12:
/Applications/Xcode-27.0.0-Release.Candidate.app/Contents/Developer/Platforms/WatchOS.platform/Developer/SDKs/WatchOS27.0.sdk/System/Library/Frameworks/UIKit.framework/Headers/UITouch.h:28:28: note: 'UIForceTouchCapability' has been explicitly marked unavailable here
   28 | typedef NS_ENUM(NSInteger, UIForceTouchCapability) {
      |                            ^
In file included from /Users/admin/builder/spi-builder-workspace/Source/UIImage+ASConvenience.mm:10:
In file included from /Users/admin/builder/spi-builder-workspace/Source/UIImage+ASConvenience.h:12:
/Users/admin/builder/spi-builder-workspace/Source/include/ASTraitCollection.h:151:22: error: 'UITraitEnvironmentLayoutDirection' is unavailable: not available on watchOS
  151 | @property (readonly) UITraitEnvironmentLayoutDirection layoutDirection API_AVAILABLE(ios(10.0));
      |                      ^
In file included from /Users/admin/builder/spi-builder-workspace/Source/UIImage+ASConvenience.mm:10:
In file included from /Users/admin/builder/spi-builder-workspace/Source/UIImage+ASConvenience.h:10:
In file included from /Applications/Xcode-27.0.0-Release.Candidate.app/Contents/Developer/Platforms/WatchOS.platform/Developer/SDKs/WatchOS27.0.sdk/System/Library/Frameworks/UIKit.framework/Headers/UIKit.h:13:
In file included from /Applications/Xcode-27.0.0-Release.Candidate.app/Contents/Developer/Platforms/WatchOS.platform/Developer/SDKs/WatchOS27.0.sdk/System/Library/Frameworks/UIKit.framework/Headers/UIKitCore.h:29:
In file included from /Applications/Xcode-27.0.0-Release.Candidate.app/Contents/Developer/Platforms/WatchOS.platform/Developer/SDKs/WatchOS27.0.sdk/System/Library/Frameworks/UIKit.framework/Headers/UIAccessibility.h:15:
In file included from /Applications/Xcode-27.0.0-Release.Candidate.app/Contents/Developer/Platforms/WatchOS.platform/Developer/SDKs/WatchOS27.0.sdk/System/Library/Frameworks/UIKit.framework/Headers/UIAccessibilityAdditions.h:11:
In file included from /Applications/Xcode-27.0.0-Release.Candidate.app/Contents/Developer/Platforms/WatchOS.platform/Developer/SDKs/WatchOS27.0.sdk/System/Library/Frameworks/UIKit.framework/Headers/UIPickerView.h:11:
In file included from /Applications/Xcode-27.0.0-Release.Candidate.app/Contents/Developer/Platforms/WatchOS.platform/Developer/SDKs/WatchOS27.0.sdk/System/Library/Frameworks/UIKit.framework/Headers/UIView.h:12:
/Applications/Xcode-27.0.0-Release.Candidate.app/Contents/Developer/Platforms/WatchOS.platform/Developer/SDKs/WatchOS27.0.sdk/System/Library/Frameworks/UIKit.framework/Headers/UIInterface.h:44:28: note: 'UITraitEnvironmentLayoutDirection' has been explicitly marked unavailable here
   44 | typedef NS_ENUM(NSInteger, UITraitEnvironmentLayoutDirection) {
      |                            ^
In file included from /Users/admin/builder/spi-builder-workspace/Source/UIImage+ASConvenience.mm:10:
In file included from /Users/admin/builder/spi-builder-workspace/Source/UIImage+ASConvenience.h:12:
/Users/admin/builder/spi-builder-workspace/Source/include/ASTraitCollection.h:152:22: error: 'UIUserInterfaceStyle' is unavailable: not available on watchOS
  152 | @property (readonly) UIUserInterfaceStyle userInterfaceStyle API_AVAILABLE(tvos(10.0), ios(12.0));
      |                      ^
In file included from /Users/admin/builder/spi-builder-workspace/Source/UIImage+ASConvenience.mm:10:
In file included from /Users/admin/builder/spi-builder-workspace/Source/UIImage+ASConvenience.h:10:
In file included from /Applications/Xcode-27.0.0-Release.Candidate.app/Contents/Developer/Platforms/WatchOS.platform/Developer/SDKs/WatchOS27.0.sdk/System/Library/Frameworks/UIKit.framework/Headers/UIKit.h:13:
In file included from /Applications/Xcode-27.0.0-Release.Candidate.app/Contents/Developer/Platforms/WatchOS.platform/Developer/SDKs/WatchOS27.0.sdk/System/Library/Frameworks/UIKit.framework/Headers/UIKitCore.h:29:
In file included from /Applications/Xcode-27.0.0-Release.Candidate.app/Contents/Developer/Platforms/WatchOS.platform/Developer/SDKs/WatchOS27.0.sdk/System/Library/Frameworks/UIKit.framework/Headers/UIAccessibility.h:15:
In file included from /Applications/Xcode-27.0.0-Release.Candidate.app/Contents/Developer/Platforms/WatchOS.platform/Developer/SDKs/WatchOS27.0.sdk/System/Library/Frameworks/UIKit.framework/Headers/UIAccessibilityAdditions.h:11:
In file included from /Applications/Xcode-27.0.0-Release.Candidate.app/Contents/Developer/Platforms/WatchOS.platform/Developer/SDKs/WatchOS27.0.sdk/System/Library/Frameworks/UIKit.framework/Headers/UIPickerView.h:11:
In file included from /Applications/Xcode-27.0.0-Release.Candidate.app/Contents/Developer/Platforms/WatchOS.platform/Developer/SDKs/WatchOS27.0.sdk/System/Library/Frameworks/UIKit.framework/Headers/UIView.h:12:
/Applications/Xcode-27.0.0-Release.Candidate.app/Contents/Developer/Platforms/WatchOS.platform/Developer/SDKs/WatchOS27.0.sdk/System/Library/Frameworks/UIKit.framework/Headers/UIInterface.h:32:28: note: 'UIUserInterfaceStyle' has been explicitly marked unavailable here
   32 | typedef NS_ENUM(NSInteger, UIUserInterfaceStyle) {
      |                            ^
fatal error: too many errors emitted, stopping now [-ferror-limit=]
20 errors generated.
CompileC /Users/admin/builder/spi-builder-workspace/.derivedData/Build/Intermediates.noindex/Texture.build/Debug-watchos/AsyncDisplayKit-t.build/Objects-normal/arm64_32/ASTextNodeWordKerner.o /Users/admin/builder/spi-builder-workspace/Source/TextKit/ASTextNodeWordKerner.mm normal arm64_32 objective-c++ com.apple.compilers.llvm.clang.1_0.compiler (in target 'AsyncDisplayKit' from project 'Texture')
    cd /Users/admin/builder/spi-builder-workspace/.swiftpm/xcode

    Using response file: /Users/admin/builder/spi-builder-workspace/.derivedData/Build/Intermediates.noindex/Texture.build/Debug-watchos/AsyncDisplayKit-t.build/Objects-normal/arm64_32/af3fcb34312c57c0f52879cdce924b91-common-args.resp

    /Applications/Xcode-27.0.0-Release.Candidate.app/Contents/Developer/Toolchains/XcodeDefault.xctoolchain/usr/bin/clang -x objective-c++ -ivfsstatcache /Users/admin/builder/spi-builder-workspace/.derivedData/SDKStatCaches.noindex/watchos27.0-24R360-e829b21a6f8c9b70876ba0858053c04477534ef55a1706bf4c1112bbb242f0a2.sdkstatcache -target arm64_32-apple-watchos9.0 -fmessage-length\=0 -fdiagnostics-show-note-include-stack -fmacro-backtrace-limit\=0 -fno-color-diagnostics -fmodules-prune-interval\=86400 -fmodules-prune-after\=345600 -fbuild-session-file\=/Users/admin/builder/spi-builder-workspace/.derivedData/ModuleCache.noindex/Session.modulevalidation -fmodules-validate-once-per-build-session -Wnon-modular-include-in-framework-module -Werror\=non-modular-include-in-framework-module -Wno-trigraphs -Wno-missing-field-initializers -Wno-missing-prototypes -Wno-return-type -Wno-implicit-atomic-properties -Wno-objc-interface-ivars -Wno-arc-repeated-use-of-weak -Wno-non-virtual-dtor -Wno-overloaded-virtual -Wno-exit-time-destructors -Wno-missing-braces -Wparentheses -Wswitch -Wno-unused-function -Wno-unused-label -Wno-unused-parameter -Wno-unused-variable -Wunused-value -Wno-empty-body -Wno-uninitialized -Wno-unknown-pragmas -Wno-shadow -Wno-four-char-constants -Wno-conversion -Wno-constant-conversion -Wno-int-conversion -Wno-bool-conversion -Wno-enum-conversion -Wno-float-conversion -Wno-non-literal-null-conversion -Wno-objc-literal-conversion -Wno-shorten-64-to-32 -Wno-newline-eof -Wno-selector -Wno-strict-selector-match -Wno-undeclared-selector -Wno-deprecated-implementations -Wno-c++11-extensions -Wno-implicit-fallthrough -isysroot /Applications/Xcode-27.0.0-Release.Candidate.app/Contents/Developer/Platforms/WatchOS.platform/Developer/SDKs/WatchOS27.0.sdk -fstrict-aliasing -Wprotocol -Wdeprecated-declarations -Winvalid-offsetof -Wno-sign-conversion -Wno-infinite-recursion -Wno-move -Wno-comma -Wno-block-capture-autoreleasing -Wno-strict-prototypes -Wno-range-loop-analysis -Wno-semicolon-before-method-body -index-store-path /Users/admin/builder/spi-builder-workspace/.derivedData/Index.noindex/DataStore @/Users/admin/builder/spi-builder-workspace/.derivedData/Build/Intermediates.noindex/Texture.build/Debug-watchos/AsyncDisplayKit-t.build/Objects-normal/arm64_32/af3fcb34312c57c0f52879cdce924b91-common-args.resp -MMD -MT dependencies -MF /Users/admin/builder/spi-builder-workspace/.derivedData/Build/Intermediates.noindex/Texture.build/Debug-watchos/AsyncDisplayKit-t.build/Objects-normal/arm64_32/ASTextNodeWordKerner.d --serialize-diagnostics /Users/admin/builder/spi-builder-workspace/.derivedData/Build/Intermediates.noindex/Texture.build/Debug-watchos/AsyncDisplayKit-t.build/Objects-normal/arm64_32/ASTextNodeWordKerner.dia -c /Users/admin/builder/spi-builder-workspace/Source/TextKit/ASTextNodeWordKerner.mm -o /Users/admin/builder/spi-builder-workspace/.derivedData/Build/Intermediates.noindex/Texture.build/Debug-watchos/AsyncDisplayKit-t.build/Objects-normal/arm64_32/ASTextNodeWordKerner.o -index-unit-output-path /Texture.build/Debug-watchos/AsyncDisplayKit-t.build/Objects-normal/arm64_32/ASTextNodeWordKerner.o
In file included from /Users/admin/builder/spi-builder-workspace/Source/TextKit/ASTextNodeWordKerner.mm:10:
/Users/admin/builder/spi-builder-workspace/Source/TextKit/ASTextNodeWordKerner.h:23:45: error: 'NSLayoutManagerDelegate' is unavailable: not available on watchOS
   23 | @interface ASTextNodeWordKerner : NSObject <NSLayoutManagerDelegate>
      |                                             ^
In file included from /Users/admin/builder/spi-builder-workspace/Source/TextKit/ASTextNodeWordKerner.mm:10:
In file included from /Users/admin/builder/spi-builder-workspace/Source/TextKit/ASTextNodeWordKerner.h:11:
/Applications/Xcode-27.0.0-Release.Candidate.app/Contents/Developer/Platforms/WatchOS.platform/Developer/SDKs/WatchOS27.0.sdk/System/Library/Frameworks/UIKit.framework/Headers/NSLayoutManager.h:310:36: note: 'NSLayoutManagerDelegate' has been explicitly marked unavailable here
  310 | API_UNAVAILABLE(watchos) @protocol NSLayoutManagerDelegate <NSObject>
      |                                    ^
/Users/admin/builder/spi-builder-workspace/Source/TextKit/ASTextNodeWordKerner.mm:19:30: error: 'NSLayoutManager' is unavailable: not available on watchOS
   19 | - (NSUInteger)layoutManager:(NSLayoutManager *)layoutManager shouldGenerateGlyphs:(const CGGlyph *)glyphs properties:(const NSGlyphProperty *)properties characterIndexes:(const NSUInteger *)characterIndexes font:(UIFont *)aFont forGlyphRange:(NSRange)glyphRange
      |                              ^
In file included from /Users/admin/builder/spi-builder-workspace/Source/TextKit/ASTextNodeWordKerner.mm:10:
In file included from /Users/admin/builder/spi-builder-workspace/Source/TextKit/ASTextNodeWordKerner.h:11:
/Applications/Xcode-27.0.0-Release.Candidate.app/Contents/Developer/Platforms/WatchOS.platform/Developer/SDKs/WatchOS27.0.sdk/System/Library/Frameworks/UIKit.framework/Headers/NSLayoutManager.h:58:12: note: 'NSLayoutManager' has been explicitly marked unavailable here
   58 | @interface NSLayoutManager : NSObject <NSSecureCoding>
      |            ^
/Users/admin/builder/spi-builder-workspace/Source/TextKit/ASTextNodeWordKerner.mm:68:44: error: 'NSLayoutManager' is unavailable: not available on watchOS
   68 | - (NSControlCharacterAction)layoutManager:(NSLayoutManager *)layoutManager shouldUseAction:(NSControlCharacterAction)defaultAction forControlCharacterAtIndex:(NSUInteger)characterIndex
      |                                            ^
In file included from /Users/admin/builder/spi-builder-workspace/Source/TextKit/ASTextNodeWordKerner.mm:10:
In file included from /Users/admin/builder/spi-builder-workspace/Source/TextKit/ASTextNodeWordKerner.h:11:
/Applications/Xcode-27.0.0-Release.Candidate.app/Contents/Developer/Platforms/WatchOS.platform/Developer/SDKs/WatchOS27.0.sdk/System/Library/Frameworks/UIKit.framework/Headers/NSLayoutManager.h:58:12: note: 'NSLayoutManager' has been explicitly marked unavailable here
   58 | @interface NSLayoutManager : NSObject <NSSecureCoding>
      |            ^
/Users/admin/builder/spi-builder-workspace/Source/TextKit/ASTextNodeWordKerner.mm:77:26: error: 'NSLayoutManager' is unavailable: not available on watchOS
   77 | - (CGRect)layoutManager:(NSLayoutManager *)layoutManager boundingBoxForControlGlyphAtIndex:(NSUInteger)glyphIndex forTextContainer:(NSTextContainer *)textContainer proposedLineFragment:(CGRect)proposedRect glyphPosition:(CGPoint)glyphPosition characterIndex:(NSUInteger)characterIndex
      |                          ^
In file included from /Users/admin/builder/spi-builder-workspace/Source/TextKit/ASTextNodeWordKerner.mm:10:
In file included from /Users/admin/builder/spi-builder-workspace/Source/TextKit/ASTextNodeWordKerner.h:11:
/Applications/Xcode-27.0.0-Release.Candidate.app/Contents/Developer/Platforms/WatchOS.platform/Developer/SDKs/WatchOS27.0.sdk/System/Library/Frameworks/UIKit.framework/Headers/NSLayoutManager.h:58:12: note: 'NSLayoutManager' has been explicitly marked unavailable here
   58 | @interface NSLayoutManager : NSObject <NSSecureCoding>
      |            ^
/Users/admin/builder/spi-builder-workspace/Source/TextKit/ASTextNodeWordKerner.mm:77:133: error: 'NSTextContainer' is unavailable: not available on watchOS
   77 | - (CGRect)layoutManager:(NSLayoutManager *)layoutManager boundingBoxForControlGlyphAtIndex:(NSUInteger)glyphIndex forTextContainer:(NSTextContainer *)textContainer proposedLineFragment:(CGRect)proposedRect glyphPosition:(CGPoint)glyphPosition characterIndex:(NSUInteger)characterIndex
      |                                                                                                                                     ^
In file included from /Users/admin/builder/spi-builder-workspace/Source/TextKit/ASTextNodeWordKerner.mm:12:
In file included from /Applications/Xcode-27.0.0-Release.Candidate.app/Contents/Developer/Platforms/WatchOS.platform/Developer/SDKs/WatchOS27.0.sdk/System/Library/Frameworks/UIKit.framework/Headers/UIKit.h:10:
In file included from /Applications/Xcode-27.0.0-Release.Candidate.app/Contents/Developer/Platforms/WatchOS.platform/Developer/SDKs/WatchOS27.0.sdk/System/Library/Frameworks/UIKit.framework/Headers/UIFoundation.h:25:
/Applications/Xcode-27.0.0-Release.Candidate.app/Contents/Developer/Platforms/WatchOS.platform/Developer/SDKs/WatchOS27.0.sdk/System/Library/Frameworks/UIKit.framework/Headers/NSTextContainer.h:36:12: note: 'NSTextContainer' has been explicitly marked unavailable here
   36 | @interface NSTextContainer : NSObject <NSSecureCoding, NSTextLayoutOrientationProvider>
      |            ^
/Users/admin/builder/spi-builder-workspace/Source/TextKit/ASTextNodeWordKerner.mm:83:137: error: 'NSTextContainer' is unavailable: not available on watchOS
   83 | - (CGFloat)_wordKernedSpaceWidthForCharacterAtIndex:(NSUInteger)characterIndex atGlyphPosition:(CGPoint)glyphPosition forTextContainer:(NSTextContainer *)textContainer layoutManager:(NSLayoutManager *)layoutManager
      |                                                                                                                                         ^
In file included from /Users/admin/builder/spi-builder-workspace/Source/TextKit/ASTextNodeWordKerner.mm:12:
In file included from /Applications/Xcode-27.0.0-Release.Candidate.app/Contents/Developer/Platforms/WatchOS.platform/Developer/SDKs/WatchOS27.0.sdk/System/Library/Frameworks/UIKit.framework/Headers/UIKit.h:10:
In file included from /Applications/Xcode-27.0.0-Release.Candidate.app/Contents/Developer/Platforms/WatchOS.platform/Developer/SDKs/WatchOS27.0.sdk/System/Library/Frameworks/UIKit.framework/Headers/UIFoundation.h:25:
/Applications/Xcode-27.0.0-Release.Candidate.app/Contents/Developer/Platforms/WatchOS.platform/Developer/SDKs/WatchOS27.0.sdk/System/Library/Frameworks/UIKit.framework/Headers/NSTextContainer.h:36:12: note: 'NSTextContainer' has been explicitly marked unavailable here
   36 | @interface NSTextContainer : NSObject <NSSecureCoding, NSTextLayoutOrientationProvider>
      |            ^
/Users/admin/builder/spi-builder-workspace/Source/TextKit/ASTextNodeWordKerner.mm:83:184: error: 'NSLayoutManager' is unavailable: not available on watchOS
   83 | - (CGFloat)_wordKernedSpaceWidthForCharacterAtIndex:(NSUInteger)characterIndex atGlyphPosition:(CGPoint)glyphPosition forTextContainer:(NSTextContainer *)textContainer layoutManager:(NSLayoutManager *)layoutManager
      |                                                                                                                                                                                        ^
In file included from /Users/admin/builder/spi-builder-workspace/Source/TextKit/ASTextNodeWordKerner.mm:10:
In file included from /Users/admin/builder/spi-builder-workspace/Source/TextKit/ASTextNodeWordKerner.h:11:
/Applications/Xcode-27.0.0-Release.Candidate.app/Contents/Developer/Platforms/WatchOS.platform/Developer/SDKs/WatchOS27.0.sdk/System/Library/Frameworks/UIKit.framework/Headers/NSLayoutManager.h:58:12: note: 'NSLayoutManager' has been explicitly marked unavailable here
   58 | @interface NSLayoutManager : NSObject <NSSecureCoding>
      |            ^
/Users/admin/builder/spi-builder-workspace/Source/TextKit/ASTextNodeWordKerner.mm:35:35: error: 'NSGlyphPropertyControlCharacter' is unavailable: not available on watchOS
   35 |     if (properties[arrayIndex] == NSGlyphPropertyControlCharacter) {
      |                                   ^
In file included from /Users/admin/builder/spi-builder-workspace/Source/TextKit/ASTextNodeWordKerner.mm:10:
In file included from /Users/admin/builder/spi-builder-workspace/Source/TextKit/ASTextNodeWordKerner.h:11:
/Applications/Xcode-27.0.0-Release.Candidate.app/Contents/Developer/Platforms/WatchOS.platform/Developer/SDKs/WatchOS27.0.sdk/System/Library/Frameworks/UIKit.framework/Headers/NSLayoutManager.h:41:9: note: '(unnamed enum at /Applications/Xcode-27.0.0-Release.Candidate.app/Contents/Developer/Platforms/WatchOS.platform/Developer/SDKs/WatchOS27.0.sdk/System/Library/Frameworks/UIKit.framework/Headers/NSLayoutManager.h:41:9)' has been explicitly marked unavailable here
   41 | typedef NS_OPTIONS(NSInteger, NSGlyphProperty) {
      |         ^
In file included from /Users/admin/builder/spi-builder-workspace/Source/TextKit/ASTextNodeWordKerner.mm:10:
In file included from /Users/admin/builder/spi-builder-workspace/Source/TextKit/ASTextNodeWordKerner.h:10:
In file included from /Applications/Xcode-27.0.0-Release.Candidate.app/Contents/Developer/Platforms/WatchOS.platform/Developer/SDKs/WatchOS27.0.sdk/System/Library/Frameworks/Foundation.framework/Headers/Foundation.h:9:
/Applications/Xcode-27.0.0-Release.Candidate.app/Contents/Developer/Platforms/WatchOS.platform/Developer/SDKs/WatchOS27.0.sdk/System/Library/Frameworks/Foundation.framework/Headers/NSObjCRuntime.h:403:34: note: expanded from macro 'NS_OPTIONS'
  403 | #define NS_OPTIONS(_type, _name) CF_OPTIONS(_type, _name)
      |                                  ^
In file included from /Users/admin/builder/spi-builder-workspace/Source/TextKit/ASTextNodeWordKerner.mm:10:
In file included from /Users/admin/builder/spi-builder-workspace/Source/TextKit/ASTextNodeWordKerner.h:10:
In file included from /Applications/Xcode-27.0.0-Release.Candidate.app/Contents/Developer/Platforms/WatchOS.platform/Developer/SDKs/WatchOS27.0.sdk/System/Library/Frameworks/Foundation.framework/Headers/Foundation.h:6:
In file included from /Applications/Xcode-27.0.0-Release.Candidate.app/Contents/Developer/Platforms/WatchOS.platform/Developer/SDKs/WatchOS27.0.sdk/System/Library/Frameworks/CoreFoundation.framework/Headers/CoreFoundation.h:54:
In file included from /Applications/Xcode-27.0.0-Release.Candidate.app/Contents/Developer/Platforms/WatchOS.platform/Developer/SDKs/WatchOS27.0.sdk/System/Library/Frameworks/CoreFoundation.framework/Headers/CFBase.h:21:
/Applications/Xcode-27.0.0-Release.Candidate.app/Contents/Developer/Platforms/WatchOS.platform/Developer/SDKs/WatchOS27.0.sdk/System/Library/Frameworks/CoreFoundation.framework/Headers/CFAvailability.h:146:96: note: expanded from macro 'CF_OPTIONS'
  146 | #define CF_OPTIONS(_type, _name) __attribute__((availability(swift,unavailable))) _type _name; enum __CF_OPTIONS_ATTRIBUTES : _name
      |                                                                                                ^
/Users/admin/builder/spi-builder-workspace/Source/TextKit/ASTextNodeWordKerner.mm:47:38: error: 'NSGlyphPropertyControlCharacter' is unavailable: not available on watchOS
   47 |     newGlyphProperties[arrayIndex] = NSGlyphPropertyControlCharacter;
      |                                      ^
In file included from /Users/admin/builder/spi-builder-workspace/Source/TextKit/ASTextNodeWordKerner.mm:10:
In file included from /Users/admin/builder/spi-builder-workspace/Source/TextKit/ASTextNodeWordKerner.h:11:
/Applications/Xcode-27.0.0-Release.Candidate.app/Contents/Developer/Platforms/WatchOS.platform/Developer/SDKs/WatchOS27.0.sdk/System/Library/Frameworks/UIKit.framework/Headers/NSLayoutManager.h:41:9: note: '(unnamed enum at /Applications/Xcode-27.0.0-Release.Candidate.app/Contents/Developer/Platforms/WatchOS.platform/Developer/SDKs/WatchOS27.0.sdk/System/Library/Frameworks/UIKit.framework/Headers/NSLayoutManager.h:41:9)' has been explicitly marked unavailable here
   41 | typedef NS_OPTIONS(NSInteger, NSGlyphProperty) {
      |         ^
In file included from /Users/admin/builder/spi-builder-workspace/Source/TextKit/ASTextNodeWordKerner.mm:10:
In file included from /Users/admin/builder/spi-builder-workspace/Source/TextKit/ASTextNodeWordKerner.h:10:
In file included from /Applications/Xcode-27.0.0-Release.Candidate.app/Contents/Developer/Platforms/WatchOS.platform/Developer/SDKs/WatchOS27.0.sdk/System/Library/Frameworks/Foundation.framework/Headers/Foundation.h:9:
/Applications/Xcode-27.0.0-Release.Candidate.app/Contents/Developer/Platforms/WatchOS.platform/Developer/SDKs/WatchOS27.0.sdk/System/Library/Frameworks/Foundation.framework/Headers/NSObjCRuntime.h:403:34: note: expanded from macro 'NS_OPTIONS'
  403 | #define NS_OPTIONS(_type, _name) CF_OPTIONS(_type, _name)
      |                                  ^
In file included from /Users/admin/builder/spi-builder-workspace/Source/TextKit/ASTextNodeWordKerner.mm:10:
In file included from /Users/admin/builder/spi-builder-workspace/Source/TextKit/ASTextNodeWordKerner.h:10:
In file included from /Applications/Xcode-27.0.0-Release.Candidate.app/Contents/Developer/Platforms/WatchOS.platform/Developer/SDKs/WatchOS27.0.sdk/System/Library/Frameworks/Foundation.framework/Headers/Foundation.h:6:
In file included from /Applications/Xcode-27.0.0-Release.Candidate.app/Contents/Developer/Platforms/WatchOS.platform/Developer/SDKs/WatchOS27.0.sdk/System/Library/Frameworks/CoreFoundation.framework/Headers/CoreFoundation.h:54:
In file included from /Applications/Xcode-27.0.0-Release.Candidate.app/Contents/Developer/Platforms/WatchOS.platform/Developer/SDKs/WatchOS27.0.sdk/System/Library/Frameworks/CoreFoundation.framework/Headers/CFBase.h:21:
/Applications/Xcode-27.0.0-Release.Candidate.app/Contents/Developer/Platforms/WatchOS.platform/Developer/SDKs/WatchOS27.0.sdk/System/Library/Frameworks/CoreFoundation.framework/Headers/CFAvailability.h:146:96: note: expanded from macro 'CF_OPTIONS'
  146 | #define CF_OPTIONS(_type, _name) __attribute__((availability(swift,unavailable))) _type _name; enum __CF_OPTIONS_ATTRIBUTES : _name
      |                                                                                                ^
/Users/admin/builder/spi-builder-workspace/Source/TextKit/ASTextNodeWordKerner.mm:72:12: error: 'NSControlCharacterActionWhitespace' is unavailable: not available on watchOS
   72 |     return NSControlCharacterActionWhitespace;
      |            ^
In file included from /Users/admin/builder/spi-builder-workspace/Source/TextKit/ASTextNodeWordKerner.mm:10:
In file included from /Users/admin/builder/spi-builder-workspace/Source/TextKit/ASTextNodeWordKerner.h:11:
/Applications/Xcode-27.0.0-Release.Candidate.app/Contents/Developer/Platforms/WatchOS.platform/Developer/SDKs/WatchOS27.0.sdk/System/Library/Frameworks/UIKit.framework/Headers/NSLayoutManager.h:48:9: note: '(unnamed enum at /Applications/Xcode-27.0.0-Release.Candidate.app/Contents/Developer/Platforms/WatchOS.platform/Developer/SDKs/WatchOS27.0.sdk/System/Library/Frameworks/UIKit.framework/Headers/NSLayoutManager.h:48:9)' has been explicitly marked unavailable here
   48 | typedef NS_OPTIONS(NSInteger, NSControlCharacterAction) {
      |         ^
In file included from /Users/admin/builder/spi-builder-workspace/Source/TextKit/ASTextNodeWordKerner.mm:10:
In file included from /Users/admin/builder/spi-builder-workspace/Source/TextKit/ASTextNodeWordKerner.h:10:
In file included from /Applications/Xcode-27.0.0-Release.Candidate.app/Contents/Developer/Platforms/WatchOS.platform/Developer/SDKs/WatchOS27.0.sdk/System/Library/Frameworks/Foundation.framework/Headers/Foundation.h:9:
/Applications/Xcode-27.0.0-Release.Candidate.app/Contents/Developer/Platforms/WatchOS.platform/Developer/SDKs/WatchOS27.0.sdk/System/Library/Frameworks/Foundation.framework/Headers/NSObjCRuntime.h:403:34: note: expanded from macro 'NS_OPTIONS'
  403 | #define NS_OPTIONS(_type, _name) CF_OPTIONS(_type, _name)
      |                                  ^
In file included from /Users/admin/builder/spi-builder-workspace/Source/TextKit/ASTextNodeWordKerner.mm:10:
In file included from /Users/admin/builder/spi-builder-workspace/Source/TextKit/ASTextNodeWordKerner.h:10:
In file included from /Applications/Xcode-27.0.0-Release.Candidate.app/Contents/Developer/Platforms/WatchOS.platform/Developer/SDKs/WatchOS27.0.sdk/System/Library/Frameworks/Foundation.framework/Headers/Foundation.h:6:
In file included from /Applications/Xcode-27.0.0-Release.Candidate.app/Contents/Developer/Platforms/WatchOS.platform/Developer/SDKs/WatchOS27.0.sdk/System/Library/Frameworks/CoreFoundation.framework/Headers/CoreFoundation.h:54:
In file included from /Applications/Xcode-27.0.0-Release.Candidate.app/Contents/Developer/Platforms/WatchOS.platform/Developer/SDKs/WatchOS27.0.sdk/System/Library/Frameworks/CoreFoundation.framework/Headers/CFBase.h:21:
/Applications/Xcode-27.0.0-Release.Candidate.app/Contents/Developer/Platforms/WatchOS.platform/Developer/SDKs/WatchOS27.0.sdk/System/Library/Frameworks/CoreFoundation.framework/Headers/CFAvailability.h:146:96: note: expanded from macro 'CF_OPTIONS'
  146 | #define CF_OPTIONS(_type, _name) __attribute__((availability(swift,unavailable))) _type _name; enum __CF_OPTIONS_ATTRIBUTES : _name
      |                                                                                                ^
/Users/admin/builder/spi-builder-workspace/Source/TextKit/ASTextNodeWordKerner.mm:123:58: error: 'size' is unavailable: not available on watchOS
  123 |   if (glyphPosition.x + totalKernedWidth > textContainer.size.width) {
      |                                                          ^
In file included from /Users/admin/builder/spi-builder-workspace/Source/TextKit/ASTextNodeWordKerner.mm:12:
In file included from /Applications/Xcode-27.0.0-Release.Candidate.app/Contents/Developer/Platforms/WatchOS.platform/Developer/SDKs/WatchOS27.0.sdk/System/Library/Frameworks/UIKit.framework/Headers/UIKit.h:10:
In file included from /Applications/Xcode-27.0.0-Release.Candidate.app/Contents/Developer/Platforms/WatchOS.platform/Developer/SDKs/WatchOS27.0.sdk/System/Library/Frameworks/UIKit.framework/Headers/UIFoundation.h:25:
/Applications/Xcode-27.0.0-Release.Candidate.app/Contents/Developer/Platforms/WatchOS.platform/Developer/SDKs/WatchOS27.0.sdk/System/Library/Frameworks/UIKit.framework/Headers/NSTextContainer.h:80:41: note: 'size' has been explicitly marked unavailable here
   80 | @property (NS_NONATOMIC_IOSONLY) CGSize size API_AVAILABLE(macos(10.11), ios(7.0), tvos(9.0), visionos(1.0)) API_UNAVAILABLE(watchos);
      |                                         ^
/Users/admin/builder/spi-builder-workspace/Source/TextKit/ASTextNodeWordKerner.mm:124:27: error: 'size' is unavailable: not available on watchOS
  124 |     return (textContainer.size.width - glyphPosition.x);
      |                           ^
In file included from /Users/admin/builder/spi-builder-workspace/Source/TextKit/ASTextNodeWordKerner.mm:12:
In file included from /Applications/Xcode-27.0.0-Release.Candidate.app/Contents/Developer/Platforms/WatchOS.platform/Developer/SDKs/WatchOS27.0.sdk/System/Library/Frameworks/UIKit.framework/Headers/UIKit.h:10:
In file included from /Applications/Xcode-27.0.0-Release.Candidate.app/Contents/Developer/Platforms/WatchOS.platform/Developer/SDKs/WatchOS27.0.sdk/System/Library/Frameworks/UIKit.framework/Headers/UIFoundation.h:25:
/Applications/Xcode-27.0.0-Release.Candidate.app/Contents/Developer/Platforms/WatchOS.platform/Developer/SDKs/WatchOS27.0.sdk/System/Library/Frameworks/UIKit.framework/Headers/NSTextContainer.h:80:41: note: 'size' has been explicitly marked unavailable here
   80 | @property (NS_NONATOMIC_IOSONLY) CGSize size API_AVAILABLE(macos(10.11), ios(7.0), tvos(9.0), visionos(1.0)) API_UNAVAILABLE(watchos);
      |                                         ^
12 errors generated.
CompileC /Users/admin/builder/spi-builder-workspace/.derivedData/Build/Intermediates.noindex/Texture.build/Debug-watchos/AsyncDisplayKit-t.build/Objects-normal/arm64_32/ASTextKitShadower.o /Users/admin/builder/spi-builder-workspace/Source/TextKit/ASTextKitShadower.mm normal arm64_32 objective-c++ com.apple.compilers.llvm.clang.1_0.compiler (in target 'AsyncDisplayKit' from project 'Texture')
    cd /Users/admin/builder/spi-builder-workspace/.swiftpm/xcode

    Using response file: /Users/admin/builder/spi-builder-workspace/.derivedData/Build/Intermediates.noindex/Texture.build/Debug-watchos/AsyncDisplayKit-t.build/Objects-normal/arm64_32/af3fcb34312c57c0f52879cdce924b91-common-args.resp

    /Applications/Xcode-27.0.0-Release.Candidate.app/Contents/Developer/Toolchains/XcodeDefault.xctoolchain/usr/bin/clang -x objective-c++ -ivfsstatcache /Users/admin/builder/spi-builder-workspace/.derivedData/SDKStatCaches.noindex/watchos27.0-24R360-e829b21a6f8c9b70876ba0858053c04477534ef55a1706bf4c1112bbb242f0a2.sdkstatcache -target arm64_32-apple-watchos9.0 -fmessage-length\=0 -fdiagnostics-show-note-include-stack -fmacro-backtrace-limit\=0 -fno-color-diagnostics -fmodules-prune-interval\=86400 -fmodules-prune-after\=345600 -fbuild-session-file\=/Users/admin/builder/spi-builder-workspace/.derivedData/ModuleCache.noindex/Session.modulevalidation -fmodules-validate-once-per-build-session -Wnon-modular-include-in-framework-module -Werror\=non-modular-include-in-framework-module -Wno-trigraphs -Wno-missing-field-initializers -Wno-missing-prototypes -Wno-return-type -Wno-implicit-atomic-properties -Wno-objc-interface-ivars -Wno-arc-repeated-use-of-weak -Wno-non-virtual-dtor -Wno-overloaded-virtual -Wno-exit-time-destructors -Wno-missing-braces -Wparentheses -Wswitch -Wno-unused-function -Wno-unused-label -Wno-unused-parameter -Wno-unused-variable -Wunused-value -Wno-empty-body -Wno-uninitialized -Wno-unknown-pragmas -Wno-shadow -Wno-four-char-constants -Wno-conversion -Wno-constant-conversion -Wno-int-conversion -Wno-bool-conversion -Wno-enum-conversion -Wno-float-conversion -Wno-non-literal-null-conversion -Wno-objc-literal-conversion -Wno-shorten-64-to-32 -Wno-newline-eof -Wno-selector -Wno-strict-selector-match -Wno-undeclared-selector -Wno-deprecated-implementations -Wno-c++11-extensions -Wno-implicit-fallthrough -isysroot /Applications/Xcode-27.0.0-Release.Candidate.app/Contents/Developer/Platforms/WatchOS.platform/Developer/SDKs/WatchOS27.0.sdk -fstrict-aliasing -Wprotocol -Wdeprecated-declarations -Winvalid-offsetof -Wno-sign-conversion -Wno-infinite-recursion -Wno-move -Wno-comma -Wno-block-capture-autoreleasing -Wno-strict-prototypes -Wno-range-loop-analysis -Wno-semicolon-before-method-body -index-store-path /Users/admin/builder/spi-builder-workspace/.derivedData/Index.noindex/DataStore @/Users/admin/builder/spi-builder-workspace/.derivedData/Build/Intermediates.noindex/Texture.build/Debug-watchos/AsyncDisplayKit-t.build/Objects-normal/arm64_32/af3fcb34312c57c0f52879cdce924b91-common-args.resp -MMD -MT dependencies -MF /Users/admin/builder/spi-builder-workspace/.derivedData/Build/Intermediates.noindex/Texture.build/Debug-watchos/AsyncDisplayKit-t.build/Objects-normal/arm64_32/ASTextKitShadower.d --serialize-diagnostics /Users/admin/builder/spi-builder-workspace/.derivedData/Build/Intermediates.noindex/Texture.build/Debug-watchos/AsyncDisplayKit-t.build/Objects-normal/arm64_32/ASTextKitShadower.dia -c /Users/admin/builder/spi-builder-workspace/Source/TextKit/ASTextKitShadower.mm -o /Users/admin/builder/spi-builder-workspace/.derivedData/Build/Intermediates.noindex/Texture.build/Debug-watchos/AsyncDisplayKit-t.build/Objects-normal/arm64_32/ASTextKitShadower.o -index-unit-output-path /Texture.build/Debug-watchos/AsyncDisplayKit-t.build/Objects-normal/arm64_32/ASTextKitShadower.o
CompileC /Users/admin/builder/spi-builder-workspace/.derivedData/Build/Intermediates.noindex/Texture.build/Debug-watchos/AsyncDisplayKit-t.build/Objects-normal/arm64_32/ASTextKitRenderer+TextChecking.o /Users/admin/builder/spi-builder-workspace/Source/TextKit/ASTextKitRenderer+TextChecking.mm normal arm64_32 objective-c++ com.apple.compilers.llvm.clang.1_0.compiler (in target 'AsyncDisplayKit' from project 'Texture')
    cd /Users/admin/builder/spi-builder-workspace/.swiftpm/xcode

    Using response file: /Users/admin/builder/spi-builder-workspace/.derivedData/Build/Intermediates.noindex/Texture.build/Debug-watchos/AsyncDisplayKit-t.build/Objects-normal/arm64_32/af3fcb34312c57c0f52879cdce924b91-common-args.resp

    /Applications/Xcode-27.0.0-Release.Candidate.app/Contents/Developer/Toolchains/XcodeDefault.xctoolchain/usr/bin/clang -x objective-c++ -ivfsstatcache /Users/admin/builder/spi-builder-workspace/.derivedData/SDKStatCaches.noindex/watchos27.0-24R360-e829b21a6f8c9b70876ba0858053c04477534ef55a1706bf4c1112bbb242f0a2.sdkstatcache -target arm64_32-apple-watchos9.0 -fmessage-length\=0 -fdiagnostics-show-note-include-stack -fmacro-backtrace-limit\=0 -fno-color-diagnostics -fmodules-prune-interval\=86400 -fmodules-prune-after\=345600 -fbuild-session-file\=/Users/admin/builder/spi-builder-workspace/.derivedData/ModuleCache.noindex/Session.modulevalidation -fmodules-validate-once-per-build-session -Wnon-modular-include-in-framework-module -Werror\=non-modular-include-in-framework-module -Wno-trigraphs -Wno-missing-field-initializers -Wno-missing-prototypes -Wno-return-type -Wno-implicit-atomic-properties -Wno-objc-interface-ivars -Wno-arc-repeated-use-of-weak -Wno-non-virtual-dtor -Wno-overloaded-virtual -Wno-exit-time-destructors -Wno-missing-braces -Wparentheses -Wswitch -Wno-unused-function -Wno-unused-label -Wno-unused-parameter -Wno-unused-variable -Wunused-value -Wno-empty-body -Wno-uninitialized -Wno-unknown-pragmas -Wno-shadow -Wno-four-char-constants -Wno-conversion -Wno-constant-conversion -Wno-int-conversion -Wno-bool-conversion -Wno-enum-conversion -Wno-float-conversion -Wno-non-literal-null-conversion -Wno-objc-literal-conversion -Wno-shorten-64-to-32 -Wno-newline-eof -Wno-selector -Wno-strict-selector-match -Wno-undeclared-selector -Wno-deprecated-implementations -Wno-c++11-extensions -Wno-implicit-fallthrough -isysroot /Applications/Xcode-27.0.0-Release.Candidate.app/Contents/Developer/Platforms/WatchOS.platform/Developer/SDKs/WatchOS27.0.sdk -fstrict-aliasing -Wprotocol -Wdeprecated-declarations -Winvalid-offsetof -Wno-sign-conversion -Wno-infinite-recursion -Wno-move -Wno-comma -Wno-block-capture-autoreleasing -Wno-strict-prototypes -Wno-range-loop-analysis -Wno-semicolon-before-method-body -index-store-path /Users/admin/builder/spi-builder-workspace/.derivedData/Index.noindex/DataStore @/Users/admin/builder/spi-builder-workspace/.derivedData/Build/Intermediates.noindex/Texture.build/Debug-watchos/AsyncDisplayKit-t.build/Objects-normal/arm64_32/af3fcb34312c57c0f52879cdce924b91-common-args.resp -MMD -MT dependencies -MF /Users/admin/builder/spi-builder-workspace/.derivedData/Build/Intermediates.noindex/Texture.build/Debug-watchos/AsyncDisplayKit-t.build/Objects-normal/arm64_32/ASTextKitRenderer+TextChecking.d --serialize-diagnostics /Users/admin/builder/spi-builder-workspace/.derivedData/Build/Intermediates.noindex/Texture.build/Debug-watchos/AsyncDisplayKit-t.build/Objects-normal/arm64_32/ASTextKitRenderer+TextChecking.dia -c /Users/admin/builder/spi-builder-workspace/Source/TextKit/ASTextKitRenderer+TextChecking.mm -o /Users/admin/builder/spi-builder-workspace/.derivedData/Build/Intermediates.noindex/Texture.build/Debug-watchos/AsyncDisplayKit-t.build/Objects-normal/arm64_32/ASTextKitRenderer+TextChecking.o -index-unit-output-path /Texture.build/Debug-watchos/AsyncDisplayKit-t.build/Objects-normal/arm64_32/ASTextKitRenderer+TextChecking.o
CompileC /Users/admin/builder/spi-builder-workspace/.derivedData/Build/Intermediates.noindex/Texture.build/Debug-watchos/AsyncDisplayKit-t.build/Objects-normal/arm64_32/ASTextKitTailTruncater.o /Users/admin/builder/spi-builder-workspace/Source/TextKit/ASTextKitTailTruncater.mm normal arm64_32 objective-c++ com.apple.compilers.llvm.clang.1_0.compiler (in target 'AsyncDisplayKit' from project 'Texture')
    cd /Users/admin/builder/spi-builder-workspace/.swiftpm/xcode

    Using response file: /Users/admin/builder/spi-builder-workspace/.derivedData/Build/Intermediates.noindex/Texture.build/Debug-watchos/AsyncDisplayKit-t.build/Objects-normal/arm64_32/af3fcb34312c57c0f52879cdce924b91-common-args.resp

    /Applications/Xcode-27.0.0-Release.Candidate.app/Contents/Developer/Toolchains/XcodeDefault.xctoolchain/usr/bin/clang -x objective-c++ -ivfsstatcache /Users/admin/builder/spi-builder-workspace/.derivedData/SDKStatCaches.noindex/watchos27.0-24R360-e829b21a6f8c9b70876ba0858053c04477534ef55a1706bf4c1112bbb242f0a2.sdkstatcache -target arm64_32-apple-watchos9.0 -fmessage-length\=0 -fdiagnostics-show-note-include-stack -fmacro-backtrace-limit\=0 -fno-color-diagnostics -fmodules-prune-interval\=86400 -fmodules-prune-after\=345600 -fbuild-session-file\=/Users/admin/builder/spi-builder-workspace/.derivedData/ModuleCache.noindex/Session.modulevalidation -fmodules-validate-once-per-build-session -Wnon-modular-include-in-framework-module -Werror\=non-modular-include-in-framework-module -Wno-trigraphs -Wno-missing-field-initializers -Wno-missing-prototypes -Wno-return-type -Wno-implicit-atomic-properties -Wno-objc-interface-ivars -Wno-arc-repeated-use-of-weak -Wno-non-virtual-dtor -Wno-overloaded-virtual -Wno-exit-time-destructors -Wno-missing-braces -Wparentheses -Wswitch -Wno-unused-function -Wno-unused-label -Wno-unused-parameter -Wno-unused-variable -Wunused-value -Wno-empty-body -Wno-uninitialized -Wno-unknown-pragmas -Wno-shadow -Wno-four-char-constants -Wno-conversion -Wno-constant-conversion -Wno-int-conversion -Wno-bool-conversion -Wno-enum-conversion -Wno-float-conversion -Wno-non-literal-null-conversion -Wno-objc-literal-conversion -Wno-shorten-64-to-32 -Wno-newline-eof -Wno-selector -Wno-strict-selector-match -Wno-undeclared-selector -Wno-deprecated-implementations -Wno-c++11-extensions -Wno-implicit-fallthrough -isysroot /Applications/Xcode-27.0.0-Release.Candidate.app/Contents/Developer/Platforms/WatchOS.platform/Developer/SDKs/WatchOS27.0.sdk -fstrict-aliasing -Wprotocol -Wdeprecated-declarations -Winvalid-offsetof -Wno-sign-conversion -Wno-infinite-recursion -Wno-move -Wno-comma -Wno-block-capture-autoreleasing -Wno-strict-prototypes -Wno-range-loop-analysis -Wno-semicolon-before-method-body -index-store-path /Users/admin/builder/spi-builder-workspace/.derivedData/Index.noindex/DataStore @/Users/admin/builder/spi-builder-workspace/.derivedData/Build/Intermediates.noindex/Texture.build/Debug-watchos/AsyncDisplayKit-t.build/Objects-normal/arm64_32/af3fcb34312c57c0f52879cdce924b91-common-args.resp -MMD -MT dependencies -MF /Users/admin/builder/spi-builder-workspace/.derivedData/Build/Intermediates.noindex/Texture.build/Debug-watchos/AsyncDisplayKit-t.build/Objects-normal/arm64_32/ASTextKitTailTruncater.d --serialize-diagnostics /Users/admin/builder/spi-builder-workspace/.derivedData/Build/Intermediates.noindex/Texture.build/Debug-watchos/AsyncDisplayKit-t.build/Objects-normal/arm64_32/ASTextKitTailTruncater.dia -c /Users/admin/builder/spi-builder-workspace/Source/TextKit/ASTextKitTailTruncater.mm -o /Users/admin/builder/spi-builder-workspace/.derivedData/Build/Intermediates.noindex/Texture.build/Debug-watchos/AsyncDisplayKit-t.build/Objects-normal/arm64_32/ASTextKitTailTruncater.o -index-unit-output-path /Texture.build/Debug-watchos/AsyncDisplayKit-t.build/Objects-normal/arm64_32/ASTextKitTailTruncater.o
CompileC /Users/admin/builder/spi-builder-workspace/.derivedData/Build/Intermediates.noindex/Texture.build/Debug-watchos/AsyncDisplayKit-t.build/Objects-normal/arm64_32/ASTextKitRenderer.o /Users/admin/builder/spi-builder-workspace/Source/TextKit/ASTextKitRenderer.mm normal arm64_32 objective-c++ com.apple.compilers.llvm.clang.1_0.compiler (in target 'AsyncDisplayKit' from project 'Texture')
    cd /Users/admin/builder/spi-builder-workspace/.swiftpm/xcode

    Using response file: /Users/admin/builder/spi-builder-workspace/.derivedData/Build/Intermediates.noindex/Texture.build/Debug-watchos/AsyncDisplayKit-t.build/Objects-normal/arm64_32/af3fcb34312c57c0f52879cdce924b91-common-args.resp

    /Applications/Xcode-27.0.0-Release.Candidate.app/Contents/Developer/Toolchains/XcodeDefault.xctoolchain/usr/bin/clang -x objective-c++ -ivfsstatcache /Users/admin/builder/spi-builder-workspace/.derivedData/SDKStatCaches.noindex/watchos27.0-24R360-e829b21a6f8c9b70876ba0858053c04477534ef55a1706bf4c1112bbb242f0a2.sdkstatcache -target arm64_32-apple-watchos9.0 -fmessage-length\=0 -fdiagnostics-show-note-include-stack -fmacro-backtrace-limit\=0 -fno-color-diagnostics -fmodules-prune-interval\=86400 -fmodules-prune-after\=345600 -fbuild-session-file\=/Users/admin/builder/spi-builder-workspace/.derivedData/ModuleCache.noindex/Session.modulevalidation -fmodules-validate-once-per-build-session -Wnon-modular-include-in-framework-module -Werror\=non-modular-include-in-framework-module -Wno-trigraphs -Wno-missing-field-initializers -Wno-missing-prototypes -Wno-return-type -Wno-implicit-atomic-properties -Wno-objc-interface-ivars -Wno-arc-repeated-use-of-weak -Wno-non-virtual-dtor -Wno-overloaded-virtual -Wno-exit-time-destructors -Wno-missing-braces -Wparentheses -Wswitch -Wno-unused-function -Wno-unused-label -Wno-unused-parameter -Wno-unused-variable -Wunused-value -Wno-empty-body -Wno-uninitialized -Wno-unknown-pragmas -Wno-shadow -Wno-four-char-constants -Wno-conversion -Wno-constant-conversion -Wno-int-conversion -Wno-bool-conversion -Wno-enum-conversion -Wno-float-conversion -Wno-non-literal-null-conversion -Wno-objc-literal-conversion -Wno-shorten-64-to-32 -Wno-newline-eof -Wno-selector -Wno-strict-selector-match -Wno-undeclared-selector -Wno-deprecated-implementations -Wno-c++11-extensions -Wno-implicit-fallthrough -isysroot /Applications/Xcode-27.0.0-Release.Candidate.app/Contents/Developer/Platforms/WatchOS.platform/Developer/SDKs/WatchOS27.0.sdk -fstrict-aliasing -Wprotocol -Wdeprecated-declarations -Winvalid-offsetof -Wno-sign-conversion -Wno-infinite-recursion -Wno-move -Wno-comma -Wno-block-capture-autoreleasing -Wno-strict-prototypes -Wno-range-loop-analysis -Wno-semicolon-before-method-body -index-store-path /Users/admin/builder/spi-builder-workspace/.derivedData/Index.noindex/DataStore @/Users/admin/builder/spi-builder-workspace/.derivedData/Build/Intermediates.noindex/Texture.build/Debug-watchos/AsyncDisplayKit-t.build/Objects-normal/arm64_32/af3fcb34312c57c0f52879cdce924b91-common-args.resp -MMD -MT dependencies -MF /Users/admin/builder/spi-builder-workspace/.derivedData/Build/Intermediates.noindex/Texture.build/Debug-watchos/AsyncDisplayKit-t.build/Objects-normal/arm64_32/ASTextKitRenderer.d --serialize-diagnostics /Users/admin/builder/spi-builder-workspace/.derivedData/Build/Intermediates.noindex/Texture.build/Debug-watchos/AsyncDisplayKit-t.build/Objects-normal/arm64_32/ASTextKitRenderer.dia -c /Users/admin/builder/spi-builder-workspace/Source/TextKit/ASTextKitRenderer.mm -o /Users/admin/builder/spi-builder-workspace/.derivedData/Build/Intermediates.noindex/Texture.build/Debug-watchos/AsyncDisplayKit-t.build/Objects-normal/arm64_32/ASTextKitRenderer.o -index-unit-output-path /Texture.build/Debug-watchos/AsyncDisplayKit-t.build/Objects-normal/arm64_32/ASTextKitRenderer.o
CompileC /Users/admin/builder/spi-builder-workspace/.derivedData/Build/Intermediates.noindex/Texture.build/Debug-watchos/AsyncDisplayKit-t.build/Objects-normal/arm64_32/ASTextKitRenderer+Positioning.o /Users/admin/builder/spi-builder-workspace/Source/TextKit/ASTextKitRenderer+Positioning.mm normal arm64_32 objective-c++ com.apple.compilers.llvm.clang.1_0.compiler (in target 'AsyncDisplayKit' from project 'Texture')
    cd /Users/admin/builder/spi-builder-workspace/.swiftpm/xcode

    Using response file: /Users/admin/builder/spi-builder-workspace/.derivedData/Build/Intermediates.noindex/Texture.build/Debug-watchos/AsyncDisplayKit-t.build/Objects-normal/arm64_32/af3fcb34312c57c0f52879cdce924b91-common-args.resp

    /Applications/Xcode-27.0.0-Release.Candidate.app/Contents/Developer/Toolchains/XcodeDefault.xctoolchain/usr/bin/clang -x objective-c++ -ivfsstatcache /Users/admin/builder/spi-builder-workspace/.derivedData/SDKStatCaches.noindex/watchos27.0-24R360-e829b21a6f8c9b70876ba0858053c04477534ef55a1706bf4c1112bbb242f0a2.sdkstatcache -target arm64_32-apple-watchos9.0 -fmessage-length\=0 -fdiagnostics-show-note-include-stack -fmacro-backtrace-limit\=0 -fno-color-diagnostics -fmodules-prune-interval\=86400 -fmodules-prune-after\=345600 -fbuild-session-file\=/Users/admin/builder/spi-builder-workspace/.derivedData/ModuleCache.noindex/Session.modulevalidation -fmodules-validate-once-per-build-session -Wnon-modular-include-in-framework-module -Werror\=non-modular-include-in-framework-module -Wno-trigraphs -Wno-missing-field-initializers -Wno-missing-prototypes -Wno-return-type -Wno-implicit-atomic-properties -Wno-objc-interface-ivars -Wno-arc-repeated-use-of-weak -Wno-non-virtual-dtor -Wno-overloaded-virtual -Wno-exit-time-destructors -Wno-missing-braces -Wparentheses -Wswitch -Wno-unused-function -Wno-unused-label -Wno-unused-parameter -Wno-unused-variable -Wunused-value -Wno-empty-body -Wno-uninitialized -Wno-unknown-pragmas -Wno-shadow -Wno-four-char-constants -Wno-conversion -Wno-constant-conversion -Wno-int-conversion -Wno-bool-conversion -Wno-enum-conversion -Wno-float-conversion -Wno-non-literal-null-conversion -Wno-objc-literal-conversion -Wno-shorten-64-to-32 -Wno-newline-eof -Wno-selector -Wno-strict-selector-match -Wno-undeclared-selector -Wno-deprecated-implementations -Wno-c++11-extensions -Wno-implicit-fallthrough -isysroot /Applications/Xcode-27.0.0-Release.Candidate.app/Contents/Developer/Platforms/WatchOS.platform/Developer/SDKs/WatchOS27.0.sdk -fstrict-aliasing -Wprotocol -Wdeprecated-declarations -Winvalid-offsetof -Wno-sign-conversion -Wno-infinite-recursion -Wno-move -Wno-comma -Wno-block-capture-autoreleasing -Wno-strict-prototypes -Wno-range-loop-analysis -Wno-semicolon-before-method-body -index-store-path /Users/admin/builder/spi-builder-workspace/.derivedData/Index.noindex/DataStore @/Users/admin/builder/spi-builder-workspace/.derivedData/Build/Intermediates.noindex/Texture.build/Debug-watchos/AsyncDisplayKit-t.build/Objects-normal/arm64_32/af3fcb34312c57c0f52879cdce924b91-common-args.resp -MMD -MT dependencies -MF /Users/admin/builder/spi-builder-workspace/.derivedData/Build/Intermediates.noindex/Texture.build/Debug-watchos/AsyncDisplayKit-t.build/Objects-normal/arm64_32/ASTextKitRenderer+Positioning.d --serialize-diagnostics /Users/admin/builder/spi-builder-workspace/.derivedData/Build/Intermediates.noindex/Texture.build/Debug-watchos/AsyncDisplayKit-t.build/Objects-normal/arm64_32/ASTextKitRenderer+Positioning.dia -c /Users/admin/builder/spi-builder-workspace/Source/TextKit/ASTextKitRenderer+Positioning.mm -o /Users/admin/builder/spi-builder-workspace/.derivedData/Build/Intermediates.noindex/Texture.build/Debug-watchos/AsyncDisplayKit-t.build/Objects-normal/arm64_32/ASTextKitRenderer+Positioning.o -index-unit-output-path /Texture.build/Debug-watchos/AsyncDisplayKit-t.build/Objects-normal/arm64_32/ASTextKitRenderer+Positioning.o
CompileC /Users/admin/builder/spi-builder-workspace/.derivedData/Build/Intermediates.noindex/Texture.build/Debug-watchos/AsyncDisplayKit-t.build/Objects-normal/arm64_32/ASImageNode+tvOS.o /Users/admin/builder/spi-builder-workspace/Source/tvOS/ASImageNode+tvOS.mm normal arm64_32 objective-c++ com.apple.compilers.llvm.clang.1_0.compiler (in target 'AsyncDisplayKit' from project 'Texture')
    cd /Users/admin/builder/spi-builder-workspace/.swiftpm/xcode

    Using response file: /Users/admin/builder/spi-builder-workspace/.derivedData/Build/Intermediates.noindex/Texture.build/Debug-watchos/AsyncDisplayKit-t.build/Objects-normal/arm64_32/af3fcb34312c57c0f52879cdce924b91-common-args.resp

    /Applications/Xcode-27.0.0-Release.Candidate.app/Contents/Developer/Toolchains/XcodeDefault.xctoolchain/usr/bin/clang -x objective-c++ -ivfsstatcache /Users/admin/builder/spi-builder-workspace/.derivedData/SDKStatCaches.noindex/watchos27.0-24R360-e829b21a6f8c9b70876ba0858053c04477534ef55a1706bf4c1112bbb242f0a2.sdkstatcache -target arm64_32-apple-watchos9.0 -fmessage-length\=0 -fdiagnostics-show-note-include-stack -fmacro-backtrace-limit\=0 -fno-color-diagnostics -fmodules-prune-interval\=86400 -fmodules-prune-after\=345600 -fbuild-session-file\=/Users/admin/builder/spi-builder-workspace/.derivedData/ModuleCache.noindex/Session.modulevalidation -fmodules-validate-once-per-build-session -Wnon-modular-include-in-framework-module -Werror\=non-modular-include-in-framework-module -Wno-trigraphs -Wno-missing-field-initializers -Wno-missing-prototypes -Wno-return-type -Wno-implicit-atomic-properties -Wno-objc-interface-ivars -Wno-arc-repeated-use-of-weak -Wno-non-virtual-dtor -Wno-overloaded-virtual -Wno-exit-time-destructors -Wno-missing-braces -Wparentheses -Wswitch -Wno-unused-function -Wno-unused-label -Wno-unused-parameter -Wno-unused-variable -Wunused-value -Wno-empty-body -Wno-uninitialized -Wno-unknown-pragmas -Wno-shadow -Wno-four-char-constants -Wno-conversion -Wno-constant-conversion -Wno-int-conversion -Wno-bool-conversion -Wno-enum-conversion -Wno-float-conversion -Wno-non-literal-null-conversion -Wno-objc-literal-conversion -Wno-shorten-64-to-32 -Wno-newline-eof -Wno-selector -Wno-strict-selector-match -Wno-undeclared-selector -Wno-deprecated-implementations -Wno-c++11-extensions -Wno-implicit-fallthrough -isysroot /Applications/Xcode-27.0.0-Release.Candidate.app/Contents/Developer/Platforms/WatchOS.platform/Developer/SDKs/WatchOS27.0.sdk -fstrict-aliasing -Wprotocol -Wdeprecated-declarations -Winvalid-offsetof -Wno-sign-conversion -Wno-infinite-recursion -Wno-move -Wno-comma -Wno-block-capture-autoreleasing -Wno-strict-prototypes -Wno-range-loop-analysis -Wno-semicolon-before-method-body -index-store-path /Users/admin/builder/spi-builder-workspace/.derivedData/Index.noindex/DataStore @/Users/admin/builder/spi-builder-workspace/.derivedData/Build/Intermediates.noindex/Texture.build/Debug-watchos/AsyncDisplayKit-t.build/Objects-normal/arm64_32/af3fcb34312c57c0f52879cdce924b91-common-args.resp -MMD -MT dependencies -MF /Users/admin/builder/spi-builder-workspace/.derivedData/Build/Intermediates.noindex/Texture.build/Debug-watchos/AsyncDisplayKit-t.build/Objects-normal/arm64_32/ASImageNode+tvOS.d --serialize-diagnostics /Users/admin/builder/spi-builder-workspace/.derivedData/Build/Intermediates.noindex/Texture.build/Debug-watchos/AsyncDisplayKit-t.build/Objects-normal/arm64_32/ASImageNode+tvOS.dia -c /Users/admin/builder/spi-builder-workspace/Source/tvOS/ASImageNode+tvOS.mm -o /Users/admin/builder/spi-builder-workspace/.derivedData/Build/Intermediates.noindex/Texture.build/Debug-watchos/AsyncDisplayKit-t.build/Objects-normal/arm64_32/ASImageNode+tvOS.o -index-unit-output-path /Texture.build/Debug-watchos/AsyncDisplayKit-t.build/Objects-normal/arm64_32/ASImageNode+tvOS.o
CompileC /Users/admin/builder/spi-builder-workspace/.derivedData/Build/Intermediates.noindex/Texture.build/Debug-watchos/AsyncDisplayKit-t.build/Objects-normal/arm64_32/_ASPendingState.o /Users/admin/builder/spi-builder-workspace/Source/Private/_ASPendingState.mm normal arm64_32 objective-c++ com.apple.compilers.llvm.clang.1_0.compiler (in target 'AsyncDisplayKit' from project 'Texture')
    cd /Users/admin/builder/spi-builder-workspace/.swiftpm/xcode

    Using response file: /Users/admin/builder/spi-builder-workspace/.derivedData/Build/Intermediates.noindex/Texture.build/Debug-watchos/AsyncDisplayKit-t.build/Objects-normal/arm64_32/af3fcb34312c57c0f52879cdce924b91-common-args.resp

    /Applications/Xcode-27.0.0-Release.Candidate.app/Contents/Developer/Toolchains/XcodeDefault.xctoolchain/usr/bin/clang -x objective-c++ -ivfsstatcache /Users/admin/builder/spi-builder-workspace/.derivedData/SDKStatCaches.noindex/watchos27.0-24R360-e829b21a6f8c9b70876ba0858053c04477534ef55a1706bf4c1112bbb242f0a2.sdkstatcache -target arm64_32-apple-watchos9.0 -fmessage-length\=0 -fdiagnostics-show-note-include-stack -fmacro-backtrace-limit\=0 -fno-color-diagnostics -fmodules-prune-interval\=86400 -fmodules-prune-after\=345600 -fbuild-session-file\=/Users/admin/builder/spi-builder-workspace/.derivedData/ModuleCache.noindex/Session.modulevalidation -fmodules-validate-once-per-build-session -Wnon-modular-include-in-framework-module -Werror\=non-modular-include-in-framework-module -Wno-trigraphs -Wno-missing-field-initializers -Wno-missing-prototypes -Wno-return-type -Wno-implicit-atomic-properties -Wno-objc-interface-ivars -Wno-arc-repeated-use-of-weak -Wno-non-virtual-dtor -Wno-overloaded-virtual -Wno-exit-time-destructors -Wno-missing-braces -Wparentheses -Wswitch -Wno-unused-function -Wno-unused-label -Wno-unused-parameter -Wno-unused-variable -Wunused-value -Wno-empty-body -Wno-uninitialized -Wno-unknown-pragmas -Wno-shadow -Wno-four-char-constants -Wno-conversion -Wno-constant-conversion -Wno-int-conversion -Wno-bool-conversion -Wno-enum-conversion -Wno-float-conversion -Wno-non-literal-null-conversion -Wno-objc-literal-conversion -Wno-shorten-64-to-32 -Wno-newline-eof -Wno-selector -Wno-strict-selector-match -Wno-undeclared-selector -Wno-deprecated-implementations -Wno-c++11-extensions -Wno-implicit-fallthrough -isysroot /Applications/Xcode-27.0.0-Release.Candidate.app/Contents/Developer/Platforms/WatchOS.platform/Developer/SDKs/WatchOS27.0.sdk -fstrict-aliasing -Wprotocol -Wdeprecated-declarations -Winvalid-offsetof -Wno-sign-conversion -Wno-infinite-recursion -Wno-move -Wno-comma -Wno-block-capture-autoreleasing -Wno-strict-prototypes -Wno-range-loop-analysis -Wno-semicolon-before-method-body -index-store-path /Users/admin/builder/spi-builder-workspace/.derivedData/Index.noindex/DataStore @/Users/admin/builder/spi-builder-workspace/.derivedData/Build/Intermediates.noindex/Texture.build/Debug-watchos/AsyncDisplayKit-t.build/Objects-normal/arm64_32/af3fcb34312c57c0f52879cdce924b91-common-args.resp -MMD -MT dependencies -MF /Users/admin/builder/spi-builder-workspace/.derivedData/Build/Intermediates.noindex/Texture.build/Debug-watchos/AsyncDisplayKit-t.build/Objects-normal/arm64_32/_ASPendingState.d --serialize-diagnostics /Users/admin/builder/spi-builder-workspace/.derivedData/Build/Intermediates.noindex/Texture.build/Debug-watchos/AsyncDisplayKit-t.build/Objects-normal/arm64_32/_ASPendingState.dia -c /Users/admin/builder/spi-builder-workspace/Source/Private/_ASPendingState.mm -o /Users/admin/builder/spi-builder-workspace/.derivedData/Build/Intermediates.noindex/Texture.build/Debug-watchos/AsyncDisplayKit-t.build/Objects-normal/arm64_32/_ASPendingState.o -index-unit-output-path /Texture.build/Debug-watchos/AsyncDisplayKit-t.build/Objects-normal/arm64_32/_ASPendingState.o
CompileC /Users/admin/builder/spi-builder-workspace/.derivedData/Build/Intermediates.noindex/Texture.build/Debug-watchos/AsyncDisplayKit-t.build/Objects-normal/arm64_32/_ASHierarchyChangeSet.o /Users/admin/builder/spi-builder-workspace/Source/Private/_ASHierarchyChangeSet.mm normal arm64_32 objective-c++ com.apple.compilers.llvm.clang.1_0.compiler (in target 'AsyncDisplayKit' from project 'Texture')
    cd /Users/admin/builder/spi-builder-workspace/.swiftpm/xcode

    Using response file: /Users/admin/builder/spi-builder-workspace/.derivedData/Build/Intermediates.noindex/Texture.build/Debug-watchos/AsyncDisplayKit-t.build/Objects-normal/arm64_32/af3fcb34312c57c0f52879cdce924b91-common-args.resp

    /Applications/Xcode-27.0.0-Release.Candidate.app/Contents/Developer/Toolchains/XcodeDefault.xctoolchain/usr/bin/clang -x objective-c++ -ivfsstatcache /Users/admin/builder/spi-builder-workspace/.derivedData/SDKStatCaches.noindex/watchos27.0-24R360-e829b21a6f8c9b70876ba0858053c04477534ef55a1706bf4c1112bbb242f0a2.sdkstatcache -target arm64_32-apple-watchos9.0 -fmessage-length\=0 -fdiagnostics-show-note-include-stack -fmacro-backtrace-limit\=0 -fno-color-diagnostics -fmodules-prune-interval\=86400 -fmodules-prune-after\=345600 -fbuild-session-file\=/Users/admin/builder/spi-builder-workspace/.derivedData/ModuleCache.noindex/Session.modulevalidation -fmodules-validate-once-per-build-session -Wnon-modular-include-in-framework-module -Werror\=non-modular-include-in-framework-module -Wno-trigraphs -Wno-missing-field-initializers -Wno-missing-prototypes -Wno-return-type -Wno-implicit-atomic-properties -Wno-objc-interface-ivars -Wno-arc-repeated-use-of-weak -Wno-non-virtual-dtor -Wno-overloaded-virtual -Wno-exit-time-destructors -Wno-missing-braces -Wparentheses -Wswitch -Wno-unused-function -Wno-unused-label -Wno-unused-parameter -Wno-unused-variable -Wunused-value -Wno-empty-body -Wno-uninitialized -Wno-unknown-pragmas -Wno-shadow -Wno-four-char-constants -Wno-conversion -Wno-constant-conversion -Wno-int-conversion -Wno-bool-conversion -Wno-enum-conversion -Wno-float-conversion -Wno-non-literal-null-conversion -Wno-objc-literal-conversion -Wno-shorten-64-to-32 -Wno-newline-eof -Wno-selector -Wno-strict-selector-match -Wno-undeclared-selector -Wno-deprecated-implementations -Wno-c++11-extensions -Wno-implicit-fallthrough -isysroot /Applications/Xcode-27.0.0-Release.Candidate.app/Contents/Developer/Platforms/WatchOS.platform/Developer/SDKs/WatchOS27.0.sdk -fstrict-aliasing -Wprotocol -Wdeprecated-declarations -Winvalid-offsetof -Wno-sign-conversion -Wno-infinite-recursion -Wno-move -Wno-comma -Wno-block-capture-autoreleasing -Wno-strict-prototypes -Wno-range-loop-analysis -Wno-semicolon-before-method-body -index-store-path /Users/admin/builder/spi-builder-workspace/.derivedData/Index.noindex/DataStore @/Users/admin/builder/spi-builder-workspace/.derivedData/Build/Intermediates.noindex/Texture.build/Debug-watchos/AsyncDisplayKit-t.build/Objects-normal/arm64_32/af3fcb34312c57c0f52879cdce924b91-common-args.resp -MMD -MT dependencies -MF /Users/admin/builder/spi-builder-workspace/.derivedData/Build/Intermediates.noindex/Texture.build/Debug-watchos/AsyncDisplayKit-t.build/Objects-normal/arm64_32/_ASHierarchyChangeSet.d --serialize-diagnostics /Users/admin/builder/spi-builder-workspace/.derivedData/Build/Intermediates.noindex/Texture.build/Debug-watchos/AsyncDisplayKit-t.build/Objects-normal/arm64_32/_ASHierarchyChangeSet.dia -c /Users/admin/builder/spi-builder-workspace/Source/Private/_ASHierarchyChangeSet.mm -o /Users/admin/builder/spi-builder-workspace/.derivedData/Build/Intermediates.noindex/Texture.build/Debug-watchos/AsyncDisplayKit-t.build/Objects-normal/arm64_32/_ASHierarchyChangeSet.o -index-unit-output-path /Texture.build/Debug-watchos/AsyncDisplayKit-t.build/Objects-normal/arm64_32/_ASHierarchyChangeSet.o
PruneExplicitPrecompiledModules /Users/admin/builder/spi-builder-workspace/.derivedData/Build/Intermediates.noindex/ExplicitPrecompiledModules
PruneExplicitPrecompiledModules /Users/admin/builder/spi-builder-workspace/.derivedData/Build/Intermediates.noindex/SwiftExplicitPrecompiledModules
PruneExplicitPrecompiledModules /Users/admin/builder/spi-builder-workspace/.derivedData/SDKExplicitPrecompiledModules
2026-09-24 13:44:51.541 xcodebuild[927:5887] [MT] IDERunDestination: Supported platforms for the buildables in the current scheme is empty.
** BUILD FAILED **
The following build commands failed:
	CompileC /Users/admin/builder/spi-builder-workspace/.derivedData/Build/Intermediates.noindex/Texture.build/Debug-watchos/AsyncDisplayKit-t.build/Objects-normal/arm64_32/UIImage+ASConvenience.o /Users/admin/builder/spi-builder-workspace/Source/UIImage+ASConvenience.mm normal arm64_32 objective-c++ com.apple.compilers.llvm.clang.1_0.compiler (in target 'AsyncDisplayKit' from project 'Texture')
	CompileC /Users/admin/builder/spi-builder-workspace/.derivedData/Build/Intermediates.noindex/Texture.build/Debug-watchos/AsyncDisplayKit-t.build/Objects-normal/arm64_32/ASTextNodeWordKerner.o /Users/admin/builder/spi-builder-workspace/Source/TextKit/ASTextNodeWordKerner.mm normal arm64_32 objective-c++ com.apple.compilers.llvm.clang.1_0.compiler (in target 'AsyncDisplayKit' from project 'Texture')
	Building workspace Texture with scheme Texture
(3 failures)
BUILD FAILURE 6.4 watchOS