Build Information
Failed to build PjangoPostman, reference master (ae2f38), with Swift 6.4 for macOS (Xcode) using Xcode 27.0 on 17 Sep 2026 02:22:52 UTC.
Build Command
env DEVELOPER_DIR=/Applications/Xcode-27.0.0-Release.Candidate.app xcrun xcodebuild -IDEClonedSourcePackagesDirPathOverride=$PWD/.dependencies -skipMacroValidation -skipPackagePluginValidation -derivedDataPath $PWD/.derivedData build -scheme PjangoPostman -destination platform=macOS,arch=arm64Build Log
SwiftDriver PerfectHTTPServer normal arm64 com.apple.xcode.tools.swift.compiler (in target 'PerfectHTTPServer' from project 'PerfectHTTPServer')
cd /Users/admin/builder/spi-builder-workspace/.swiftpm/xcode
builtin-SwiftDriver -- /Applications/Xcode-27.0.0-Release.Candidate.app/Contents/Developer/Toolchains/XcodeDefault.xctoolchain/usr/bin/swiftc -parse-as-library -module-name PerfectHTTPServer -Onone @/Users/admin/builder/spi-builder-workspace/.derivedData/Build/Intermediates.noindex/PerfectHTTPServer.build/Debug/PerfectHTTPServer-t.build/Objects-normal/arm64/PerfectHTTPServer.SwiftFileList -DSWIFT_PACKAGE -DDEBUG -DSWIFT_MODULE_RESOURCE_BUNDLE_UNAVAILABLE -Xcc -fmodule-map-file\=/Users/admin/builder/spi-builder-workspace/.dependencies/checkouts/Perfect-COpenSSL/COpenSSL/include/module.modulemap -Xcc -fmodule-map-file\=/Users/admin/builder/spi-builder-workspace/.dependencies/checkouts/Perfect-CZlib-src/PerfectCZlib/include/module.modulemap -Xcc -fmodule-map-file\=/Users/admin/builder/spi-builder-workspace/.dependencies/checkouts/Perfect-HTTPServer/Sources/PerfectCHTTPParser/include/module.modulemap -DXcode -plugin-path /Applications/Xcode-27.0.0-Release.Candidate.app/Contents/Developer/Toolchains/XcodeDefault.xctoolchain/usr/lib/swift/host/plugins/testing -enable-experimental-feature DebugDescriptionMacro -sdk /Applications/Xcode-27.0.0-Release.Candidate.app/Contents/Developer/Platforms/MacOSX.platform/Developer/SDKs/MacOSX27.0.sdk -target arm64-apple-macos12.0 -g -module-cache-path /Users/admin/builder/spi-builder-workspace/.derivedData/ModuleCache.noindex -Xfrontend -serialize-debugging-options -enable-testing -suppress-warnings -index-store-path /Users/admin/builder/spi-builder-workspace/.derivedData/Index.noindex/DataStore -Xcc -D_LIBCPP_HARDENING_MODE\=_LIBCPP_HARDENING_MODE_DEBUG -swift-version 4 -I /Users/admin/builder/spi-builder-workspace/.derivedData/Build/Products/Debug -Isystem /Applications/Xcode-27.0.0-Release.Candidate.app/Contents/Developer/Platforms/MacOSX.platform/Developer/usr/lib -F /Users/admin/builder/spi-builder-workspace/.derivedData/Build/Products/Debug/PackageFrameworks -F /Users/admin/builder/spi-builder-workspace/.derivedData/Build/Products/Debug -F /Applications/Xcode-27.0.0-Release.Candidate.app/Contents/Developer/Platforms/MacOSX.platform/Developer/Library/Frameworks -c -j10 -enable-batch-mode -incremental -Xcc -ivfsstatcache -Xcc /Users/admin/builder/spi-builder-workspace/.derivedData/SDKStatCaches.noindex/macosx27.0-26A425-e829b21a6f8c9b70876ba0858053c0446a22442a12e9d48fe1a705f55a1adfc4.sdkstatcache -output-file-map /Users/admin/builder/spi-builder-workspace/.derivedData/Build/Intermediates.noindex/PerfectHTTPServer.build/Debug/PerfectHTTPServer-t.build/Objects-normal/arm64/PerfectHTTPServer-OutputFileMap.json -save-temps -no-color-diagnostics -emit-dependencies -emit-module -emit-module-path /Users/admin/builder/spi-builder-workspace/.derivedData/Build/Intermediates.noindex/PerfectHTTPServer.build/Debug/PerfectHTTPServer-t.build/Objects-normal/arm64/PerfectHTTPServer.swiftmodule -serialize-diagnostics -validate-clang-modules-once -clang-build-session-file /Users/admin/builder/spi-builder-workspace/.derivedData/ModuleCache.noindex/Session.modulevalidation -Xcc -fmodules-prune-interval\=86400 -Xcc -fmodules-prune-after\=345600 -emit-const-values -const-gather-protocols-list /Users/admin/builder/spi-builder-workspace/.derivedData/Build/Intermediates.noindex/PerfectHTTPServer.build/Debug/PerfectHTTPServer-t.build/Objects-normal/arm64/PerfectHTTPServer_const_extract_protocols.json -Xcc -I/Users/admin/builder/spi-builder-workspace/.dependencies/checkouts/Perfect-COpenSSL/COpenSSL/include -Xcc -I/Users/admin/builder/spi-builder-workspace/.dependencies/checkouts/Perfect-CZlib-src/PerfectCZlib/include -Xcc -I/Users/admin/builder/spi-builder-workspace/.dependencies/checkouts/Perfect-HTTPServer/Sources/PerfectCHTTPParser/include -Xcc -I/Users/admin/builder/spi-builder-workspace/.derivedData/Build/Products/Debug/include -Xcc -I/Users/admin/builder/spi-builder-workspace/.derivedData/Build/Intermediates.noindex/PerfectHTTPServer.build/Debug/PerfectHTTPServer-t.build/DerivedSources-normal/arm64 -Xcc -I/Users/admin/builder/spi-builder-workspace/.derivedData/Build/Intermediates.noindex/PerfectHTTPServer.build/Debug/PerfectHTTPServer-t.build/DerivedSources/arm64 -Xcc -I/Users/admin/builder/spi-builder-workspace/.derivedData/Build/Intermediates.noindex/PerfectHTTPServer.build/Debug/PerfectHTTPServer-t.build/DerivedSources -Xcc -DSWIFT_PACKAGE -Xcc -DDEBUG\=1 -emit-objc-header -emit-objc-header-path /Users/admin/builder/spi-builder-workspace/.derivedData/Build/Intermediates.noindex/PerfectHTTPServer.build/Debug/PerfectHTTPServer-t.build/Objects-normal/arm64/PerfectHTTPServer-Swift.h -working-directory /Users/admin/builder/spi-builder-workspace/.swiftpm/xcode -experimental-emit-module-separately -disable-cmo
SwiftEmitModule normal arm64 Emitting\ module\ for\ PerfectMustache (in target 'PerfectMustache' from project 'PerfectMustache')
SwiftCompile normal arm64 (in target 'PerfectMustache' from project 'PerfectMustache')
cd /Users/admin/builder/spi-builder-workspace/.swiftpm/xcode
SwiftCompile normal arm64 Compiling\ HTTPResponseExtension.swift /Users/admin/builder/spi-builder-workspace/.dependencies/checkouts/Perfect-Mustache/Sources/PerfectMustache/HTTPResponseExtension.swift (in target 'PerfectMustache' from project 'PerfectMustache')
SwiftCompile normal arm64 /Users/admin/builder/spi-builder-workspace/.dependencies/checkouts/Perfect-Mustache/Sources/PerfectMustache/HTTPResponseExtension.swift (in target 'PerfectMustache' from project 'PerfectMustache')
cd /Users/admin/builder/spi-builder-workspace/.swiftpm/xcode
builtin-SwiftPerFileCompile HTTPResponseExtension.swift
SwiftEmitModule normal arm64 Emitting\ module\ for\ PerfectHTTPServer (in target 'PerfectHTTPServer' from project 'PerfectHTTPServer')
<module-includes>:1:9: note: in file included from <module-includes>:1:
1 | #import "czlib.h"
| `- note: in file included from <module-includes>:1:
2 |
/Users/admin/builder/spi-builder-workspace/.dependencies/checkouts/Perfect-CZlib-src/PerfectCZlib/include/czlib.h:4:10: note: in file included from /Users/admin/builder/spi-builder-workspace/.dependencies/checkouts/Perfect-CZlib-src/PerfectCZlib/include/czlib.h:4:
2 | #include "../zconf.h"
3 | #include "../zlib.h"
4 | #include "../zutil.h"
| `- note: in file included from /Users/admin/builder/spi-builder-workspace/.dependencies/checkouts/Perfect-CZlib-src/PerfectCZlib/include/czlib.h:4:
5 | #include "../inftrees.h"
6 |
SwiftCompile normal arm64 (in target 'PerfectHTTPServer' from project 'PerfectHTTPServer')
cd /Users/admin/builder/spi-builder-workspace/.swiftpm/xcode
SwiftDriverJobDiscovery normal arm64 Compiling NetTCPSSL.swift (in target 'PerfectNet' from project 'PerfectNet')
SwiftDriver\ Compilation PerfectNet normal arm64 com.apple.xcode.tools.swift.compiler (in target 'PerfectNet' from project 'PerfectNet')
cd /Users/admin/builder/spi-builder-workspace/.swiftpm/xcode
builtin-Swift-Compilation -- /Applications/Xcode-27.0.0-Release.Candidate.app/Contents/Developer/Toolchains/XcodeDefault.xctoolchain/usr/bin/swiftc -parse-as-library -module-name PerfectNet -Onone @/Users/admin/builder/spi-builder-workspace/.derivedData/Build/Intermediates.noindex/PerfectNet.build/Debug/PerfectNet-t.build/Objects-normal/arm64/PerfectNet.SwiftFileList -DSWIFT_PACKAGE -DDEBUG -DSWIFT_MODULE_RESOURCE_BUNDLE_UNAVAILABLE -Xcc -fmodule-map-file\=/Users/admin/builder/spi-builder-workspace/.dependencies/checkouts/Perfect-COpenSSL/COpenSSL/include/module.modulemap -DXcode -plugin-path /Applications/Xcode-27.0.0-Release.Candidate.app/Contents/Developer/Toolchains/XcodeDefault.xctoolchain/usr/lib/swift/host/plugins/testing -enable-experimental-feature DebugDescriptionMacro -sdk /Applications/Xcode-27.0.0-Release.Candidate.app/Contents/Developer/Platforms/MacOSX.platform/Developer/SDKs/MacOSX27.0.sdk -target arm64-apple-macos12.0 -g -module-cache-path /Users/admin/builder/spi-builder-workspace/.derivedData/ModuleCache.noindex -Xfrontend -serialize-debugging-options -enable-testing -suppress-warnings -index-store-path /Users/admin/builder/spi-builder-workspace/.derivedData/Index.noindex/DataStore -Xcc -D_LIBCPP_HARDENING_MODE\=_LIBCPP_HARDENING_MODE_DEBUG -swift-version 4 -I /Users/admin/builder/spi-builder-workspace/.derivedData/Build/Products/Debug -Isystem /Applications/Xcode-27.0.0-Release.Candidate.app/Contents/Developer/Platforms/MacOSX.platform/Developer/usr/lib -F /Users/admin/builder/spi-builder-workspace/.derivedData/Build/Products/Debug/PackageFrameworks -F /Users/admin/builder/spi-builder-workspace/.derivedData/Build/Products/Debug -F /Applications/Xcode-27.0.0-Release.Candidate.app/Contents/Developer/Platforms/MacOSX.platform/Developer/Library/Frameworks -c -j10 -enable-batch-mode -incremental -Xcc -ivfsstatcache -Xcc /Users/admin/builder/spi-builder-workspace/.derivedData/SDKStatCaches.noindex/macosx27.0-26A425-e829b21a6f8c9b70876ba0858053c0446a22442a12e9d48fe1a705f55a1adfc4.sdkstatcache -output-file-map /Users/admin/builder/spi-builder-workspace/.derivedData/Build/Intermediates.noindex/PerfectNet.build/Debug/PerfectNet-t.build/Objects-normal/arm64/PerfectNet-OutputFileMap.json -save-temps -no-color-diagnostics -emit-dependencies -emit-module -emit-module-path /Users/admin/builder/spi-builder-workspace/.derivedData/Build/Intermediates.noindex/PerfectNet.build/Debug/PerfectNet-t.build/Objects-normal/arm64/PerfectNet.swiftmodule -serialize-diagnostics -validate-clang-modules-once -clang-build-session-file /Users/admin/builder/spi-builder-workspace/.derivedData/ModuleCache.noindex/Session.modulevalidation -Xcc -fmodules-prune-interval\=86400 -Xcc -fmodules-prune-after\=345600 -emit-const-values -const-gather-protocols-list /Users/admin/builder/spi-builder-workspace/.derivedData/Build/Intermediates.noindex/PerfectNet.build/Debug/PerfectNet-t.build/Objects-normal/arm64/PerfectNet_const_extract_protocols.json -Xcc -I/Users/admin/builder/spi-builder-workspace/.dependencies/checkouts/Perfect-COpenSSL/COpenSSL/include -Xcc -I/Users/admin/builder/spi-builder-workspace/.derivedData/Build/Products/Debug/include -Xcc -I/Users/admin/builder/spi-builder-workspace/.derivedData/Build/Intermediates.noindex/PerfectNet.build/Debug/PerfectNet-t.build/DerivedSources-normal/arm64 -Xcc -I/Users/admin/builder/spi-builder-workspace/.derivedData/Build/Intermediates.noindex/PerfectNet.build/Debug/PerfectNet-t.build/DerivedSources/arm64 -Xcc -I/Users/admin/builder/spi-builder-workspace/.derivedData/Build/Intermediates.noindex/PerfectNet.build/Debug/PerfectNet-t.build/DerivedSources -Xcc -DSWIFT_PACKAGE -Xcc -DDEBUG\=1 -emit-objc-header -emit-objc-header-path /Users/admin/builder/spi-builder-workspace/.derivedData/Build/Intermediates.noindex/PerfectNet.build/Debug/PerfectNet-t.build/Objects-normal/arm64/PerfectNet-Swift.h -working-directory /Users/admin/builder/spi-builder-workspace/.swiftpm/xcode -experimental-emit-module-separately -disable-cmo
SwiftDriverJobDiscovery normal arm64 Compiling HTTPHeaders.swift (in target 'PerfectHTTP' from project 'PerfectHTTP')
SwiftCompile normal arm64 Compiling\ Mustache.swift /Users/admin/builder/spi-builder-workspace/.dependencies/checkouts/Perfect-Mustache/Sources/PerfectMustache/Mustache.swift (in target 'PerfectMustache' from project 'PerfectMustache')
SwiftCompile normal arm64 /Users/admin/builder/spi-builder-workspace/.dependencies/checkouts/Perfect-Mustache/Sources/PerfectMustache/Mustache.swift (in target 'PerfectMustache' from project 'PerfectMustache')
cd /Users/admin/builder/spi-builder-workspace/.swiftpm/xcode
builtin-SwiftPerFileCompile Mustache.swift
Ld /Users/admin/builder/spi-builder-workspace/.derivedData/Build/Products/Debug/PerfectNet.o normal (in target 'PerfectNet' from project 'PerfectNet')
cd /Users/admin/builder/spi-builder-workspace/.dependencies/checkouts/Perfect-Net
/Applications/Xcode-27.0.0-Release.Candidate.app/Contents/Developer/Toolchains/XcodeDefault.xctoolchain/usr/bin/clang -Xlinker -reproducible -target arm64-apple-macos12.0 -r -isysroot /Applications/Xcode-27.0.0-Release.Candidate.app/Contents/Developer/Platforms/MacOSX.platform/Developer/SDKs/MacOSX27.0.sdk -O0 -w -Xlinker -no_warn_duplicate_libraries -F/Users/admin/builder/spi-builder-workspace/.derivedData/Build/Intermediates.noindex/EagerLinkingTBDs/Debug -F/Users/admin/builder/spi-builder-workspace/.derivedData/Build/Products/Debug/PackageFrameworks -F/Users/admin/builder/spi-builder-workspace/.derivedData/Build/Products/Debug -iframework /Applications/Xcode-27.0.0-Release.Candidate.app/Contents/Developer/Platforms/MacOSX.platform/Developer/Library/Frameworks -filelist /Users/admin/builder/spi-builder-workspace/.derivedData/Build/Intermediates.noindex/PerfectNet.build/Debug/PerfectNet-t.build/Objects-normal/arm64/PerfectNet.LinkFileList -nostdlib -Xlinker -object_path_lto -Xlinker /Users/admin/builder/spi-builder-workspace/.derivedData/Build/Intermediates.noindex/PerfectNet.build/Debug/PerfectNet-t.build/Objects-normal/arm64/PerfectNet_lto.o -Xlinker -no_deduplicate -Xlinker -dependency_info -Xlinker /Users/admin/builder/spi-builder-workspace/.derivedData/Build/Intermediates.noindex/PerfectNet.build/Debug/PerfectNet-t.build/Objects-normal/arm64/PerfectNet_dependency_info.dat -fobjc-link-runtime -L/Applications/Xcode-27.0.0-Release.Candidate.app/Contents/Developer/Toolchains/XcodeDefault.xctoolchain/usr/lib/swift/macosx -L/usr/lib/swift -Xlinker -add_ast_path -Xlinker /Users/admin/builder/spi-builder-workspace/.derivedData/Build/Intermediates.noindex/PerfectNet.build/Debug/PerfectNet-t.build/Objects-normal/arm64/PerfectNet.swiftmodule -o /Users/admin/builder/spi-builder-workspace/.derivedData/Build/Products/Debug/PerfectNet.o
SwiftDriverJobDiscovery normal arm64 Compiling HTTPResponseExtension.swift (in target 'PerfectMustache' from project 'PerfectMustache')
SwiftCompile normal arm64 Compiling\ HTTPMultiplexer.swift,\ HTTPServer.swift /Users/admin/builder/spi-builder-workspace/.dependencies/checkouts/Perfect-HTTPServer/Sources/PerfectHTTPServer/HTTPMultiplexer.swift /Users/admin/builder/spi-builder-workspace/.dependencies/checkouts/Perfect-HTTPServer/Sources/PerfectHTTPServer/HTTPServer.swift (in target 'PerfectHTTPServer' from project 'PerfectHTTPServer')
SwiftCompile normal arm64 /Users/admin/builder/spi-builder-workspace/.dependencies/checkouts/Perfect-HTTPServer/Sources/PerfectHTTPServer/HTTPMultiplexer.swift (in target 'PerfectHTTPServer' from project 'PerfectHTTPServer')
cd /Users/admin/builder/spi-builder-workspace/.swiftpm/xcode
builtin-SwiftPerFileCompile HTTPMultiplexer.swift
SwiftCompile normal arm64 /Users/admin/builder/spi-builder-workspace/.dependencies/checkouts/Perfect-HTTPServer/Sources/PerfectHTTPServer/HTTPServer.swift (in target 'PerfectHTTPServer' from project 'PerfectHTTPServer')
cd /Users/admin/builder/spi-builder-workspace/.swiftpm/xcode
builtin-SwiftPerFileCompile HTTPServer.swift
SwiftDriverJobDiscovery normal arm64 Emitting module for PerfectMustache (in target 'PerfectMustache' from project 'PerfectMustache')
SwiftDriver\ Compilation\ Requirements PerfectMustache normal arm64 com.apple.xcode.tools.swift.compiler (in target 'PerfectMustache' from project 'PerfectMustache')
cd /Users/admin/builder/spi-builder-workspace/.swiftpm/xcode
builtin-Swift-Compilation-Requirements -- /Applications/Xcode-27.0.0-Release.Candidate.app/Contents/Developer/Toolchains/XcodeDefault.xctoolchain/usr/bin/swiftc -parse-as-library -module-name PerfectMustache -Onone @/Users/admin/builder/spi-builder-workspace/.derivedData/Build/Intermediates.noindex/PerfectMustache.build/Debug/PerfectMustache-t.build/Objects-normal/arm64/PerfectMustache.SwiftFileList -DSWIFT_PACKAGE -DDEBUG -DSWIFT_MODULE_RESOURCE_BUNDLE_UNAVAILABLE -Xcc -fmodule-map-file\=/Users/admin/builder/spi-builder-workspace/.dependencies/checkouts/Perfect-COpenSSL/COpenSSL/include/module.modulemap -DXcode -plugin-path /Applications/Xcode-27.0.0-Release.Candidate.app/Contents/Developer/Toolchains/XcodeDefault.xctoolchain/usr/lib/swift/host/plugins/testing -enable-experimental-feature DebugDescriptionMacro -sdk /Applications/Xcode-27.0.0-Release.Candidate.app/Contents/Developer/Platforms/MacOSX.platform/Developer/SDKs/MacOSX27.0.sdk -target arm64-apple-macos12.0 -g -module-cache-path /Users/admin/builder/spi-builder-workspace/.derivedData/ModuleCache.noindex -Xfrontend -serialize-debugging-options -enable-testing -suppress-warnings -index-store-path /Users/admin/builder/spi-builder-workspace/.derivedData/Index.noindex/DataStore -Xcc -D_LIBCPP_HARDENING_MODE\=_LIBCPP_HARDENING_MODE_DEBUG -swift-version 4 -I /Users/admin/builder/spi-builder-workspace/.derivedData/Build/Products/Debug -Isystem /Applications/Xcode-27.0.0-Release.Candidate.app/Contents/Developer/Platforms/MacOSX.platform/Developer/usr/lib -F /Users/admin/builder/spi-builder-workspace/.derivedData/Build/Products/Debug/PackageFrameworks -F /Users/admin/builder/spi-builder-workspace/.derivedData/Build/Products/Debug -F /Applications/Xcode-27.0.0-Release.Candidate.app/Contents/Developer/Platforms/MacOSX.platform/Developer/Library/Frameworks -c -j10 -enable-batch-mode -incremental -Xcc -ivfsstatcache -Xcc /Users/admin/builder/spi-builder-workspace/.derivedData/SDKStatCaches.noindex/macosx27.0-26A425-e829b21a6f8c9b70876ba0858053c0446a22442a12e9d48fe1a705f55a1adfc4.sdkstatcache -output-file-map /Users/admin/builder/spi-builder-workspace/.derivedData/Build/Intermediates.noindex/PerfectMustache.build/Debug/PerfectMustache-t.build/Objects-normal/arm64/PerfectMustache-OutputFileMap.json -save-temps -no-color-diagnostics -emit-dependencies -emit-module -emit-module-path /Users/admin/builder/spi-builder-workspace/.derivedData/Build/Intermediates.noindex/PerfectMustache.build/Debug/PerfectMustache-t.build/Objects-normal/arm64/PerfectMustache.swiftmodule -serialize-diagnostics -validate-clang-modules-once -clang-build-session-file /Users/admin/builder/spi-builder-workspace/.derivedData/ModuleCache.noindex/Session.modulevalidation -Xcc -fmodules-prune-interval\=86400 -Xcc -fmodules-prune-after\=345600 -emit-const-values -const-gather-protocols-list /Users/admin/builder/spi-builder-workspace/.derivedData/Build/Intermediates.noindex/PerfectMustache.build/Debug/PerfectMustache-t.build/Objects-normal/arm64/PerfectMustache_const_extract_protocols.json -Xcc -I/Users/admin/builder/spi-builder-workspace/.dependencies/checkouts/Perfect-COpenSSL/COpenSSL/include -Xcc -I/Users/admin/builder/spi-builder-workspace/.derivedData/Build/Products/Debug/include -Xcc -I/Users/admin/builder/spi-builder-workspace/.derivedData/Build/Intermediates.noindex/PerfectMustache.build/Debug/PerfectMustache-t.build/DerivedSources-normal/arm64 -Xcc -I/Users/admin/builder/spi-builder-workspace/.derivedData/Build/Intermediates.noindex/PerfectMustache.build/Debug/PerfectMustache-t.build/DerivedSources/arm64 -Xcc -I/Users/admin/builder/spi-builder-workspace/.derivedData/Build/Intermediates.noindex/PerfectMustache.build/Debug/PerfectMustache-t.build/DerivedSources -Xcc -DSWIFT_PACKAGE -Xcc -DDEBUG\=1 -emit-objc-header -emit-objc-header-path /Users/admin/builder/spi-builder-workspace/.derivedData/Build/Intermediates.noindex/PerfectMustache.build/Debug/PerfectMustache-t.build/Objects-normal/arm64/PerfectMustache-Swift.h -working-directory /Users/admin/builder/spi-builder-workspace/.swiftpm/xcode -experimental-emit-module-separately -disable-cmo
SwiftCompile normal arm64 Compiling\ HTTP2Response.swift,\ HTTP2Session.swift /Users/admin/builder/spi-builder-workspace/.dependencies/checkouts/Perfect-HTTPServer/Sources/PerfectHTTPServer/HTTP2/HTTP2Response.swift /Users/admin/builder/spi-builder-workspace/.dependencies/checkouts/Perfect-HTTPServer/Sources/PerfectHTTPServer/HTTP2/HTTP2Session.swift (in target 'PerfectHTTPServer' from project 'PerfectHTTPServer')
SwiftCompile normal arm64 /Users/admin/builder/spi-builder-workspace/.dependencies/checkouts/Perfect-HTTPServer/Sources/PerfectHTTPServer/HTTP2/HTTP2Response.swift (in target 'PerfectHTTPServer' from project 'PerfectHTTPServer')
cd /Users/admin/builder/spi-builder-workspace/.swiftpm/xcode
builtin-SwiftPerFileCompile HTTP2Response.swift
SwiftCompile normal arm64 /Users/admin/builder/spi-builder-workspace/.dependencies/checkouts/Perfect-HTTPServer/Sources/PerfectHTTPServer/HTTP2/HTTP2Session.swift (in target 'PerfectHTTPServer' from project 'PerfectHTTPServer')
cd /Users/admin/builder/spi-builder-workspace/.swiftpm/xcode
builtin-SwiftPerFileCompile HTTP2Session.swift
SwiftMergeGeneratedHeaders /Users/admin/builder/spi-builder-workspace/.derivedData/Build/Intermediates.noindex/GeneratedModuleMaps/PerfectMustache-Swift.h /Users/admin/builder/spi-builder-workspace/.derivedData/Build/Intermediates.noindex/PerfectMustache.build/Debug/PerfectMustache-t.build/Objects-normal/arm64/PerfectMustache-Swift.h (in target 'PerfectMustache' from project 'PerfectMustache')
cd /Users/admin/builder/spi-builder-workspace/.dependencies/checkouts/Perfect-Mustache
builtin-swiftHeaderTool -arch arm64 /Users/admin/builder/spi-builder-workspace/.derivedData/Build/Intermediates.noindex/PerfectMustache.build/Debug/PerfectMustache-t.build/Objects-normal/arm64/PerfectMustache-Swift.h -o /Users/admin/builder/spi-builder-workspace/.derivedData/Build/Intermediates.noindex/GeneratedModuleMaps/PerfectMustache-Swift.h
SwiftDriverJobDiscovery normal arm64 Compiling StaticFileHandler.swift (in target 'PerfectHTTP' from project 'PerfectHTTP')
Copy /Users/admin/builder/spi-builder-workspace/.derivedData/Build/Products/Debug/PerfectMustache.swiftmodule/arm64-apple-macos.swiftmodule /Users/admin/builder/spi-builder-workspace/.derivedData/Build/Intermediates.noindex/PerfectMustache.build/Debug/PerfectMustache-t.build/Objects-normal/arm64/PerfectMustache.swiftmodule (in target 'PerfectMustache' from project 'PerfectMustache')
cd /Users/admin/builder/spi-builder-workspace/.dependencies/checkouts/Perfect-Mustache
builtin-copy -exclude .DS_Store -exclude CVS -exclude .svn -exclude .git -exclude .hg -resolve-src-symlinks -rename /Users/admin/builder/spi-builder-workspace/.derivedData/Build/Intermediates.noindex/PerfectMustache.build/Debug/PerfectMustache-t.build/Objects-normal/arm64/PerfectMustache.swiftmodule /Users/admin/builder/spi-builder-workspace/.derivedData/Build/Products/Debug/PerfectMustache.swiftmodule/arm64-apple-macos.swiftmodule
Copy /Users/admin/builder/spi-builder-workspace/.derivedData/Build/Products/Debug/PerfectMustache.swiftmodule/arm64-apple-macos.swiftdoc /Users/admin/builder/spi-builder-workspace/.derivedData/Build/Intermediates.noindex/PerfectMustache.build/Debug/PerfectMustache-t.build/Objects-normal/arm64/PerfectMustache.swiftdoc (in target 'PerfectMustache' from project 'PerfectMustache')
cd /Users/admin/builder/spi-builder-workspace/.dependencies/checkouts/Perfect-Mustache
builtin-copy -exclude .DS_Store -exclude CVS -exclude .svn -exclude .git -exclude .hg -resolve-src-symlinks -rename /Users/admin/builder/spi-builder-workspace/.derivedData/Build/Intermediates.noindex/PerfectMustache.build/Debug/PerfectMustache-t.build/Objects-normal/arm64/PerfectMustache.swiftdoc /Users/admin/builder/spi-builder-workspace/.derivedData/Build/Products/Debug/PerfectMustache.swiftmodule/arm64-apple-macos.swiftdoc
Copy /Users/admin/builder/spi-builder-workspace/.derivedData/Build/Products/Debug/PerfectMustache.swiftmodule/arm64-apple-macos.abi.json /Users/admin/builder/spi-builder-workspace/.derivedData/Build/Intermediates.noindex/PerfectMustache.build/Debug/PerfectMustache-t.build/Objects-normal/arm64/PerfectMustache.abi.json (in target 'PerfectMustache' from project 'PerfectMustache')
cd /Users/admin/builder/spi-builder-workspace/.dependencies/checkouts/Perfect-Mustache
builtin-copy -exclude .DS_Store -exclude CVS -exclude .svn -exclude .git -exclude .hg -resolve-src-symlinks -rename /Users/admin/builder/spi-builder-workspace/.derivedData/Build/Intermediates.noindex/PerfectMustache.build/Debug/PerfectMustache-t.build/Objects-normal/arm64/PerfectMustache.abi.json /Users/admin/builder/spi-builder-workspace/.derivedData/Build/Products/Debug/PerfectMustache.swiftmodule/arm64-apple-macos.abi.json
Copy /Users/admin/builder/spi-builder-workspace/.derivedData/Build/Products/Debug/PerfectMustache.swiftmodule/Project/arm64-apple-macos.swiftsourceinfo /Users/admin/builder/spi-builder-workspace/.derivedData/Build/Intermediates.noindex/PerfectMustache.build/Debug/PerfectMustache-t.build/Objects-normal/arm64/PerfectMustache.swiftsourceinfo (in target 'PerfectMustache' from project 'PerfectMustache')
cd /Users/admin/builder/spi-builder-workspace/.dependencies/checkouts/Perfect-Mustache
builtin-copy -exclude .DS_Store -exclude CVS -exclude .svn -exclude .git -exclude .hg -resolve-src-symlinks -rename /Users/admin/builder/spi-builder-workspace/.derivedData/Build/Intermediates.noindex/PerfectMustache.build/Debug/PerfectMustache-t.build/Objects-normal/arm64/PerfectMustache.swiftsourceinfo /Users/admin/builder/spi-builder-workspace/.derivedData/Build/Products/Debug/PerfectMustache.swiftmodule/Project/arm64-apple-macos.swiftsourceinfo
SwiftCompile normal arm64 Compiling\ HTTP2FrameReader.swift,\ HTTP2FrameWriter.swift /Users/admin/builder/spi-builder-workspace/.dependencies/checkouts/Perfect-HTTPServer/Sources/PerfectHTTPServer/HTTP2/HTTP2FrameReader.swift /Users/admin/builder/spi-builder-workspace/.dependencies/checkouts/Perfect-HTTPServer/Sources/PerfectHTTPServer/HTTP2/HTTP2FrameWriter.swift (in target 'PerfectHTTPServer' from project 'PerfectHTTPServer')
SwiftCompile normal arm64 /Users/admin/builder/spi-builder-workspace/.dependencies/checkouts/Perfect-HTTPServer/Sources/PerfectHTTPServer/HTTP2/HTTP2FrameReader.swift (in target 'PerfectHTTPServer' from project 'PerfectHTTPServer')
cd /Users/admin/builder/spi-builder-workspace/.swiftpm/xcode
builtin-SwiftPerFileCompile HTTP2FrameReader.swift
SwiftCompile normal arm64 /Users/admin/builder/spi-builder-workspace/.dependencies/checkouts/Perfect-HTTPServer/Sources/PerfectHTTPServer/HTTP2/HTTP2FrameWriter.swift (in target 'PerfectHTTPServer' from project 'PerfectHTTPServer')
cd /Users/admin/builder/spi-builder-workspace/.swiftpm/xcode
builtin-SwiftPerFileCompile HTTP2FrameWriter.swift
SwiftDriverJobDiscovery normal arm64 Compiling Routing.swift (in target 'PerfectHTTP' from project 'PerfectHTTP')
SwiftCompile normal arm64 Compiling\ HTTP11Request.swift,\ HTTP11Response.swift /Users/admin/builder/spi-builder-workspace/.dependencies/checkouts/Perfect-HTTPServer/Sources/PerfectHTTPServer/HTTP11/HTTP11Request.swift /Users/admin/builder/spi-builder-workspace/.dependencies/checkouts/Perfect-HTTPServer/Sources/PerfectHTTPServer/HTTP11/HTTP11Response.swift (in target 'PerfectHTTPServer' from project 'PerfectHTTPServer')
SwiftCompile normal arm64 /Users/admin/builder/spi-builder-workspace/.dependencies/checkouts/Perfect-HTTPServer/Sources/PerfectHTTPServer/HTTP11/HTTP11Request.swift (in target 'PerfectHTTPServer' from project 'PerfectHTTPServer')
cd /Users/admin/builder/spi-builder-workspace/.swiftpm/xcode
builtin-SwiftPerFileCompile HTTP11Request.swift
SwiftCompile normal arm64 /Users/admin/builder/spi-builder-workspace/.dependencies/checkouts/Perfect-HTTPServer/Sources/PerfectHTTPServer/HTTP11/HTTP11Response.swift (in target 'PerfectHTTPServer' from project 'PerfectHTTPServer')
cd /Users/admin/builder/spi-builder-workspace/.swiftpm/xcode
builtin-SwiftPerFileCompile HTTP11Response.swift
SwiftDriverJobDiscovery normal arm64 Compiling HTTPResponse.swift (in target 'PerfectHTTP' from project 'PerfectHTTP')
SwiftCompile normal arm64 Compiling\ HTTP2Client.swift,\ HTTP2Frame.swift /Users/admin/builder/spi-builder-workspace/.dependencies/checkouts/Perfect-HTTPServer/Sources/PerfectHTTPServer/HTTP2/HTTP2Client.swift /Users/admin/builder/spi-builder-workspace/.dependencies/checkouts/Perfect-HTTPServer/Sources/PerfectHTTPServer/HTTP2/HTTP2Frame.swift (in target 'PerfectHTTPServer' from project 'PerfectHTTPServer')
SwiftCompile normal arm64 /Users/admin/builder/spi-builder-workspace/.dependencies/checkouts/Perfect-HTTPServer/Sources/PerfectHTTPServer/HTTP2/HTTP2Client.swift (in target 'PerfectHTTPServer' from project 'PerfectHTTPServer')
cd /Users/admin/builder/spi-builder-workspace/.swiftpm/xcode
builtin-SwiftPerFileCompile HTTP2Client.swift
SwiftCompile normal arm64 /Users/admin/builder/spi-builder-workspace/.dependencies/checkouts/Perfect-HTTPServer/Sources/PerfectHTTPServer/HTTP2/HTTP2Frame.swift (in target 'PerfectHTTPServer' from project 'PerfectHTTPServer')
cd /Users/admin/builder/spi-builder-workspace/.swiftpm/xcode
builtin-SwiftPerFileCompile HTTP2Frame.swift
SwiftDriverJobDiscovery normal arm64 Compiling TypedRoutes.swift (in target 'PerfectHTTP' from project 'PerfectHTTP')
SwiftCompile normal arm64 Compiling\ HTTPServerExConfig.swift /Users/admin/builder/spi-builder-workspace/.dependencies/checkouts/Perfect-HTTPServer/Sources/PerfectHTTPServer/HTTPServerExConfig.swift (in target 'PerfectHTTPServer' from project 'PerfectHTTPServer')
SwiftCompile normal arm64 /Users/admin/builder/spi-builder-workspace/.dependencies/checkouts/Perfect-HTTPServer/Sources/PerfectHTTPServer/HTTPServerExConfig.swift (in target 'PerfectHTTPServer' from project 'PerfectHTTPServer')
cd /Users/admin/builder/spi-builder-workspace/.swiftpm/xcode
builtin-SwiftPerFileCompile HTTPServerExConfig.swift
SwiftDriverJobDiscovery normal arm64 Compiling MimeReader.swift (in target 'PerfectHTTP' from project 'PerfectHTTP')
SwiftCompile normal arm64 Compiling\ HTTP2SessionSettings.swift,\ HTTPContentCompression.swift /Users/admin/builder/spi-builder-workspace/.dependencies/checkouts/Perfect-HTTPServer/Sources/PerfectHTTPServer/HTTP2/HTTP2SessionSettings.swift /Users/admin/builder/spi-builder-workspace/.dependencies/checkouts/Perfect-HTTPServer/Sources/PerfectHTTPServer/HTTPContentCompression.swift (in target 'PerfectHTTPServer' from project 'PerfectHTTPServer')
SwiftCompile normal arm64 /Users/admin/builder/spi-builder-workspace/.dependencies/checkouts/Perfect-HTTPServer/Sources/PerfectHTTPServer/HTTP2/HTTP2SessionSettings.swift (in target 'PerfectHTTPServer' from project 'PerfectHTTPServer')
cd /Users/admin/builder/spi-builder-workspace/.swiftpm/xcode
builtin-SwiftPerFileCompile HTTP2SessionSettings.swift
SwiftCompile normal arm64 /Users/admin/builder/spi-builder-workspace/.dependencies/checkouts/Perfect-HTTPServer/Sources/PerfectHTTPServer/HTTPContentCompression.swift (in target 'PerfectHTTPServer' from project 'PerfectHTTPServer')
cd /Users/admin/builder/spi-builder-workspace/.swiftpm/xcode
builtin-SwiftPerFileCompile HTTPContentCompression.swift
SwiftDriverJobDiscovery normal arm64 Emitting module for PerfectHTTPServer (in target 'PerfectHTTPServer' from project 'PerfectHTTPServer')
SwiftCompile normal arm64 Compiling\ HPACK.swift,\ HTTP2.swift /Users/admin/builder/spi-builder-workspace/.dependencies/checkouts/Perfect-HTTPServer/Sources/PerfectHTTPServer/HTTP2/HPACK.swift /Users/admin/builder/spi-builder-workspace/.dependencies/checkouts/Perfect-HTTPServer/Sources/PerfectHTTPServer/HTTP2/HTTP2.swift (in target 'PerfectHTTPServer' from project 'PerfectHTTPServer')
SwiftCompile normal arm64 /Users/admin/builder/spi-builder-workspace/.dependencies/checkouts/Perfect-HTTPServer/Sources/PerfectHTTPServer/HTTP2/HPACK.swift (in target 'PerfectHTTPServer' from project 'PerfectHTTPServer')
cd /Users/admin/builder/spi-builder-workspace/.swiftpm/xcode
builtin-SwiftPerFileCompile HPACK.swift
SwiftCompile normal arm64 /Users/admin/builder/spi-builder-workspace/.dependencies/checkouts/Perfect-HTTPServer/Sources/PerfectHTTPServer/HTTP2/HTTP2.swift (in target 'PerfectHTTPServer' from project 'PerfectHTTPServer')
cd /Users/admin/builder/spi-builder-workspace/.swiftpm/xcode
builtin-SwiftPerFileCompile HTTP2.swift
SwiftDriver\ Compilation\ Requirements PerfectHTTPServer normal arm64 com.apple.xcode.tools.swift.compiler (in target 'PerfectHTTPServer' from project 'PerfectHTTPServer')
cd /Users/admin/builder/spi-builder-workspace/.swiftpm/xcode
builtin-Swift-Compilation-Requirements -- /Applications/Xcode-27.0.0-Release.Candidate.app/Contents/Developer/Toolchains/XcodeDefault.xctoolchain/usr/bin/swiftc -parse-as-library -module-name PerfectHTTPServer -Onone @/Users/admin/builder/spi-builder-workspace/.derivedData/Build/Intermediates.noindex/PerfectHTTPServer.build/Debug/PerfectHTTPServer-t.build/Objects-normal/arm64/PerfectHTTPServer.SwiftFileList -DSWIFT_PACKAGE -DDEBUG -DSWIFT_MODULE_RESOURCE_BUNDLE_UNAVAILABLE -Xcc -fmodule-map-file\=/Users/admin/builder/spi-builder-workspace/.dependencies/checkouts/Perfect-COpenSSL/COpenSSL/include/module.modulemap -Xcc -fmodule-map-file\=/Users/admin/builder/spi-builder-workspace/.dependencies/checkouts/Perfect-CZlib-src/PerfectCZlib/include/module.modulemap -Xcc -fmodule-map-file\=/Users/admin/builder/spi-builder-workspace/.dependencies/checkouts/Perfect-HTTPServer/Sources/PerfectCHTTPParser/include/module.modulemap -DXcode -plugin-path /Applications/Xcode-27.0.0-Release.Candidate.app/Contents/Developer/Toolchains/XcodeDefault.xctoolchain/usr/lib/swift/host/plugins/testing -enable-experimental-feature DebugDescriptionMacro -sdk /Applications/Xcode-27.0.0-Release.Candidate.app/Contents/Developer/Platforms/MacOSX.platform/Developer/SDKs/MacOSX27.0.sdk -target arm64-apple-macos12.0 -g -module-cache-path /Users/admin/builder/spi-builder-workspace/.derivedData/ModuleCache.noindex -Xfrontend -serialize-debugging-options -enable-testing -suppress-warnings -index-store-path /Users/admin/builder/spi-builder-workspace/.derivedData/Index.noindex/DataStore -Xcc -D_LIBCPP_HARDENING_MODE\=_LIBCPP_HARDENING_MODE_DEBUG -swift-version 4 -I /Users/admin/builder/spi-builder-workspace/.derivedData/Build/Products/Debug -Isystem /Applications/Xcode-27.0.0-Release.Candidate.app/Contents/Developer/Platforms/MacOSX.platform/Developer/usr/lib -F /Users/admin/builder/spi-builder-workspace/.derivedData/Build/Products/Debug/PackageFrameworks -F /Users/admin/builder/spi-builder-workspace/.derivedData/Build/Products/Debug -F /Applications/Xcode-27.0.0-Release.Candidate.app/Contents/Developer/Platforms/MacOSX.platform/Developer/Library/Frameworks -c -j10 -enable-batch-mode -incremental -Xcc -ivfsstatcache -Xcc /Users/admin/builder/spi-builder-workspace/.derivedData/SDKStatCaches.noindex/macosx27.0-26A425-e829b21a6f8c9b70876ba0858053c0446a22442a12e9d48fe1a705f55a1adfc4.sdkstatcache -output-file-map /Users/admin/builder/spi-builder-workspace/.derivedData/Build/Intermediates.noindex/PerfectHTTPServer.build/Debug/PerfectHTTPServer-t.build/Objects-normal/arm64/PerfectHTTPServer-OutputFileMap.json -save-temps -no-color-diagnostics -emit-dependencies -emit-module -emit-module-path /Users/admin/builder/spi-builder-workspace/.derivedData/Build/Intermediates.noindex/PerfectHTTPServer.build/Debug/PerfectHTTPServer-t.build/Objects-normal/arm64/PerfectHTTPServer.swiftmodule -serialize-diagnostics -validate-clang-modules-once -clang-build-session-file /Users/admin/builder/spi-builder-workspace/.derivedData/ModuleCache.noindex/Session.modulevalidation -Xcc -fmodules-prune-interval\=86400 -Xcc -fmodules-prune-after\=345600 -emit-const-values -const-gather-protocols-list /Users/admin/builder/spi-builder-workspace/.derivedData/Build/Intermediates.noindex/PerfectHTTPServer.build/Debug/PerfectHTTPServer-t.build/Objects-normal/arm64/PerfectHTTPServer_const_extract_protocols.json -Xcc -I/Users/admin/builder/spi-builder-workspace/.dependencies/checkouts/Perfect-COpenSSL/COpenSSL/include -Xcc -I/Users/admin/builder/spi-builder-workspace/.dependencies/checkouts/Perfect-CZlib-src/PerfectCZlib/include -Xcc -I/Users/admin/builder/spi-builder-workspace/.dependencies/checkouts/Perfect-HTTPServer/Sources/PerfectCHTTPParser/include -Xcc -I/Users/admin/builder/spi-builder-workspace/.derivedData/Build/Products/Debug/include -Xcc -I/Users/admin/builder/spi-builder-workspace/.derivedData/Build/Intermediates.noindex/PerfectHTTPServer.build/Debug/PerfectHTTPServer-t.build/DerivedSources-normal/arm64 -Xcc -I/Users/admin/builder/spi-builder-workspace/.derivedData/Build/Intermediates.noindex/PerfectHTTPServer.build/Debug/PerfectHTTPServer-t.build/DerivedSources/arm64 -Xcc -I/Users/admin/builder/spi-builder-workspace/.derivedData/Build/Intermediates.noindex/PerfectHTTPServer.build/Debug/PerfectHTTPServer-t.build/DerivedSources -Xcc -DSWIFT_PACKAGE -Xcc -DDEBUG\=1 -emit-objc-header -emit-objc-header-path /Users/admin/builder/spi-builder-workspace/.derivedData/Build/Intermediates.noindex/PerfectHTTPServer.build/Debug/PerfectHTTPServer-t.build/Objects-normal/arm64/PerfectHTTPServer-Swift.h -working-directory /Users/admin/builder/spi-builder-workspace/.swiftpm/xcode -experimental-emit-module-separately -disable-cmo
SwiftDriverJobDiscovery normal arm64 Compiling HTTP2FrameReader.swift, HTTP2FrameWriter.swift (in target 'PerfectHTTPServer' from project 'PerfectHTTPServer')
SwiftCompile normal arm64 Compiling\ HTTP2PrefaceValidator.swift,\ HTTP2Request.swift /Users/admin/builder/spi-builder-workspace/.dependencies/checkouts/Perfect-HTTPServer/Sources/PerfectHTTPServer/HTTP2/HTTP2PrefaceValidator.swift /Users/admin/builder/spi-builder-workspace/.dependencies/checkouts/Perfect-HTTPServer/Sources/PerfectHTTPServer/HTTP2/HTTP2Request.swift (in target 'PerfectHTTPServer' from project 'PerfectHTTPServer')
SwiftCompile normal arm64 /Users/admin/builder/spi-builder-workspace/.dependencies/checkouts/Perfect-HTTPServer/Sources/PerfectHTTPServer/HTTP2/HTTP2PrefaceValidator.swift (in target 'PerfectHTTPServer' from project 'PerfectHTTPServer')
cd /Users/admin/builder/spi-builder-workspace/.swiftpm/xcode
builtin-SwiftPerFileCompile HTTP2PrefaceValidator.swift
SwiftCompile normal arm64 /Users/admin/builder/spi-builder-workspace/.dependencies/checkouts/Perfect-HTTPServer/Sources/PerfectHTTPServer/HTTP2/HTTP2Request.swift (in target 'PerfectHTTPServer' from project 'PerfectHTTPServer')
cd /Users/admin/builder/spi-builder-workspace/.swiftpm/xcode
builtin-SwiftPerFileCompile HTTP2Request.swift
SwiftMergeGeneratedHeaders /Users/admin/builder/spi-builder-workspace/.derivedData/Build/Intermediates.noindex/GeneratedModuleMaps/PerfectHTTPServer-Swift.h /Users/admin/builder/spi-builder-workspace/.derivedData/Build/Intermediates.noindex/PerfectHTTPServer.build/Debug/PerfectHTTPServer-t.build/Objects-normal/arm64/PerfectHTTPServer-Swift.h (in target 'PerfectHTTPServer' from project 'PerfectHTTPServer')
cd /Users/admin/builder/spi-builder-workspace/.dependencies/checkouts/Perfect-HTTPServer
builtin-swiftHeaderTool -arch arm64 /Users/admin/builder/spi-builder-workspace/.derivedData/Build/Intermediates.noindex/PerfectHTTPServer.build/Debug/PerfectHTTPServer-t.build/Objects-normal/arm64/PerfectHTTPServer-Swift.h -o /Users/admin/builder/spi-builder-workspace/.derivedData/Build/Intermediates.noindex/GeneratedModuleMaps/PerfectHTTPServer-Swift.h
SwiftDriverJobDiscovery normal arm64 Compiling Mustache.swift (in target 'PerfectMustache' from project 'PerfectMustache')
Copy /Users/admin/builder/spi-builder-workspace/.derivedData/Build/Products/Debug/PerfectHTTPServer.swiftmodule/arm64-apple-macos.swiftmodule /Users/admin/builder/spi-builder-workspace/.derivedData/Build/Intermediates.noindex/PerfectHTTPServer.build/Debug/PerfectHTTPServer-t.build/Objects-normal/arm64/PerfectHTTPServer.swiftmodule (in target 'PerfectHTTPServer' from project 'PerfectHTTPServer')
cd /Users/admin/builder/spi-builder-workspace/.dependencies/checkouts/Perfect-HTTPServer
builtin-copy -exclude .DS_Store -exclude CVS -exclude .svn -exclude .git -exclude .hg -resolve-src-symlinks -rename /Users/admin/builder/spi-builder-workspace/.derivedData/Build/Intermediates.noindex/PerfectHTTPServer.build/Debug/PerfectHTTPServer-t.build/Objects-normal/arm64/PerfectHTTPServer.swiftmodule /Users/admin/builder/spi-builder-workspace/.derivedData/Build/Products/Debug/PerfectHTTPServer.swiftmodule/arm64-apple-macos.swiftmodule
Copy /Users/admin/builder/spi-builder-workspace/.derivedData/Build/Products/Debug/PerfectHTTPServer.swiftmodule/arm64-apple-macos.swiftdoc /Users/admin/builder/spi-builder-workspace/.derivedData/Build/Intermediates.noindex/PerfectHTTPServer.build/Debug/PerfectHTTPServer-t.build/Objects-normal/arm64/PerfectHTTPServer.swiftdoc (in target 'PerfectHTTPServer' from project 'PerfectHTTPServer')
cd /Users/admin/builder/spi-builder-workspace/.dependencies/checkouts/Perfect-HTTPServer
builtin-copy -exclude .DS_Store -exclude CVS -exclude .svn -exclude .git -exclude .hg -resolve-src-symlinks -rename /Users/admin/builder/spi-builder-workspace/.derivedData/Build/Intermediates.noindex/PerfectHTTPServer.build/Debug/PerfectHTTPServer-t.build/Objects-normal/arm64/PerfectHTTPServer.swiftdoc /Users/admin/builder/spi-builder-workspace/.derivedData/Build/Products/Debug/PerfectHTTPServer.swiftmodule/arm64-apple-macos.swiftdoc
Copy /Users/admin/builder/spi-builder-workspace/.derivedData/Build/Products/Debug/PerfectHTTPServer.swiftmodule/arm64-apple-macos.abi.json /Users/admin/builder/spi-builder-workspace/.derivedData/Build/Intermediates.noindex/PerfectHTTPServer.build/Debug/PerfectHTTPServer-t.build/Objects-normal/arm64/PerfectHTTPServer.abi.json (in target 'PerfectHTTPServer' from project 'PerfectHTTPServer')
cd /Users/admin/builder/spi-builder-workspace/.dependencies/checkouts/Perfect-HTTPServer
builtin-copy -exclude .DS_Store -exclude CVS -exclude .svn -exclude .git -exclude .hg -resolve-src-symlinks -rename /Users/admin/builder/spi-builder-workspace/.derivedData/Build/Intermediates.noindex/PerfectHTTPServer.build/Debug/PerfectHTTPServer-t.build/Objects-normal/arm64/PerfectHTTPServer.abi.json /Users/admin/builder/spi-builder-workspace/.derivedData/Build/Products/Debug/PerfectHTTPServer.swiftmodule/arm64-apple-macos.abi.json
Copy /Users/admin/builder/spi-builder-workspace/.derivedData/Build/Products/Debug/PerfectHTTPServer.swiftmodule/Project/arm64-apple-macos.swiftsourceinfo /Users/admin/builder/spi-builder-workspace/.derivedData/Build/Intermediates.noindex/PerfectHTTPServer.build/Debug/PerfectHTTPServer-t.build/Objects-normal/arm64/PerfectHTTPServer.swiftsourceinfo (in target 'PerfectHTTPServer' from project 'PerfectHTTPServer')
cd /Users/admin/builder/spi-builder-workspace/.dependencies/checkouts/Perfect-HTTPServer
builtin-copy -exclude .DS_Store -exclude CVS -exclude .svn -exclude .git -exclude .hg -resolve-src-symlinks -rename /Users/admin/builder/spi-builder-workspace/.derivedData/Build/Intermediates.noindex/PerfectHTTPServer.build/Debug/PerfectHTTPServer-t.build/Objects-normal/arm64/PerfectHTTPServer.swiftsourceinfo /Users/admin/builder/spi-builder-workspace/.derivedData/Build/Products/Debug/PerfectHTTPServer.swiftmodule/Project/arm64-apple-macos.swiftsourceinfo
SwiftDriver\ Compilation PerfectMustache normal arm64 com.apple.xcode.tools.swift.compiler (in target 'PerfectMustache' from project 'PerfectMustache')
cd /Users/admin/builder/spi-builder-workspace/.swiftpm/xcode
builtin-Swift-Compilation -- /Applications/Xcode-27.0.0-Release.Candidate.app/Contents/Developer/Toolchains/XcodeDefault.xctoolchain/usr/bin/swiftc -parse-as-library -module-name PerfectMustache -Onone @/Users/admin/builder/spi-builder-workspace/.derivedData/Build/Intermediates.noindex/PerfectMustache.build/Debug/PerfectMustache-t.build/Objects-normal/arm64/PerfectMustache.SwiftFileList -DSWIFT_PACKAGE -DDEBUG -DSWIFT_MODULE_RESOURCE_BUNDLE_UNAVAILABLE -Xcc -fmodule-map-file\=/Users/admin/builder/spi-builder-workspace/.dependencies/checkouts/Perfect-COpenSSL/COpenSSL/include/module.modulemap -DXcode -plugin-path /Applications/Xcode-27.0.0-Release.Candidate.app/Contents/Developer/Toolchains/XcodeDefault.xctoolchain/usr/lib/swift/host/plugins/testing -enable-experimental-feature DebugDescriptionMacro -sdk /Applications/Xcode-27.0.0-Release.Candidate.app/Contents/Developer/Platforms/MacOSX.platform/Developer/SDKs/MacOSX27.0.sdk -target arm64-apple-macos12.0 -g -module-cache-path /Users/admin/builder/spi-builder-workspace/.derivedData/ModuleCache.noindex -Xfrontend -serialize-debugging-options -enable-testing -suppress-warnings -index-store-path /Users/admin/builder/spi-builder-workspace/.derivedData/Index.noindex/DataStore -Xcc -D_LIBCPP_HARDENING_MODE\=_LIBCPP_HARDENING_MODE_DEBUG -swift-version 4 -I /Users/admin/builder/spi-builder-workspace/.derivedData/Build/Products/Debug -Isystem /Applications/Xcode-27.0.0-Release.Candidate.app/Contents/Developer/Platforms/MacOSX.platform/Developer/usr/lib -F /Users/admin/builder/spi-builder-workspace/.derivedData/Build/Products/Debug/PackageFrameworks -F /Users/admin/builder/spi-builder-workspace/.derivedData/Build/Products/Debug -F /Applications/Xcode-27.0.0-Release.Candidate.app/Contents/Developer/Platforms/MacOSX.platform/Developer/Library/Frameworks -c -j10 -enable-batch-mode -incremental -Xcc -ivfsstatcache -Xcc /Users/admin/builder/spi-builder-workspace/.derivedData/SDKStatCaches.noindex/macosx27.0-26A425-e829b21a6f8c9b70876ba0858053c0446a22442a12e9d48fe1a705f55a1adfc4.sdkstatcache -output-file-map /Users/admin/builder/spi-builder-workspace/.derivedData/Build/Intermediates.noindex/PerfectMustache.build/Debug/PerfectMustache-t.build/Objects-normal/arm64/PerfectMustache-OutputFileMap.json -save-temps -no-color-diagnostics -emit-dependencies -emit-module -emit-module-path /Users/admin/builder/spi-builder-workspace/.derivedData/Build/Intermediates.noindex/PerfectMustache.build/Debug/PerfectMustache-t.build/Objects-normal/arm64/PerfectMustache.swiftmodule -serialize-diagnostics -validate-clang-modules-once -clang-build-session-file /Users/admin/builder/spi-builder-workspace/.derivedData/ModuleCache.noindex/Session.modulevalidation -Xcc -fmodules-prune-interval\=86400 -Xcc -fmodules-prune-after\=345600 -emit-const-values -const-gather-protocols-list /Users/admin/builder/spi-builder-workspace/.derivedData/Build/Intermediates.noindex/PerfectMustache.build/Debug/PerfectMustache-t.build/Objects-normal/arm64/PerfectMustache_const_extract_protocols.json -Xcc -I/Users/admin/builder/spi-builder-workspace/.dependencies/checkouts/Perfect-COpenSSL/COpenSSL/include -Xcc -I/Users/admin/builder/spi-builder-workspace/.derivedData/Build/Products/Debug/include -Xcc -I/Users/admin/builder/spi-builder-workspace/.derivedData/Build/Intermediates.noindex/PerfectMustache.build/Debug/PerfectMustache-t.build/DerivedSources-normal/arm64 -Xcc -I/Users/admin/builder/spi-builder-workspace/.derivedData/Build/Intermediates.noindex/PerfectMustache.build/Debug/PerfectMustache-t.build/DerivedSources/arm64 -Xcc -I/Users/admin/builder/spi-builder-workspace/.derivedData/Build/Intermediates.noindex/PerfectMustache.build/Debug/PerfectMustache-t.build/DerivedSources -Xcc -DSWIFT_PACKAGE -Xcc -DDEBUG\=1 -emit-objc-header -emit-objc-header-path /Users/admin/builder/spi-builder-workspace/.derivedData/Build/Intermediates.noindex/PerfectMustache.build/Debug/PerfectMustache-t.build/Objects-normal/arm64/PerfectMustache-Swift.h -working-directory /Users/admin/builder/spi-builder-workspace/.swiftpm/xcode -experimental-emit-module-separately -disable-cmo
SwiftCompile normal arm64 Compiling\ HTTPServerEx.swift /Users/admin/builder/spi-builder-workspace/.dependencies/checkouts/Perfect-HTTPServer/Sources/PerfectHTTPServer/HTTPServerEx.swift (in target 'PerfectHTTPServer' from project 'PerfectHTTPServer')
SwiftCompile normal arm64 /Users/admin/builder/spi-builder-workspace/.dependencies/checkouts/Perfect-HTTPServer/Sources/PerfectHTTPServer/HTTPServerEx.swift (in target 'PerfectHTTPServer' from project 'PerfectHTTPServer')
cd /Users/admin/builder/spi-builder-workspace/.swiftpm/xcode
builtin-SwiftPerFileCompile HTTPServerEx.swift
SwiftDriverJobDiscovery normal arm64 Compiling HTTPServerExConfig.swift (in target 'PerfectHTTPServer' from project 'PerfectHTTPServer')
ExtractAppIntentsMetadata (in target 'PerfectNet' from project 'PerfectNet')
cd /Users/admin/builder/spi-builder-workspace/.dependencies/checkouts/Perfect-Net
/Applications/Xcode-27.0.0-Release.Candidate.app/Contents/Developer/Toolchains/XcodeDefault.xctoolchain/usr/bin/appintentsmetadataprocessor --toolchain-dir /var/run/com.apple.security.cryptexd/mnt/com.apple.MobileAsset.MetalToolchain-v27.1.266.1.blW8ch/Metal.xctoolchain --module-name PerfectNet --sdk-root /Applications/Xcode-27.0.0-Release.Candidate.app/Contents/Developer/Platforms/MacOSX.platform/Developer/SDKs/MacOSX27.0.sdk --xcode-version 27A266a --platform-family macOS --deployment-target 12.0 --bundle-identifier perfect-net.PerfectNet --output /Users/admin/builder/spi-builder-workspace/.derivedData/Build/Products/Debug/PerfectNet.appintents --target-triple arm64-apple-macos12.0 --binary-file /Users/admin/builder/spi-builder-workspace/.derivedData/Build/Products/Debug/PerfectNet.o --dependency-file /Users/admin/builder/spi-builder-workspace/.derivedData/Build/Intermediates.noindex/PerfectNet.build/Debug/PerfectNet-t.build/Objects-normal/arm64/PerfectNet_dependency_info.dat --stringsdata-file /Users/admin/builder/spi-builder-workspace/.derivedData/Build/Intermediates.noindex/PerfectNet.build/Debug/PerfectNet-t.build/Objects-normal/arm64/ExtractedAppShortcutsMetadata.stringsdata --source-file-list /Users/admin/builder/spi-builder-workspace/.derivedData/Build/Intermediates.noindex/PerfectNet.build/Debug/PerfectNet-t.build/Objects-normal/arm64/PerfectNet.SwiftFileList --metadata-file-list /Users/admin/builder/spi-builder-workspace/.derivedData/Build/Intermediates.noindex/PerfectNet.build/Debug/PerfectNet-t.build/PerfectNet.DependencyMetadataFileList --static-metadata-file-list /Users/admin/builder/spi-builder-workspace/.derivedData/Build/Intermediates.noindex/PerfectNet.build/Debug/PerfectNet-t.build/PerfectNet.DependencyStaticMetadataFileList --swift-const-vals-list /Users/admin/builder/spi-builder-workspace/.derivedData/Build/Intermediates.noindex/PerfectNet.build/Debug/PerfectNet-t.build/Objects-normal/arm64/PerfectNet.SwiftConstValuesFileList --force --compile-time-extraction --deployment-aware-processing --no-app-shortcuts-localization
2026-09-16 22:22:46.007 appintentsmetadataprocessor[1603:7766] Starting appintentsmetadataprocessor export
2026-09-16 22:22:46.082 appintentsmetadataprocessor[1603:7766] Extracted no relevant App Intents symbols, skipping writing output
SwiftDriverJobDiscovery normal arm64 Compiling HTTP2SessionSettings.swift, HTTPContentCompression.swift (in target 'PerfectHTTPServer' from project 'PerfectHTTPServer')
SwiftDriver Pjango normal arm64 com.apple.xcode.tools.swift.compiler (in target 'Pjango' from project 'Pjango')
cd /Users/admin/builder/spi-builder-workspace/.swiftpm/xcode
builtin-SwiftDriver -- /Applications/Xcode-27.0.0-Release.Candidate.app/Contents/Developer/Toolchains/XcodeDefault.xctoolchain/usr/bin/swiftc -parse-as-library -module-name Pjango -Onone @/Users/admin/builder/spi-builder-workspace/.derivedData/Build/Intermediates.noindex/Pjango.build/Debug/Pjango-t.build/Objects-normal/arm64/Pjango.SwiftFileList -DSWIFT_PACKAGE -DDEBUG -DSWIFT_MODULE_RESOURCE_BUNDLE_UNAVAILABLE -Xcc -fmodule-map-file\=/Users/admin/builder/spi-builder-workspace/.dependencies/checkouts/Perfect-CZlib-src/PerfectCZlib/include/module.modulemap -Xcc -fmodule-map-file\=/Users/admin/builder/spi-builder-workspace/.dependencies/checkouts/Perfect-HTTPServer/Sources/PerfectCHTTPParser/include/module.modulemap -Xcc -fmodule-map-file\=/Users/admin/builder/spi-builder-workspace/.dependencies/checkouts/Perfect-COpenSSL/COpenSSL/include/module.modulemap -DXcode -plugin-path /Applications/Xcode-27.0.0-Release.Candidate.app/Contents/Developer/Toolchains/XcodeDefault.xctoolchain/usr/lib/swift/host/plugins/testing -enable-experimental-feature DebugDescriptionMacro -sdk /Applications/Xcode-27.0.0-Release.Candidate.app/Contents/Developer/Platforms/MacOSX.platform/Developer/SDKs/MacOSX27.0.sdk -target arm64-apple-macos12.0 -g -module-cache-path /Users/admin/builder/spi-builder-workspace/.derivedData/ModuleCache.noindex -Xfrontend -serialize-debugging-options -enable-testing -suppress-warnings -index-store-path /Users/admin/builder/spi-builder-workspace/.derivedData/Index.noindex/DataStore -Xcc -D_LIBCPP_HARDENING_MODE\=_LIBCPP_HARDENING_MODE_DEBUG -swift-version 4.2 -I /Users/admin/builder/spi-builder-workspace/.derivedData/Build/Products/Debug -Isystem /Applications/Xcode-27.0.0-Release.Candidate.app/Contents/Developer/Platforms/MacOSX.platform/Developer/usr/lib -F /Users/admin/builder/spi-builder-workspace/.derivedData/Build/Products/Debug/PackageFrameworks -F /Users/admin/builder/spi-builder-workspace/.derivedData/Build/Products/Debug -F /Applications/Xcode-27.0.0-Release.Candidate.app/Contents/Developer/Platforms/MacOSX.platform/Developer/Library/Frameworks -c -j10 -enable-batch-mode -incremental -Xcc -ivfsstatcache -Xcc /Users/admin/builder/spi-builder-workspace/.derivedData/SDKStatCaches.noindex/macosx27.0-26A425-e829b21a6f8c9b70876ba0858053c0446a22442a12e9d48fe1a705f55a1adfc4.sdkstatcache -output-file-map /Users/admin/builder/spi-builder-workspace/.derivedData/Build/Intermediates.noindex/Pjango.build/Debug/Pjango-t.build/Objects-normal/arm64/Pjango-OutputFileMap.json -save-temps -no-color-diagnostics -emit-dependencies -emit-module -emit-module-path /Users/admin/builder/spi-builder-workspace/.derivedData/Build/Intermediates.noindex/Pjango.build/Debug/Pjango-t.build/Objects-normal/arm64/Pjango.swiftmodule -serialize-diagnostics -validate-clang-modules-once -clang-build-session-file /Users/admin/builder/spi-builder-workspace/.derivedData/ModuleCache.noindex/Session.modulevalidation -Xcc -fmodules-prune-interval\=86400 -Xcc -fmodules-prune-after\=345600 -emit-const-values -const-gather-protocols-list /Users/admin/builder/spi-builder-workspace/.derivedData/Build/Intermediates.noindex/Pjango.build/Debug/Pjango-t.build/Objects-normal/arm64/Pjango_const_extract_protocols.json -Xcc -I/Users/admin/builder/spi-builder-workspace/.dependencies/checkouts/Perfect-CZlib-src/PerfectCZlib/include -Xcc -I/Users/admin/builder/spi-builder-workspace/.dependencies/checkouts/Perfect-HTTPServer/Sources/PerfectCHTTPParser/include -Xcc -I/Users/admin/builder/spi-builder-workspace/.dependencies/checkouts/Perfect-COpenSSL/COpenSSL/include -Xcc -I/Users/admin/builder/spi-builder-workspace/.derivedData/Build/Products/Debug/include -Xcc -I/Users/admin/builder/spi-builder-workspace/.derivedData/Build/Intermediates.noindex/Pjango.build/Debug/Pjango-t.build/DerivedSources-normal/arm64 -Xcc -I/Users/admin/builder/spi-builder-workspace/.derivedData/Build/Intermediates.noindex/Pjango.build/Debug/Pjango-t.build/DerivedSources/arm64 -Xcc -I/Users/admin/builder/spi-builder-workspace/.derivedData/Build/Intermediates.noindex/Pjango.build/Debug/Pjango-t.build/DerivedSources -Xcc -DSWIFT_PACKAGE -Xcc -DDEBUG\=1 -emit-objc-header -emit-objc-header-path /Users/admin/builder/spi-builder-workspace/.derivedData/Build/Intermediates.noindex/Pjango.build/Debug/Pjango-t.build/Objects-normal/arm64/Pjango-Swift.h -working-directory /Users/admin/builder/spi-builder-workspace/.swiftpm/xcode -experimental-emit-module-separately -disable-cmo
SwiftDriverJobDiscovery normal arm64 Compiling HTTP2Response.swift, HTTP2Session.swift (in target 'PerfectHTTPServer' from project 'PerfectHTTPServer')
SwiftDriver PerfectCURL normal arm64 com.apple.xcode.tools.swift.compiler (in target 'PerfectCURL' from project 'PerfectCURL')
cd /Users/admin/builder/spi-builder-workspace/.swiftpm/xcode
builtin-SwiftDriver -- /Applications/Xcode-27.0.0-Release.Candidate.app/Contents/Developer/Toolchains/XcodeDefault.xctoolchain/usr/bin/swiftc -parse-as-library -module-name PerfectCURL -Onone @/Users/admin/builder/spi-builder-workspace/.derivedData/Build/Intermediates.noindex/PerfectCURL.build/Debug/PerfectCURL-t.build/Objects-normal/arm64/PerfectCURL.SwiftFileList -DSWIFT_PACKAGE -DDEBUG -DSWIFT_MODULE_RESOURCE_BUNDLE_UNAVAILABLE -Xcc -fmodule-map-file\=/Users/admin/builder/spi-builder-workspace/.dependencies/checkouts/Perfect-COpenSSL/COpenSSL/include/module.modulemap -Xcc -fmodule-map-file\=/Users/admin/builder/spi-builder-workspace/.dependencies/checkouts/Perfect-libcurl/module.modulemap -DXcode -plugin-path /Applications/Xcode-27.0.0-Release.Candidate.app/Contents/Developer/Toolchains/XcodeDefault.xctoolchain/usr/lib/swift/host/plugins/testing -enable-experimental-feature DebugDescriptionMacro -sdk /Applications/Xcode-27.0.0-Release.Candidate.app/Contents/Developer/Platforms/MacOSX.platform/Developer/SDKs/MacOSX27.0.sdk -target arm64-apple-macos12.0 -g -module-cache-path /Users/admin/builder/spi-builder-workspace/.derivedData/ModuleCache.noindex -Xfrontend -serialize-debugging-options -enable-testing -suppress-warnings -index-store-path /Users/admin/builder/spi-builder-workspace/.derivedData/Index.noindex/DataStore -Xcc -D_LIBCPP_HARDENING_MODE\=_LIBCPP_HARDENING_MODE_DEBUG -swift-version 4 -I /Users/admin/builder/spi-builder-workspace/.derivedData/Build/Products/Debug -Isystem /Applications/Xcode-27.0.0-Release.Candidate.app/Contents/Developer/Platforms/MacOSX.platform/Developer/usr/lib -F /Users/admin/builder/spi-builder-workspace/.derivedData/Build/Products/Debug/PackageFrameworks -F /Users/admin/builder/spi-builder-workspace/.derivedData/Build/Products/Debug -F /Applications/Xcode-27.0.0-Release.Candidate.app/Contents/Developer/Platforms/MacOSX.platform/Developer/Library/Frameworks -c -j10 -enable-batch-mode -incremental -Xcc -ivfsstatcache -Xcc /Users/admin/builder/spi-builder-workspace/.derivedData/SDKStatCaches.noindex/macosx27.0-26A425-e829b21a6f8c9b70876ba0858053c0446a22442a12e9d48fe1a705f55a1adfc4.sdkstatcache -output-file-map /Users/admin/builder/spi-builder-workspace/.derivedData/Build/Intermediates.noindex/PerfectCURL.build/Debug/PerfectCURL-t.build/Objects-normal/arm64/PerfectCURL-OutputFileMap.json -save-temps -no-color-diagnostics -emit-dependencies -emit-module -emit-module-path /Users/admin/builder/spi-builder-workspace/.derivedData/Build/Intermediates.noindex/PerfectCURL.build/Debug/PerfectCURL-t.build/Objects-normal/arm64/PerfectCURL.swiftmodule -serialize-diagnostics -validate-clang-modules-once -clang-build-session-file /Users/admin/builder/spi-builder-workspace/.derivedData/ModuleCache.noindex/Session.modulevalidation -Xcc -fmodules-prune-interval\=86400 -Xcc -fmodules-prune-after\=345600 -emit-const-values -const-gather-protocols-list /Users/admin/builder/spi-builder-workspace/.derivedData/Build/Intermediates.noindex/PerfectCURL.build/Debug/PerfectCURL-t.build/Objects-normal/arm64/PerfectCURL_const_extract_protocols.json -Xcc -I/Users/admin/builder/spi-builder-workspace/.dependencies/checkouts/Perfect-COpenSSL/COpenSSL/include -Xcc -I/Users/admin/builder/spi-builder-workspace/.derivedData/Build/Products/Debug/include -Xcc -I/Users/admin/builder/spi-builder-workspace/.derivedData/Build/Intermediates.noindex/PerfectCURL.build/Debug/PerfectCURL-t.build/DerivedSources-normal/arm64 -Xcc -I/Users/admin/builder/spi-builder-workspace/.derivedData/Build/Intermediates.noindex/PerfectCURL.build/Debug/PerfectCURL-t.build/DerivedSources/arm64 -Xcc -I/Users/admin/builder/spi-builder-workspace/.derivedData/Build/Intermediates.noindex/PerfectCURL.build/Debug/PerfectCURL-t.build/DerivedSources -Xcc -DSWIFT_PACKAGE -Xcc -DDEBUG\=1 -emit-objc-header -emit-objc-header-path /Users/admin/builder/spi-builder-workspace/.derivedData/Build/Intermediates.noindex/PerfectCURL.build/Debug/PerfectCURL-t.build/Objects-normal/arm64/PerfectCURL-Swift.h -working-directory /Users/admin/builder/spi-builder-workspace/.swiftpm/xcode -experimental-emit-module-separately -disable-cmo
SwiftDriverJobDiscovery normal arm64 Compiling MimeType.swift (in target 'PerfectHTTP' from project 'PerfectHTTP')
SwiftDriver\ Compilation PerfectHTTP normal arm64 com.apple.xcode.tools.swift.compiler (in target 'PerfectHTTP' from project 'PerfectHTTP')
cd /Users/admin/builder/spi-builder-workspace/.swiftpm/xcode
builtin-Swift-Compilation -- /Applications/Xcode-27.0.0-Release.Candidate.app/Contents/Developer/Toolchains/XcodeDefault.xctoolchain/usr/bin/swiftc -parse-as-library -module-name PerfectHTTP -Onone @/Users/admin/builder/spi-builder-workspace/.derivedData/Build/Intermediates.noindex/PerfectHTTP.build/Debug/PerfectHTTP-t.build/Objects-normal/arm64/PerfectHTTP.SwiftFileList -DSWIFT_PACKAGE -DDEBUG -DSWIFT_MODULE_RESOURCE_BUNDLE_UNAVAILABLE -Xcc -fmodule-map-file\=/Users/admin/builder/spi-builder-workspace/.dependencies/checkouts/Perfect-COpenSSL/COpenSSL/include/module.modulemap -DXcode -plugin-path /Applications/Xcode-27.0.0-Release.Candidate.app/Contents/Developer/Toolchains/XcodeDefault.xctoolchain/usr/lib/swift/host/plugins/testing -enable-experimental-feature DebugDescriptionMacro -sdk /Applications/Xcode-27.0.0-Release.Candidate.app/Contents/Developer/Platforms/MacOSX.platform/Developer/SDKs/MacOSX27.0.sdk -target arm64-apple-macos12.0 -g -module-cache-path /Users/admin/builder/spi-builder-workspace/.derivedData/ModuleCache.noindex -Xfrontend -serialize-debugging-options -enable-testing -suppress-warnings -index-store-path /Users/admin/builder/spi-builder-workspace/.derivedData/Index.noindex/DataStore -Xcc -D_LIBCPP_HARDENING_MODE\=_LIBCPP_HARDENING_MODE_DEBUG -swift-version 4 -I /Users/admin/builder/spi-builder-workspace/.derivedData/Build/Products/Debug -Isystem /Applications/Xcode-27.0.0-Release.Candidate.app/Contents/Developer/Platforms/MacOSX.platform/Developer/usr/lib -F /Users/admin/builder/spi-builder-workspace/.derivedData/Build/Products/Debug/PackageFrameworks -F /Users/admin/builder/spi-builder-workspace/.derivedData/Build/Products/Debug -F /Applications/Xcode-27.0.0-Release.Candidate.app/Contents/Developer/Platforms/MacOSX.platform/Developer/Library/Frameworks -c -j10 -enable-batch-mode -incremental -Xcc -ivfsstatcache -Xcc /Users/admin/builder/spi-builder-workspace/.derivedData/SDKStatCaches.noindex/macosx27.0-26A425-e829b21a6f8c9b70876ba0858053c0446a22442a12e9d48fe1a705f55a1adfc4.sdkstatcache -output-file-map /Users/admin/builder/spi-builder-workspace/.derivedData/Build/Intermediates.noindex/PerfectHTTP.build/Debug/PerfectHTTP-t.build/Objects-normal/arm64/PerfectHTTP-OutputFileMap.json -save-temps -no-color-diagnostics -emit-dependencies -emit-module -emit-module-path /Users/admin/builder/spi-builder-workspace/.derivedData/Build/Intermediates.noindex/PerfectHTTP.build/Debug/PerfectHTTP-t.build/Objects-normal/arm64/PerfectHTTP.swiftmodule -serialize-diagnostics -validate-clang-modules-once -clang-build-session-file /Users/admin/builder/spi-builder-workspace/.derivedData/ModuleCache.noindex/Session.modulevalidation -Xcc -fmodules-prune-interval\=86400 -Xcc -fmodules-prune-after\=345600 -emit-const-values -const-gather-protocols-list /Users/admin/builder/spi-builder-workspace/.derivedData/Build/Intermediates.noindex/PerfectHTTP.build/Debug/PerfectHTTP-t.build/Objects-normal/arm64/PerfectHTTP_const_extract_protocols.json -Xcc -I/Users/admin/builder/spi-builder-workspace/.dependencies/checkouts/Perfect-COpenSSL/COpenSSL/include -Xcc -I/Users/admin/builder/spi-builder-workspace/.derivedData/Build/Products/Debug/include -Xcc -I/Users/admin/builder/spi-builder-workspace/.derivedData/Build/Intermediates.noindex/PerfectHTTP.build/Debug/PerfectHTTP-t.build/DerivedSources-normal/arm64 -Xcc -I/Users/admin/builder/spi-builder-workspace/.derivedData/Build/Intermediates.noindex/PerfectHTTP.build/Debug/PerfectHTTP-t.build/DerivedSources/arm64 -Xcc -I/Users/admin/builder/spi-builder-workspace/.derivedData/Build/Intermediates.noindex/PerfectHTTP.build/Debug/PerfectHTTP-t.build/DerivedSources -Xcc -DSWIFT_PACKAGE -Xcc -DDEBUG\=1 -emit-objc-header -emit-objc-header-path /Users/admin/builder/spi-builder-workspace/.derivedData/Build/Intermediates.noindex/PerfectHTTP.build/Debug/PerfectHTTP-t.build/Objects-normal/arm64/PerfectHTTP-Swift.h -working-directory /Users/admin/builder/spi-builder-workspace/.swiftpm/xcode -experimental-emit-module-separately -disable-cmo
SwiftEmitModule normal arm64 Emitting\ module\ for\ Pjango (in target 'Pjango' from project 'Pjango')
<module-includes>:1:9: note: in file included from <module-includes>:1:
1 | #import "czlib.h"
| `- note: in file included from <module-includes>:1:
2 |
/Users/admin/builder/spi-builder-workspace/.dependencies/checkouts/Perfect-CZlib-src/PerfectCZlib/include/czlib.h:4:10: note: in file included from /Users/admin/builder/spi-builder-workspace/.dependencies/checkouts/Perfect-CZlib-src/PerfectCZlib/include/czlib.h:4:
2 | #include "../zconf.h"
3 | #include "../zlib.h"
4 | #include "../zutil.h"
| `- note: in file included from /Users/admin/builder/spi-builder-workspace/.dependencies/checkouts/Perfect-CZlib-src/PerfectCZlib/include/czlib.h:4:
5 | #include "../inftrees.h"
6 |
SwiftCompile normal arm64 (in target 'Pjango' from project 'Pjango')
cd /Users/admin/builder/spi-builder-workspace/.swiftpm/xcode
SwiftCompile normal arm64 Compiling\ PCDataBase.swift,\ PCDataBaseConfig.swift,\ PCDataBaseField.swift /Users/admin/builder/spi-builder-workspace/.dependencies/checkouts/Pjango/Source/Pjango/DB/PCDataBase.swift /Users/admin/builder/spi-builder-workspace/.dependencies/checkouts/Pjango/Source/Pjango/DB/PCDataBaseConfig.swift /Users/admin/builder/spi-builder-workspace/.dependencies/checkouts/Pjango/Source/Pjango/DB/PCDataBaseField.swift (in target 'Pjango' from project 'Pjango')
SwiftCompile normal arm64 /Users/admin/builder/spi-builder-workspace/.dependencies/checkouts/Pjango/Source/Pjango/DB/PCDataBase.swift (in target 'Pjango' from project 'Pjango')
cd /Users/admin/builder/spi-builder-workspace/.swiftpm/xcode
builtin-SwiftPerFileCompile PCDataBase.swift
SwiftCompile normal arm64 /Users/admin/builder/spi-builder-workspace/.dependencies/checkouts/Pjango/Source/Pjango/DB/PCDataBaseConfig.swift (in target 'Pjango' from project 'Pjango')
cd /Users/admin/builder/spi-builder-workspace/.swiftpm/xcode
builtin-SwiftPerFileCompile PCDataBaseConfig.swift
SwiftCompile normal arm64 /Users/admin/builder/spi-builder-workspace/.dependencies/checkouts/Pjango/Source/Pjango/DB/PCDataBaseField.swift (in target 'Pjango' from project 'Pjango')
cd /Users/admin/builder/spi-builder-workspace/.swiftpm/xcode
builtin-SwiftPerFileCompile PCDataBaseField.swift
SwiftCompile normal arm64 Compiling\ PCFileDBConfig.swift,\ PCFileDBDataBase.swift,\ PCFileDBUtility.swift /Users/admin/builder/spi-builder-workspace/.dependencies/checkouts/Pjango/Source/Pjango/DB/PCFileDBConfig.swift /Users/admin/builder/spi-builder-workspace/.dependencies/checkouts/Pjango/Source/Pjango/DB/PCFileDBDataBase.swift /Users/admin/builder/spi-builder-workspace/.dependencies/checkouts/Pjango/Source/Pjango/DB/PCFileDBUtility.swift (in target 'Pjango' from project 'Pjango')
SwiftCompile normal arm64 /Users/admin/builder/spi-builder-workspace/.dependencies/checkouts/Pjango/Source/Pjango/DB/PCFileDBConfig.swift (in target 'Pjango' from project 'Pjango')
cd /Users/admin/builder/spi-builder-workspace/.swiftpm/xcode
builtin-SwiftPerFileCompile PCFileDBConfig.swift
SwiftCompile normal arm64 /Users/admin/builder/spi-builder-workspace/.dependencies/checkouts/Pjango/Source/Pjango/DB/PCFileDBDataBase.swift (in target 'Pjango' from project 'Pjango')
cd /Users/admin/builder/spi-builder-workspace/.swiftpm/xcode
builtin-SwiftPerFileCompile PCFileDBDataBase.swift
SwiftCompile normal arm64 /Users/admin/builder/spi-builder-workspace/.dependencies/checkouts/Pjango/Source/Pjango/DB/PCFileDBUtility.swift (in target 'Pjango' from project 'Pjango')
cd /Users/admin/builder/spi-builder-workspace/.swiftpm/xcode
builtin-SwiftPerFileCompile PCFileDBUtility.swift
SwiftEmitModule normal arm64 Emitting\ module\ for\ PerfectCURL (in target 'PerfectCURL' from project 'PerfectCURL')
SwiftCompile normal arm64 (in target 'PerfectCURL' from project 'PerfectCURL')
cd /Users/admin/builder/spi-builder-workspace/.swiftpm/xcode
SwiftDriverJobDiscovery normal arm64 Compiling HTTP2Client.swift, HTTP2Frame.swift (in target 'PerfectHTTPServer' from project 'PerfectHTTPServer')
SwiftCompile normal arm64 Compiling\ PCLogFilterPlugin.swift,\ PCPlugin.swift,\ PCRunable.swift /Users/admin/builder/spi-builder-workspace/.dependencies/checkouts/Pjango/Source/Pjango/Plugin/PCLogFilterPlugin.swift /Users/admin/builder/spi-builder-workspace/.dependencies/checkouts/Pjango/Source/Pjango/Plugin/PCPlugin.swift /Users/admin/builder/spi-builder-workspace/.dependencies/checkouts/Pjango/Source/Pjango/Plugin/PCRunable.swift (in target 'Pjango' from project 'Pjango')
SwiftCompile normal arm64 /Users/admin/builder/spi-builder-workspace/.dependencies/checkouts/Pjango/Source/Pjango/Plugin/PCLogFilterPlugin.swift (in target 'Pjango' from project 'Pjango')
cd /Users/admin/builder/spi-builder-workspace/.swiftpm/xcode
builtin-SwiftPerFileCompile PCLogFilterPlugin.swift
SwiftCompile normal arm64 /Users/admin/builder/spi-builder-workspace/.dependencies/checkouts/Pjango/Source/Pjango/Plugin/PCPlugin.swift (in target 'Pjango' from project 'Pjango')
cd /Users/admin/builder/spi-builder-workspace/.swiftpm/xcode
builtin-SwiftPerFileCompile PCPlugin.swift
SwiftCompile normal arm64 /Users/admin/builder/spi-builder-workspace/.dependencies/checkouts/Pjango/Source/Pjango/Plugin/PCRunable.swift (in target 'Pjango' from project 'Pjango')
cd /Users/admin/builder/spi-builder-workspace/.swiftpm/xcode
builtin-SwiftPerFileCompile PCRunable.swift
SwiftDriverJobDiscovery normal arm64 Compiling HTTPMultiplexer.swift, HTTPServer.swift (in target 'PerfectHTTPServer' from project 'PerfectHTTPServer')
SwiftCompile normal arm64 Compiling\ PCView.swift,\ PCViewable.swift /Users/admin/builder/spi-builder-workspace/.dependencies/checkouts/Pjango/Source/Pjango/View/PCView.swift /Users/admin/builder/spi-builder-workspace/.dependencies/checkouts/Pjango/Source/Pjango/View/PCViewable.swift (in target 'Pjango' from project 'Pjango')
SwiftCompile normal arm64 /Users/admin/builder/spi-builder-workspace/.dependencies/checkouts/Pjango/Source/Pjango/View/PCView.swift (in target 'Pjango' from project 'Pjango')
cd /Users/admin/builder/spi-builder-workspace/.swiftpm/xcode
builtin-SwiftPerFileCompile PCView.swift
SwiftCompile normal arm64 /Users/admin/builder/spi-builder-workspace/.dependencies/checkouts/Pjango/Source/Pjango/View/PCViewable.swift (in target 'Pjango' from project 'Pjango')
cd /Users/admin/builder/spi-builder-workspace/.swiftpm/xcode
builtin-SwiftPerFileCompile PCViewable.swift
SwiftCompile normal arm64 Compiling\ Pjango.swift,\ Settings.swift,\ PCHTTPFilterPlugin.swift /Users/admin/builder/spi-builder-workspace/.dependencies/checkouts/Pjango/Source/Pjango/Pjango/Pjango.swift /Users/admin/builder/spi-builder-workspace/.dependencies/checkouts/Pjango/Source/Pjango/Pjango/Settings.swift /Users/admin/builder/spi-builder-workspace/.dependencies/checkouts/Pjango/Source/Pjango/Plugin/PCHTTPFilterPlugin.swift (in target 'Pjango' from project 'Pjango')
SwiftCompile normal arm64 /Users/admin/builder/spi-builder-workspace/.dependencies/checkouts/Pjango/Source/Pjango/Pjango/Pjango.swift (in target 'Pjango' from project 'Pjango')
cd /Users/admin/builder/spi-builder-workspace/.swiftpm/xcode
builtin-SwiftPerFileCompile Pjango.swift
SwiftCompile normal arm64 /Users/admin/builder/spi-builder-workspace/.dependencies/checkouts/Pjango/Source/Pjango/Pjango/Settings.swift (in target 'Pjango' from project 'Pjango')
cd /Users/admin/builder/spi-builder-workspace/.swiftpm/xcode
builtin-SwiftPerFileCompile Settings.swift
SwiftCompile normal arm64 /Users/admin/builder/spi-builder-workspace/.dependencies/checkouts/Pjango/Source/Pjango/Plugin/PCHTTPFilterPlugin.swift (in target 'Pjango' from project 'Pjango')
cd /Users/admin/builder/spi-builder-workspace/.swiftpm/xcode
builtin-SwiftPerFileCompile PCHTTPFilterPlugin.swift
SwiftDriverJobDiscovery normal arm64 Compiling HTTP11Request.swift, HTTP11Response.swift (in target 'PerfectHTTPServer' from project 'PerfectHTTPServer')
SwiftCompile normal arm64 Compiling\ PjangoRuntime.swift,\ PCUrlConfig.swift,\ Extension.swift /Users/admin/builder/spi-builder-workspace/.dependencies/checkouts/Pjango/Source/Pjango/Runtime/PjangoRuntime.swift /Users/admin/builder/spi-builder-workspace/.dependencies/checkouts/Pjango/Source/Pjango/Server/PCUrlConfig.swift /Users/admin/builder/spi-builder-workspace/.dependencies/checkouts/Pjango/Source/Pjango/Utility/Extension.swift (in target 'Pjango' from project 'Pjango')
SwiftCompile normal arm64 /Users/admin/builder/spi-builder-workspace/.dependencies/checkouts/Pjango/Source/Pjango/Runtime/PjangoRuntime.swift (in target 'Pjango' from project 'Pjango')
cd /Users/admin/builder/spi-builder-workspace/.swiftpm/xcode
builtin-SwiftPerFileCompile PjangoRuntime.swift
SwiftCompile normal arm64 /Users/admin/builder/spi-builder-workspace/.dependencies/checkouts/Pjango/Source/Pjango/Server/PCUrlConfig.swift (in target 'Pjango' from project 'Pjango')
cd /Users/admin/builder/spi-builder-workspace/.swiftpm/xcode
builtin-SwiftPerFileCompile PCUrlConfig.swift
SwiftCompile normal arm64 /Users/admin/builder/spi-builder-workspace/.dependencies/checkouts/Pjango/Source/Pjango/Utility/Extension.swift (in target 'Pjango' from project 'Pjango')
cd /Users/admin/builder/spi-builder-workspace/.swiftpm/xcode
builtin-SwiftPerFileCompile Extension.swift
SwiftDriverJobDiscovery normal arm64 Compiling HTTPServerEx.swift (in target 'PerfectHTTPServer' from project 'PerfectHTTPServer')
SwiftCompile normal arm64 Compiling\ PCTaskPlugin.swift,\ PCTimerPlugin.swift,\ PjangoDelegate.swift /Users/admin/builder/spi-builder-workspace/.dependencies/checkouts/Pjango/Source/Pjango/Plugin/PCTaskPlugin.swift /Users/admin/builder/spi-builder-workspace/.dependencies/checkouts/Pjango/Source/Pjango/Plugin/PCTimerPlugin.swift /Users/admin/builder/spi-builder-workspace/.dependencies/checkouts/Pjango/Source/Pjango/Runtime/PjangoDelegate.swift (in target 'Pjango' from project 'Pjango')
SwiftCompile normal arm64 /Users/admin/builder/spi-builder-workspace/.dependencies/checkouts/Pjango/Source/Pjango/Plugin/PCTaskPlugin.swift (in target 'Pjango' from project 'Pjango')
cd /Users/admin/builder/spi-builder-workspace/.swiftpm/xcode
builtin-SwiftPerFileCompile PCTaskPlugin.swift
SwiftCompile normal arm64 /Users/admin/builder/spi-builder-workspace/.dependencies/checkouts/Pjango/Source/Pjango/Plugin/PCTimerPlugin.swift (in target 'Pjango' from project 'Pjango')
cd /Users/admin/builder/spi-builder-workspace/.swiftpm/xcode
builtin-SwiftPerFileCompile PCTimerPlugin.swift
SwiftCompile normal arm64 /Users/admin/builder/spi-builder-workspace/.dependencies/checkouts/Pjango/Source/Pjango/Runtime/PjangoDelegate.swift (in target 'Pjango' from project 'Pjango')
cd /Users/admin/builder/spi-builder-workspace/.swiftpm/xcode
builtin-SwiftPerFileCompile PjangoDelegate.swift
SwiftDriverJobDiscovery normal arm64 Compiling HTTP2PrefaceValidator.swift, HTTP2Request.swift (in target 'PerfectHTTPServer' from project 'PerfectHTTPServer')
SwiftCompile normal arm64 Compiling\ PCLog.swift,\ PCMustacheUtility.swift,\ PCSqlUtility.swift /Users/admin/builder/spi-builder-workspace/.dependencies/checkouts/Pjango/Source/Pjango/Utility/PCLog.swift /Users/admin/builder/spi-builder-workspace/.dependencies/checkouts/Pjango/Source/Pjango/Utility/PCMustacheUtility.swift /Users/admin/builder/spi-builder-workspace/.dependencies/checkouts/Pjango/Source/Pjango/Utility/PCSqlUtility.swift (in target 'Pjango' from project 'Pjango')
SwiftCompile normal arm64 /Users/admin/builder/spi-builder-workspace/.dependencies/checkouts/Pjango/Source/Pjango/Utility/PCLog.swift (in target 'Pjango' from project 'Pjango')
cd /Users/admin/builder/spi-builder-workspace/.swiftpm/xcode
builtin-SwiftPerFileCompile PCLog.swift
SwiftCompile normal arm64 /Users/admin/builder/spi-builder-workspace/.dependencies/checkouts/Pjango/Source/Pjango/Utility/PCMustacheUtility.swift (in target 'Pjango' from project 'Pjango')
cd /Users/admin/builder/spi-builder-workspace/.swiftpm/xcode
builtin-SwiftPerFileCompile PCMustacheUtility.swift
SwiftCompile normal arm64 /Users/admin/builder/spi-builder-workspace/.dependencies/checkouts/Pjango/Source/Pjango/Utility/PCSqlUtility.swift (in target 'Pjango' from project 'Pjango')
cd /Users/admin/builder/spi-builder-workspace/.swiftpm/xcode
builtin-SwiftPerFileCompile PCSqlUtility.swift
SwiftDriverJobDiscovery normal arm64 Emitting module for PerfectCURL (in target 'PerfectCURL' from project 'PerfectCURL')
SwiftDriver\ Compilation\ Requirements PerfectCURL normal arm64 com.apple.xcode.tools.swift.compiler (in target 'PerfectCURL' from project 'PerfectCURL')
cd /Users/admin/builder/spi-builder-workspace/.swiftpm/xcode
builtin-Swift-Compilation-Requirements -- /Applications/Xcode-27.0.0-Release.Candidate.app/Contents/Developer/Toolchains/XcodeDefault.xctoolchain/usr/bin/swiftc -parse-as-library -module-name PerfectCURL -Onone @/Users/admin/builder/spi-builder-workspace/.derivedData/Build/Intermediates.noindex/PerfectCURL.build/Debug/PerfectCURL-t.build/Objects-normal/arm64/PerfectCURL.SwiftFileList -DSWIFT_PACKAGE -DDEBUG -DSWIFT_MODULE_RESOURCE_BUNDLE_UNAVAILABLE -Xcc -fmodule-map-file\=/Users/admin/builder/spi-builder-workspace/.dependencies/checkouts/Perfect-COpenSSL/COpenSSL/include/module.modulemap -Xcc -fmodule-map-file\=/Users/admin/builder/spi-builder-workspace/.dependencies/checkouts/Perfect-libcurl/module.modulemap -DXcode -plugin-path /Applications/Xcode-27.0.0-Release.Candidate.app/Contents/Developer/Toolchains/XcodeDefault.xctoolchain/usr/lib/swift/host/plugins/testing -enable-experimental-feature DebugDescriptionMacro -sdk /Applications/Xcode-27.0.0-Release.Candidate.app/Contents/Developer/Platforms/MacOSX.platform/Developer/SDKs/MacOSX27.0.sdk -target arm64-apple-macos12.0 -g -module-cache-path /Users/admin/builder/spi-builder-workspace/.derivedData/ModuleCache.noindex -Xfrontend -serialize-debugging-options -enable-testing -suppress-warnings -index-store-path /Users/admin/builder/spi-builder-workspace/.derivedData/Index.noindex/DataStore -Xcc -D_LIBCPP_HARDENING_MODE\=_LIBCPP_HARDENING_MODE_DEBUG -swift-version 4 -I /Users/admin/builder/spi-builder-workspace/.derivedData/Build/Products/Debug -Isystem /Applications/Xcode-27.0.0-Release.Candidate.app/Contents/Developer/Platforms/MacOSX.platform/Developer/usr/lib -F /Users/admin/builder/spi-builder-workspace/.derivedData/Build/Products/Debug/PackageFrameworks -F /Users/admin/builder/spi-builder-workspace/.derivedData/Build/Products/Debug -F /Applications/Xcode-27.0.0-Release.Candidate.app/Contents/Developer/Platforms/MacOSX.platform/Developer/Library/Frameworks -c -j10 -enable-batch-mode -incremental -Xcc -ivfsstatcache -Xcc /Users/admin/builder/spi-builder-workspace/.derivedData/SDKStatCaches.noindex/macosx27.0-26A425-e829b21a6f8c9b70876ba0858053c0446a22442a12e9d48fe1a705f55a1adfc4.sdkstatcache -output-file-map /Users/admin/builder/spi-builder-workspace/.derivedData/Build/Intermediates.noindex/PerfectCURL.build/Debug/PerfectCURL-t.build/Objects-normal/arm64/PerfectCURL-OutputFileMap.json -save-temps -no-color-diagnostics -emit-dependencies -emit-module -emit-module-path /Users/admin/builder/spi-builder-workspace/.derivedData/Build/Intermediates.noindex/PerfectCURL.build/Debug/PerfectCURL-t.build/Objects-normal/arm64/PerfectCURL.swiftmodule -serialize-diagnostics -validate-clang-modules-once -clang-build-session-file /Users/admin/builder/spi-builder-workspace/.derivedData/ModuleCache.noindex/Session.modulevalidation -Xcc -fmodules-prune-interval\=86400 -Xcc -fmodules-prune-after\=345600 -emit-const-values -const-gather-protocols-list /Users/admin/builder/spi-builder-workspace/.derivedData/Build/Intermediates.noindex/PerfectCURL.build/Debug/PerfectCURL-t.build/Objects-normal/arm64/PerfectCURL_const_extract_protocols.json -Xcc -I/Users/admin/builder/spi-builder-workspace/.dependencies/checkouts/Perfect-COpenSSL/COpenSSL/include -Xcc -I/Users/admin/builder/spi-builder-workspace/.derivedData/Build/Products/Debug/include -Xcc -I/Users/admin/builder/spi-builder-workspace/.derivedData/Build/Intermediates.noindex/PerfectCURL.build/Debug/PerfectCURL-t.build/DerivedSources-normal/arm64 -Xcc -I/Users/admin/builder/spi-builder-workspace/.derivedData/Build/Intermediates.noindex/PerfectCURL.build/Debug/PerfectCURL-t.build/DerivedSources/arm64 -Xcc -I/Users/admin/builder/spi-builder-workspace/.derivedData/Build/Intermediates.noindex/PerfectCURL.build/Debug/PerfectCURL-t.build/DerivedSources -Xcc -DSWIFT_PACKAGE -Xcc -DDEBUG\=1 -emit-objc-header -emit-objc-header-path /Users/admin/builder/spi-builder-workspace/.derivedData/Build/Intermediates.noindex/PerfectCURL.build/Debug/PerfectCURL-t.build/Objects-normal/arm64/PerfectCURL-Swift.h -working-directory /Users/admin/builder/spi-builder-workspace/.swiftpm/xcode -experimental-emit-module-separately -disable-cmo
SwiftDriverJobDiscovery normal arm64 Compiling PCTaskPlugin.swift, PCTimerPlugin.swift, PjangoDelegate.swift (in target 'Pjango' from project 'Pjango')
SwiftCompile normal arm64 Compiling\ PCDetailView.swift,\ PCListView.swift /Users/admin/builder/spi-builder-workspace/.dependencies/checkouts/Pjango/Source/Pjango/View/PCDetailView.swift /Users/admin/builder/spi-builder-workspace/.dependencies/checkouts/Pjango/Source/Pjango/View/PCListView.swift (in target 'Pjango' from project 'Pjango')
SwiftCompile normal arm64 /Users/admin/builder/spi-builder-workspace/.dependencies/checkouts/Pjango/Source/Pjango/View/PCDetailView.swift (in target 'Pjango' from project 'Pjango')
cd /Users/admin/builder/spi-builder-workspace/.swiftpm/xcode
builtin-SwiftPerFileCompile PCDetailView.swift
SwiftCompile normal arm64 /Users/admin/builder/spi-builder-workspace/.dependencies/checkouts/Pjango/Source/Pjango/View/PCListView.swift (in target 'Pjango' from project 'Pjango')
cd /Users/admin/builder/spi-builder-workspace/.swiftpm/xcode
builtin-SwiftPerFileCompile PCListView.swift
SwiftCompile normal arm64 Compiling\ PCModel.swift,\ PCObject.swift,\ Global.swift /Users/admin/builder/spi-builder-workspace/.dependencies/checkouts/Pjango/Source/Pjango/Model/PCModel.swift /Users/admin/builder/spi-builder-workspace/.dependencies/checkouts/Pjango/Source/Pjango/Model/PCObject.swift /Users/admin/builder/spi-builder-workspace/.dependencies/checkouts/Pjango/Source/Pjango/Pjango/Global.swift (in target 'Pjango' from project 'Pjango')
SwiftCompile normal arm64 /Users/admin/builder/spi-builder-workspace/.dependencies/checkouts/Pjango/Source/Pjango/Model/PCModel.swift (in target 'Pjango' from project 'Pjango')
cd /Users/admin/builder/spi-builder-workspace/.swiftpm/xcode
builtin-SwiftPerFileCompile PCModel.swift
SwiftCompile normal arm64 /Users/admin/builder/spi-builder-workspace/.dependencies/checkouts/Pjango/Source/Pjango/Model/PCObject.swift (in target 'Pjango' from project 'Pjango')
cd /Users/admin/builder/spi-builder-workspace/.swiftpm/xcode
builtin-SwiftPerFileCompile PCObject.swift
SwiftCompile normal arm64 /Users/admin/builder/spi-builder-workspace/.dependencies/checkouts/Pjango/Source/Pjango/Pjango/Global.swift (in target 'Pjango' from project 'Pjango')
cd /Users/admin/builder/spi-builder-workspace/.swiftpm/xcode
builtin-SwiftPerFileCompile Global.swift
SwiftCompile normal arm64 Compiling\ CURLRequestOptions.swift /Users/admin/builder/spi-builder-workspace/.dependencies/checkouts/Perfect-CURL/Sources/PerfectCURL/CURLRequestOptions.swift (in target 'PerfectCURL' from project 'PerfectCURL')
/Users/admin/builder/spi-builder-workspace/.dependencies/checkouts/Perfect-CURL/Sources/PerfectCURL/CURLRequestOptions.swift:126:19: error: cannot find 'CURLOPT_FTP_RESPONSE_TIMEOUT' in scope
124 | curl.setOption(CURLOPT_FTPPORT, s: optString)
125 | case .ftpResponseTimeout(let optInt):
126 | curl.setOption(CURLOPT_FTP_RESPONSE_TIMEOUT, int: optInt)
| `- error: cannot find 'CURLOPT_FTP_RESPONSE_TIMEOUT' in scope
127 | case .sshPublicKey(let optString):
128 | curl.setOption(CURLOPT_SSH_PUBLIC_KEYFILE, s: optString)
Failed frontend command:
/Applications/Xcode-27.0.0-Release.Candidate.app/Contents/Developer/Toolchains/XcodeDefault.xctoolchain/usr/bin/swift-frontend -frontend -c /Users/admin/builder/spi-builder-workspace/.dependencies/checkouts/Perfect-CURL/Sources/PerfectCURL/CURLRequest.swift -primary-file /Users/admin/builder/spi-builder-workspace/.dependencies/checkouts/Perfect-CURL/Sources/PerfectCURL/CURLRequestOptions.swift /Users/admin/builder/spi-builder-workspace/.dependencies/checkouts/Perfect-CURL/Sources/PerfectCURL/CURLResponse.swift /Users/admin/builder/spi-builder-workspace/.dependencies/checkouts/Perfect-CURL/Sources/PerfectCURL/CURLResponseInfos.swift /Users/admin/builder/spi-builder-workspace/.dependencies/checkouts/Perfect-CURL/Sources/PerfectCURL/cURL.swift -emit-dependencies-path /Users/admin/builder/spi-builder-workspace/.derivedData/Build/Intermediates.noindex/PerfectCURL.build/Debug/PerfectCURL-t.build/Objects-normal/arm64/CURLRequestOptions.d -emit-const-values-path /Users/admin/builder/spi-builder-workspace/.derivedData/Build/Intermediates.noindex/PerfectCURL.build/Debug/PerfectCURL-t.build/Objects-normal/arm64/CURLRequestOptions.swiftconstvalues -emit-reference-dependencies-path /Users/admin/builder/spi-builder-workspace/.derivedData/Build/Intermediates.noindex/PerfectCURL.build/Debug/PerfectCURL-t.build/Objects-normal/arm64/CURLRequestOptions.swiftdeps -serialize-diagnostics-path /Users/admin/builder/spi-builder-workspace/.derivedData/Build/Intermediates.noindex/PerfectCURL.build/Debug/PerfectCURL-t.build/Objects-normal/arm64/CURLRequestOptions.dia -target arm64-apple-macos12.0 -Xllvm -aarch64-use-tbi -enable-objc-interop -stack-check -sdk /Applications/Xcode-27.0.0-Release.Candidate.app/Contents/Developer/Platforms/MacOSX.platform/Developer/SDKs/MacOSX27.0.sdk -I /Users/admin/builder/spi-builder-workspace/.derivedData/Build/Products/Debug -Isystem /Applications/Xcode-27.0.0-Release.Candidate.app/Contents/Developer/Platforms/MacOSX.platform/Developer/usr/lib -F /Users/admin/builder/spi-builder-workspace/.derivedData/Build/Products/Debug/PackageFrameworks -F /Users/admin/builder/spi-builder-workspace/.derivedData/Build/Products/Debug -F /Applications/Xcode-27.0.0-Release.Candidate.app/Contents/Developer/Platforms/MacOSX.platform/Developer/Library/Frameworks -module-cache-path /Users/admin/builder/spi-builder-workspace/.derivedData/ModuleCache.noindex -no-color-diagnostics -Xcc -fno-color-diagnostics -enable-testing -g -debug-info-format\=dwarf -dwarf-version\=4 -suppress-warnings -swift-version 4 -Onone -D SWIFT_PACKAGE -D DEBUG -D SWIFT_MODULE_RESOURCE_BUNDLE_UNAVAILABLE -D Xcode -serialize-debugging-options -enable-experimental-feature DebugDescriptionMacro -empty-abi-descriptor -plugin-path /Applications/Xcode-27.0.0-Release.Candidate.app/Contents/Developer/Toolchains/XcodeDefault.xctoolchain/usr/lib/swift/host/plugins/testing -validate-clang-modules-once -clang-build-session-file /Users/admin/builder/spi-builder-workspace/.derivedData/ModuleCache.noindex/Session.modulevalidation -Xcc -working-directory -Xcc /Users/admin/builder/spi-builder-workspace/.swiftpm/xcode -enable-anonymous-context-mangled-names -file-compilation-dir /Users/admin/builder/spi-builder-workspace/.swiftpm/xcode -Xcc -fmodule-map-file\=/Users/admin/builder/spi-builder-workspace/.dependencies/checkouts/Perfect-COpenSSL/COpenSSL/include/module.modulemap -Xcc -fmodule-map-file\=/Users/admin/builder/spi-builder-workspace/.dependencies/checkouts/Perfect-libcurl/module.modulemap -Xcc -D_LIBCPP_HARDENING_MODE\=_LIBCPP_HARDENING_MODE_DEBUG -Xcc -ivfsstatcache -Xcc /Users/admin/builder/spi-builder-workspace/.derivedData/SDKStatCaches.noindex/macosx27.0-26A425-e829b21a6f8c9b70876ba0858053c0446a22442a12e9d48fe1a705f55a1adfc4.sdkstatcache -Xcc -fmodules-prune-interval\=86400 -Xcc -fmodules-prune-after\=345600 -Xcc -I/Users/admin/builder/spi-builder-workspace/.dependencies/checkouts/Perfect-COpenSSL/COpenSSL/include -Xcc -I/Users/admin/builder/spi-builder-workspace/.derivedData/Build/Products/Debug/include -Xcc -I/Users/admin/builder/spi-builder-workspace/.derivedData/Build/Intermediates.noindex/PerfectCURL.build/Debug/PerfectCURL-t.build/DerivedSources-normal/arm64 -Xcc -I/Users/admin/builder/spi-builder-workspace/.derivedData/Build/Intermediates.noindex/PerfectCURL.build/Debug/PerfectCURL-t.build/DerivedSources/arm64 -Xcc -I/Users/admin/builder/spi-builder-workspace/.derivedData/Build/Intermediates.noindex/PerfectCURL.build/Debug/PerfectCURL-t.build/DerivedSources -Xcc -DSWIFT_PACKAGE -Xcc -DDEBUG\=1 -no-auto-bridging-header-chaining -module-name PerfectCURL -const-gather-protocols-file /Users/admin/builder/spi-builder-workspace/.derivedData/Build/Intermediates.noindex/PerfectCURL.build/Debug/PerfectCURL-t.build/Objects-normal/arm64/PerfectCURL_const_extract_protocols.json -disable-clang-spi -target-sdk-version 27.0 -target-sdk-name macosx27.0 -external-plugin-path /Applications/Xcode-27.0.0-Release.Candidate.app/Contents/Developer/Platforms/MacOSX.platform/Developer/usr/lib/swift/host/plugins\#/Applications/Xcode-27.0.0-Release.Candidate.app/Contents/Developer/Platforms/MacOSX.platform/Developer/usr/bin/swift-plugin-server -external-plugin-path /Applications/Xcode-27.0.0-Release.Candidate.app/Contents/Developer/Platforms/MacOSX.platform/Developer/usr/local/lib/swift/host/plugins\#/Applications/Xcode-27.0.0-Release.Candidate.app/Contents/Developer/Platforms/MacOSX.platform/Developer/usr/bin/swift-plugin-server -in-process-plugin-server-path /Applications/Xcode-27.0.0-Release.Candidate.app/Contents/Developer/Toolchains/XcodeDefault.xctoolchain/usr/lib/swift/host/libSwiftInProcPluginServer.dylib -plugin-path /Applications/Xcode-27.0.0-Release.Candidate.app/Contents/Developer/Toolchains/XcodeDefault.xctoolchain/usr/lib/swift/host/plugins -plugin-path /Applications/Xcode-27.0.0-Release.Candidate.app/Contents/Developer/Toolchains/XcodeDefault.xctoolchain/usr/local/lib/swift/host/plugins -parse-as-library -o /Users/admin/builder/spi-builder-workspace/.derivedData/Build/Intermediates.noindex/PerfectCURL.build/Debug/PerfectCURL-t.build/Objects-normal/arm64/CURLRequestOptions.o -index-unit-output-path /PerfectCURL.build/Debug/PerfectCURL-t.build/Objects-normal/arm64/CURLRequestOptions.o -index-store-path /Users/admin/builder/spi-builder-workspace/.derivedData/Index.noindex/DataStore -index-system-modules
SwiftCompile normal arm64 /Users/admin/builder/spi-builder-workspace/.dependencies/checkouts/Perfect-CURL/Sources/PerfectCURL/CURLRequestOptions.swift (in target 'PerfectCURL' from project 'PerfectCURL')
cd /Users/admin/builder/spi-builder-workspace/.swiftpm/xcode
builtin-SwiftPerFileCompile CURLRequestOptions.swift
SwiftCompile normal arm64 Compiling\ CURLResponse.swift /Users/admin/builder/spi-builder-workspace/.dependencies/checkouts/Perfect-CURL/Sources/PerfectCURL/CURLResponse.swift (in target 'PerfectCURL' from project 'PerfectCURL')
SwiftCompile normal arm64 /Users/admin/builder/spi-builder-workspace/.dependencies/checkouts/Perfect-CURL/Sources/PerfectCURL/CURLResponse.swift (in target 'PerfectCURL' from project 'PerfectCURL')
cd /Users/admin/builder/spi-builder-workspace/.swiftpm/xcode
builtin-SwiftPerFileCompile CURLResponse.swift
SwiftDriverJobDiscovery normal arm64 Compiling Pjango.swift, Settings.swift, PCHTTPFilterPlugin.swift (in target 'Pjango' from project 'Pjango')
SwiftDriverJobDiscovery normal arm64 Emitting module for Pjango (in target 'Pjango' from project 'Pjango')
SwiftDriverJobDiscovery normal arm64 Compiling HPACK.swift, HTTP2.swift (in target 'PerfectHTTPServer' from project 'PerfectHTTPServer')
SwiftDriver\ Compilation\ Requirements Pjango normal arm64 com.apple.xcode.tools.swift.compiler (in target 'Pjango' from project 'Pjango')
cd /Users/admin/builder/spi-builder-workspace/.swiftpm/xcode
builtin-Swift-Compilation-Requirements -- /Applications/Xcode-27.0.0-Release.Candidate.app/Contents/Developer/Toolchains/XcodeDefault.xctoolchain/usr/bin/swiftc -parse-as-library -module-name Pjango -Onone @/Users/admin/builder/spi-builder-workspace/.derivedData/Build/Intermediates.noindex/Pjango.build/Debug/Pjango-t.build/Objects-normal/arm64/Pjango.SwiftFileList -DSWIFT_PACKAGE -DDEBUG -DSWIFT_MODULE_RESOURCE_BUNDLE_UNAVAILABLE -Xcc -fmodule-map-file\=/Users/admin/builder/spi-builder-workspace/.dependencies/checkouts/Perfect-CZlib-src/PerfectCZlib/include/module.modulemap -Xcc -fmodule-map-file\=/Users/admin/builder/spi-builder-workspace/.dependencies/checkouts/Perfect-HTTPServer/Sources/PerfectCHTTPParser/include/module.modulemap -Xcc -fmodule-map-file\=/Users/admin/builder/spi-builder-workspace/.dependencies/checkouts/Perfect-COpenSSL/COpenSSL/include/module.modulemap -DXcode -plugin-path /Applications/Xcode-27.0.0-Release.Candidate.app/Contents/Developer/Toolchains/XcodeDefault.xctoolchain/usr/lib/swift/host/plugins/testing -enable-experimental-feature DebugDescriptionMacro -sdk /Applications/Xcode-27.0.0-Release.Candidate.app/Contents/Developer/Platforms/MacOSX.platform/Developer/SDKs/MacOSX27.0.sdk -target arm64-apple-macos12.0 -g -module-cache-path /Users/admin/builder/spi-builder-workspace/.derivedData/ModuleCache.noindex -Xfrontend -serialize-debugging-options -enable-testing -suppress-warnings -index-store-path /Users/admin/builder/spi-builder-workspace/.derivedData/Index.noindex/DataStore -Xcc -D_LIBCPP_HARDENING_MODE\=_LIBCPP_HARDENING_MODE_DEBUG -swift-version 4.2 -I /Users/admin/builder/spi-builder-workspace/.derivedData/Build/Products/Debug -Isystem /Applications/Xcode-27.0.0-Release.Candidate.app/Contents/Developer/Platforms/MacOSX.platform/Developer/usr/lib -F /Users/admin/builder/spi-builder-workspace/.derivedData/Build/Products/Debug/PackageFrameworks -F /Users/admin/builder/spi-builder-workspace/.derivedData/Build/Products/Debug -F /Applications/Xcode-27.0.0-Release.Candidate.app/Contents/Developer/Platforms/MacOSX.platform/Developer/Library/Frameworks -c -j10 -enable-batch-mode -incremental -Xcc -ivfsstatcache -Xcc /Users/admin/builder/spi-builder-workspace/.derivedData/SDKStatCaches.noindex/macosx27.0-26A425-e829b21a6f8c9b70876ba0858053c0446a22442a12e9d48fe1a705f55a1adfc4.sdkstatcache -output-file-map /Users/admin/builder/spi-builder-workspace/.derivedData/Build/Intermediates.noindex/Pjango.build/Debug/Pjango-t.build/Objects-normal/arm64/Pjango-OutputFileMap.json -save-temps -no-color-diagnostics -emit-dependencies -emit-module -emit-module-path /Users/admin/builder/spi-builder-workspace/.derivedData/Build/Intermediates.noindex/Pjango.build/Debug/Pjango-t.build/Objects-normal/arm64/Pjango.swiftmodule -serialize-diagnostics -validate-clang-modules-once -clang-build-session-file /Users/admin/builder/spi-builder-workspace/.derivedData/ModuleCache.noindex/Session.modulevalidation -Xcc -fmodules-prune-interval\=86400 -Xcc -fmodules-prune-after\=345600 -emit-const-values -const-gather-protocols-list /Users/admin/builder/spi-builder-workspace/.derivedData/Build/Intermediates.noindex/Pjango.build/Debug/Pjango-t.build/Objects-normal/arm64/Pjango_const_extract_protocols.json -Xcc -I/Users/admin/builder/spi-builder-workspace/.dependencies/checkouts/Perfect-CZlib-src/PerfectCZlib/include -Xcc -I/Users/admin/builder/spi-builder-workspace/.dependencies/checkouts/Perfect-HTTPServer/Sources/PerfectCHTTPParser/include -Xcc -I/Users/admin/builder/spi-builder-workspace/.dependencies/checkouts/Perfect-COpenSSL/COpenSSL/include -Xcc -I/Users/admin/builder/spi-builder-workspace/.derivedData/Build/Products/Debug/include -Xcc -I/Users/admin/builder/spi-builder-workspace/.derivedData/Build/Intermediates.noindex/Pjango.build/Debug/Pjango-t.build/DerivedSources-normal/arm64 -Xcc -I/Users/admin/builder/spi-builder-workspace/.derivedData/Build/Intermediates.noindex/Pjango.build/Debug/Pjango-t.build/DerivedSources/arm64 -Xcc -I/Users/admin/builder/spi-builder-workspace/.derivedData/Build/Intermediates.noindex/Pjango.build/Debug/Pjango-t.build/DerivedSources -Xcc -DSWIFT_PACKAGE -Xcc -DDEBUG\=1 -emit-objc-header -emit-objc-header-path /Users/admin/builder/spi-builder-workspace/.derivedData/Build/Intermediates.noindex/Pjango.build/Debug/Pjango-t.build/Objects-normal/arm64/Pjango-Swift.h -working-directory /Users/admin/builder/spi-builder-workspace/.swiftpm/xcode -experimental-emit-module-separately -disable-cmo
SwiftDriverJobDiscovery normal arm64 Compiling PCView.swift, PCViewable.swift (in target 'Pjango' from project 'Pjango')
SwiftMergeGeneratedHeaders /Users/admin/builder/spi-builder-workspace/.derivedData/Build/Intermediates.noindex/GeneratedModuleMaps/PerfectCURL-Swift.h /Users/admin/builder/spi-builder-workspace/.derivedData/Build/Intermediates.noindex/PerfectCURL.build/Debug/PerfectCURL-t.build/Objects-normal/arm64/PerfectCURL-Swift.h (in target 'PerfectCURL' from project 'PerfectCURL')
cd /Users/admin/builder/spi-builder-workspace/.dependencies/checkouts/Perfect-CURL
builtin-swiftHeaderTool -arch arm64 /Users/admin/builder/spi-builder-workspace/.derivedData/Build/Intermediates.noindex/PerfectCURL.build/Debug/PerfectCURL-t.build/Objects-normal/arm64/PerfectCURL-Swift.h -o /Users/admin/builder/spi-builder-workspace/.derivedData/Build/Intermediates.noindex/GeneratedModuleMaps/PerfectCURL-Swift.h
SwiftMergeGeneratedHeaders /Users/admin/builder/spi-builder-workspace/.derivedData/Build/Intermediates.noindex/GeneratedModuleMaps/Pjango-Swift.h /Users/admin/builder/spi-builder-workspace/.derivedData/Build/Intermediates.noindex/Pjango.build/Debug/Pjango-t.build/Objects-normal/arm64/Pjango-Swift.h (in target 'Pjango' from project 'Pjango')
cd /Users/admin/builder/spi-builder-workspace/.dependencies/checkouts/Pjango
builtin-swiftHeaderTool -arch arm64 /Users/admin/builder/spi-builder-workspace/.derivedData/Build/Intermediates.noindex/Pjango.build/Debug/Pjango-t.build/Objects-normal/arm64/Pjango-Swift.h -o /Users/admin/builder/spi-builder-workspace/.derivedData/Build/Intermediates.noindex/GeneratedModuleMaps/Pjango-Swift.h
Copy /Users/admin/builder/spi-builder-workspace/.derivedData/Build/Products/Debug/Pjango.swiftmodule/arm64-apple-macos.swiftmodule /Users/admin/builder/spi-builder-workspace/.derivedData/Build/Intermediates.noindex/Pjango.build/Debug/Pjango-t.build/Objects-normal/arm64/Pjango.swiftmodule (in target 'Pjango' from project 'Pjango')
cd /Users/admin/builder/spi-builder-workspace/.dependencies/checkouts/Pjango
builtin-copy -exclude .DS_Store -exclude CVS -exclude .svn -exclude .git -exclude .hg -resolve-src-symlinks -rename /Users/admin/builder/spi-builder-workspace/.derivedData/Build/Intermediates.noindex/Pjango.build/Debug/Pjango-t.build/Objects-normal/arm64/Pjango.swiftmodule /Users/admin/builder/spi-builder-workspace/.derivedData/Build/Products/Debug/Pjango.swiftmodule/arm64-apple-macos.swiftmodule
SwiftDriverJobDiscovery normal arm64 Compiling PCLogFilterPlugin.swift, PCPlugin.swift, PCRunable.swift (in target 'Pjango' from project 'Pjango')
Copy /Users/admin/builder/spi-builder-workspace/.derivedData/Build/Products/Debug/Pjango.swiftmodule/arm64-apple-macos.swiftdoc /Users/admin/builder/spi-builder-workspace/.derivedData/Build/Intermediates.noindex/Pjango.build/Debug/Pjango-t.build/Objects-normal/arm64/Pjango.swiftdoc (in target 'Pjango' from project 'Pjango')
cd /Users/admin/builder/spi-builder-workspace/.dependencies/checkouts/Pjango
builtin-copy -exclude .DS_Store -exclude CVS -exclude .svn -exclude .git -exclude .hg -resolve-src-symlinks -rename /Users/admin/builder/spi-builder-workspace/.derivedData/Build/Intermediates.noindex/Pjango.build/Debug/Pjango-t.build/Objects-normal/arm64/Pjango.swiftdoc /Users/admin/builder/spi-builder-workspace/.derivedData/Build/Products/Debug/Pjango.swiftmodule/arm64-apple-macos.swiftdoc
Copy /Users/admin/builder/spi-builder-workspace/.derivedData/Build/Products/Debug/Pjango.swiftmodule/arm64-apple-macos.abi.json /Users/admin/builder/spi-builder-workspace/.derivedData/Build/Intermediates.noindex/Pjango.build/Debug/Pjango-t.build/Objects-normal/arm64/Pjango.abi.json (in target 'Pjango' from project 'Pjango')
cd /Users/admin/builder/spi-builder-workspace/.dependencies/checkouts/Pjango
builtin-copy -exclude .DS_Store -exclude CVS -exclude .svn -exclude .git -exclude .hg -resolve-src-symlinks -rename /Users/admin/builder/spi-builder-workspace/.derivedData/Build/Intermediates.noindex/Pjango.build/Debug/Pjango-t.build/Objects-normal/arm64/Pjango.abi.json /Users/admin/builder/spi-builder-workspace/.derivedData/Build/Products/Debug/Pjango.swiftmodule/arm64-apple-macos.abi.json
Copy /Users/admin/builder/spi-builder-workspace/.derivedData/Build/Products/Debug/Pjango.swiftmodule/Project/arm64-apple-macos.swiftsourceinfo /Users/admin/builder/spi-builder-workspace/.derivedData/Build/Intermediates.noindex/Pjango.build/Debug/Pjango-t.build/Objects-normal/arm64/Pjango.swiftsourceinfo (in target 'Pjango' from project 'Pjango')
cd /Users/admin/builder/spi-builder-workspace/.dependencies/checkouts/Pjango
builtin-copy -exclude .DS_Store -exclude CVS -exclude .svn -exclude .git -exclude .hg -resolve-src-symlinks -rename /Users/admin/builder/spi-builder-workspace/.derivedData/Build/Intermediates.noindex/Pjango.build/Debug/Pjango-t.build/Objects-normal/arm64/Pjango.swiftsourceinfo /Users/admin/builder/spi-builder-workspace/.derivedData/Build/Products/Debug/Pjango.swiftmodule/Project/arm64-apple-macos.swiftsourceinfo
Copy /Users/admin/builder/spi-builder-workspace/.derivedData/Build/Products/Debug/PerfectCURL.swiftmodule/arm64-apple-macos.swiftmodule /Users/admin/builder/spi-builder-workspace/.derivedData/Build/Intermediates.noindex/PerfectCURL.build/Debug/PerfectCURL-t.build/Objects-normal/arm64/PerfectCURL.swiftmodule (in target 'PerfectCURL' from project 'PerfectCURL')
cd /Users/admin/builder/spi-builder-workspace/.dependencies/checkouts/Perfect-CURL
builtin-copy -exclude .DS_Store -exclude CVS -exclude .svn -exclude .git -exclude .hg -resolve-src-symlinks -rename /Users/admin/builder/spi-builder-workspace/.derivedData/Build/Intermediates.noindex/PerfectCURL.build/Debug/PerfectCURL-t.build/Objects-normal/arm64/PerfectCURL.swiftmodule /Users/admin/builder/spi-builder-workspace/.derivedData/Build/Products/Debug/PerfectCURL.swiftmodule/arm64-apple-macos.swiftmodule
Copy /Users/admin/builder/spi-builder-workspace/.derivedData/Build/Products/Debug/PerfectCURL.swiftmodule/arm64-apple-macos.swiftdoc /Users/admin/builder/spi-builder-workspace/.derivedData/Build/Intermediates.noindex/PerfectCURL.build/Debug/PerfectCURL-t.build/Objects-normal/arm64/PerfectCURL.swiftdoc (in target 'PerfectCURL' from project 'PerfectCURL')
cd /Users/admin/builder/spi-builder-workspace/.dependencies/checkouts/Perfect-CURL
builtin-copy -exclude .DS_Store -exclude CVS -exclude .svn -exclude .git -exclude .hg -resolve-src-symlinks -rename /Users/admin/builder/spi-builder-workspace/.derivedData/Build/Intermediates.noindex/PerfectCURL.build/Debug/PerfectCURL-t.build/Objects-normal/arm64/PerfectCURL.swiftdoc /Users/admin/builder/spi-builder-workspace/.derivedData/Build/Products/Debug/PerfectCURL.swiftmodule/arm64-apple-macos.swiftdoc
Copy /Users/admin/builder/spi-builder-workspace/.derivedData/Build/Products/Debug/PerfectCURL.swiftmodule/arm64-apple-macos.abi.json /Users/admin/builder/spi-builder-workspace/.derivedData/Build/Intermediates.noindex/PerfectCURL.build/Debug/PerfectCURL-t.build/Objects-normal/arm64/PerfectCURL.abi.json (in target 'PerfectCURL' from project 'PerfectCURL')
cd /Users/admin/builder/spi-builder-workspace/.dependencies/checkouts/Perfect-CURL
builtin-copy -exclude .DS_Store -exclude CVS -exclude .svn -exclude .git -exclude .hg -resolve-src-symlinks -rename /Users/admin/builder/spi-builder-workspace/.derivedData/Build/Intermediates.noindex/PerfectCURL.build/Debug/PerfectCURL-t.build/Objects-normal/arm64/PerfectCURL.abi.json /Users/admin/builder/spi-builder-workspace/.derivedData/Build/Products/Debug/PerfectCURL.swiftmodule/arm64-apple-macos.abi.json
Copy /Users/admin/builder/spi-builder-workspace/.derivedData/Build/Products/Debug/PerfectCURL.swiftmodule/Project/arm64-apple-macos.swiftsourceinfo /Users/admin/builder/spi-builder-workspace/.derivedData/Build/Intermediates.noindex/PerfectCURL.build/Debug/PerfectCURL-t.build/Objects-normal/arm64/PerfectCURL.swiftsourceinfo (in target 'PerfectCURL' from project 'PerfectCURL')
cd /Users/admin/builder/spi-builder-workspace/.dependencies/checkouts/Perfect-CURL
builtin-copy -exclude .DS_Store -exclude CVS -exclude .svn -exclude .git -exclude .hg -resolve-src-symlinks -rename /Users/admin/builder/spi-builder-workspace/.derivedData/Build/Intermediates.noindex/PerfectCURL.build/Debug/PerfectCURL-t.build/Objects-normal/arm64/PerfectCURL.swiftsourceinfo /Users/admin/builder/spi-builder-workspace/.derivedData/Build/Products/Debug/PerfectCURL.swiftmodule/Project/arm64-apple-macos.swiftsourceinfo
SwiftCompile normal arm64 Compiling\ CURLResponseInfos.swift /Users/admin/builder/spi-builder-workspace/.dependencies/checkouts/Perfect-CURL/Sources/PerfectCURL/CURLResponseInfos.swift (in target 'PerfectCURL' from project 'PerfectCURL')
SwiftCompile normal arm64 /Users/admin/builder/spi-builder-workspace/.dependencies/checkouts/Perfect-CURL/Sources/PerfectCURL/CURLResponseInfos.swift (in target 'PerfectCURL' from project 'PerfectCURL')
cd /Users/admin/builder/spi-builder-workspace/.swiftpm/xcode
builtin-SwiftPerFileCompile CURLResponseInfos.swift
SwiftDriver\ Compilation PerfectHTTPServer normal arm64 com.apple.xcode.tools.swift.compiler (in target 'PerfectHTTPServer' from project 'PerfectHTTPServer')
cd /Users/admin/builder/spi-builder-workspace/.swiftpm/xcode
builtin-Swift-Compilation -- /Applications/Xcode-27.0.0-Release.Candidate.app/Contents/Developer/Toolchains/XcodeDefault.xctoolchain/usr/bin/swiftc -parse-as-library -module-name PerfectHTTPServer -Onone @/Users/admin/builder/spi-builder-workspace/.derivedData/Build/Intermediates.noindex/PerfectHTTPServer.build/Debug/PerfectHTTPServer-t.build/Objects-normal/arm64/PerfectHTTPServer.SwiftFileList -DSWIFT_PACKAGE -DDEBUG -DSWIFT_MODULE_RESOURCE_BUNDLE_UNAVAILABLE -Xcc -fmodule-map-file\=/Users/admin/builder/spi-builder-workspace/.dependencies/checkouts/Perfect-COpenSSL/COpenSSL/include/module.modulemap -Xcc -fmodule-map-file\=/Users/admin/builder/spi-builder-workspace/.dependencies/checkouts/Perfect-CZlib-src/PerfectCZlib/include/module.modulemap -Xcc -fmodule-map-file\=/Users/admin/builder/spi-builder-workspace/.dependencies/checkouts/Perfect-HTTPServer/Sources/PerfectCHTTPParser/include/module.modulemap -DXcode -plugin-path /Applications/Xcode-27.0.0-Release.Candidate.app/Contents/Developer/Toolchains/XcodeDefault.xctoolchain/usr/lib/swift/host/plugins/testing -enable-experimental-feature DebugDescriptionMacro -sdk /Applications/Xcode-27.0.0-Release.Candidate.app/Contents/Developer/Platforms/MacOSX.platform/Developer/SDKs/MacOSX27.0.sdk -target arm64-apple-macos12.0 -g -module-cache-path /Users/admin/builder/spi-builder-workspace/.derivedData/ModuleCache.noindex -Xfrontend -serialize-debugging-options -enable-testing -suppress-warnings -index-store-path /Users/admin/builder/spi-builder-workspace/.derivedData/Index.noindex/DataStore -Xcc -D_LIBCPP_HARDENING_MODE\=_LIBCPP_HARDENING_MODE_DEBUG -swift-version 4 -I /Users/admin/builder/spi-builder-workspace/.derivedData/Build/Products/Debug -Isystem /Applications/Xcode-27.0.0-Release.Candidate.app/Contents/Developer/Platforms/MacOSX.platform/Developer/usr/lib -F /Users/admin/builder/spi-builder-workspace/.derivedData/Build/Products/Debug/PackageFrameworks -F /Users/admin/builder/spi-builder-workspace/.derivedData/Build/Products/Debug -F /Applications/Xcode-27.0.0-Release.Candidate.app/Contents/Developer/Platforms/MacOSX.platform/Developer/Library/Frameworks -c -j10 -enable-batch-mode -incremental -Xcc -ivfsstatcache -Xcc /Users/admin/builder/spi-builder-workspace/.derivedData/SDKStatCaches.noindex/macosx27.0-26A425-e829b21a6f8c9b70876ba0858053c0446a22442a12e9d48fe1a705f55a1adfc4.sdkstatcache -output-file-map /Users/admin/builder/spi-builder-workspace/.derivedData/Build/Intermediates.noindex/PerfectHTTPServer.build/Debug/PerfectHTTPServer-t.build/Objects-normal/arm64/PerfectHTTPServer-OutputFileMap.json -save-temps -no-color-diagnostics -emit-dependencies -emit-module -emit-module-path /Users/admin/builder/spi-builder-workspace/.derivedData/Build/Intermediates.noindex/PerfectHTTPServer.build/Debug/PerfectHTTPServer-t.build/Objects-normal/arm64/PerfectHTTPServer.swiftmodule -serialize-diagnostics -validate-clang-modules-once -clang-build-session-file /Users/admin/builder/spi-builder-workspace/.derivedData/ModuleCache.noindex/Session.modulevalidation -Xcc -fmodules-prune-interval\=86400 -Xcc -fmodules-prune-after\=345600 -emit-const-values -const-gather-protocols-list /Users/admin/builder/spi-builder-workspace/.derivedData/Build/Intermediates.noindex/PerfectHTTPServer.build/Debug/PerfectHTTPServer-t.build/Objects-normal/arm64/PerfectHTTPServer_const_extract_protocols.json -Xcc -I/Users/admin/builder/spi-builder-workspace/.dependencies/checkouts/Perfect-COpenSSL/COpenSSL/include -Xcc -I/Users/admin/builder/spi-builder-workspace/.dependencies/checkouts/Perfect-CZlib-src/PerfectCZlib/include -Xcc -I/Users/admin/builder/spi-builder-workspace/.dependencies/checkouts/Perfect-HTTPServer/Sources/PerfectCHTTPParser/include -Xcc -I/Users/admin/builder/spi-builder-workspace/.derivedData/Build/Products/Debug/include -Xcc -I/Users/admin/builder/spi-builder-workspace/.derivedData/Build/Intermediates.noindex/PerfectHTTPServer.build/Debug/PerfectHTTPServer-t.build/DerivedSources-normal/arm64 -Xcc -I/Users/admin/builder/spi-builder-workspace/.derivedData/Build/Intermediates.noindex/PerfectHTTPServer.build/Debug/PerfectHTTPServer-t.build/DerivedSources/arm64 -Xcc -I/Users/admin/builder/spi-builder-workspace/.derivedData/Build/Intermediates.noindex/PerfectHTTPServer.build/Debug/PerfectHTTPServer-t.build/DerivedSources -Xcc -DSWIFT_PACKAGE -Xcc -DDEBUG\=1 -emit-objc-header -emit-objc-header-path /Users/admin/builder/spi-builder-workspace/.derivedData/Build/Intermediates.noindex/PerfectHTTPServer.build/Debug/PerfectHTTPServer-t.build/Objects-normal/arm64/PerfectHTTPServer-Swift.h -working-directory /Users/admin/builder/spi-builder-workspace/.swiftpm/xcode -experimental-emit-module-separately -disable-cmo
SwiftCompile normal arm64 Compiling\ CURLRequest.swift /Users/admin/builder/spi-builder-workspace/.dependencies/checkouts/Perfect-CURL/Sources/PerfectCURL/CURLRequest.swift (in target 'PerfectCURL' from project 'PerfectCURL')
SwiftCompile normal arm64 /Users/admin/builder/spi-builder-workspace/.dependencies/checkouts/Perfect-CURL/Sources/PerfectCURL/CURLRequest.swift (in target 'PerfectCURL' from project 'PerfectCURL')
cd /Users/admin/builder/spi-builder-workspace/.swiftpm/xcode
builtin-SwiftPerFileCompile CURLRequest.swift
SwiftDriverJobDiscovery normal arm64 Compiling PCLog.swift, PCMustacheUtility.swift, PCSqlUtility.swift (in target 'Pjango' from project 'Pjango')
SwiftCompile normal arm64 Compiling\ cURL.swift /Users/admin/builder/spi-builder-workspace/.dependencies/checkouts/Perfect-CURL/Sources/PerfectCURL/cURL.swift (in target 'PerfectCURL' from project 'PerfectCURL')
SwiftCompile normal arm64 /Users/admin/builder/spi-builder-workspace/.dependencies/checkouts/Perfect-CURL/Sources/PerfectCURL/cURL.swift (in target 'PerfectCURL' from project 'PerfectCURL')
cd /Users/admin/builder/spi-builder-workspace/.swiftpm/xcode
builtin-SwiftPerFileCompile cURL.swift
SwiftDriverJobDiscovery normal arm64 Compiling PCDataBase.swift, PCDataBaseConfig.swift, PCDataBaseField.swift (in target 'Pjango' from project 'Pjango')
SwiftDriver PjangoPostman normal arm64 com.apple.xcode.tools.swift.compiler (in target 'PjangoPostman' from project 'PjangoPostman')
cd /Users/admin/builder/spi-builder-workspace/.swiftpm/xcode
builtin-SwiftDriver -- /Applications/Xcode-27.0.0-Release.Candidate.app/Contents/Developer/Toolchains/XcodeDefault.xctoolchain/usr/bin/swiftc -parse-as-library -module-name PjangoPostman -Onone @/Users/admin/builder/spi-builder-workspace/.derivedData/Build/Intermediates.noindex/PjangoPostman.build/Debug/PjangoPostman-t.build/Objects-normal/arm64/PjangoPostman.SwiftFileList -DSWIFT_PACKAGE -DDEBUG -DSWIFT_MODULE_RESOURCE_BUNDLE_UNAVAILABLE -Xcc -fmodule-map-file\=/Users/admin/builder/spi-builder-workspace/.dependencies/checkouts/Perfect-CZlib-src/PerfectCZlib/include/module.modulemap -Xcc -fmodule-map-file\=/Users/admin/builder/spi-builder-workspace/.dependencies/checkouts/Perfect-HTTPServer/Sources/PerfectCHTTPParser/include/module.modulemap -Xcc -fmodule-map-file\=/Users/admin/builder/spi-builder-workspace/.dependencies/checkouts/Perfect-libcurl/module.modulemap -Xcc -fmodule-map-file\=/Users/admin/builder/spi-builder-workspace/.dependencies/checkouts/Perfect-COpenSSL/COpenSSL/include/module.modulemap -DXcode -plugin-path /Applications/Xcode-27.0.0-Release.Candidate.app/Contents/Developer/Toolchains/XcodeDefault.xctoolchain/usr/lib/swift/host/plugins/testing -enable-experimental-feature DebugDescriptionMacro -sdk /Applications/Xcode-27.0.0-Release.Candidate.app/Contents/Developer/Platforms/MacOSX.platform/Developer/SDKs/MacOSX27.0.sdk -target arm64-apple-macos12.0 -g -module-cache-path /Users/admin/builder/spi-builder-workspace/.derivedData/ModuleCache.noindex -Xfrontend -serialize-debugging-options -enable-testing -index-store-path /Users/admin/builder/spi-builder-workspace/.derivedData/Index.noindex/DataStore -Xcc -D_LIBCPP_HARDENING_MODE\=_LIBCPP_HARDENING_MODE_DEBUG -swift-version 4.2 -I /Users/admin/builder/spi-builder-workspace/.derivedData/Build/Products/Debug -Isystem /Applications/Xcode-27.0.0-Release.Candidate.app/Contents/Developer/Platforms/MacOSX.platform/Developer/usr/lib -F /Users/admin/builder/spi-builder-workspace/.derivedData/Build/Products/Debug/PackageFrameworks -F /Users/admin/builder/spi-builder-workspace/.derivedData/Build/Products/Debug -F /Applications/Xcode-27.0.0-Release.Candidate.app/Contents/Developer/Platforms/MacOSX.platform/Developer/Library/Frameworks -c -j10 -enable-batch-mode -incremental -Xcc -ivfsstatcache -Xcc /Users/admin/builder/spi-builder-workspace/.derivedData/SDKStatCaches.noindex/macosx27.0-26A425-e829b21a6f8c9b70876ba0858053c0446a22442a12e9d48fe1a705f55a1adfc4.sdkstatcache -output-file-map /Users/admin/builder/spi-builder-workspace/.derivedData/Build/Intermediates.noindex/PjangoPostman.build/Debug/PjangoPostman-t.build/Objects-normal/arm64/PjangoPostman-OutputFileMap.json -save-temps -no-color-diagnostics -emit-dependencies -emit-module -emit-module-path /Users/admin/builder/spi-builder-workspace/.derivedData/Build/Intermediates.noindex/PjangoPostman.build/Debug/PjangoPostman-t.build/Objects-normal/arm64/PjangoPostman.swiftmodule -serialize-diagnostics -validate-clang-modules-once -clang-build-session-file /Users/admin/builder/spi-builder-workspace/.derivedData/ModuleCache.noindex/Session.modulevalidation -Xcc -fmodules-prune-interval\=86400 -Xcc -fmodules-prune-after\=345600 -emit-const-values -const-gather-protocols-list /Users/admin/builder/spi-builder-workspace/.derivedData/Build/Intermediates.noindex/PjangoPostman.build/Debug/PjangoPostman-t.build/Objects-normal/arm64/PjangoPostman_const_extract_protocols.json -Xcc -I/Users/admin/builder/spi-builder-workspace/.dependencies/checkouts/Perfect-CZlib-src/PerfectCZlib/include -Xcc -I/Users/admin/builder/spi-builder-workspace/.dependencies/checkouts/Perfect-HTTPServer/Sources/PerfectCHTTPParser/include -Xcc -I/Users/admin/builder/spi-builder-workspace/.dependencies/checkouts/Perfect-COpenSSL/COpenSSL/include -Xcc -I/Users/admin/builder/spi-builder-workspace/.derivedData/Build/Products/Debug/include -Xcc -I/Users/admin/builder/spi-builder-workspace/.derivedData/Build/Intermediates.noindex/PjangoPostman.build/Debug/PjangoPostman-t.build/DerivedSources-normal/arm64 -Xcc -I/Users/admin/builder/spi-builder-workspace/.derivedData/Build/Intermediates.noindex/PjangoPostman.build/Debug/PjangoPostman-t.build/DerivedSources/arm64 -Xcc -I/Users/admin/builder/spi-builder-workspace/.derivedData/Build/Intermediates.noindex/PjangoPostman.build/Debug/PjangoPostman-t.build/DerivedSources -Xcc -DSWIFT_PACKAGE -Xcc -DDEBUG\=1 -emit-objc-header -emit-objc-header-path /Users/admin/builder/spi-builder-workspace/.derivedData/Build/Intermediates.noindex/PjangoPostman.build/Debug/PjangoPostman-t.build/Objects-normal/arm64/PjangoPostman-Swift.h -working-directory /Users/admin/builder/spi-builder-workspace/.swiftpm/xcode -experimental-emit-module-separately -disable-cmo
SwiftEmitModule normal arm64 Emitting\ module\ for\ PjangoPostman (in target 'PjangoPostman' from project 'PjangoPostman')
SwiftCompile normal arm64 (in target 'PjangoPostman' from project 'PjangoPostman')
cd /Users/admin/builder/spi-builder-workspace/.swiftpm/xcode
SwiftCompile normal arm64 Compiling\ PostmanEncryptor.swift /Users/admin/builder/spi-builder-workspace/Source/PjangoPostman/PostmanEncryptor.swift (in target 'PjangoPostman' from project 'PjangoPostman')
SwiftCompile normal arm64 /Users/admin/builder/spi-builder-workspace/Source/PjangoPostman/PostmanEncryptor.swift (in target 'PjangoPostman' from project 'PjangoPostman')
cd /Users/admin/builder/spi-builder-workspace/.swiftpm/xcode
builtin-SwiftPerFileCompile PostmanEncryptor.swift
SwiftDriverJobDiscovery normal arm64 Compiling PCFileDBConfig.swift, PCFileDBDataBase.swift, PCFileDBUtility.swift (in target 'Pjango' from project 'Pjango')
SwiftCompile normal arm64 Compiling\ PostmanConfigModel.swift /Users/admin/builder/spi-builder-workspace/Source/PjangoPostman/PostmanConfigModel.swift (in target 'PjangoPostman' from project 'PjangoPostman')
SwiftCompile normal arm64 /Users/admin/builder/spi-builder-workspace/Source/PjangoPostman/PostmanConfigModel.swift (in target 'PjangoPostman' from project 'PjangoPostman')
cd /Users/admin/builder/spi-builder-workspace/.swiftpm/xcode
builtin-SwiftPerFileCompile PostmanConfigModel.swift
SwiftDriverJobDiscovery normal arm64 Compiling PjangoRuntime.swift, PCUrlConfig.swift, Extension.swift (in target 'Pjango' from project 'Pjango')
SwiftCompile normal arm64 Compiling\ PostmanCURL.swift /Users/admin/builder/spi-builder-workspace/Source/PjangoPostman/PostmanCURL.swift (in target 'PjangoPostman' from project 'PjangoPostman')
SwiftCompile normal arm64 /Users/admin/builder/spi-builder-workspace/Source/PjangoPostman/PostmanCURL.swift (in target 'PjangoPostman' from project 'PjangoPostman')
cd /Users/admin/builder/spi-builder-workspace/.swiftpm/xcode
builtin-SwiftPerFileCompile PostmanCURL.swift
SwiftDriverJobDiscovery normal arm64 Compiling PCDetailView.swift, PCListView.swift (in target 'Pjango' from project 'Pjango')
PruneExplicitPrecompiledModules /Users/admin/builder/spi-builder-workspace/.derivedData/Build/Intermediates.noindex/ExplicitPrecompiledModules
PruneExplicitPrecompiledModules /Users/admin/builder/spi-builder-workspace/.derivedData/Build/Intermediates.noindex/SwiftExplicitPrecompiledModules
PruneExplicitPrecompiledModules /Users/admin/builder/spi-builder-workspace/.derivedData/SDKExplicitPrecompiledModules
2026-09-16 22:22:34.323 xcodebuild[1135:6175] [MT] IDERunDestination: Supported platforms for the buildables in the current scheme is empty.
--- xcodebuild: WARNING: Using the first of multiple matching destinations:
{ platform:macOS, arch:arm64, id:d53412bb756ea332b45441107d2619dece9255d8, name:My Mac }
{ platform:macOS, arch:arm64, variant:Mac Catalyst, id:d53412bb756ea332b45441107d2619dece9255d8, name:My Mac }
{ platform:macOS, arch:arm64, variant:DriverKit, id:d53412bb756ea332b45441107d2619dece9255d8, name:My Mac }
{ platform:macOS, arch:arm64, variant:Designed for [iPad,iPhone], id:d53412bb756ea332b45441107d2619dece9255d8, name:My Mac }
** BUILD FAILED **
The following build commands failed:
SwiftCompile normal arm64 Compiling\ CURLRequestOptions.swift /Users/admin/builder/spi-builder-workspace/.dependencies/checkouts/Perfect-CURL/Sources/PerfectCURL/CURLRequestOptions.swift (in target 'PerfectCURL' from project 'PerfectCURL')
SwiftCompile normal arm64 /Users/admin/builder/spi-builder-workspace/.dependencies/checkouts/Perfect-CURL/Sources/PerfectCURL/CURLRequestOptions.swift (in target 'PerfectCURL' from project 'PerfectCURL')
Building workspace PjangoPostman with scheme PjangoPostman
(3 failures)
Command line invocation:
/Applications/Xcode-27.0.0-Release.Candidate.app/Contents/Developer/usr/bin/xcodebuild -IDEClonedSourcePackagesDirPathOverride=/Users/admin/builder/spi-builder-workspace/.dependencies -resolvePackageDependencies
Resolve Package Graph
ignoring declared target(s) 'cURL' in the system packageyou may be able to install libcurl using your system-packager:
brew install curl
Resolved source packages:
PerfectNet: https://github.com/PerfectlySoft/Perfect-Net.git @ 3.3.0
PerfectCZlib: https://github.com/PerfectlySoft/Perfect-CZlib-src.git @ 0.0.4
PerfectHTTP: https://github.com/PerfectlySoft/Perfect-HTTP.git @ 3.3.0
COpenSSL: https://github.com/PerfectlySoft/Perfect-COpenSSL.git @ 4.0.2
PerfectLib: https://github.com/PerfectlySoft/PerfectLib.git @ 3.1.4
Pjango: https://github.com/enums/Pjango.git @ 2.2.2
PerfectHTTPServer: https://github.com/PerfectlySoft/Perfect-HTTPServer.git @ 3.0.23
PerfectCURL: https://github.com/PerfectlySoft/Perfect-CURL.git @ 3.1.0
PerfectMustache: https://github.com/PerfectlySoft/Perfect-Mustache.git @ 3.0.2
PerfectCrypto: https://github.com/PerfectlySoft/Perfect-Crypto.git @ 3.3.0
PerfectThread: https://github.com/PerfectlySoft/Perfect-Thread.git @ 3.0.7
SwiftyJSON: https://github.com/enums/Pjango-SwiftyJSON.git @ 1.0.0
PjangoPostman: /Users/admin/builder/spi-builder-workspace
cURL: https://github.com/PerfectlySoft/Perfect-libcurl.git @ 2.1.0
resolved source packages: PerfectNet, PerfectCZlib, PerfectHTTP, COpenSSL, PerfectLib, Pjango, PerfectHTTPServer, PerfectCURL, PerfectMustache, PerfectCrypto, PerfectThread, SwiftyJSON, PjangoPostman, cURL
2026-09-16 22:22:48.225 xcodebuild[1625:7889] [MT] IDERunDestination: Supported platforms for the buildables in the current scheme is empty.
{
"dependencies" : [
{
"identity" : "pjango",
"requirement" : {
"range" : [
{
"lower_bound" : "2.2.1",
"upper_bound" : "3.0.0"
}
]
},
"type" : "sourceControl",
"url" : "https://github.com/enums/Pjango.git"
},
{
"identity" : "perfect-curl",
"requirement" : {
"range" : [
{
"lower_bound" : "3.1.0",
"upper_bound" : "4.0.0"
}
]
},
"type" : "sourceControl",
"url" : "https://github.com/PerfectlySoft/Perfect-CURL.git"
},
{
"identity" : "pjango-swiftyjson",
"requirement" : {
"range" : [
{
"lower_bound" : "1.0.0",
"upper_bound" : "2.0.0"
}
]
},
"type" : "sourceControl",
"url" : "https://github.com/enums/Pjango-SwiftyJSON.git"
}
],
"manifest_display_name" : "PjangoPostman",
"name" : "PjangoPostman",
"path" : "/Users/admin/builder/spi-builder-workspace",
"platforms" : [
],
"products" : [
{
"name" : "PjangoPostman",
"targets" : [
"PjangoPostman"
],
"type" : {
"library" : [
"automatic"
]
}
}
],
"targets" : [
{
"c99name" : "PjangoPostman",
"module_type" : "SwiftTarget",
"name" : "PjangoPostman",
"path" : "Source/PjangoPostman",
"product_dependencies" : [
"Pjango",
"PerfectCURL",
"SwiftyJSON"
],
"product_memberships" : [
"PjangoPostman"
],
"sources" : [
"PostmanCURL.swift",
"PostmanConfigModel.swift",
"PostmanEncryptor.swift"
],
"type" : "library"
}
],
"tools_version" : "4.2"
}
{
"workspace" : {
"name" : "PjangoPostman",
"schemes" : [
"PjangoPostman"
]
}
}
2026-09-16 22:22:49.683 xcodebuild[1640:7963] [MT] IDERunDestination: Supported platforms for the buildables in the current scheme is empty.
Running build ...
env DEVELOPER_DIR=/Applications/Xcode-27.0.0-Release.Candidate.app xcrun xcodebuild -IDEClonedSourcePackagesDirPathOverride=$PWD/.dependencies -skipMacroValidation -skipPackagePluginValidation -derivedDataPath $PWD/.derivedData build -scheme PjangoPostman -destination platform=macOS,arch=arm64
Command line invocation:
/Applications/Xcode-27.0.0-Release.Candidate.app/Contents/Developer/usr/bin/xcodebuild -IDEClonedSourcePackagesDirPathOverride=/Users/admin/builder/spi-builder-workspace/.dependencies -skipMacroValidation -skipPackagePluginValidation -derivedDataPath /Users/admin/builder/spi-builder-workspace/.derivedData build -scheme PjangoPostman -destination platform=macOS,arch=arm64
Resolve Package Graph
ignoring declared target(s) 'cURL' in the system packageyou may be able to install libcurl using your system-packager:
brew install curl
Resolved source packages:
Pjango: https://github.com/enums/Pjango.git @ 2.2.2
PerfectHTTPServer: https://github.com/PerfectlySoft/Perfect-HTTPServer.git @ 3.0.23
PerfectMustache: https://github.com/PerfectlySoft/Perfect-Mustache.git @ 3.0.2
cURL: https://github.com/PerfectlySoft/Perfect-libcurl.git @ 2.1.0
PerfectLib: https://github.com/PerfectlySoft/PerfectLib.git @ 3.1.4
PerfectNet: https://github.com/PerfectlySoft/Perfect-Net.git @ 3.3.0
PjangoPostman: /Users/admin/builder/spi-builder-workspace
PerfectCURL: https://github.com/PerfectlySoft/Perfect-CURL.git @ 3.1.0
PerfectCZlib: https://github.com/PerfectlySoft/Perfect-CZlib-src.git @ 0.0.4
PerfectHTTP: https://github.com/PerfectlySoft/Perfect-HTTP.git @ 3.3.0
PerfectCrypto: https://github.com/PerfectlySoft/Perfect-Crypto.git @ 3.3.0
SwiftyJSON: https://github.com/enums/Pjango-SwiftyJSON.git @ 1.0.0
COpenSSL: https://github.com/PerfectlySoft/Perfect-COpenSSL.git @ 4.0.2
PerfectThread: https://github.com/PerfectlySoft/Perfect-Thread.git @ 3.0.7
ComputePackagePrebuildTargetDependencyGraph
Prepare packages
CreateBuildRequest
SendProjectDescription
CreateBuildOperation
ComputeTargetDependencyGraph
note: Building targets in dependency order
note: Target dependency graph (28 targets)
Target 'PjangoPostman-product' in project 'PjangoPostman'
➜ Explicit dependency on target 'PjangoPostman' in project 'PjangoPostman'
➜ Explicit dependency on target 'Pjango-product' in project 'Pjango'
➜ Explicit dependency on target 'PerfectCURL-product' in project 'PerfectCURL'
➜ Explicit dependency on target 'SwiftyJSON-product' in project 'SwiftyJSON'
Target 'PjangoPostman' in project 'PjangoPostman'
➜ Explicit dependency on target 'Pjango-product' in project 'Pjango'
➜ Explicit dependency on target 'PerfectCURL-product' in project 'PerfectCURL'
➜ Explicit dependency on target 'SwiftyJSON-product' in project 'SwiftyJSON'
Target 'PerfectCURL-product' in project 'PerfectCURL'
➜ Explicit dependency on target 'PerfectCURL' in project 'PerfectCURL'
➜ Explicit dependency on target 'PerfectHTTP-product' in project 'PerfectHTTP'
Target 'PerfectCURL' in project 'PerfectCURL'
➜ Explicit dependency on target 'cURL' in project 'cURL'
➜ Explicit dependency on target 'PerfectHTTP-product' in project 'PerfectHTTP'
Target 'cURL' in project 'cURL' (no dependencies)
Target 'Pjango-product' in project 'Pjango'
➜ Explicit dependency on target 'Pjango' in project 'Pjango'
➜ Explicit dependency on target 'PerfectHTTPServer-product' in project 'PerfectHTTPServer'
➜ Explicit dependency on target 'PerfectMustache-product' in project 'PerfectMustache'
➜ Explicit dependency on target 'SwiftyJSON-product' in project 'SwiftyJSON'
Target 'Pjango' in project 'Pjango'
➜ Explicit dependency on target 'PerfectHTTPServer-product' in project 'PerfectHTTPServer'
➜ Explicit dependency on target 'PerfectMustache-product' in project 'PerfectMustache'
➜ Explicit dependency on target 'SwiftyJSON-product' in project 'SwiftyJSON'
Target 'SwiftyJSON-product' in project 'SwiftyJSON'
➜ Explicit dependency on target 'SwiftyJSON' in project 'SwiftyJSON'
Target 'SwiftyJSON' in project 'SwiftyJSON' (no dependencies)
Target 'PerfectMustache-product' in project 'PerfectMustache'
➜ Explicit dependency on target 'PerfectMustache' in project 'PerfectMustache'
➜ Explicit dependency on target 'PerfectHTTP-product' in project 'PerfectHTTP'
Target 'PerfectMustache' in project 'PerfectMustache'
➜ Explicit dependency on target 'PerfectHTTP-product' in project 'PerfectHTTP'
Target 'PerfectHTTPServer-product' in project 'PerfectHTTPServer'
➜ Explicit dependency on target 'PerfectHTTPServer' in project 'PerfectHTTPServer'
➜ Explicit dependency on target 'PerfectCHTTPParser' in project 'PerfectHTTPServer'
➜ Explicit dependency on target 'PerfectNet-product' in project 'PerfectNet'
➜ Explicit dependency on target 'PerfectHTTP-product' in project 'PerfectHTTP'
➜ Explicit dependency on target 'PerfectCZlib-product' in project 'PerfectCZlib'
Target 'PerfectHTTPServer' in project 'PerfectHTTPServer'
➜ Explicit dependency on target 'PerfectCHTTPParser' in project 'PerfectHTTPServer'
➜ Explicit dependency on target 'PerfectNet-product' in project 'PerfectNet'
➜ Explicit dependency on target 'PerfectHTTP-product' in project 'PerfectHTTP'
➜ Explicit dependency on target 'PerfectCZlib-product' in project 'PerfectCZlib'
Target 'PerfectCZlib-product' in project 'PerfectCZlib'
➜ Explicit dependency on target 'PerfectCZlib' in project 'PerfectCZlib'
Target 'PerfectCZlib' in project 'PerfectCZlib' (no dependencies)
Target 'PerfectHTTP-product' in project 'PerfectHTTP'
➜ Explicit dependency on target 'PerfectHTTP' in project 'PerfectHTTP'
➜ Explicit dependency on target 'PerfectLib-product' in project 'PerfectLib'
➜ Explicit dependency on target 'PerfectNet-product' in project 'PerfectNet'
Target 'PerfectHTTP' in project 'PerfectHTTP'
➜ Explicit dependency on target 'PerfectLib-product' in project 'PerfectLib'
➜ Explicit dependency on target 'PerfectNet-product' in project 'PerfectNet'
Target 'PerfectNet-product' in project 'PerfectNet'
➜ Explicit dependency on target 'PerfectNet' in project 'PerfectNet'
➜ Explicit dependency on target 'PerfectCrypto-product' in project 'PerfectCrypto'
➜ Explicit dependency on target 'PerfectThread-product' in project 'PerfectThread'
Target 'PerfectNet' in project 'PerfectNet'
➜ Explicit dependency on target 'PerfectCrypto-product' in project 'PerfectCrypto'
➜ Explicit dependency on target 'PerfectThread-product' in project 'PerfectThread'
Target 'PerfectCrypto-product' in project 'PerfectCrypto'
➜ Explicit dependency on target 'PerfectCrypto' in project 'PerfectCrypto'
➜ Explicit dependency on target 'PerfectLib-product' in project 'PerfectLib'
➜ Explicit dependency on target 'PerfectThread-product' in project 'PerfectThread'
➜ Explicit dependency on target 'COpenSSL-product' in project 'COpenSSL'
Target 'PerfectCrypto' in project 'PerfectCrypto'
➜ Explicit dependency on target 'PerfectLib-product' in project 'PerfectLib'
➜ Explicit dependency on target 'PerfectThread-product' in project 'PerfectThread'
➜ Explicit dependency on target 'COpenSSL-product' in project 'COpenSSL'
Target 'COpenSSL-product' in project 'COpenSSL'
➜ Explicit dependency on target 'COpenSSL' in project 'COpenSSL'
Target 'COpenSSL' in project 'COpenSSL' (no dependencies)
Target 'PerfectThread-product' in project 'PerfectThread'
➜ Explicit dependency on target 'PerfectThread' in project 'PerfectThread'
Target 'PerfectThread' in project 'PerfectThread' (no dependencies)
Target 'PerfectLib-product' in project 'PerfectLib'
➜ Explicit dependency on target 'PerfectLib' in project 'PerfectLib'
Target 'PerfectLib' in project 'PerfectLib' (no dependencies)
Target 'PerfectCHTTPParser' in project 'PerfectHTTPServer' (no dependencies)
GatherProvisioningInputs
CreateBuildDescription
ClangStatCache /Applications/Xcode-27.0.0-Release.Candidate.app/Contents/Developer/Toolchains/XcodeDefault.xctoolchain/usr/bin/clang-stat-cache /Applications/Xcode-27.0.0-Release.Candidate.app/Contents/Developer/Platforms/MacOSX.platform/Developer/SDKs/MacOSX27.0.sdk /Users/admin/builder/spi-builder-workspace/.derivedData/SDKStatCaches.noindex/macosx27.0-26A425-e829b21a6f8c9b70876ba0858053c0446a22442a12e9d48fe1a705f55a1adfc4.sdkstatcache
cd /Users/admin/builder/spi-builder-workspace/.swiftpm/xcode
/Applications/Xcode-27.0.0-Release.Candidate.app/Contents/Developer/Toolchains/XcodeDefault.xctoolchain/usr/bin/clang-stat-cache /Applications/Xcode-27.0.0-Release.Candidate.app/Contents/Developer/Platforms/MacOSX.platform/Developer/SDKs/MacOSX27.0.sdk -o /Users/admin/builder/spi-builder-workspace/.derivedData/SDKStatCaches.noindex/macosx27.0-26A425-e829b21a6f8c9b70876ba0858053c0446a22442a12e9d48fe1a705f55a1adfc4.sdkstatcache
SwiftDriver PjangoPostman normal arm64 com.apple.xcode.tools.swift.compiler (in target 'PjangoPostman' from project 'PjangoPostman')
cd /Users/admin/builder/spi-builder-workspace/.swiftpm/xcode
builtin-SwiftDriver -- /Applications/Xcode-27.0.0-Release.Candidate.app/Contents/Developer/Toolchains/XcodeDefault.xctoolchain/usr/bin/swiftc -parse-as-library -module-name PjangoPostman -Onone @/Users/admin/builder/spi-builder-workspace/.derivedData/Build/Intermediates.noindex/PjangoPostman.build/Debug/PjangoPostman-t.build/Objects-normal/arm64/PjangoPostman.SwiftFileList -DSWIFT_PACKAGE -DDEBUG -DSWIFT_MODULE_RESOURCE_BUNDLE_UNAVAILABLE -Xcc -fmodule-map-file\=/Users/admin/builder/spi-builder-workspace/.dependencies/checkouts/Perfect-CZlib-src/PerfectCZlib/include/module.modulemap -Xcc -fmodule-map-file\=/Users/admin/builder/spi-builder-workspace/.dependencies/checkouts/Perfect-HTTPServer/Sources/PerfectCHTTPParser/include/module.modulemap -Xcc -fmodule-map-file\=/Users/admin/builder/spi-builder-workspace/.dependencies/checkouts/Perfect-libcurl/module.modulemap -Xcc -fmodule-map-file\=/Users/admin/builder/spi-builder-workspace/.dependencies/checkouts/Perfect-COpenSSL/COpenSSL/include/module.modulemap -DXcode -plugin-path /Applications/Xcode-27.0.0-Release.Candidate.app/Contents/Developer/Toolchains/XcodeDefault.xctoolchain/usr/lib/swift/host/plugins/testing -enable-experimental-feature DebugDescriptionMacro -sdk /Applications/Xcode-27.0.0-Release.Candidate.app/Contents/Developer/Platforms/MacOSX.platform/Developer/SDKs/MacOSX27.0.sdk -target arm64-apple-macos12.0 -g -module-cache-path /Users/admin/builder/spi-builder-workspace/.derivedData/ModuleCache.noindex -Xfrontend -serialize-debugging-options -enable-testing -index-store-path /Users/admin/builder/spi-builder-workspace/.derivedData/Index.noindex/DataStore -Xcc -D_LIBCPP_HARDENING_MODE\=_LIBCPP_HARDENING_MODE_DEBUG -swift-version 4.2 -I /Users/admin/builder/spi-builder-workspace/.derivedData/Build/Products/Debug -Isystem /Applications/Xcode-27.0.0-Release.Candidate.app/Contents/Developer/Platforms/MacOSX.platform/Developer/usr/lib -F /Users/admin/builder/spi-builder-workspace/.derivedData/Build/Products/Debug/PackageFrameworks -F /Users/admin/builder/spi-builder-workspace/.derivedData/Build/Products/Debug -F /Applications/Xcode-27.0.0-Release.Candidate.app/Contents/Developer/Platforms/MacOSX.platform/Developer/Library/Frameworks -c -j10 -enable-batch-mode -incremental -Xcc -ivfsstatcache -Xcc /Users/admin/builder/spi-builder-workspace/.derivedData/SDKStatCaches.noindex/macosx27.0-26A425-e829b21a6f8c9b70876ba0858053c0446a22442a12e9d48fe1a705f55a1adfc4.sdkstatcache -output-file-map /Users/admin/builder/spi-builder-workspace/.derivedData/Build/Intermediates.noindex/PjangoPostman.build/Debug/PjangoPostman-t.build/Objects-normal/arm64/PjangoPostman-OutputFileMap.json -save-temps -no-color-diagnostics -emit-dependencies -emit-module -emit-module-path /Users/admin/builder/spi-builder-workspace/.derivedData/Build/Intermediates.noindex/PjangoPostman.build/Debug/PjangoPostman-t.build/Objects-normal/arm64/PjangoPostman.swiftmodule -serialize-diagnostics -validate-clang-modules-once -clang-build-session-file /Users/admin/builder/spi-builder-workspace/.derivedData/ModuleCache.noindex/Session.modulevalidation -Xcc -fmodules-prune-interval\=86400 -Xcc -fmodules-prune-after\=345600 -emit-const-values -const-gather-protocols-list /Users/admin/builder/spi-builder-workspace/.derivedData/Build/Intermediates.noindex/PjangoPostman.build/Debug/PjangoPostman-t.build/Objects-normal/arm64/PjangoPostman_const_extract_protocols.json -Xcc -I/Users/admin/builder/spi-builder-workspace/.dependencies/checkouts/Perfect-CZlib-src/PerfectCZlib/include -Xcc -I/Users/admin/builder/spi-builder-workspace/.dependencies/checkouts/Perfect-HTTPServer/Sources/PerfectCHTTPParser/include -Xcc -I/Users/admin/builder/spi-builder-workspace/.dependencies/checkouts/Perfect-COpenSSL/COpenSSL/include -Xcc -I/Users/admin/builder/spi-builder-workspace/.derivedData/Build/Products/Debug/include -Xcc -I/Users/admin/builder/spi-builder-workspace/.derivedData/Build/Intermediates.noindex/PjangoPostman.build/Debug/PjangoPostman-t.build/DerivedSources-normal/arm64 -Xcc -I/Users/admin/builder/spi-builder-workspace/.derivedData/Build/Intermediates.noindex/PjangoPostman.build/Debug/PjangoPostman-t.build/DerivedSources/arm64 -Xcc -I/Users/admin/builder/spi-builder-workspace/.derivedData/Build/Intermediates.noindex/PjangoPostman.build/Debug/PjangoPostman-t.build/DerivedSources -Xcc -DSWIFT_PACKAGE -Xcc -DDEBUG\=1 -emit-objc-header -emit-objc-header-path /Users/admin/builder/spi-builder-workspace/.derivedData/Build/Intermediates.noindex/PjangoPostman.build/Debug/PjangoPostman-t.build/Objects-normal/arm64/PjangoPostman-Swift.h -working-directory /Users/admin/builder/spi-builder-workspace/.swiftpm/xcode -experimental-emit-module-separately -disable-cmo
SwiftDriver Pjango normal arm64 com.apple.xcode.tools.swift.compiler (in target 'Pjango' from project 'Pjango')
cd /Users/admin/builder/spi-builder-workspace/.swiftpm/xcode
builtin-SwiftDriver -- /Applications/Xcode-27.0.0-Release.Candidate.app/Contents/Developer/Toolchains/XcodeDefault.xctoolchain/usr/bin/swiftc -parse-as-library -module-name Pjango -Onone @/Users/admin/builder/spi-builder-workspace/.derivedData/Build/Intermediates.noindex/Pjango.build/Debug/Pjango-t.build/Objects-normal/arm64/Pjango.SwiftFileList -DSWIFT_PACKAGE -DDEBUG -DSWIFT_MODULE_RESOURCE_BUNDLE_UNAVAILABLE -Xcc -fmodule-map-file\=/Users/admin/builder/spi-builder-workspace/.dependencies/checkouts/Perfect-CZlib-src/PerfectCZlib/include/module.modulemap -Xcc -fmodule-map-file\=/Users/admin/builder/spi-builder-workspace/.dependencies/checkouts/Perfect-HTTPServer/Sources/PerfectCHTTPParser/include/module.modulemap -Xcc -fmodule-map-file\=/Users/admin/builder/spi-builder-workspace/.dependencies/checkouts/Perfect-COpenSSL/COpenSSL/include/module.modulemap -DXcode -plugin-path /Applications/Xcode-27.0.0-Release.Candidate.app/Contents/Developer/Toolchains/XcodeDefault.xctoolchain/usr/lib/swift/host/plugins/testing -enable-experimental-feature DebugDescriptionMacro -sdk /Applications/Xcode-27.0.0-Release.Candidate.app/Contents/Developer/Platforms/MacOSX.platform/Developer/SDKs/MacOSX27.0.sdk -target arm64-apple-macos12.0 -g -module-cache-path /Users/admin/builder/spi-builder-workspace/.derivedData/ModuleCache.noindex -Xfrontend -serialize-debugging-options -enable-testing -suppress-warnings -index-store-path /Users/admin/builder/spi-builder-workspace/.derivedData/Index.noindex/DataStore -Xcc -D_LIBCPP_HARDENING_MODE\=_LIBCPP_HARDENING_MODE_DEBUG -swift-version 4.2 -I /Users/admin/builder/spi-builder-workspace/.derivedData/Build/Products/Debug -Isystem /Applications/Xcode-27.0.0-Release.Candidate.app/Contents/Developer/Platforms/MacOSX.platform/Developer/usr/lib -F /Users/admin/builder/spi-builder-workspace/.derivedData/Build/Products/Debug/PackageFrameworks -F /Users/admin/builder/spi-builder-workspace/.derivedData/Build/Products/Debug -F /Applications/Xcode-27.0.0-Release.Candidate.app/Contents/Developer/Platforms/MacOSX.platform/Developer/Library/Frameworks -c -j10 -enable-batch-mode -incremental -Xcc -ivfsstatcache -Xcc /Users/admin/builder/spi-builder-workspace/.derivedData/SDKStatCaches.noindex/macosx27.0-26A425-e829b21a6f8c9b70876ba0858053c0446a22442a12e9d48fe1a705f55a1adfc4.sdkstatcache -output-file-map /Users/admin/builder/spi-builder-workspace/.derivedData/Build/Intermediates.noindex/Pjango.build/Debug/Pjango-t.build/Objects-normal/arm64/Pjango-OutputFileMap.json -save-temps -no-color-diagnostics -emit-dependencies -emit-module -emit-module-path /Users/admin/builder/spi-builder-workspace/.derivedData/Build/Intermediates.noindex/Pjango.build/Debug/Pjango-t.build/Objects-normal/arm64/Pjango.swiftmodule -serialize-diagnostics -validate-clang-modules-once -clang-build-session-file /Users/admin/builder/spi-builder-workspace/.derivedData/ModuleCache.noindex/Session.modulevalidation -Xcc -fmodules-prune-interval\=86400 -Xcc -fmodules-prune-after\=345600 -emit-const-values -const-gather-protocols-list /Users/admin/builder/spi-builder-workspace/.derivedData/Build/Intermediates.noindex/Pjango.build/Debug/Pjango-t.build/Objects-normal/arm64/Pjango_const_extract_protocols.json -Xcc -I/Users/admin/builder/spi-builder-workspace/.dependencies/checkouts/Perfect-CZlib-src/PerfectCZlib/include -Xcc -I/Users/admin/builder/spi-builder-workspace/.dependencies/checkouts/Perfect-HTTPServer/Sources/PerfectCHTTPParser/include -Xcc -I/Users/admin/builder/spi-builder-workspace/.dependencies/checkouts/Perfect-COpenSSL/COpenSSL/include -Xcc -I/Users/admin/builder/spi-builder-workspace/.derivedData/Build/Products/Debug/include -Xcc -I/Users/admin/builder/spi-builder-workspace/.derivedData/Build/Intermediates.noindex/Pjango.build/Debug/Pjango-t.build/DerivedSources-normal/arm64 -Xcc -I/Users/admin/builder/spi-builder-workspace/.derivedData/Build/Intermediates.noindex/Pjango.build/Debug/Pjango-t.build/DerivedSources/arm64 -Xcc -I/Users/admin/builder/spi-builder-workspace/.derivedData/Build/Intermediates.noindex/Pjango.build/Debug/Pjango-t.build/DerivedSources -Xcc -DSWIFT_PACKAGE -Xcc -DDEBUG\=1 -emit-objc-header -emit-objc-header-path /Users/admin/builder/spi-builder-workspace/.derivedData/Build/Intermediates.noindex/Pjango.build/Debug/Pjango-t.build/Objects-normal/arm64/Pjango-Swift.h -working-directory /Users/admin/builder/spi-builder-workspace/.swiftpm/xcode -experimental-emit-module-separately -disable-cmo
SwiftDriver PerfectCURL normal arm64 com.apple.xcode.tools.swift.compiler (in target 'PerfectCURL' from project 'PerfectCURL')
cd /Users/admin/builder/spi-builder-workspace/.swiftpm/xcode
builtin-SwiftDriver -- /Applications/Xcode-27.0.0-Release.Candidate.app/Contents/Developer/Toolchains/XcodeDefault.xctoolchain/usr/bin/swiftc -parse-as-library -module-name PerfectCURL -Onone @/Users/admin/builder/spi-builder-workspace/.derivedData/Build/Intermediates.noindex/PerfectCURL.build/Debug/PerfectCURL-t.build/Objects-normal/arm64/PerfectCURL.SwiftFileList -DSWIFT_PACKAGE -DDEBUG -DSWIFT_MODULE_RESOURCE_BUNDLE_UNAVAILABLE -Xcc -fmodule-map-file\=/Users/admin/builder/spi-builder-workspace/.dependencies/checkouts/Perfect-COpenSSL/COpenSSL/include/module.modulemap -Xcc -fmodule-map-file\=/Users/admin/builder/spi-builder-workspace/.dependencies/checkouts/Perfect-libcurl/module.modulemap -DXcode -plugin-path /Applications/Xcode-27.0.0-Release.Candidate.app/Contents/Developer/Toolchains/XcodeDefault.xctoolchain/usr/lib/swift/host/plugins/testing -enable-experimental-feature DebugDescriptionMacro -sdk /Applications/Xcode-27.0.0-Release.Candidate.app/Contents/Developer/Platforms/MacOSX.platform/Developer/SDKs/MacOSX27.0.sdk -target arm64-apple-macos12.0 -g -module-cache-path /Users/admin/builder/spi-builder-workspace/.derivedData/ModuleCache.noindex -Xfrontend -serialize-debugging-options -enable-testing -suppress-warnings -index-store-path /Users/admin/builder/spi-builder-workspace/.derivedData/Index.noindex/DataStore -Xcc -D_LIBCPP_HARDENING_MODE\=_LIBCPP_HARDENING_MODE_DEBUG -swift-version 4 -I /Users/admin/builder/spi-builder-workspace/.derivedData/Build/Products/Debug -Isystem /Applications/Xcode-27.0.0-Release.Candidate.app/Contents/Developer/Platforms/MacOSX.platform/Developer/usr/lib -F /Users/admin/builder/spi-builder-workspace/.derivedData/Build/Products/Debug/PackageFrameworks -F /Users/admin/builder/spi-builder-workspace/.derivedData/Build/Products/Debug -F /Applications/Xcode-27.0.0-Release.Candidate.app/Contents/Developer/Platforms/MacOSX.platform/Developer/Library/Frameworks -c -j10 -enable-batch-mode -incremental -Xcc -ivfsstatcache -Xcc /Users/admin/builder/spi-builder-workspace/.derivedData/SDKStatCaches.noindex/macosx27.0-26A425-e829b21a6f8c9b70876ba0858053c0446a22442a12e9d48fe1a705f55a1adfc4.sdkstatcache -output-file-map /Users/admin/builder/spi-builder-workspace/.derivedData/Build/Intermediates.noindex/PerfectCURL.build/Debug/PerfectCURL-t.build/Objects-normal/arm64/PerfectCURL-OutputFileMap.json -save-temps -no-color-diagnostics -emit-dependencies -emit-module -emit-module-path /Users/admin/builder/spi-builder-workspace/.derivedData/Build/Intermediates.noindex/PerfectCURL.build/Debug/PerfectCURL-t.build/Objects-normal/arm64/PerfectCURL.swiftmodule -serialize-diagnostics -validate-clang-modules-once -clang-build-session-file /Users/admin/builder/spi-builder-workspace/.derivedData/ModuleCache.noindex/Session.modulevalidation -Xcc -fmodules-prune-interval\=86400 -Xcc -fmodules-prune-after\=345600 -emit-const-values -const-gather-protocols-list /Users/admin/builder/spi-builder-workspace/.derivedData/Build/Intermediates.noindex/PerfectCURL.build/Debug/PerfectCURL-t.build/Objects-normal/arm64/PerfectCURL_const_extract_protocols.json -Xcc -I/Users/admin/builder/spi-builder-workspace/.dependencies/checkouts/Perfect-COpenSSL/COpenSSL/include -Xcc -I/Users/admin/builder/spi-builder-workspace/.derivedData/Build/Products/Debug/include -Xcc -I/Users/admin/builder/spi-builder-workspace/.derivedData/Build/Intermediates.noindex/PerfectCURL.build/Debug/PerfectCURL-t.build/DerivedSources-normal/arm64 -Xcc -I/Users/admin/builder/spi-builder-workspace/.derivedData/Build/Intermediates.noindex/PerfectCURL.build/Debug/PerfectCURL-t.build/DerivedSources/arm64 -Xcc -I/Users/admin/builder/spi-builder-workspace/.derivedData/Build/Intermediates.noindex/PerfectCURL.build/Debug/PerfectCURL-t.build/DerivedSources -Xcc -DSWIFT_PACKAGE -Xcc -DDEBUG\=1 -emit-objc-header -emit-objc-header-path /Users/admin/builder/spi-builder-workspace/.derivedData/Build/Intermediates.noindex/PerfectCURL.build/Debug/PerfectCURL-t.build/Objects-normal/arm64/PerfectCURL-Swift.h -working-directory /Users/admin/builder/spi-builder-workspace/.swiftpm/xcode -experimental-emit-module-separately -disable-cmo
Ld /Users/admin/builder/spi-builder-workspace/.derivedData/Build/Products/Debug/PerfectHTTP.o normal (in target 'PerfectHTTP' from project 'PerfectHTTP')
cd /Users/admin/builder/spi-builder-workspace/.dependencies/checkouts/Perfect-HTTP
/Applications/Xcode-27.0.0-Release.Candidate.app/Contents/Developer/Toolchains/XcodeDefault.xctoolchain/usr/bin/clang -Xlinker -reproducible -target arm64-apple-macos12.0 -r -isysroot /Applications/Xcode-27.0.0-Release.Candidate.app/Contents/Developer/Platforms/MacOSX.platform/Developer/SDKs/MacOSX27.0.sdk -O0 -w -Xlinker -no_warn_duplicate_libraries -F/Users/admin/builder/spi-builder-workspace/.derivedData/Build/Intermediates.noindex/EagerLinkingTBDs/Debug -F/Users/admin/builder/spi-builder-workspace/.derivedData/Build/Products/Debug/PackageFrameworks -F/Users/admin/builder/spi-builder-workspace/.derivedData/Build/Products/Debug -iframework /Applications/Xcode-27.0.0-Release.Candidate.app/Contents/Developer/Platforms/MacOSX.platform/Developer/Library/Frameworks -filelist /Users/admin/builder/spi-builder-workspace/.derivedData/Build/Intermediates.noindex/PerfectHTTP.build/Debug/PerfectHTTP-t.build/Objects-normal/arm64/PerfectHTTP.LinkFileList -nostdlib -Xlinker -object_path_lto -Xlinker /Users/admin/builder/spi-builder-workspace/.derivedData/Build/Intermediates.noindex/PerfectHTTP.build/Debug/PerfectHTTP-t.build/Objects-normal/arm64/PerfectHTTP_lto.o -Xlinker -no_deduplicate -Xlinker -dependency_info -Xlinker /Users/admin/builder/spi-builder-workspace/.derivedData/Build/Intermediates.noindex/PerfectHTTP.build/Debug/PerfectHTTP-t.build/Objects-normal/arm64/PerfectHTTP_dependency_info.dat -fobjc-link-runtime -L/Applications/Xcode-27.0.0-Release.Candidate.app/Contents/Developer/Toolchains/XcodeDefault.xctoolchain/usr/lib/swift/macosx -L/usr/lib/swift -Xlinker -add_ast_path -Xlinker /Users/admin/builder/spi-builder-workspace/.derivedData/Build/Intermediates.noindex/PerfectHTTP.build/Debug/PerfectHTTP-t.build/Objects-normal/arm64/PerfectHTTP.swiftmodule -o /Users/admin/builder/spi-builder-workspace/.derivedData/Build/Products/Debug/PerfectHTTP.o
ExtractAppIntentsMetadata (in target 'PerfectHTTP' from project 'PerfectHTTP')
cd /Users/admin/builder/spi-builder-workspace/.dependencies/checkouts/Perfect-HTTP
/Applications/Xcode-27.0.0-Release.Candidate.app/Contents/Developer/Toolchains/XcodeDefault.xctoolchain/usr/bin/appintentsmetadataprocessor --toolchain-dir /var/run/com.apple.security.cryptexd/mnt/com.apple.MobileAsset.MetalToolchain-v27.1.266.1.blW8ch/Metal.xctoolchain --module-name PerfectHTTP --sdk-root /Applications/Xcode-27.0.0-Release.Candidate.app/Contents/Developer/Platforms/MacOSX.platform/Developer/SDKs/MacOSX27.0.sdk --xcode-version 27A266a --platform-family macOS --deployment-target 12.0 --bundle-identifier perfect-http.PerfectHTTP --output /Users/admin/builder/spi-builder-workspace/.derivedData/Build/Products/Debug/PerfectHTTP.appintents --target-triple arm64-apple-macos12.0 --binary-file /Users/admin/builder/spi-builder-workspace/.derivedData/Build/Products/Debug/PerfectHTTP.o --dependency-file /Users/admin/builder/spi-builder-workspace/.derivedData/Build/Intermediates.noindex/PerfectHTTP.build/Debug/PerfectHTTP-t.build/Objects-normal/arm64/PerfectHTTP_dependency_info.dat --stringsdata-file /Users/admin/builder/spi-builder-workspace/.derivedData/Build/Intermediates.noindex/PerfectHTTP.build/Debug/PerfectHTTP-t.build/Objects-normal/arm64/ExtractedAppShortcutsMetadata.stringsdata --source-file-list /Users/admin/builder/spi-builder-workspace/.derivedData/Build/Intermediates.noindex/PerfectHTTP.build/Debug/PerfectHTTP-t.build/Objects-normal/arm64/PerfectHTTP.SwiftFileList --metadata-file-list /Users/admin/builder/spi-builder-workspace/.derivedData/Build/Intermediates.noindex/PerfectHTTP.build/Debug/PerfectHTTP-t.build/PerfectHTTP.DependencyMetadataFileList --static-metadata-file-list /Users/admin/builder/spi-builder-workspace/.derivedData/Build/Intermediates.noindex/PerfectHTTP.build/Debug/PerfectHTTP-t.build/PerfectHTTP.DependencyStaticMetadataFileList --swift-const-vals-list /Users/admin/builder/spi-builder-workspace/.derivedData/Build/Intermediates.noindex/PerfectHTTP.build/Debug/PerfectHTTP-t.build/Objects-normal/arm64/PerfectHTTP.SwiftConstValuesFileList --force --compile-time-extraction --deployment-aware-processing --no-app-shortcuts-localization
2026-09-16 22:22:52.296 appintentsmetadataprocessor[1660:8071] Starting appintentsmetadataprocessor export
2026-09-16 22:22:52.367 appintentsmetadataprocessor[1660:8071] Extracted no relevant App Intents symbols, skipping writing output
SwiftEmitModule normal arm64 Emitting\ module\ for\ PjangoPostman (in target 'PjangoPostman' from project 'PjangoPostman')
SwiftCompile normal arm64 (in target 'PjangoPostman' from project 'PjangoPostman')
cd /Users/admin/builder/spi-builder-workspace/.swiftpm/xcode
SwiftCompile normal arm64 Compiling\ PostmanConfigModel.swift /Users/admin/builder/spi-builder-workspace/Source/PjangoPostman/PostmanConfigModel.swift (in target 'PjangoPostman' from project 'PjangoPostman')
SwiftCompile normal arm64 /Users/admin/builder/spi-builder-workspace/Source/PjangoPostman/PostmanConfigModel.swift (in target 'PjangoPostman' from project 'PjangoPostman')
cd /Users/admin/builder/spi-builder-workspace/.swiftpm/xcode
builtin-SwiftPerFileCompile PostmanConfigModel.swift
SwiftCompile normal arm64 Compiling\ PostmanCURL.swift /Users/admin/builder/spi-builder-workspace/Source/PjangoPostman/PostmanCURL.swift (in target 'PjangoPostman' from project 'PjangoPostman')
SwiftCompile normal arm64 /Users/admin/builder/spi-builder-workspace/Source/PjangoPostman/PostmanCURL.swift (in target 'PjangoPostman' from project 'PjangoPostman')
cd /Users/admin/builder/spi-builder-workspace/.swiftpm/xcode
builtin-SwiftPerFileCompile PostmanCURL.swift
/Users/admin/builder/spi-builder-workspace/Source/PjangoPostman/PostmanCURL.swift:54:47: warning: initialization of 'UnsafeMutableRawPointer' results in a dangling pointer [#TemporaryPointers]
52 |
53 | curl.setOption(CURLOPT_POST, int: 1)
54 | curl.setOption(CURLOPT_POSTFIELDS, v: UnsafeMutableRawPointer(mutating: bodyEncrypted))
| | |- note: implicit argument conversion from '[UInt8]' to 'UnsafeRawPointer' produces a pointer valid only for the duration of the call to 'init(mutating:)'
| | `- note: use the 'withUnsafeBytes' method on Array in order to explicitly convert argument to buffer pointer valid for a defined scope
| `- warning: initialization of 'UnsafeMutableRawPointer' results in a dangling pointer [#TemporaryPointers]
55 | curl.setOption(CURLOPT_POSTFIELDSIZE, int: bodyEncrypted.count)
56 | curl.setOption(CURLOPT_TIMEOUT_MS, int: 15000)
[#TemporaryPointers]: <https://docs.swift.org/compiler/documentation/diagnostics/temporary-pointers>
SwiftCompile normal arm64 Compiling\ PostmanEncryptor.swift /Users/admin/builder/spi-builder-workspace/Source/PjangoPostman/PostmanEncryptor.swift (in target 'PjangoPostman' from project 'PjangoPostman')
SwiftCompile normal arm64 /Users/admin/builder/spi-builder-workspace/Source/PjangoPostman/PostmanEncryptor.swift (in target 'PjangoPostman' from project 'PjangoPostman')
cd /Users/admin/builder/spi-builder-workspace/.swiftpm/xcode
builtin-SwiftPerFileCompile PostmanEncryptor.swift
SwiftCompile normal arm64 Compiling\ CURLRequest.swift /Users/admin/builder/spi-builder-workspace/.dependencies/checkouts/Perfect-CURL/Sources/PerfectCURL/CURLRequest.swift (in target 'PerfectCURL' from project 'PerfectCURL')
SwiftCompile normal arm64 /Users/admin/builder/spi-builder-workspace/.dependencies/checkouts/Perfect-CURL/Sources/PerfectCURL/CURLRequest.swift (in target 'PerfectCURL' from project 'PerfectCURL')
cd /Users/admin/builder/spi-builder-workspace/.swiftpm/xcode
builtin-SwiftPerFileCompile CURLRequest.swift
SwiftEmitModule normal arm64 Emitting\ module\ for\ PerfectCURL (in target 'PerfectCURL' from project 'PerfectCURL')
SwiftCompile normal arm64 (in target 'PerfectCURL' from project 'PerfectCURL')
cd /Users/admin/builder/spi-builder-workspace/.swiftpm/xcode
SwiftCompile normal arm64 Compiling\ CURLResponseInfos.swift /Users/admin/builder/spi-builder-workspace/.dependencies/checkouts/Perfect-CURL/Sources/PerfectCURL/CURLResponseInfos.swift (in target 'PerfectCURL' from project 'PerfectCURL')
SwiftCompile normal arm64 /Users/admin/builder/spi-builder-workspace/.dependencies/checkouts/Perfect-CURL/Sources/PerfectCURL/CURLResponseInfos.swift (in target 'PerfectCURL' from project 'PerfectCURL')
cd /Users/admin/builder/spi-builder-workspace/.swiftpm/xcode
builtin-SwiftPerFileCompile CURLResponseInfos.swift
SwiftCompile normal arm64 Compiling\ CURLResponse.swift /Users/admin/builder/spi-builder-workspace/.dependencies/checkouts/Perfect-CURL/Sources/PerfectCURL/CURLResponse.swift (in target 'PerfectCURL' from project 'PerfectCURL')
SwiftCompile normal arm64 /Users/admin/builder/spi-builder-workspace/.dependencies/checkouts/Perfect-CURL/Sources/PerfectCURL/CURLResponse.swift (in target 'PerfectCURL' from project 'PerfectCURL')
cd /Users/admin/builder/spi-builder-workspace/.swiftpm/xcode
builtin-SwiftPerFileCompile CURLResponse.swift
SwiftCompile normal arm64 Compiling\ cURL.swift /Users/admin/builder/spi-builder-workspace/.dependencies/checkouts/Perfect-CURL/Sources/PerfectCURL/cURL.swift (in target 'PerfectCURL' from project 'PerfectCURL')
SwiftCompile normal arm64 /Users/admin/builder/spi-builder-workspace/.dependencies/checkouts/Perfect-CURL/Sources/PerfectCURL/cURL.swift (in target 'PerfectCURL' from project 'PerfectCURL')
cd /Users/admin/builder/spi-builder-workspace/.swiftpm/xcode
builtin-SwiftPerFileCompile cURL.swift
SwiftEmitModule normal arm64 Emitting\ module\ for\ Pjango (in target 'Pjango' from project 'Pjango')
SwiftCompile normal arm64 (in target 'Pjango' from project 'Pjango')
cd /Users/admin/builder/spi-builder-workspace/.swiftpm/xcode
SwiftCompile normal arm64 Compiling\ Global.swift /Users/admin/builder/spi-builder-workspace/.dependencies/checkouts/Pjango/Source/Pjango/Pjango/Global.swift (in target 'Pjango' from project 'Pjango')
SwiftCompile normal arm64 /Users/admin/builder/spi-builder-workspace/.dependencies/checkouts/Pjango/Source/Pjango/Pjango/Global.swift (in target 'Pjango' from project 'Pjango')
cd /Users/admin/builder/spi-builder-workspace/.swiftpm/xcode
builtin-SwiftPerFileCompile Global.swift
SwiftDriverJobDiscovery normal arm64 Emitting module for PjangoPostman (in target 'PjangoPostman' from project 'PjangoPostman')
SwiftDriver\ Compilation\ Requirements PjangoPostman normal arm64 com.apple.xcode.tools.swift.compiler (in target 'PjangoPostman' from project 'PjangoPostman')
cd /Users/admin/builder/spi-builder-workspace/.swiftpm/xcode
builtin-Swift-Compilation-Requirements -- /Applications/Xcode-27.0.0-Release.Candidate.app/Contents/Developer/Toolchains/XcodeDefault.xctoolchain/usr/bin/swiftc -parse-as-library -module-name PjangoPostman -Onone @/Users/admin/builder/spi-builder-workspace/.derivedData/Build/Intermediates.noindex/PjangoPostman.build/Debug/PjangoPostman-t.build/Objects-normal/arm64/PjangoPostman.SwiftFileList -DSWIFT_PACKAGE -DDEBUG -DSWIFT_MODULE_RESOURCE_BUNDLE_UNAVAILABLE -Xcc -fmodule-map-file\=/Users/admin/builder/spi-builder-workspace/.dependencies/checkouts/Perfect-CZlib-src/PerfectCZlib/include/module.modulemap -Xcc -fmodule-map-file\=/Users/admin/builder/spi-builder-workspace/.dependencies/checkouts/Perfect-HTTPServer/Sources/PerfectCHTTPParser/include/module.modulemap -Xcc -fmodule-map-file\=/Users/admin/builder/spi-builder-workspace/.dependencies/checkouts/Perfect-libcurl/module.modulemap -Xcc -fmodule-map-file\=/Users/admin/builder/spi-builder-workspace/.dependencies/checkouts/Perfect-COpenSSL/COpenSSL/include/module.modulemap -DXcode -plugin-path /Applications/Xcode-27.0.0-Release.Candidate.app/Contents/Developer/Toolchains/XcodeDefault.xctoolchain/usr/lib/swift/host/plugins/testing -enable-experimental-feature DebugDescriptionMacro -sdk /Applications/Xcode-27.0.0-Release.Candidate.app/Contents/Developer/Platforms/MacOSX.platform/Developer/SDKs/MacOSX27.0.sdk -target arm64-apple-macos12.0 -g -module-cache-path /Users/admin/builder/spi-builder-workspace/.derivedData/ModuleCache.noindex -Xfrontend -serialize-debugging-options -enable-testing -index-store-path /Users/admin/builder/spi-builder-workspace/.derivedData/Index.noindex/DataStore -Xcc -D_LIBCPP_HARDENING_MODE\=_LIBCPP_HARDENING_MODE_DEBUG -swift-version 4.2 -I /Users/admin/builder/spi-builder-workspace/.derivedData/Build/Products/Debug -Isystem /Applications/Xcode-27.0.0-Release.Candidate.app/Contents/Developer/Platforms/MacOSX.platform/Developer/usr/lib -F /Users/admin/builder/spi-builder-workspace/.derivedData/Build/Products/Debug/PackageFrameworks -F /Users/admin/builder/spi-builder-workspace/.derivedData/Build/Products/Debug -F /Applications/Xcode-27.0.0-Release.Candidate.app/Contents/Developer/Platforms/MacOSX.platform/Developer/Library/Frameworks -c -j10 -enable-batch-mode -incremental -Xcc -ivfsstatcache -Xcc /Users/admin/builder/spi-builder-workspace/.derivedData/SDKStatCaches.noindex/macosx27.0-26A425-e829b21a6f8c9b70876ba0858053c0446a22442a12e9d48fe1a705f55a1adfc4.sdkstatcache -output-file-map /Users/admin/builder/spi-builder-workspace/.derivedData/Build/Intermediates.noindex/PjangoPostman.build/Debug/PjangoPostman-t.build/Objects-normal/arm64/PjangoPostman-OutputFileMap.json -save-temps -no-color-diagnostics -emit-dependencies -emit-module -emit-module-path /Users/admin/builder/spi-builder-workspace/.derivedData/Build/Intermediates.noindex/PjangoPostman.build/Debug/PjangoPostman-t.build/Objects-normal/arm64/PjangoPostman.swiftmodule -serialize-diagnostics -validate-clang-modules-once -clang-build-session-file /Users/admin/builder/spi-builder-workspace/.derivedData/ModuleCache.noindex/Session.modulevalidation -Xcc -fmodules-prune-interval\=86400 -Xcc -fmodules-prune-after\=345600 -emit-const-values -const-gather-protocols-list /Users/admin/builder/spi-builder-workspace/.derivedData/Build/Intermediates.noindex/PjangoPostman.build/Debug/PjangoPostman-t.build/Objects-normal/arm64/PjangoPostman_const_extract_protocols.json -Xcc -I/Users/admin/builder/spi-builder-workspace/.dependencies/checkouts/Perfect-CZlib-src/PerfectCZlib/include -Xcc -I/Users/admin/builder/spi-builder-workspace/.dependencies/checkouts/Perfect-HTTPServer/Sources/PerfectCHTTPParser/include -Xcc -I/Users/admin/builder/spi-builder-workspace/.dependencies/checkouts/Perfect-COpenSSL/COpenSSL/include -Xcc -I/Users/admin/builder/spi-builder-workspace/.derivedData/Build/Products/Debug/include -Xcc -I/Users/admin/builder/spi-builder-workspace/.derivedData/Build/Intermediates.noindex/PjangoPostman.build/Debug/PjangoPostman-t.build/DerivedSources-normal/arm64 -Xcc -I/Users/admin/builder/spi-builder-workspace/.derivedData/Build/Intermediates.noindex/PjangoPostman.build/Debug/PjangoPostman-t.build/DerivedSources/arm64 -Xcc -I/Users/admin/builder/spi-builder-workspace/.derivedData/Build/Intermediates.noindex/PjangoPostman.build/Debug/PjangoPostman-t.build/DerivedSources -Xcc -DSWIFT_PACKAGE -Xcc -DDEBUG\=1 -emit-objc-header -emit-objc-header-path /Users/admin/builder/spi-builder-workspace/.derivedData/Build/Intermediates.noindex/PjangoPostman.build/Debug/PjangoPostman-t.build/Objects-normal/arm64/PjangoPostman-Swift.h -working-directory /Users/admin/builder/spi-builder-workspace/.swiftpm/xcode -experimental-emit-module-separately -disable-cmo
SwiftDriverJobDiscovery normal arm64 Compiling PostmanEncryptor.swift (in target 'PjangoPostman' from project 'PjangoPostman')
SwiftCompile normal arm64 Compiling\ PCModel.swift /Users/admin/builder/spi-builder-workspace/.dependencies/checkouts/Pjango/Source/Pjango/Model/PCModel.swift (in target 'Pjango' from project 'Pjango')
SwiftCompile normal arm64 /Users/admin/builder/spi-builder-workspace/.dependencies/checkouts/Pjango/Source/Pjango/Model/PCModel.swift (in target 'Pjango' from project 'Pjango')
cd /Users/admin/builder/spi-builder-workspace/.swiftpm/xcode
builtin-SwiftPerFileCompile PCModel.swift
SwiftCompile normal arm64 Compiling\ PCObject.swift /Users/admin/builder/spi-builder-workspace/.dependencies/checkouts/Pjango/Source/Pjango/Model/PCObject.swift (in target 'Pjango' from project 'Pjango')
SwiftCompile normal arm64 /Users/admin/builder/spi-builder-workspace/.dependencies/checkouts/Pjango/Source/Pjango/Model/PCObject.swift (in target 'Pjango' from project 'Pjango')
cd /Users/admin/builder/spi-builder-workspace/.swiftpm/xcode
builtin-SwiftPerFileCompile PCObject.swift
SwiftDriverJobDiscovery normal arm64 Compiling CURLResponseInfos.swift (in target 'PerfectCURL' from project 'PerfectCURL')
SwiftMergeGeneratedHeaders /Users/admin/builder/spi-builder-workspace/.derivedData/Build/Intermediates.noindex/GeneratedModuleMaps/PjangoPostman-Swift.h /Users/admin/builder/spi-builder-workspace/.derivedData/Build/Intermediates.noindex/PjangoPostman.build/Debug/PjangoPostman-t.build/Objects-normal/arm64/PjangoPostman-Swift.h (in target 'PjangoPostman' from project 'PjangoPostman')
cd /Users/admin/builder/spi-builder-workspace
builtin-swiftHeaderTool -arch arm64 /Users/admin/builder/spi-builder-workspace/.derivedData/Build/Intermediates.noindex/PjangoPostman.build/Debug/PjangoPostman-t.build/Objects-normal/arm64/PjangoPostman-Swift.h -o /Users/admin/builder/spi-builder-workspace/.derivedData/Build/Intermediates.noindex/GeneratedModuleMaps/PjangoPostman-Swift.h
Copy /Users/admin/builder/spi-builder-workspace/.derivedData/Build/Products/Debug/PjangoPostman.swiftmodule/arm64-apple-macos.swiftmodule /Users/admin/builder/spi-builder-workspace/.derivedData/Build/Intermediates.noindex/PjangoPostman.build/Debug/PjangoPostman-t.build/Objects-normal/arm64/PjangoPostman.swiftmodule (in target 'PjangoPostman' from project 'PjangoPostman')
cd /Users/admin/builder/spi-builder-workspace
builtin-copy -exclude .DS_Store -exclude CVS -exclude .svn -exclude .git -exclude .hg -resolve-src-symlinks -rename /Users/admin/builder/spi-builder-workspace/.derivedData/Build/Intermediates.noindex/PjangoPostman.build/Debug/PjangoPostman-t.build/Objects-normal/arm64/PjangoPostman.swiftmodule /Users/admin/builder/spi-builder-workspace/.derivedData/Build/Products/Debug/PjangoPostman.swiftmodule/arm64-apple-macos.swiftmodule
Copy /Users/admin/builder/spi-builder-workspace/.derivedData/Build/Products/Debug/PjangoPostman.swiftmodule/arm64-apple-macos.swiftdoc /Users/admin/builder/spi-builder-workspace/.derivedData/Build/Intermediates.noindex/PjangoPostman.build/Debug/PjangoPostman-t.build/Objects-normal/arm64/PjangoPostman.swiftdoc (in target 'PjangoPostman' from project 'PjangoPostman')
cd /Users/admin/builder/spi-builder-workspace
builtin-copy -exclude .DS_Store -exclude CVS -exclude .svn -exclude .git -exclude .hg -resolve-src-symlinks -rename /Users/admin/builder/spi-builder-workspace/.derivedData/Build/Intermediates.noindex/PjangoPostman.build/Debug/PjangoPostman-t.build/Objects-normal/arm64/PjangoPostman.swiftdoc /Users/admin/builder/spi-builder-workspace/.derivedData/Build/Products/Debug/PjangoPostman.swiftmodule/arm64-apple-macos.swiftdoc
SwiftDriverJobDiscovery normal arm64 Compiling PostmanConfigModel.swift (in target 'PjangoPostman' from project 'PjangoPostman')
Copy /Users/admin/builder/spi-builder-workspace/.derivedData/Build/Products/Debug/PjangoPostman.swiftmodule/arm64-apple-macos.abi.json /Users/admin/builder/spi-builder-workspace/.derivedData/Build/Intermediates.noindex/PjangoPostman.build/Debug/PjangoPostman-t.build/Objects-normal/arm64/PjangoPostman.abi.json (in target 'PjangoPostman' from project 'PjangoPostman')
cd /Users/admin/builder/spi-builder-workspace
builtin-copy -exclude .DS_Store -exclude CVS -exclude .svn -exclude .git -exclude .hg -resolve-src-symlinks -rename /Users/admin/builder/spi-builder-workspace/.derivedData/Build/Intermediates.noindex/PjangoPostman.build/Debug/PjangoPostman-t.build/Objects-normal/arm64/PjangoPostman.abi.json /Users/admin/builder/spi-builder-workspace/.derivedData/Build/Products/Debug/PjangoPostman.swiftmodule/arm64-apple-macos.abi.json
Copy /Users/admin/builder/spi-builder-workspace/.derivedData/Build/Products/Debug/PjangoPostman.swiftmodule/Project/arm64-apple-macos.swiftsourceinfo /Users/admin/builder/spi-builder-workspace/.derivedData/Build/Intermediates.noindex/PjangoPostman.build/Debug/PjangoPostman-t.build/Objects-normal/arm64/PjangoPostman.swiftsourceinfo (in target 'PjangoPostman' from project 'PjangoPostman')
cd /Users/admin/builder/spi-builder-workspace
builtin-copy -exclude .DS_Store -exclude CVS -exclude .svn -exclude .git -exclude .hg -resolve-src-symlinks -rename /Users/admin/builder/spi-builder-workspace/.derivedData/Build/Intermediates.noindex/PjangoPostman.build/Debug/PjangoPostman-t.build/Objects-normal/arm64/PjangoPostman.swiftsourceinfo /Users/admin/builder/spi-builder-workspace/.derivedData/Build/Products/Debug/PjangoPostman.swiftmodule/Project/arm64-apple-macos.swiftsourceinfo
SwiftCompile normal arm64 Compiling\ CURLRequestOptions.swift /Users/admin/builder/spi-builder-workspace/.dependencies/checkouts/Perfect-CURL/Sources/PerfectCURL/CURLRequestOptions.swift (in target 'PerfectCURL' from project 'PerfectCURL')
/Users/admin/builder/spi-builder-workspace/.dependencies/checkouts/Perfect-CURL/Sources/PerfectCURL/CURLRequestOptions.swift:126:19: error: cannot find 'CURLOPT_FTP_RESPONSE_TIMEOUT' in scope
124 | curl.setOption(CURLOPT_FTPPORT, s: optString)
125 | case .ftpResponseTimeout(let optInt):
126 | curl.setOption(CURLOPT_FTP_RESPONSE_TIMEOUT, int: optInt)
| `- error: cannot find 'CURLOPT_FTP_RESPONSE_TIMEOUT' in scope
127 | case .sshPublicKey(let optString):
128 | curl.setOption(CURLOPT_SSH_PUBLIC_KEYFILE, s: optString)
Failed frontend command:
/Applications/Xcode-27.0.0-Release.Candidate.app/Contents/Developer/Toolchains/XcodeDefault.xctoolchain/usr/bin/swift-frontend -frontend -c /Users/admin/builder/spi-builder-workspace/.dependencies/checkouts/Perfect-CURL/Sources/PerfectCURL/CURLRequest.swift -primary-file /Users/admin/builder/spi-builder-workspace/.dependencies/checkouts/Perfect-CURL/Sources/PerfectCURL/CURLRequestOptions.swift /Users/admin/builder/spi-builder-workspace/.dependencies/checkouts/Perfect-CURL/Sources/PerfectCURL/CURLResponse.swift /Users/admin/builder/spi-builder-workspace/.dependencies/checkouts/Perfect-CURL/Sources/PerfectCURL/CURLResponseInfos.swift /Users/admin/builder/spi-builder-workspace/.dependencies/checkouts/Perfect-CURL/Sources/PerfectCURL/cURL.swift -emit-dependencies-path /Users/admin/builder/spi-builder-workspace/.derivedData/Build/Intermediates.noindex/PerfectCURL.build/Debug/PerfectCURL-t.build/Objects-normal/arm64/CURLRequestOptions.d -emit-const-values-path /Users/admin/builder/spi-builder-workspace/.derivedData/Build/Intermediates.noindex/PerfectCURL.build/Debug/PerfectCURL-t.build/Objects-normal/arm64/CURLRequestOptions.swiftconstvalues -emit-reference-dependencies-path /Users/admin/builder/spi-builder-workspace/.derivedData/Build/Intermediates.noindex/PerfectCURL.build/Debug/PerfectCURL-t.build/Objects-normal/arm64/CURLRequestOptions.swiftdeps -serialize-diagnostics-path /Users/admin/builder/spi-builder-workspace/.derivedData/Build/Intermediates.noindex/PerfectCURL.build/Debug/PerfectCURL-t.build/Objects-normal/arm64/CURLRequestOptions.dia -target arm64-apple-macos12.0 -Xllvm -aarch64-use-tbi -enable-objc-interop -stack-check -sdk /Applications/Xcode-27.0.0-Release.Candidate.app/Contents/Developer/Platforms/MacOSX.platform/Developer/SDKs/MacOSX27.0.sdk -I /Users/admin/builder/spi-builder-workspace/.derivedData/Build/Products/Debug -Isystem /Applications/Xcode-27.0.0-Release.Candidate.app/Contents/Developer/Platforms/MacOSX.platform/Developer/usr/lib -F /Users/admin/builder/spi-builder-workspace/.derivedData/Build/Products/Debug/PackageFrameworks -F /Users/admin/builder/spi-builder-workspace/.derivedData/Build/Products/Debug -F /Applications/Xcode-27.0.0-Release.Candidate.app/Contents/Developer/Platforms/MacOSX.platform/Developer/Library/Frameworks -module-cache-path /Users/admin/builder/spi-builder-workspace/.derivedData/ModuleCache.noindex -no-color-diagnostics -Xcc -fno-color-diagnostics -enable-testing -g -debug-info-format\=dwarf -dwarf-version\=4 -suppress-warnings -swift-version 4 -Onone -D SWIFT_PACKAGE -D DEBUG -D SWIFT_MODULE_RESOURCE_BUNDLE_UNAVAILABLE -D Xcode -serialize-debugging-options -enable-experimental-feature DebugDescriptionMacro -empty-abi-descriptor -plugin-path /Applications/Xcode-27.0.0-Release.Candidate.app/Contents/Developer/Toolchains/XcodeDefault.xctoolchain/usr/lib/swift/host/plugins/testing -validate-clang-modules-once -clang-build-session-file /Users/admin/builder/spi-builder-workspace/.derivedData/ModuleCache.noindex/Session.modulevalidation -Xcc -working-directory -Xcc /Users/admin/builder/spi-builder-workspace/.swiftpm/xcode -enable-anonymous-context-mangled-names -file-compilation-dir /Users/admin/builder/spi-builder-workspace/.swiftpm/xcode -Xcc -fmodule-map-file\=/Users/admin/builder/spi-builder-workspace/.dependencies/checkouts/Perfect-COpenSSL/COpenSSL/include/module.modulemap -Xcc -fmodule-map-file\=/Users/admin/builder/spi-builder-workspace/.dependencies/checkouts/Perfect-libcurl/module.modulemap -Xcc -D_LIBCPP_HARDENING_MODE\=_LIBCPP_HARDENING_MODE_DEBUG -Xcc -ivfsstatcache -Xcc /Users/admin/builder/spi-builder-workspace/.derivedData/SDKStatCaches.noindex/macosx27.0-26A425-e829b21a6f8c9b70876ba0858053c0446a22442a12e9d48fe1a705f55a1adfc4.sdkstatcache -Xcc -fmodules-prune-interval\=86400 -Xcc -fmodules-prune-after\=345600 -Xcc -I/Users/admin/builder/spi-builder-workspace/.dependencies/checkouts/Perfect-COpenSSL/COpenSSL/include -Xcc -I/Users/admin/builder/spi-builder-workspace/.derivedData/Build/Products/Debug/include -Xcc -I/Users/admin/builder/spi-builder-workspace/.derivedData/Build/Intermediates.noindex/PerfectCURL.build/Debug/PerfectCURL-t.build/DerivedSources-normal/arm64 -Xcc -I/Users/admin/builder/spi-builder-workspace/.derivedData/Build/Intermediates.noindex/PerfectCURL.build/Debug/PerfectCURL-t.build/DerivedSources/arm64 -Xcc -I/Users/admin/builder/spi-builder-workspace/.derivedData/Build/Intermediates.noindex/PerfectCURL.build/Debug/PerfectCURL-t.build/DerivedSources -Xcc -DSWIFT_PACKAGE -Xcc -DDEBUG\=1 -no-auto-bridging-header-chaining -module-name PerfectCURL -const-gather-protocols-file /Users/admin/builder/spi-builder-workspace/.derivedData/Build/Intermediates.noindex/PerfectCURL.build/Debug/PerfectCURL-t.build/Objects-normal/arm64/PerfectCURL_const_extract_protocols.json -disable-clang-spi -target-sdk-version 27.0 -target-sdk-name macosx27.0 -external-plugin-path /Applications/Xcode-27.0.0-Release.Candidate.app/Contents/Developer/Platforms/MacOSX.platform/Developer/usr/lib/swift/host/plugins\#/Applications/Xcode-27.0.0-Release.Candidate.app/Contents/Developer/Platforms/MacOSX.platform/Developer/usr/bin/swift-plugin-server -external-plugin-path /Applications/Xcode-27.0.0-Release.Candidate.app/Contents/Developer/Platforms/MacOSX.platform/Developer/usr/local/lib/swift/host/plugins\#/Applications/Xcode-27.0.0-Release.Candidate.app/Contents/Developer/Platforms/MacOSX.platform/Developer/usr/bin/swift-plugin-server -in-process-plugin-server-path /Applications/Xcode-27.0.0-Release.Candidate.app/Contents/Developer/Toolchains/XcodeDefault.xctoolchain/usr/lib/swift/host/libSwiftInProcPluginServer.dylib -plugin-path /Applications/Xcode-27.0.0-Release.Candidate.app/Contents/Developer/Toolchains/XcodeDefault.xctoolchain/usr/lib/swift/host/plugins -plugin-path /Applications/Xcode-27.0.0-Release.Candidate.app/Contents/Developer/Toolchains/XcodeDefault.xctoolchain/usr/local/lib/swift/host/plugins -parse-as-library -o /Users/admin/builder/spi-builder-workspace/.derivedData/Build/Intermediates.noindex/PerfectCURL.build/Debug/PerfectCURL-t.build/Objects-normal/arm64/CURLRequestOptions.o -index-unit-output-path /PerfectCURL.build/Debug/PerfectCURL-t.build/Objects-normal/arm64/CURLRequestOptions.o -index-store-path /Users/admin/builder/spi-builder-workspace/.derivedData/Index.noindex/DataStore -index-system-modules
SwiftCompile normal arm64 /Users/admin/builder/spi-builder-workspace/.dependencies/checkouts/Perfect-CURL/Sources/PerfectCURL/CURLRequestOptions.swift (in target 'PerfectCURL' from project 'PerfectCURL')
cd /Users/admin/builder/spi-builder-workspace/.swiftpm/xcode
builtin-SwiftPerFileCompile CURLRequestOptions.swift
Ld /Users/admin/builder/spi-builder-workspace/.derivedData/Build/Products/Debug/PerfectMustache.o normal (in target 'PerfectMustache' from project 'PerfectMustache')
cd /Users/admin/builder/spi-builder-workspace/.dependencies/checkouts/Perfect-Mustache
/Applications/Xcode-27.0.0-Release.Candidate.app/Contents/Developer/Toolchains/XcodeDefault.xctoolchain/usr/bin/clang -Xlinker -reproducible -target arm64-apple-macos12.0 -r -isysroot /Applications/Xcode-27.0.0-Release.Candidate.app/Contents/Developer/Platforms/MacOSX.platform/Developer/SDKs/MacOSX27.0.sdk -O0 -w -Xlinker -no_warn_duplicate_libraries -F/Users/admin/builder/spi-builder-workspace/.derivedData/Build/Intermediates.noindex/EagerLinkingTBDs/Debug -F/Users/admin/builder/spi-builder-workspace/.derivedData/Build/Products/Debug/PackageFrameworks -F/Users/admin/builder/spi-builder-workspace/.derivedData/Build/Products/Debug -iframework /Applications/Xcode-27.0.0-Release.Candidate.app/Contents/Developer/Platforms/MacOSX.platform/Developer/Library/Frameworks -filelist /Users/admin/builder/spi-builder-workspace/.derivedData/Build/Intermediates.noindex/PerfectMustache.build/Debug/PerfectMustache-t.build/Objects-normal/arm64/PerfectMustache.LinkFileList -nostdlib -Xlinker -object_path_lto -Xlinker /Users/admin/builder/spi-builder-workspace/.derivedData/Build/Intermediates.noindex/PerfectMustache.build/Debug/PerfectMustache-t.build/Objects-normal/arm64/PerfectMustache_lto.o -Xlinker -no_deduplicate -Xlinker -dependency_info -Xlinker /Users/admin/builder/spi-builder-workspace/.derivedData/Build/Intermediates.noindex/PerfectMustache.build/Debug/PerfectMustache-t.build/Objects-normal/arm64/PerfectMustache_dependency_info.dat -fobjc-link-runtime -L/Applications/Xcode-27.0.0-Release.Candidate.app/Contents/Developer/Toolchains/XcodeDefault.xctoolchain/usr/lib/swift/macosx -L/usr/lib/swift -Xlinker -add_ast_path -Xlinker /Users/admin/builder/spi-builder-workspace/.derivedData/Build/Intermediates.noindex/PerfectMustache.build/Debug/PerfectMustache-t.build/Objects-normal/arm64/PerfectMustache.swiftmodule -o /Users/admin/builder/spi-builder-workspace/.derivedData/Build/Products/Debug/PerfectMustache.o
Ld /Users/admin/builder/spi-builder-workspace/.derivedData/Build/Products/Debug/PerfectHTTPServer.o normal (in target 'PerfectHTTPServer' from project 'PerfectHTTPServer')
cd /Users/admin/builder/spi-builder-workspace/.dependencies/checkouts/Perfect-HTTPServer
/Applications/Xcode-27.0.0-Release.Candidate.app/Contents/Developer/Toolchains/XcodeDefault.xctoolchain/usr/bin/clang -Xlinker -reproducible -target arm64-apple-macos12.0 -r -isysroot /Applications/Xcode-27.0.0-Release.Candidate.app/Contents/Developer/Platforms/MacOSX.platform/Developer/SDKs/MacOSX27.0.sdk -O0 -w -Xlinker -no_warn_duplicate_libraries -F/Users/admin/builder/spi-builder-workspace/.derivedData/Build/Intermediates.noindex/EagerLinkingTBDs/Debug -F/Users/admin/builder/spi-builder-workspace/.derivedData/Build/Products/Debug/PackageFrameworks -F/Users/admin/builder/spi-builder-workspace/.derivedData/Build/Products/Debug -iframework /Applications/Xcode-27.0.0-Release.Candidate.app/Contents/Developer/Platforms/MacOSX.platform/Developer/Library/Frameworks -filelist /Users/admin/builder/spi-builder-workspace/.derivedData/Build/Intermediates.noindex/PerfectHTTPServer.build/Debug/PerfectHTTPServer-t.build/Objects-normal/arm64/PerfectHTTPServer.LinkFileList -nostdlib -Xlinker -object_path_lto -Xlinker /Users/admin/builder/spi-builder-workspace/.derivedData/Build/Intermediates.noindex/PerfectHTTPServer.build/Debug/PerfectHTTPServer-t.build/Objects-normal/arm64/PerfectHTTPServer_lto.o -Xlinker -no_deduplicate -Xlinker -dependency_info -Xlinker /Users/admin/builder/spi-builder-workspace/.derivedData/Build/Intermediates.noindex/PerfectHTTPServer.build/Debug/PerfectHTTPServer-t.build/Objects-normal/arm64/PerfectHTTPServer_dependency_info.dat -fobjc-link-runtime -L/Applications/Xcode-27.0.0-Release.Candidate.app/Contents/Developer/Toolchains/XcodeDefault.xctoolchain/usr/lib/swift/macosx -L/usr/lib/swift -Xlinker -add_ast_path -Xlinker /Users/admin/builder/spi-builder-workspace/.derivedData/Build/Intermediates.noindex/PerfectHTTPServer.build/Debug/PerfectHTTPServer-t.build/Objects-normal/arm64/PerfectHTTPServer.swiftmodule -o /Users/admin/builder/spi-builder-workspace/.derivedData/Build/Products/Debug/PerfectHTTPServer.o
SwiftDriverJobDiscovery normal arm64 Compiling CURLRequest.swift (in target 'PerfectCURL' from project 'PerfectCURL')
ExtractAppIntentsMetadata (in target 'PerfectMustache' from project 'PerfectMustache')
cd /Users/admin/builder/spi-builder-workspace/.dependencies/checkouts/Perfect-Mustache
/Applications/Xcode-27.0.0-Release.Candidate.app/Contents/Developer/Toolchains/XcodeDefault.xctoolchain/usr/bin/appintentsmetadataprocessor --toolchain-dir /var/run/com.apple.security.cryptexd/mnt/com.apple.MobileAsset.MetalToolchain-v27.1.266.1.blW8ch/Metal.xctoolchain --module-name PerfectMustache --sdk-root /Applications/Xcode-27.0.0-Release.Candidate.app/Contents/Developer/Platforms/MacOSX.platform/Developer/SDKs/MacOSX27.0.sdk --xcode-version 27A266a --platform-family macOS --deployment-target 12.0 --bundle-identifier perfect-mustache.PerfectMustache --output /Users/admin/builder/spi-builder-workspace/.derivedData/Build/Products/Debug/PerfectMustache.appintents --target-triple arm64-apple-macos12.0 --binary-file /Users/admin/builder/spi-builder-workspace/.derivedData/Build/Products/Debug/PerfectMustache.o --dependency-file /Users/admin/builder/spi-builder-workspace/.derivedData/Build/Intermediates.noindex/PerfectMustache.build/Debug/PerfectMustache-t.build/Objects-normal/arm64/PerfectMustache_dependency_info.dat --stringsdata-file /Users/admin/builder/spi-builder-workspace/.derivedData/Build/Intermediates.noindex/PerfectMustache.build/Debug/PerfectMustache-t.build/Objects-normal/arm64/ExtractedAppShortcutsMetadata.stringsdata --source-file-list /Users/admin/builder/spi-builder-workspace/.derivedData/Build/Intermediates.noindex/PerfectMustache.build/Debug/PerfectMustache-t.build/Objects-normal/arm64/PerfectMustache.SwiftFileList --metadata-file-list /Users/admin/builder/spi-builder-workspace/.derivedData/Build/Intermediates.noindex/PerfectMustache.build/Debug/PerfectMustache-t.build/PerfectMustache.DependencyMetadataFileList --static-metadata-file-list /Users/admin/builder/spi-builder-workspace/.derivedData/Build/Intermediates.noindex/PerfectMustache.build/Debug/PerfectMustache-t.build/PerfectMustache.DependencyStaticMetadataFileList --swift-const-vals-list /Users/admin/builder/spi-builder-workspace/.derivedData/Build/Intermediates.noindex/PerfectMustache.build/Debug/PerfectMustache-t.build/Objects-normal/arm64/PerfectMustache.SwiftConstValuesFileList --force --compile-time-extraction --deployment-aware-processing --no-app-shortcuts-localization
2026-09-16 22:22:52.678 appintentsmetadataprocessor[1679:8121] Starting appintentsmetadataprocessor export
2026-09-16 22:22:52.757 appintentsmetadataprocessor[1679:8121] Extracted no relevant App Intents symbols, skipping writing output
ExtractAppIntentsMetadata (in target 'PerfectHTTPServer' from project 'PerfectHTTPServer')
cd /Users/admin/builder/spi-builder-workspace/.dependencies/checkouts/Perfect-HTTPServer
/Applications/Xcode-27.0.0-Release.Candidate.app/Contents/Developer/Toolchains/XcodeDefault.xctoolchain/usr/bin/appintentsmetadataprocessor --toolchain-dir /var/run/com.apple.security.cryptexd/mnt/com.apple.MobileAsset.MetalToolchain-v27.1.266.1.blW8ch/Metal.xctoolchain --module-name PerfectHTTPServer --sdk-root /Applications/Xcode-27.0.0-Release.Candidate.app/Contents/Developer/Platforms/MacOSX.platform/Developer/SDKs/MacOSX27.0.sdk --xcode-version 27A266a --platform-family macOS --deployment-target 12.0 --bundle-identifier perfect-httpserver.PerfectHTTPServer --output /Users/admin/builder/spi-builder-workspace/.derivedData/Build/Products/Debug/PerfectHTTPServer.appintents --target-triple arm64-apple-macos12.0 --binary-file /Users/admin/builder/spi-builder-workspace/.derivedData/Build/Products/Debug/PerfectHTTPServer.o --dependency-file /Users/admin/builder/spi-builder-workspace/.derivedData/Build/Intermediates.noindex/PerfectHTTPServer.build/Debug/PerfectHTTPServer-t.build/Objects-normal/arm64/PerfectHTTPServer_dependency_info.dat --stringsdata-file /Users/admin/builder/spi-builder-workspace/.derivedData/Build/Intermediates.noindex/PerfectHTTPServer.build/Debug/PerfectHTTPServer-t.build/Objects-normal/arm64/ExtractedAppShortcutsMetadata.stringsdata --source-file-list /Users/admin/builder/spi-builder-workspace/.derivedData/Build/Intermediates.noindex/PerfectHTTPServer.build/Debug/PerfectHTTPServer-t.build/Objects-normal/arm64/PerfectHTTPServer.SwiftFileList --metadata-file-list /Users/admin/builder/spi-builder-workspace/.derivedData/Build/Intermediates.noindex/PerfectHTTPServer.build/Debug/PerfectHTTPServer-t.build/PerfectHTTPServer.DependencyMetadataFileList --static-metadata-file-list /Users/admin/builder/spi-builder-workspace/.derivedData/Build/Intermediates.noindex/PerfectHTTPServer.build/Debug/PerfectHTTPServer-t.build/PerfectHTTPServer.DependencyStaticMetadataFileList --swift-const-vals-list /Users/admin/builder/spi-builder-workspace/.derivedData/Build/Intermediates.noindex/PerfectHTTPServer.build/Debug/PerfectHTTPServer-t.build/Objects-normal/arm64/PerfectHTTPServer.SwiftConstValuesFileList --force --compile-time-extraction --deployment-aware-processing --no-app-shortcuts-localization
2026-09-16 22:22:52.692 appintentsmetadataprocessor[1680:8131] Starting appintentsmetadataprocessor export
2026-09-16 22:22:52.768 appintentsmetadataprocessor[1680:8131] Extracted no relevant App Intents symbols, skipping writing output
SwiftDriverJobDiscovery normal arm64 Compiling Global.swift (in target 'Pjango' from project 'Pjango')
SwiftCompile normal arm64 Compiling\ PjangoRuntime.swift /Users/admin/builder/spi-builder-workspace/.dependencies/checkouts/Pjango/Source/Pjango/Runtime/PjangoRuntime.swift (in target 'Pjango' from project 'Pjango')
SwiftCompile normal arm64 /Users/admin/builder/spi-builder-workspace/.dependencies/checkouts/Pjango/Source/Pjango/Runtime/PjangoRuntime.swift (in target 'Pjango' from project 'Pjango')
cd /Users/admin/builder/spi-builder-workspace/.swiftpm/xcode
builtin-SwiftPerFileCompile PjangoRuntime.swift
SwiftCompile normal arm64 Compiling\ Pjango.swift /Users/admin/builder/spi-builder-workspace/.dependencies/checkouts/Pjango/Source/Pjango/Pjango/Pjango.swift (in target 'Pjango' from project 'Pjango')
SwiftCompile normal arm64 /Users/admin/builder/spi-builder-workspace/.dependencies/checkouts/Pjango/Source/Pjango/Pjango/Pjango.swift (in target 'Pjango' from project 'Pjango')
cd /Users/admin/builder/spi-builder-workspace/.swiftpm/xcode
builtin-SwiftPerFileCompile Pjango.swift
SwiftDriverJobDiscovery normal arm64 Compiling PostmanCURL.swift (in target 'PjangoPostman' from project 'PjangoPostman')
SwiftDriver\ Compilation PjangoPostman normal arm64 com.apple.xcode.tools.swift.compiler (in target 'PjangoPostman' from project 'PjangoPostman')
cd /Users/admin/builder/spi-builder-workspace/.swiftpm/xcode
builtin-Swift-Compilation -- /Applications/Xcode-27.0.0-Release.Candidate.app/Contents/Developer/Toolchains/XcodeDefault.xctoolchain/usr/bin/swiftc -parse-as-library -module-name PjangoPostman -Onone @/Users/admin/builder/spi-builder-workspace/.derivedData/Build/Intermediates.noindex/PjangoPostman.build/Debug/PjangoPostman-t.build/Objects-normal/arm64/PjangoPostman.SwiftFileList -DSWIFT_PACKAGE -DDEBUG -DSWIFT_MODULE_RESOURCE_BUNDLE_UNAVAILABLE -Xcc -fmodule-map-file\=/Users/admin/builder/spi-builder-workspace/.dependencies/checkouts/Perfect-CZlib-src/PerfectCZlib/include/module.modulemap -Xcc -fmodule-map-file\=/Users/admin/builder/spi-builder-workspace/.dependencies/checkouts/Perfect-HTTPServer/Sources/PerfectCHTTPParser/include/module.modulemap -Xcc -fmodule-map-file\=/Users/admin/builder/spi-builder-workspace/.dependencies/checkouts/Perfect-libcurl/module.modulemap -Xcc -fmodule-map-file\=/Users/admin/builder/spi-builder-workspace/.dependencies/checkouts/Perfect-COpenSSL/COpenSSL/include/module.modulemap -DXcode -plugin-path /Applications/Xcode-27.0.0-Release.Candidate.app/Contents/Developer/Toolchains/XcodeDefault.xctoolchain/usr/lib/swift/host/plugins/testing -enable-experimental-feature DebugDescriptionMacro -sdk /Applications/Xcode-27.0.0-Release.Candidate.app/Contents/Developer/Platforms/MacOSX.platform/Developer/SDKs/MacOSX27.0.sdk -target arm64-apple-macos12.0 -g -module-cache-path /Users/admin/builder/spi-builder-workspace/.derivedData/ModuleCache.noindex -Xfrontend -serialize-debugging-options -enable-testing -index-store-path /Users/admin/builder/spi-builder-workspace/.derivedData/Index.noindex/DataStore -Xcc -D_LIBCPP_HARDENING_MODE\=_LIBCPP_HARDENING_MODE_DEBUG -swift-version 4.2 -I /Users/admin/builder/spi-builder-workspace/.derivedData/Build/Products/Debug -Isystem /Applications/Xcode-27.0.0-Release.Candidate.app/Contents/Developer/Platforms/MacOSX.platform/Developer/usr/lib -F /Users/admin/builder/spi-builder-workspace/.derivedData/Build/Products/Debug/PackageFrameworks -F /Users/admin/builder/spi-builder-workspace/.derivedData/Build/Products/Debug -F /Applications/Xcode-27.0.0-Release.Candidate.app/Contents/Developer/Platforms/MacOSX.platform/Developer/Library/Frameworks -c -j10 -enable-batch-mode -incremental -Xcc -ivfsstatcache -Xcc /Users/admin/builder/spi-builder-workspace/.derivedData/SDKStatCaches.noindex/macosx27.0-26A425-e829b21a6f8c9b70876ba0858053c0446a22442a12e9d48fe1a705f55a1adfc4.sdkstatcache -output-file-map /Users/admin/builder/spi-builder-workspace/.derivedData/Build/Intermediates.noindex/PjangoPostman.build/Debug/PjangoPostman-t.build/Objects-normal/arm64/PjangoPostman-OutputFileMap.json -save-temps -no-color-diagnostics -emit-dependencies -emit-module -emit-module-path /Users/admin/builder/spi-builder-workspace/.derivedData/Build/Intermediates.noindex/PjangoPostman.build/Debug/PjangoPostman-t.build/Objects-normal/arm64/PjangoPostman.swiftmodule -serialize-diagnostics -validate-clang-modules-once -clang-build-session-file /Users/admin/builder/spi-builder-workspace/.derivedData/ModuleCache.noindex/Session.modulevalidation -Xcc -fmodules-prune-interval\=86400 -Xcc -fmodules-prune-after\=345600 -emit-const-values -const-gather-protocols-list /Users/admin/builder/spi-builder-workspace/.derivedData/Build/Intermediates.noindex/PjangoPostman.build/Debug/PjangoPostman-t.build/Objects-normal/arm64/PjangoPostman_const_extract_protocols.json -Xcc -I/Users/admin/builder/spi-builder-workspace/.dependencies/checkouts/Perfect-CZlib-src/PerfectCZlib/include -Xcc -I/Users/admin/builder/spi-builder-workspace/.dependencies/checkouts/Perfect-HTTPServer/Sources/PerfectCHTTPParser/include -Xcc -I/Users/admin/builder/spi-builder-workspace/.dependencies/checkouts/Perfect-COpenSSL/COpenSSL/include -Xcc -I/Users/admin/builder/spi-builder-workspace/.derivedData/Build/Products/Debug/include -Xcc -I/Users/admin/builder/spi-builder-workspace/.derivedData/Build/Intermediates.noindex/PjangoPostman.build/Debug/PjangoPostman-t.build/DerivedSources-normal/arm64 -Xcc -I/Users/admin/builder/spi-builder-workspace/.derivedData/Build/Intermediates.noindex/PjangoPostman.build/Debug/PjangoPostman-t.build/DerivedSources/arm64 -Xcc -I/Users/admin/builder/spi-builder-workspace/.derivedData/Build/Intermediates.noindex/PjangoPostman.build/Debug/PjangoPostman-t.build/DerivedSources -Xcc -DSWIFT_PACKAGE -Xcc -DDEBUG\=1 -emit-objc-header -emit-objc-header-path /Users/admin/builder/spi-builder-workspace/.derivedData/Build/Intermediates.noindex/PjangoPostman.build/Debug/PjangoPostman-t.build/Objects-normal/arm64/PjangoPostman-Swift.h -working-directory /Users/admin/builder/spi-builder-workspace/.swiftpm/xcode -experimental-emit-module-separately -disable-cmo
SwiftDriverJobDiscovery normal arm64 Compiling PCObject.swift (in target 'Pjango' from project 'Pjango')
SwiftCompile normal arm64 Compiling\ PCHTTPFilterPlugin.swift,\ PCLogFilterPlugin.swift /Users/admin/builder/spi-builder-workspace/.dependencies/checkouts/Pjango/Source/Pjango/Plugin/PCHTTPFilterPlugin.swift /Users/admin/builder/spi-builder-workspace/.dependencies/checkouts/Pjango/Source/Pjango/Plugin/PCLogFilterPlugin.swift (in target 'Pjango' from project 'Pjango')
SwiftCompile normal arm64 /Users/admin/builder/spi-builder-workspace/.dependencies/checkouts/Pjango/Source/Pjango/Plugin/PCHTTPFilterPlugin.swift (in target 'Pjango' from project 'Pjango')
cd /Users/admin/builder/spi-builder-workspace/.swiftpm/xcode
builtin-SwiftPerFileCompile PCHTTPFilterPlugin.swift
SwiftCompile normal arm64 /Users/admin/builder/spi-builder-workspace/.dependencies/checkouts/Pjango/Source/Pjango/Plugin/PCLogFilterPlugin.swift (in target 'Pjango' from project 'Pjango')
cd /Users/admin/builder/spi-builder-workspace/.swiftpm/xcode
builtin-SwiftPerFileCompile PCLogFilterPlugin.swift
SwiftCompile normal arm64 Compiling\ PjangoDelegate.swift /Users/admin/builder/spi-builder-workspace/.dependencies/checkouts/Pjango/Source/Pjango/Runtime/PjangoDelegate.swift (in target 'Pjango' from project 'Pjango')
SwiftCompile normal arm64 /Users/admin/builder/spi-builder-workspace/.dependencies/checkouts/Pjango/Source/Pjango/Runtime/PjangoDelegate.swift (in target 'Pjango' from project 'Pjango')
cd /Users/admin/builder/spi-builder-workspace/.swiftpm/xcode
builtin-SwiftPerFileCompile PjangoDelegate.swift
SwiftCompile normal arm64 Compiling\ PCView.swift /Users/admin/builder/spi-builder-workspace/.dependencies/checkouts/Pjango/Source/Pjango/View/PCView.swift (in target 'Pjango' from project 'Pjango')
SwiftCompile normal arm64 /Users/admin/builder/spi-builder-workspace/.dependencies/checkouts/Pjango/Source/Pjango/View/PCView.swift (in target 'Pjango' from project 'Pjango')
cd /Users/admin/builder/spi-builder-workspace/.swiftpm/xcode
builtin-SwiftPerFileCompile PCView.swift
SwiftCompile normal arm64 Compiling\ PCDetailView.swift /Users/admin/builder/spi-builder-workspace/.dependencies/checkouts/Pjango/Source/Pjango/View/PCDetailView.swift (in target 'Pjango' from project 'Pjango')
SwiftCompile normal arm64 /Users/admin/builder/spi-builder-workspace/.dependencies/checkouts/Pjango/Source/Pjango/View/PCDetailView.swift (in target 'Pjango' from project 'Pjango')
cd /Users/admin/builder/spi-builder-workspace/.swiftpm/xcode
builtin-SwiftPerFileCompile PCDetailView.swift
SwiftDriverJobDiscovery normal arm64 Compiling CURLResponse.swift (in target 'PerfectCURL' from project 'PerfectCURL')
SwiftCompile normal arm64 Compiling\ PCFileDBDataBase.swift,\ PCFileDBUtility.swift /Users/admin/builder/spi-builder-workspace/.dependencies/checkouts/Pjango/Source/Pjango/DB/PCFileDBDataBase.swift /Users/admin/builder/spi-builder-workspace/.dependencies/checkouts/Pjango/Source/Pjango/DB/PCFileDBUtility.swift (in target 'Pjango' from project 'Pjango')
SwiftCompile normal arm64 /Users/admin/builder/spi-builder-workspace/.dependencies/checkouts/Pjango/Source/Pjango/DB/PCFileDBDataBase.swift (in target 'Pjango' from project 'Pjango')
cd /Users/admin/builder/spi-builder-workspace/.swiftpm/xcode
builtin-SwiftPerFileCompile PCFileDBDataBase.swift
SwiftCompile normal arm64 /Users/admin/builder/spi-builder-workspace/.dependencies/checkouts/Pjango/Source/Pjango/DB/PCFileDBUtility.swift (in target 'Pjango' from project 'Pjango')
cd /Users/admin/builder/spi-builder-workspace/.swiftpm/xcode
builtin-SwiftPerFileCompile PCFileDBUtility.swift
SwiftCompile normal arm64 Compiling\ PCPlugin.swift /Users/admin/builder/spi-builder-workspace/.dependencies/checkouts/Pjango/Source/Pjango/Plugin/PCPlugin.swift (in target 'Pjango' from project 'Pjango')
SwiftCompile normal arm64 /Users/admin/builder/spi-builder-workspace/.dependencies/checkouts/Pjango/Source/Pjango/Plugin/PCPlugin.swift (in target 'Pjango' from project 'Pjango')
cd /Users/admin/builder/spi-builder-workspace/.swiftpm/xcode
builtin-SwiftPerFileCompile PCPlugin.swift
PruneExplicitPrecompiledModules /Users/admin/builder/spi-builder-workspace/.derivedData/SDKExplicitPrecompiledModules
PruneExplicitPrecompiledModules /Users/admin/builder/spi-builder-workspace/.derivedData/Build/Intermediates.noindex/ExplicitPrecompiledModules
PruneExplicitPrecompiledModules /Users/admin/builder/spi-builder-workspace/.derivedData/Build/Intermediates.noindex/SwiftExplicitPrecompiledModules
2026-09-16 22:22:50.842 xcodebuild[1648:7996] [MT] IDERunDestination: Supported platforms for the buildables in the current scheme is empty.
--- xcodebuild: WARNING: Using the first of multiple matching destinations:
{ platform:macOS, arch:arm64, id:d53412bb756ea332b45441107d2619dece9255d8, name:My Mac }
{ platform:macOS, arch:arm64, variant:Mac Catalyst, id:d53412bb756ea332b45441107d2619dece9255d8, name:My Mac }
{ platform:macOS, arch:arm64, variant:DriverKit, id:d53412bb756ea332b45441107d2619dece9255d8, name:My Mac }
{ platform:macOS, arch:arm64, variant:Designed for [iPad,iPhone], id:d53412bb756ea332b45441107d2619dece9255d8, name:My Mac }
** BUILD FAILED **
The following build commands failed:
SwiftCompile normal arm64 Compiling\ CURLRequestOptions.swift /Users/admin/builder/spi-builder-workspace/.dependencies/checkouts/Perfect-CURL/Sources/PerfectCURL/CURLRequestOptions.swift (in target 'PerfectCURL' from project 'PerfectCURL')
SwiftCompile normal arm64 /Users/admin/builder/spi-builder-workspace/.dependencies/checkouts/Perfect-CURL/Sources/PerfectCURL/CURLRequestOptions.swift (in target 'PerfectCURL' from project 'PerfectCURL')
Building workspace PjangoPostman with scheme PjangoPostman
(3 failures)
BUILD FAILURE 6.4 macosXcodebuild