Build Information
Failed to build SwiftVectorKit, reference 0.1.0 (db0626), with Swift 6.3 for Android on 28 Oct 2026 17:07:33 UTC.
Build Command
bash -c docker run --pull=always --rm -v "checkouts-54344846-1":/host -w "$PWD" -e JAVA_HOME="/root/.sdkman/candidates/java/current" -e SPI_BUILD="1" -e SPI_PROCESSING="1" registry.gitlab.com/saguaro1/spi-images:android-6.3-latest swift build --swift-sdk aarch64-unknown-linux-android28 2>&1Build Log
========================================
RunAll
========================================
Builder version: 5.1.4
Interrupt handler set up.
========================================
Checkout
========================================
Clone URL: https://github.com/alexpospekhov/SwiftVectorKit.git
Reference: 0.1.0
Initialized empty Git repository in /host/spi-builder-workspace/.git/
hint: Using 'master' as the name for the initial branch. This default branch name
hint: is subject to change. To configure the initial branch name to use in all
hint: of your new repositories, which will suppress this warning, call:
hint:
hint: git config --global init.defaultBranch <name>
hint:
hint: Names commonly chosen instead of 'master' are 'main', 'trunk' and
hint: 'development'. The just-created branch can be renamed via this command:
hint:
hint: git branch -m <name>
From https://github.com/alexpospekhov/SwiftVectorKit
* tag 0.1.0 -> FETCH_HEAD
HEAD is now at db06262 feat: initial release of SwiftVectorKit v0.1.0
Cloned https://github.com/alexpospekhov/SwiftVectorKit.git
Revision (git rev-parse @):
db0626221cebcb7b48140e11ed4377332241bc64
SPI manifest file found: $PWD/.spi.yml
SUCCESS checkout https://github.com/alexpospekhov/SwiftVectorKit.git at 0.1.0
========================================
Build
========================================
Selected platform: android
Swift version: 6.3
Building package at path: $PWD
https://github.com/alexpospekhov/SwiftVectorKit.git
Running build ...
bash -c docker run --pull=always --rm -v "checkouts-54344846-1":/host -w "$PWD" -e JAVA_HOME="/root/.sdkman/candidates/java/current" -e SPI_BUILD="1" -e SPI_PROCESSING="1" registry.gitlab.com/saguaro1/spi-images:android-6.3-latest swift build --swift-sdk aarch64-unknown-linux-android28 2>&1
android-6.3-latest: Pulling from saguaro1/spi-images
Digest: sha256:1259d966e40d034d138a282ea8b980b108763342a7ff8ac7ef483c73e99068f3
Status: Image is up to date for registry.gitlab.com/saguaro1/spi-images:android-6.3-latest
Fetching https://github.com/apple/swift-collections.git
Fetching https://github.com/swiftlang/swift-subprocess.git
[1/5012] Fetching swift-subprocess
[102/34374] Fetching swift-subprocess, swift-collections
Fetched https://github.com/swiftlang/swift-subprocess.git from cache (1.28s)
[10864/29362] Fetching swift-collections
Fetched https://github.com/apple/swift-collections.git from cache (1.92s)
Computing version for https://github.com/swiftlang/swift-subprocess.git
Computed https://github.com/swiftlang/swift-subprocess.git at 1.0.2 (2.07s)
Fetching https://github.com/apple/swift-system
[1/7394] Fetching swift-system
Fetched https://github.com/apple/swift-system from cache (0.78s)
Computing version for https://github.com/apple/swift-system
Computed https://github.com/apple/swift-system at 1.8.1 (0.95s)
Computing version for https://github.com/apple/swift-collections.git
Computed https://github.com/apple/swift-collections.git at 1.7.5 (0.22s)
Creating working copy for https://github.com/apple/swift-system
Working copy of https://github.com/apple/swift-system resolved at 1.8.1
Creating working copy for https://github.com/apple/swift-collections.git
Working copy of https://github.com/apple/swift-collections.git resolved at 1.7.5
Creating working copy for https://github.com/swiftlang/swift-subprocess.git
Working copy of https://github.com/swiftlang/swift-subprocess.git resolved at 1.0.2
[1/1] Compiling plugin SwiftVectorCommandPlugin
[2/2] Compiling plugin SwiftVectorAutoIndexPlugin
Building for debugging...
[2/52] Write sources
[28/52] Compiling CSystem shims.c
[30/52] Compiling _SubprocessCShims process_shims.c
[32/52] Write swift-version-272D24FF697CF451.txt
[34/136] Emitting module SystemPackage
[36/146] Compiling SystemPackage Backcompat.swift
[37/146] Compiling SystemPackage CInterop.swift
[38/146] Compiling SystemPackage Constants.swift
[39/146] Compiling SystemPackage Exports.swift
[40/146] Compiling SystemPackage Mocking.swift
[41/146] Compiling SystemPackage SystemString.swift
[42/146] Compiling SystemPackage Util+StringArray.swift
[43/146] Compiling SystemPackage Util.swift
[44/146] Compiling SystemPackage UtilConsumers.swift
[45/146] Compiling SystemPackage WinSDK+Overlay.swift
[46/146] Compiling SystemPackage FilePathComponentView.swift
[47/146] Compiling SystemPackage FilePathComponents.swift
[48/146] Compiling SystemPackage WindowsSyscallAdapters.swift
[49/146] Compiling SystemPackage MachPort.swift
[50/146] Compiling SystemPackage PlatformString.swift
[51/146] Compiling SystemPackage Errno.swift
[52/146] Compiling SystemPackage ErrnoWindows.swift
[53/146] Compiling SystemPackage FileDescriptor.swift
[54/146] Compiling SystemPackage FileHelpers.swift
[55/146] Compiling SystemPackage FileOperations.swift
[56/146] Compiling SystemPackage FilePath.swift
[62/146] Compiling SystemPackage FilePathTemp.swift
[63/146] Compiling SystemPackage FilePathTempPosix.swift
[64/146] Compiling SystemPackage FilePathTempWindows.swift
[65/146] Compiling SystemPackage FilePathWindows.swift
[66/146] Compiling SystemPackage FilePermissions.swift
[73/146] Compiling SystemPackage RawBuffer.swift
[74/146] Compiling SystemPackage Syscalls.swift
[75/146] Compiling SystemPackage WindowsSyscallAdapters.swift
[76/146] Compiling SystemPackage MachPort.swift
[77/146] Compiling SystemPackage PlatformString.swift
[78/146] Compiling SwiftVectorCore SwiftSyntaxHelpers.swift
[79/146] Compiling SystemPackage FileFlags.swift
[80/146] Compiling SystemPackage FileMode.swift
[81/146] Compiling SystemPackage FileType.swift
[82/146] Compiling SystemPackage Identifiers.swift
[83/146] Compiling SystemPackage Stat.swift
[89/146] Compiling SwiftVectorCore CodeChunk.swift
[90/146] Compiling SwiftVectorCore SearchResult.swift
[91/146] Emitting module SwiftVectorCore
[92/146] Compiling SwiftVectorCore DiagnosticWarning.swift
[99/155] Compiling SwiftVectorScanner FileScanner.swift
[100/155] Emitting module SwiftVectorScanner
error: emit-module command failed with exit code 1 (use -v to see invocation)
[101/156] Emitting module SwiftVectorSIMD
/host/spi-builder-workspace/Sources/SwiftVectorSIMD/SIMDDistance.swift:2:8: error: no such module 'Accelerate'
1 | import Foundation
2 | import Accelerate
| `- error: no such module 'Accelerate'
3 | import SwiftVectorCore
4 |
[102/156] Compiling SwiftVectorSIMD SIMDDistance.swift
/host/spi-builder-workspace/Sources/SwiftVectorSIMD/SIMDDistance.swift:2:8: error: no such module 'Accelerate'
1 | import Foundation
2 | import Accelerate
| `- error: no such module 'Accelerate'
3 | import SwiftVectorCore
4 |
BUILD FAILURE 6.3 android