The Swift Package Index logo.Swift Package Index

Build Information

Failed to build APIKit, reference master (1a5e7a), with Swift 6.4 for tvOS using Xcode 27.0 on 18 Sep 2026 18:34:09 UTC.

Build Command

env DEVELOPER_DIR=/Applications/Xcode-27.0.0-Release.Candidate.app xcrun xcodebuild -IDEClonedSourcePackagesDirPathOverride=$PWD/.dependencies -skipMacroValidation -skipPackagePluginValidation -derivedDataPath $PWD/.derivedData build -scheme APIKit -destination generic/platform=tvOS

Build Log

========================================
RunAll
========================================
Builder version: 5.1.0
Interrupt handler set up.
========================================
Checkout
========================================
Clone URL: https://github.com/ishkawa/APIKit.git
Reference: master
Initialized empty Git repository in /Users/admin/builder/spi-builder-workspace/.git/
From https://github.com/ishkawa/APIKit
 * branch            master     -> FETCH_HEAD
 * [new branch]      master     -> origin/master
HEAD is now at 1a5e7ae Merge pull request #310 from ishkawa/feature/remove-ns-keyed-archiver
Cloned https://github.com/ishkawa/APIKit.git
Revision (git rev-parse @):
1a5e7ae0aed3f19c1ed9903792ead248f97fa38a
SUCCESS checkout https://github.com/ishkawa/APIKit.git at master
========================================
Build
========================================
Selected platform:         tvOS
Swift version:             6.4
Building package at path:  $PWD
https://github.com/ishkawa/APIKit.git
Command line invocation:
    /Applications/Xcode-27.0.0-Release.Candidate.app/Contents/Developer/usr/bin/xcodebuild -IDEClonedSourcePackagesDirPathOverride=/Users/admin/builder/spi-builder-workspace/.dependencies -resolvePackageDependencies
resolved source packages:
{
  "dependencies" : [
  ],
  "manifest_display_name" : "APIKit",
  "name" : "APIKit",
  "path" : "/Users/admin/builder/spi-builder-workspace",
  "platforms" : [
    {
      "name" : "macos",
      "version" : "10.10"
    },
    {
      "name" : "ios",
      "version" : "9.0"
    },
    {
      "name" : "tvos",
      "version" : "9.0"
    },
    {
      "name" : "watchos",
      "version" : "2.0"
    }
  ],
  "products" : [
    {
      "name" : "APIKit",
      "targets" : [
        "APIKit"
      ],
      "type" : {
        "library" : [
          "automatic"
        ]
      }
    }
  ],
  "swift_languages_versions" : [
    "5"
  ],
  "targets" : [
    {
      "c99name" : "APIKitTests",
      "module_type" : "SwiftTarget",
      "name" : "APIKitTests",
      "path" : "Tests/APIKitTests",
      "resources" : [
        {
          "path" : "/Users/admin/builder/spi-builder-workspace/Tests/APIKitTests/Resources/test.json",
          "rule" : {
            "process" : {
            }
          }
        }
      ],
      "sources" : [
        "BodyParametersType/FormURLEncodedBodyParametersTests.swift",
        "BodyParametersType/JSONBodyParametersTests.swift",
        "BodyParametersType/MultipartFormDataParametersTests.swift",
        "BodyParametersType/ProtobufBodyParametersTests.swift",
        "BodyParametersType/URLEncodedSerializationTests.swift",
        "Combine/CombineTests.swift",
        "Concurrency/ConcurrencyTests.swift",
        "DataParserType/FormURLEncodedDataParserTests.swift",
        "DataParserType/JSONDataParserTests.swift",
        "DataParserType/ProtobufDataParserTests.swift",
        "DataParserType/StringDataParserTests.swift",
        "RequestTests.swift",
        "SessionAdapterType/URLSessionAdapterSubclassTests.swift",
        "SessionAdapterType/URLSessionAdapterTests.swift",
        "SessionCallbackQueueTests.swift",
        "SessionTests.swift",
        "TestComponents/HTTPStub.swift",
        "TestComponents/TestRequest.swift",
        "TestComponents/TestSessionAdapter.swift",
        "TestComponents/TestSessionTask.swift"
      ],
      "target_dependencies" : [
        "APIKit"
      ],
      "type" : "test"
    },
    {
      "c99name" : "APIKit",
      "module_type" : "SwiftTarget",
      "name" : "APIKit",
      "path" : "Sources/APIKit",
      "product_memberships" : [
        "APIKit"
      ],
      "sources" : [
        "BodyParameters/BodyParameters.swift",
        "BodyParameters/Data+InputStream.swift",
        "BodyParameters/FormURLEncodedBodyParameters.swift",
        "BodyParameters/JSONBodyParameters.swift",
        "BodyParameters/MultipartFormDataBodyParameters.swift",
        "BodyParameters/ProtobufBodyParameters.swift",
        "CallbackQueue.swift",
        "Combine/Combine.swift",
        "Concurrency/Concurrency.swift",
        "DataParser/DataParser.swift",
        "DataParser/FormURLEncodedDataParser.swift",
        "DataParser/JSONDataParser.swift",
        "DataParser/ProtobufDataParser.swift",
        "DataParser/StringDataParser.swift",
        "Error/RequestError.swift",
        "Error/ResponseError.swift",
        "Error/SessionTaskError.swift",
        "HTTPMethod.swift",
        "Request.swift",
        "Serializations/URLEncodedSerialization.swift",
        "Session.swift",
        "SessionAdapter/SessionAdapter.swift",
        "SessionAdapter/URLSessionAdapter.swift",
        "Unavailable.swift"
      ],
      "type" : "library"
    }
  ],
  "tools_version" : "5.3"
}
{
  "project" : {
    "configurations" : [
      "Debug",
      "Release"
    ],
    "name" : "APIKit",
    "schemes" : [
      "APIKit"
    ],
    "targets" : [
      "APIKit",
      "Tests"
    ]
  }
}
Running build ...
env DEVELOPER_DIR=/Applications/Xcode-27.0.0-Release.Candidate.app xcrun xcodebuild -IDEClonedSourcePackagesDirPathOverride=$PWD/.dependencies -skipMacroValidation -skipPackagePluginValidation -derivedDataPath $PWD/.derivedData build -scheme APIKit -destination generic/platform=tvOS
Command line invocation:
    /Applications/Xcode-27.0.0-Release.Candidate.app/Contents/Developer/usr/bin/xcodebuild -IDEClonedSourcePackagesDirPathOverride=/Users/admin/builder/spi-builder-workspace/.dependencies -skipMacroValidation -skipPackagePluginValidation -derivedDataPath /Users/admin/builder/spi-builder-workspace/.derivedData build -scheme APIKit -destination generic/platform=tvOS
ComputePackagePrebuildTargetDependencyGraph
Prepare packages
CreateBuildRequest
SendProjectDescription
CreateBuildOperation
ComputeTargetDependencyGraph
note: Building targets in dependency order
note: Target dependency graph (1 target)
    Target 'APIKit' in project 'APIKit' (no dependencies)
GatherProvisioningInputs
CreateBuildDescription
ExecuteExternalTool /Applications/Xcode-27.0.0-Release.Candidate.app/Contents/Developer/Toolchains/XcodeDefault.xctoolchain/usr/bin/clang -v -E -dM -isysroot /Applications/Xcode-27.0.0-Release.Candidate.app/Contents/Developer/Platforms/AppleTVOS.platform/Developer/SDKs/AppleTVOS27.0.sdk -x c -c /dev/null
ExecuteExternalTool /Applications/Xcode-27.0.0-Release.Candidate.app/Contents/Developer/Toolchains/XcodeDefault.xctoolchain/usr/bin/clang -v -E -dM -arch arm64 -isysroot /Applications/Xcode-27.0.0-Release.Candidate.app/Contents/Developer/Platforms/AppleTVOS.platform/Developer/SDKs/AppleTVOS27.0.sdk -x c -c /dev/null
ExecuteExternalTool /Applications/Xcode-27.0.0-Release.Candidate.app/Contents/Developer/Toolchains/XcodeDefault.xctoolchain/usr/bin/clang -v -E -dM -arch arm64 -isysroot /Applications/Xcode-27.0.0-Release.Candidate.app/Contents/Developer/Platforms/AppleTVOS.platform/Developer/SDKs/AppleTVOS27.0.sdk -x objective-c -c /dev/null
ExecuteExternalTool /Applications/Xcode-27.0.0-Release.Candidate.app/Contents/Developer/Toolchains/XcodeDefault.xctoolchain/usr/bin/swiftc --version
ExecuteExternalTool /Applications/Xcode-27.0.0-Release.Candidate.app/Contents/Developer/Toolchains/XcodeDefault.xctoolchain/usr/bin/ld -version_details
Build description signature: 0a6d83a6ffedc1e671347c2e82a38ece
Build description path: /Users/admin/builder/spi-builder-workspace/.derivedData/Build/Intermediates.noindex/XCBuildData/0a6d83a6ffedc1e671347c2e82a38ece.xcbuilddata
/Users/admin/builder/spi-builder-workspace/APIKit.xcodeproj: error: The tvOS deployment target 'TVOS_DEPLOYMENT_TARGET' is set to 9.0, but the range of supported deployment target versions is 15.0 to 27.0.x. (in target 'APIKit' from project 'APIKit')
** BUILD FAILED **
The following build commands failed:
	Building project APIKit with scheme APIKit
(1 failure)
Command line invocation:
    /Applications/Xcode-27.0.0-Release.Candidate.app/Contents/Developer/usr/bin/xcodebuild -IDEClonedSourcePackagesDirPathOverride=/Users/admin/builder/spi-builder-workspace/.dependencies -resolvePackageDependencies
resolved source packages:
{
  "dependencies" : [
  ],
  "manifest_display_name" : "APIKit",
  "name" : "APIKit",
  "path" : "/Users/admin/builder/spi-builder-workspace",
  "platforms" : [
    {
      "name" : "macos",
      "version" : "10.10"
    },
    {
      "name" : "ios",
      "version" : "9.0"
    },
    {
      "name" : "tvos",
      "version" : "9.0"
    },
    {
      "name" : "watchos",
      "version" : "2.0"
    }
  ],
  "products" : [
    {
      "name" : "APIKit",
      "targets" : [
        "APIKit"
      ],
      "type" : {
        "library" : [
          "automatic"
        ]
      }
    }
  ],
  "swift_languages_versions" : [
    "5"
  ],
  "targets" : [
    {
      "c99name" : "APIKitTests",
      "module_type" : "SwiftTarget",
      "name" : "APIKitTests",
      "path" : "Tests/APIKitTests",
      "resources" : [
        {
          "path" : "/Users/admin/builder/spi-builder-workspace/Tests/APIKitTests/Resources/test.json",
          "rule" : {
            "process" : {
            }
          }
        }
      ],
      "sources" : [
        "BodyParametersType/FormURLEncodedBodyParametersTests.swift",
        "BodyParametersType/JSONBodyParametersTests.swift",
        "BodyParametersType/MultipartFormDataParametersTests.swift",
        "BodyParametersType/ProtobufBodyParametersTests.swift",
        "BodyParametersType/URLEncodedSerializationTests.swift",
        "Combine/CombineTests.swift",
        "Concurrency/ConcurrencyTests.swift",
        "DataParserType/FormURLEncodedDataParserTests.swift",
        "DataParserType/JSONDataParserTests.swift",
        "DataParserType/ProtobufDataParserTests.swift",
        "DataParserType/StringDataParserTests.swift",
        "RequestTests.swift",
        "SessionAdapterType/URLSessionAdapterSubclassTests.swift",
        "SessionAdapterType/URLSessionAdapterTests.swift",
        "SessionCallbackQueueTests.swift",
        "SessionTests.swift",
        "TestComponents/HTTPStub.swift",
        "TestComponents/TestRequest.swift",
        "TestComponents/TestSessionAdapter.swift",
        "TestComponents/TestSessionTask.swift"
      ],
      "target_dependencies" : [
        "APIKit"
      ],
      "type" : "test"
    },
    {
      "c99name" : "APIKit",
      "module_type" : "SwiftTarget",
      "name" : "APIKit",
      "path" : "Sources/APIKit",
      "product_memberships" : [
        "APIKit"
      ],
      "sources" : [
        "BodyParameters/BodyParameters.swift",
        "BodyParameters/Data+InputStream.swift",
        "BodyParameters/FormURLEncodedBodyParameters.swift",
        "BodyParameters/JSONBodyParameters.swift",
        "BodyParameters/MultipartFormDataBodyParameters.swift",
        "BodyParameters/ProtobufBodyParameters.swift",
        "CallbackQueue.swift",
        "Combine/Combine.swift",
        "Concurrency/Concurrency.swift",
        "DataParser/DataParser.swift",
        "DataParser/FormURLEncodedDataParser.swift",
        "DataParser/JSONDataParser.swift",
        "DataParser/ProtobufDataParser.swift",
        "DataParser/StringDataParser.swift",
        "Error/RequestError.swift",
        "Error/ResponseError.swift",
        "Error/SessionTaskError.swift",
        "HTTPMethod.swift",
        "Request.swift",
        "Serializations/URLEncodedSerialization.swift",
        "Session.swift",
        "SessionAdapter/SessionAdapter.swift",
        "SessionAdapter/URLSessionAdapter.swift",
        "Unavailable.swift"
      ],
      "type" : "library"
    }
  ],
  "tools_version" : "5.3"
}
{
  "project" : {
    "configurations" : [
      "Debug",
      "Release"
    ],
    "name" : "APIKit",
    "schemes" : [
      "APIKit"
    ],
    "targets" : [
      "APIKit",
      "Tests"
    ]
  }
}
Running build ...
env DEVELOPER_DIR=/Applications/Xcode-27.0.0-Release.Candidate.app xcrun xcodebuild -IDEClonedSourcePackagesDirPathOverride=$PWD/.dependencies -skipMacroValidation -skipPackagePluginValidation -derivedDataPath $PWD/.derivedData build -scheme APIKit -destination generic/platform=tvOS
Command line invocation:
    /Applications/Xcode-27.0.0-Release.Candidate.app/Contents/Developer/usr/bin/xcodebuild -IDEClonedSourcePackagesDirPathOverride=/Users/admin/builder/spi-builder-workspace/.dependencies -skipMacroValidation -skipPackagePluginValidation -derivedDataPath /Users/admin/builder/spi-builder-workspace/.derivedData build -scheme APIKit -destination generic/platform=tvOS
ComputePackagePrebuildTargetDependencyGraph
Prepare packages
CreateBuildRequest
SendProjectDescription
CreateBuildOperation
ComputeTargetDependencyGraph
note: Building targets in dependency order
note: Target dependency graph (1 target)
    Target 'APIKit' in project 'APIKit' (no dependencies)
GatherProvisioningInputs
CreateBuildDescription
/Users/admin/builder/spi-builder-workspace/APIKit.xcodeproj: error: The tvOS deployment target 'TVOS_DEPLOYMENT_TARGET' is set to 9.0, but the range of supported deployment target versions is 15.0 to 27.0.x. (in target 'APIKit' from project 'APIKit')
** BUILD FAILED **
The following build commands failed:
	Building project APIKit with scheme APIKit
(1 failure)
BUILD FAILURE 6.4 tvOS