Build Information
Failed to build Sliders, reference main (0e7b1b), with Swift 6.4 for tvOS using Xcode 27.0 on 21 Sep 2026 14:53:31 UTC.
Build Command
env DEVELOPER_DIR=/Applications/Xcode-27.0.0-Release.Candidate.app xcrun xcodebuild -IDEClonedSourcePackagesDirPathOverride=$PWD/.dependencies -skipMacroValidation -skipPackagePluginValidation -derivedDataPath $PWD/.derivedData build -scheme Sliders -destination generic/platform=tvOSBuild Log
========================================
RunAll
========================================
Builder version: 5.1.0
Interrupt handler set up.
========================================
Checkout
========================================
Clone URL: https://github.com/spacenation/swiftui-sliders.git
Reference: main
Initialized empty Git repository in /Users/admin/builder/spi-builder-workspace/.git/
From https://github.com/spacenation/swiftui-sliders
* branch main -> FETCH_HEAD
* [new branch] main -> origin/main
HEAD is now at 0e7b1b6 delay fix for range sliders (#75)
Cloned https://github.com/spacenation/swiftui-sliders.git
Revision (git rev-parse @):
0e7b1b664f4ec2de0e2cb530d3601f19dd6dd688
SUCCESS checkout https://github.com/spacenation/swiftui-sliders.git at main
========================================
Build
========================================
Selected platform: tvOS
Swift version: 6.4
Building package at path: $PWD
https://github.com/spacenation/swiftui-sliders.git
Command line invocation:
/Applications/Xcode-27.0.0-Release.Candidate.app/Contents/Developer/usr/bin/xcodebuild -IDEClonedSourcePackagesDirPathOverride=/Users/admin/builder/spi-builder-workspace/.dependencies -resolvePackageDependencies
Resolve Package Graph
Resolve Package Graph
Resolved source packages:
Sliders: /Users/admin/builder/spi-builder-workspace
resolved source packages: Sliders
2026-09-21 10:52:33.433 xcodebuild[529:3024] [MT] IDERunDestination: Supported platforms for the buildables in the current scheme is empty.
{
"dependencies" : [
],
"manifest_display_name" : "Sliders",
"name" : "Sliders",
"path" : "/Users/admin/builder/spi-builder-workspace",
"platforms" : [
{
"name" : "ios",
"version" : "14.0"
},
{
"name" : "macos",
"version" : "11.0"
}
],
"products" : [
{
"name" : "Sliders",
"targets" : [
"Sliders"
],
"type" : {
"library" : [
"automatic"
]
}
}
],
"targets" : [
{
"c99name" : "SlidersTests",
"module_type" : "SwiftTarget",
"name" : "SlidersTests",
"path" : "Tests/SlidersTests",
"sources" : [
"DistanceFromValueTests.swift",
"RangeDistanceTests.swift",
"ValueFromDistanceTests.swift"
],
"target_dependencies" : [
"Sliders"
],
"type" : "test"
},
{
"c99name" : "Sliders",
"module_type" : "SwiftTarget",
"name" : "Sliders",
"path" : "Sources/Sliders",
"product_memberships" : [
"Sliders"
],
"sources" : [
"Base/DefaultHorizontalValueView.swift",
"Base/DefaultThumb.swift",
"Base/DefaultVerticalValueView.swift",
"Base/LinearRangeMath.swift",
"Base/LinearValueMath.swift",
"PointSlider/PointSlider.swift",
"PointSlider/Style/AnyPointSliderStyle.swift",
"PointSlider/Style/EnvironmentValues+PointSliderStyle.swift",
"PointSlider/Style/PointSliderStyle.swift",
"PointSlider/Style/PointSliderStyleConfiguration.swift",
"PointSlider/Styles/PointSliderOptions.swift",
"PointSlider/Styles/Rectangular/RectangularPointSliderStyle.swift",
"PointTrack/EnvironmentValues+PointTrackConfiguration.swift",
"PointTrack/EnvironmentValues+TrackPoint.swift",
"PointTrack/PointTrackConfiguration.swift",
"RangeSlider/RangeSlider.swift",
"RangeSlider/Style/AnyRangeSliderStyle.swift",
"RangeSlider/Style/EnvironmentValues+RangeSliderStyle.swift",
"RangeSlider/Style/RangeSliderStyle.swift",
"RangeSlider/Style/RangeSliderStyleConfiguration.swift",
"RangeSlider/Styles/Horizontal/HorizontalRangeSliderStyle.swift",
"RangeSlider/Styles/RangeSliderOptions.swift",
"RangeSlider/Styles/Vertical/VerticalRangeSliderStyle.swift",
"RangeTrack/EnvironmentValues+RangeTrackConfiguration.swift",
"RangeTrack/EnvironmentValues+TrackRange.swift",
"RangeTrack/Horizontal/HorizontalRangeTrack.swift",
"RangeTrack/RangeTrackConfiguration.swift",
"RangeTrack/Vertical/VerticalRangeTrack.swift",
"ValueSlider/Style/AnyValueSliderStyle.swift",
"ValueSlider/Style/EnvironmentValues+ValueSliderStyle.swift",
"ValueSlider/Style/ValueSliderStyle.swift",
"ValueSlider/Style/ValueSliderStyleConfiguration.swift",
"ValueSlider/Styles/Horizontal/HorizontalValueSliderStyle.swift",
"ValueSlider/Styles/ValueSliderOptions.swift",
"ValueSlider/Styles/Vertical/VerticalValueSliderStyle.swift",
"ValueSlider/ValueSlider.swift",
"ValueTrack/EnviromnentValues+ValueTrackConfiguration.swift",
"ValueTrack/EnvironmentValues+TrackValue.swift",
"ValueTrack/Horizontal/HorizontalValueTrack.swift",
"ValueTrack/ValueTrackConfiguration.swift",
"ValueTrack/Vertical/VerticalValueTrack.swift"
],
"type" : "library"
}
],
"tools_version" : "5.3"
}
{
"workspace" : {
"name" : "Sliders",
"schemes" : [
"Sliders"
]
}
}
2026-09-21 10:53:14.737 xcodebuild[648:4152] [MT] IDERunDestination: Supported platforms for the buildables in the current scheme is empty.
Running build ...
env DEVELOPER_DIR=/Applications/Xcode-27.0.0-Release.Candidate.app xcrun xcodebuild -IDEClonedSourcePackagesDirPathOverride=$PWD/.dependencies -skipMacroValidation -skipPackagePluginValidation -derivedDataPath $PWD/.derivedData build -scheme Sliders -destination generic/platform=tvOS
Command line invocation:
/Applications/Xcode-27.0.0-Release.Candidate.app/Contents/Developer/usr/bin/xcodebuild -IDEClonedSourcePackagesDirPathOverride=/Users/admin/builder/spi-builder-workspace/.dependencies -skipMacroValidation -skipPackagePluginValidation -derivedDataPath /Users/admin/builder/spi-builder-workspace/.derivedData build -scheme Sliders -destination generic/platform=tvOS
Resolve Package Graph
Resolved source packages:
Sliders: /Users/admin/builder/spi-builder-workspace
ComputePackagePrebuildTargetDependencyGraph
Prepare packages
CreateBuildRequest
SendProjectDescription
CreateBuildOperation
ComputeTargetDependencyGraph
note: Building targets in dependency order
note: Target dependency graph (2 targets)
Target 'Sliders-product' in project 'Sliders'
➜ Explicit dependency on target 'Sliders' in project 'Sliders'
Target 'Sliders' in project 'Sliders' (no dependencies)
GatherProvisioningInputs
CreateBuildDescription
ExecuteExternalTool /Applications/Xcode-27.0.0-Release.Candidate.app/Contents/Developer/Toolchains/XcodeDefault.xctoolchain/usr/bin/clang -v -E -dM -isysroot /Applications/Xcode-27.0.0-Release.Candidate.app/Contents/Developer/Platforms/AppleTVOS.platform/Developer/SDKs/AppleTVOS27.0.sdk -x c -c /dev/null
ExecuteExternalTool /Applications/Xcode-27.0.0-Release.Candidate.app/Contents/Developer/Toolchains/XcodeDefault.xctoolchain/usr/bin/swiftc --version
ExecuteExternalTool /Applications/Xcode-27.0.0-Release.Candidate.app/Contents/Developer/Toolchains/XcodeDefault.xctoolchain/usr/bin/ld -version_details
Build description signature: 1c329cd7e58df3d7af1f212f856dff3d
Build description path: /Users/admin/builder/spi-builder-workspace/.derivedData/Build/Intermediates.noindex/XCBuildData/1c329cd7e58df3d7af1f212f856dff3d.xcbuilddata
CreateBuildDirectory /Users/admin/builder/spi-builder-workspace/.derivedData/SDKExplicitPrecompiledModules
cd /Users/admin/builder/spi-builder-workspace/.swiftpm/xcode
builtin-create-build-directory /Users/admin/builder/spi-builder-workspace/.derivedData/SDKExplicitPrecompiledModules
CreateBuildDirectory /Users/admin/builder/spi-builder-workspace/.derivedData/ModuleCache.noindex
cd /Users/admin/builder/spi-builder-workspace/.swiftpm/xcode
builtin-create-build-directory /Users/admin/builder/spi-builder-workspace/.derivedData/ModuleCache.noindex
CreateBuildDirectory /Users/admin/builder/spi-builder-workspace/.derivedData/CompilationCache.noindex
cd /Users/admin/builder/spi-builder-workspace/.swiftpm/xcode
builtin-create-build-directory /Users/admin/builder/spi-builder-workspace/.derivedData/CompilationCache.noindex
ClangStatCache /Applications/Xcode-27.0.0-Release.Candidate.app/Contents/Developer/Toolchains/XcodeDefault.xctoolchain/usr/bin/clang-stat-cache /Applications/Xcode-27.0.0-Release.Candidate.app/Contents/Developer/Platforms/AppleTVOS.platform/Developer/SDKs/AppleTVOS27.0.sdk /Users/admin/builder/spi-builder-workspace/.derivedData/SDKStatCaches.noindex/appletvos27.0-24J360-e829b21a6f8c9b70876ba0858053c044b32bfd8d43560033f8d89884cdb90028.sdkstatcache
cd /Users/admin/builder/spi-builder-workspace/.swiftpm/xcode
/Applications/Xcode-27.0.0-Release.Candidate.app/Contents/Developer/Toolchains/XcodeDefault.xctoolchain/usr/bin/clang-stat-cache /Applications/Xcode-27.0.0-Release.Candidate.app/Contents/Developer/Platforms/AppleTVOS.platform/Developer/SDKs/AppleTVOS27.0.sdk -o /Users/admin/builder/spi-builder-workspace/.derivedData/SDKStatCaches.noindex/appletvos27.0-24J360-e829b21a6f8c9b70876ba0858053c044b32bfd8d43560033f8d89884cdb90028.sdkstatcache
CreateBuildDirectory /Users/admin/builder/spi-builder-workspace/.derivedData/Build/Intermediates.noindex
cd /Users/admin/builder/spi-builder-workspace/.swiftpm/xcode
builtin-create-build-directory /Users/admin/builder/spi-builder-workspace/.derivedData/Build/Intermediates.noindex
CreateBuildDirectory /Users/admin/builder/spi-builder-workspace/.derivedData/Build/Products
cd /Users/admin/builder/spi-builder-workspace/.swiftpm/xcode
builtin-create-build-directory /Users/admin/builder/spi-builder-workspace/.derivedData/Build/Products
CreateBuildDirectory /Users/admin/builder/spi-builder-workspace/.derivedData/Build/Intermediates.noindex/SwiftExplicitPrecompiledModules
cd /Users/admin/builder/spi-builder-workspace/.swiftpm/xcode
builtin-create-build-directory /Users/admin/builder/spi-builder-workspace/.derivedData/Build/Intermediates.noindex/SwiftExplicitPrecompiledModules
CreateBuildDirectory /Users/admin/builder/spi-builder-workspace/.derivedData/Build/Intermediates.noindex/PrecompiledHeaders
cd /Users/admin/builder/spi-builder-workspace/.swiftpm/xcode
builtin-create-build-directory /Users/admin/builder/spi-builder-workspace/.derivedData/Build/Intermediates.noindex/PrecompiledHeaders
CreateBuildDirectory /Users/admin/builder/spi-builder-workspace/.derivedData/Build/Intermediates.noindex/ExplicitPrecompiledModules
cd /Users/admin/builder/spi-builder-workspace/.swiftpm/xcode
builtin-create-build-directory /Users/admin/builder/spi-builder-workspace/.derivedData/Build/Intermediates.noindex/ExplicitPrecompiledModules
CreateBuildDirectory /Users/admin/builder/spi-builder-workspace/.derivedData/Build/Intermediates.noindex/EagerLinkingTBDs/Debug-appletvos
cd /Users/admin/builder/spi-builder-workspace/.swiftpm/xcode
builtin-create-build-directory /Users/admin/builder/spi-builder-workspace/.derivedData/Build/Intermediates.noindex/EagerLinkingTBDs/Debug-appletvos
CreateBuildDirectory /Users/admin/builder/spi-builder-workspace/.derivedData/Build/Products/Debug-appletvos
cd /Users/admin/builder/spi-builder-workspace/.swiftpm/xcode
builtin-create-build-directory /Users/admin/builder/spi-builder-workspace/.derivedData/Build/Products/Debug-appletvos
CreateBuildDirectory /Users/admin/builder/spi-builder-workspace/.derivedData/Build/Products/Debug-appletvos/PackageFrameworks
cd /Users/admin/builder/spi-builder-workspace/.swiftpm/xcode
builtin-create-build-directory /Users/admin/builder/spi-builder-workspace/.derivedData/Build/Products/Debug-appletvos/PackageFrameworks
WriteAuxiliaryFile /Users/admin/builder/spi-builder-workspace/.derivedData/Build/Intermediates.noindex/Sliders.build/Debug-appletvos/Sliders-t.build/Sliders.DependencyMetadataFileList (in target 'Sliders' from project 'Sliders')
cd /Users/admin/builder/spi-builder-workspace
write-file /Users/admin/builder/spi-builder-workspace/.derivedData/Build/Intermediates.noindex/Sliders.build/Debug-appletvos/Sliders-t.build/Sliders.DependencyMetadataFileList
WriteAuxiliaryFile /Users/admin/builder/spi-builder-workspace/.derivedData/Build/Intermediates.noindex/Sliders.build/Debug-appletvos/Sliders-t.build/Sliders.DependencyStaticMetadataFileList (in target 'Sliders' from project 'Sliders')
cd /Users/admin/builder/spi-builder-workspace
write-file /Users/admin/builder/spi-builder-workspace/.derivedData/Build/Intermediates.noindex/Sliders.build/Debug-appletvos/Sliders-t.build/Sliders.DependencyStaticMetadataFileList
WriteAuxiliaryFile /Users/admin/builder/spi-builder-workspace/.derivedData/Build/Intermediates.noindex/Sliders.build/Debug-appletvos/Sliders-t.build/Sliders.modulemap (in target 'Sliders' from project 'Sliders')
cd /Users/admin/builder/spi-builder-workspace
write-file /Users/admin/builder/spi-builder-workspace/.derivedData/Build/Intermediates.noindex/Sliders.build/Debug-appletvos/Sliders-t.build/Sliders.modulemap
WriteAuxiliaryFile /Users/admin/builder/spi-builder-workspace/.derivedData/Build/Intermediates.noindex/Sliders.build/Debug-appletvos/Sliders-t.build/Objects-normal/arm64/Sliders-OutputFileMap.json (in target 'Sliders' from project 'Sliders')
cd /Users/admin/builder/spi-builder-workspace
write-file /Users/admin/builder/spi-builder-workspace/.derivedData/Build/Intermediates.noindex/Sliders.build/Debug-appletvos/Sliders-t.build/Objects-normal/arm64/Sliders-OutputFileMap.json
WriteAuxiliaryFile /Users/admin/builder/spi-builder-workspace/.derivedData/Build/Intermediates.noindex/Sliders.build/Debug-appletvos/Sliders-t.build/Objects-normal/arm64/Sliders.SwiftConstValuesFileList (in target 'Sliders' from project 'Sliders')
cd /Users/admin/builder/spi-builder-workspace
write-file /Users/admin/builder/spi-builder-workspace/.derivedData/Build/Intermediates.noindex/Sliders.build/Debug-appletvos/Sliders-t.build/Objects-normal/arm64/Sliders.SwiftConstValuesFileList
WriteAuxiliaryFile /Users/admin/builder/spi-builder-workspace/.derivedData/Build/Intermediates.noindex/Sliders.build/Debug-appletvos/Sliders-t.build/Objects-normal/arm64/Sliders.SwiftFileList (in target 'Sliders' from project 'Sliders')
cd /Users/admin/builder/spi-builder-workspace
write-file /Users/admin/builder/spi-builder-workspace/.derivedData/Build/Intermediates.noindex/Sliders.build/Debug-appletvos/Sliders-t.build/Objects-normal/arm64/Sliders.SwiftFileList
WriteAuxiliaryFile /Users/admin/builder/spi-builder-workspace/.derivedData/Build/Intermediates.noindex/Sliders.build/Debug-appletvos/Sliders-t.build/Objects-normal/arm64/Sliders_const_extract_protocols.json (in target 'Sliders' from project 'Sliders')
cd /Users/admin/builder/spi-builder-workspace
write-file /Users/admin/builder/spi-builder-workspace/.derivedData/Build/Intermediates.noindex/Sliders.build/Debug-appletvos/Sliders-t.build/Objects-normal/arm64/Sliders_const_extract_protocols.json
WriteAuxiliaryFile /Users/admin/builder/spi-builder-workspace/.derivedData/Build/Intermediates.noindex/Sliders.build/Debug-appletvos/Sliders-t.build/Objects-normal/arm64/Sliders.LinkFileList (in target 'Sliders' from project 'Sliders')
cd /Users/admin/builder/spi-builder-workspace
write-file /Users/admin/builder/spi-builder-workspace/.derivedData/Build/Intermediates.noindex/Sliders.build/Debug-appletvos/Sliders-t.build/Objects-normal/arm64/Sliders.LinkFileList
Copy /Users/admin/builder/spi-builder-workspace/.derivedData/Build/Intermediates.noindex/GeneratedModuleMaps-appletvos/Sliders.modulemap /Users/admin/builder/spi-builder-workspace/.derivedData/Build/Intermediates.noindex/Sliders.build/Debug-appletvos/Sliders-t.build/Sliders.modulemap (in target 'Sliders' from project 'Sliders')
cd /Users/admin/builder/spi-builder-workspace
builtin-copy -exclude .DS_Store -exclude CVS -exclude .svn -exclude .git -exclude .hg -resolve-src-symlinks /Users/admin/builder/spi-builder-workspace/.derivedData/Build/Intermediates.noindex/Sliders.build/Debug-appletvos/Sliders-t.build/Sliders.modulemap /Users/admin/builder/spi-builder-workspace/.derivedData/Build/Intermediates.noindex/GeneratedModuleMaps-appletvos
SwiftDriver Sliders normal arm64 com.apple.xcode.tools.swift.compiler (in target 'Sliders' from project 'Sliders')
cd /Users/admin/builder/spi-builder-workspace/.swiftpm/xcode
builtin-SwiftDriver -- /Applications/Xcode-27.0.0-Release.Candidate.app/Contents/Developer/Toolchains/XcodeDefault.xctoolchain/usr/bin/swiftc -parse-as-library -module-name Sliders -Onone @/Users/admin/builder/spi-builder-workspace/.derivedData/Build/Intermediates.noindex/Sliders.build/Debug-appletvos/Sliders-t.build/Objects-normal/arm64/Sliders.SwiftFileList -DSWIFT_PACKAGE -DDEBUG -DSWIFT_MODULE_RESOURCE_BUNDLE_UNAVAILABLE -DXcode -plugin-path /Applications/Xcode-27.0.0-Release.Candidate.app/Contents/Developer/Toolchains/XcodeDefault.xctoolchain/usr/lib/swift/host/plugins/testing -enable-experimental-feature DebugDescriptionMacro -sdk /Applications/Xcode-27.0.0-Release.Candidate.app/Contents/Developer/Platforms/AppleTVOS.platform/Developer/SDKs/AppleTVOS27.0.sdk -target arm64-apple-tvos15.0 -g -module-cache-path /Users/admin/builder/spi-builder-workspace/.derivedData/ModuleCache.noindex -Xfrontend -serialize-debugging-options -profile-coverage-mapping -profile-generate -enable-testing -index-store-path /Users/admin/builder/spi-builder-workspace/.derivedData/Index.noindex/DataStore -Xcc -D_LIBCPP_HARDENING_MODE\=_LIBCPP_HARDENING_MODE_DEBUG -swift-version 5 -I /Users/admin/builder/spi-builder-workspace/.derivedData/Build/Products/Debug-appletvos -Isystem /Applications/Xcode-27.0.0-Release.Candidate.app/Contents/Developer/Platforms/AppleTVOS.platform/Developer/usr/lib -F /Users/admin/builder/spi-builder-workspace/.derivedData/Build/Products/Debug-appletvos -F /Applications/Xcode-27.0.0-Release.Candidate.app/Contents/Developer/Platforms/AppleTVOS.platform/Developer/Library/Frameworks -F /Applications/Xcode-27.0.0-Release.Candidate.app/Contents/Developer/Platforms/AppleTVOS.platform/Developer/SDKs/AppleTVOS27.0.sdk/Developer/Library/Frameworks -c -j10 -enable-batch-mode -incremental -Xcc -ivfsstatcache -Xcc /Users/admin/builder/spi-builder-workspace/.derivedData/SDKStatCaches.noindex/appletvos27.0-24J360-e829b21a6f8c9b70876ba0858053c044b32bfd8d43560033f8d89884cdb90028.sdkstatcache -output-file-map /Users/admin/builder/spi-builder-workspace/.derivedData/Build/Intermediates.noindex/Sliders.build/Debug-appletvos/Sliders-t.build/Objects-normal/arm64/Sliders-OutputFileMap.json -save-temps -no-color-diagnostics -explicit-module-build -module-cache-path /Users/admin/builder/spi-builder-workspace/.derivedData/Build/Intermediates.noindex/SwiftExplicitPrecompiledModules -clang-scanner-module-cache-path /Users/admin/builder/spi-builder-workspace/.derivedData/ModuleCache.noindex -sdk-module-cache-path /Users/admin/builder/spi-builder-workspace/.derivedData/SDKExplicitPrecompiledModules -emit-dependencies -emit-module -emit-module-path /Users/admin/builder/spi-builder-workspace/.derivedData/Build/Intermediates.noindex/Sliders.build/Debug-appletvos/Sliders-t.build/Objects-normal/arm64/Sliders.swiftmodule -serialize-diagnostics -dependency-scan-serialize-diagnostics-path /Users/admin/builder/spi-builder-workspace/.derivedData/Build/Intermediates.noindex/Sliders.build/Debug-appletvos/Sliders-t.build/Objects-normal/arm64/Sliders-dependency-scan.dia -validate-clang-modules-once -clang-build-session-file /Users/admin/builder/spi-builder-workspace/.derivedData/ModuleCache.noindex/Session.modulevalidation -Xcc -fmodules-prune-interval\=86400 -Xcc -fmodules-prune-after\=345600 -emit-const-values -const-gather-protocols-list /Users/admin/builder/spi-builder-workspace/.derivedData/Build/Intermediates.noindex/Sliders.build/Debug-appletvos/Sliders-t.build/Objects-normal/arm64/Sliders_const_extract_protocols.json -Xcc -I/Users/admin/builder/spi-builder-workspace/.derivedData/Build/Products/Debug-appletvos/include -Xcc -I/Users/admin/builder/spi-builder-workspace/.derivedData/Build/Intermediates.noindex/Sliders.build/Debug-appletvos/Sliders-t.build/DerivedSources-normal/arm64 -Xcc -I/Users/admin/builder/spi-builder-workspace/.derivedData/Build/Intermediates.noindex/Sliders.build/Debug-appletvos/Sliders-t.build/DerivedSources/arm64 -Xcc -I/Users/admin/builder/spi-builder-workspace/.derivedData/Build/Intermediates.noindex/Sliders.build/Debug-appletvos/Sliders-t.build/DerivedSources -Xcc -DSWIFT_PACKAGE -Xcc -DDEBUG\=1 -emit-objc-header -emit-objc-header-path /Users/admin/builder/spi-builder-workspace/.derivedData/Build/Intermediates.noindex/Sliders.build/Debug-appletvos/Sliders-t.build/Objects-normal/arm64/Sliders-Swift.h -working-directory /Users/admin/builder/spi-builder-workspace/.swiftpm/xcode -experimental-emit-module-separately -disable-cmo
SwiftExplicitDependencyGeneratePcm arm64 /Users/admin/builder/spi-builder-workspace/.derivedData/SDKExplicitPrecompiledModules/ptrcheck-2AZ6B5IBYD3RRRTFWN2ONASY3.pcm
SwiftExplicitDependencyGeneratePcm arm64 /Users/admin/builder/spi-builder-workspace/.derivedData/SDKExplicitPrecompiledModules/_AvailabilityInternal-BV2EDDP0MI5QJDDPEEV4D9D3V.pcm
SwiftExplicitDependencyGeneratePcm arm64 /Users/admin/builder/spi-builder-workspace/.derivedData/SDKExplicitPrecompiledModules/_Builtin_stdarg-BO2OCAUYVAXDRVQWQ8ISKGNUQ.pcm
SwiftExplicitDependencyGeneratePcm arm64 /Users/admin/builder/spi-builder-workspace/.derivedData/SDKExplicitPrecompiledModules/_Builtin_stdbool-AHRDH5EKLY6D04C5E42F3VCQI.pcm
SwiftExplicitDependencyGeneratePcm arm64 /Users/admin/builder/spi-builder-workspace/.derivedData/SDKExplicitPrecompiledModules/ptrauth-8X2KEPL7CTRPS40TUB9APHPK6.pcm
SwiftExplicitDependencyGeneratePcm arm64 /Users/admin/builder/spi-builder-workspace/.derivedData/SDKExplicitPrecompiledModules/SwiftShims-8N4EXJ4RUJTR8K9OO3CMOH1EP.pcm
SwiftExplicitDependencyGeneratePcm arm64 /Users/admin/builder/spi-builder-workspace/.derivedData/SDKExplicitPrecompiledModules/_SwiftConcurrencyShims-BY5PD8KF1L5KF6F4Q69HE3TJ4.pcm
SwiftExplicitDependencyGeneratePcm arm64 /Users/admin/builder/spi-builder-workspace/.derivedData/SDKExplicitPrecompiledModules/DeveloperToolsSupport-B1X8RI63V48AJRTH2RK6JAARV.pcm
SwiftExplicitDependencyGeneratePcm arm64 /Users/admin/builder/spi-builder-workspace/.derivedData/SDKExplicitPrecompiledModules/_Builtin_stddef-9ZJZ6FDEZNKTZU8YLPMFT9RAQ.pcm
SwiftExplicitDependencyGeneratePcm arm64 /Users/admin/builder/spi-builder-workspace/.derivedData/SDKExplicitPrecompiledModules/_Builtin_float-8ZJAYZ85YBOAOP52Y9H6IUNP3.pcm
SwiftExplicitDependencyGeneratePcm arm64 /Users/admin/builder/spi-builder-workspace/.derivedData/SDKExplicitPrecompiledModules/_DarwinFoundation1-JOTYMOA1YZCIJ2NON6FQ848O.pcm
SwiftExplicitDependencyGeneratePcm arm64 /Users/admin/builder/spi-builder-workspace/.derivedData/SDKExplicitPrecompiledModules/_Builtin_limits-7JU2HP127LIT1X9E2V3D8WZ1.pcm
SwiftExplicitDependencyGeneratePcm arm64 /Users/admin/builder/spi-builder-workspace/.derivedData/SDKExplicitPrecompiledModules/_DarwinFoundation2-AOGAN1O02NKXRJN5V73AV3V3M.pcm
SwiftExplicitDependencyGeneratePcm arm64 /Users/admin/builder/spi-builder-workspace/.derivedData/SDKExplicitPrecompiledModules/_Builtin_tgmath-7ULT1EUHDHW4OZPSTT33H6QGE.pcm
SwiftExplicitDependencyGeneratePcm arm64 /Users/admin/builder/spi-builder-workspace/.derivedData/SDKExplicitPrecompiledModules/_Builtin_stdint-6NFTB6IBKS143IVPGT1EKB7HO.pcm
SwiftExplicitDependencyGeneratePcm arm64 /Users/admin/builder/spi-builder-workspace/.derivedData/SDKExplicitPrecompiledModules/sys_types-8GCAV1YMG5UUGHUID3CA20TCH.pcm
SwiftExplicitDependencyGeneratePcm arm64 /Users/admin/builder/spi-builder-workspace/.derivedData/SDKExplicitPrecompiledModules/string_h-6EVHP7A717OUS5DMC78F79HWO.pcm
SwiftExplicitDependencyGeneratePcm arm64 /Users/admin/builder/spi-builder-workspace/.derivedData/SDKExplicitPrecompiledModules/_Builtin_stdatomic-3YXHN678NGYM3NL9POJ2HVEIF.pcm
SwiftExplicitDependencyGeneratePcm arm64 /Users/admin/builder/spi-builder-workspace/.derivedData/SDKExplicitPrecompiledModules/_Builtin_intrinsics-437O2R2NID4WAQVENR63GR82C.pcm
SwiftExplicitDependencyGeneratePcm arm64 /Users/admin/builder/spi-builder-workspace/.derivedData/SDKExplicitPrecompiledModules/_DarwinFoundation3-8SR3855WDFHQPR6G9GHOI2C07.pcm
SwiftExplicitDependencyGeneratePcm arm64 /Users/admin/builder/spi-builder-workspace/.derivedData/SDKExplicitPrecompiledModules/_Builtin_inttypes-6X1IQ3QK9KEVKXOK9Y79EW7J3.pcm
SwiftExplicitDependencyGeneratePcm arm64 /Users/admin/builder/spi-builder-workspace/.derivedData/SDKExplicitPrecompiledModules/Darwin-DBSQAVBBPC3D2OMU5ZI2RXMST.pcm
SwiftExplicitDependencyGeneratePcm arm64 /Users/admin/builder/spi-builder-workspace/.derivedData/SDKExplicitPrecompiledModules/simd-117QUXEUT3Z7UQCUYWV2UA228.pcm
SwiftExplicitDependencyGeneratePcm arm64 /Users/admin/builder/spi-builder-workspace/.derivedData/SDKExplicitPrecompiledModules/ObjectiveC-5250FDCE56N8508OR6XUYDKZM.pcm
SwiftExplicitDependencyGeneratePcm arm64 /Users/admin/builder/spi-builder-workspace/.derivedData/SDKExplicitPrecompiledModules/MachO-EH3F5PJCIZG05NO51CEFSZYPW.pcm
SwiftExplicitDependencyGeneratePcm arm64 /Users/admin/builder/spi-builder-workspace/.derivedData/SDKExplicitPrecompiledModules/os_object-E2DGZ0SX0TULQHULZRPO6OKNW.pcm
SwiftExplicitDependencyGeneratePcm arm64 /Users/admin/builder/spi-builder-workspace/.derivedData/SDKExplicitPrecompiledModules/os_workgroup-DBUFF7811DKMX7VPBOJPGGF1U.pcm
SwiftExplicitDependencyGeneratePcm arm64 /Users/admin/builder/spi-builder-workspace/.derivedData/SDKExplicitPrecompiledModules/Spatial-7U8NLEFXSB8BR7PJQGVMF5A4Q.pcm
SwiftExplicitDependencyGeneratePcm arm64 /Users/admin/builder/spi-builder-workspace/.derivedData/SDKExplicitPrecompiledModules/Dispatch-1QL58A0V50C39KVAIC6C38SHL.pcm
SwiftExplicitDependencyGeneratePcm arm64 /Users/admin/builder/spi-builder-workspace/.derivedData/SDKExplicitPrecompiledModules/CoreFoundation-7TPJ7ENDC4L1A1ESHYI9TXS0D.pcm
SwiftExplicitDependencyGeneratePcm arm64 /Users/admin/builder/spi-builder-workspace/.derivedData/SDKExplicitPrecompiledModules/XPC-6O2DJFT3QUJ7QKTD3SNUB6PCR.pcm
SwiftExplicitDependencyGeneratePcm arm64 /Users/admin/builder/spi-builder-workspace/.derivedData/SDKExplicitPrecompiledModules/os-3GJI8H0BNAEZPQPQ1V0VVY3FY.pcm
SwiftExplicitDependencyGeneratePcm arm64 /Users/admin/builder/spi-builder-workspace/.derivedData/SDKExplicitPrecompiledModules/CFNetwork-2CUR2VK9S3S3WPFXPNXNUWYGN.pcm
SwiftExplicitDependencyGeneratePcm arm64 /Users/admin/builder/spi-builder-workspace/.derivedData/SDKExplicitPrecompiledModules/CoreGraphics-CWSP3J98S2658BYCVL6RP99T3.pcm
SwiftExplicitDependencyGeneratePcm arm64 /Users/admin/builder/spi-builder-workspace/.derivedData/SDKExplicitPrecompiledModules/Security-8VMXEKVDA3MHUH9AOTP905DID.pcm
SwiftExplicitDependencyGeneratePcm arm64 /Users/admin/builder/spi-builder-workspace/.derivedData/SDKExplicitPrecompiledModules/CoreAudioTypes-E7EH96HAL3G83QSWLT7VWYIP4.pcm
SwiftExplicitDependencyGeneratePcm arm64 /Users/admin/builder/spi-builder-workspace/.derivedData/SDKExplicitPrecompiledModules/CoreAudio-6IR1XRM0Q9YQZMFW89F3H4V3X.pcm
SwiftExplicitDependencyGeneratePcm arm64 /Users/admin/builder/spi-builder-workspace/.derivedData/SDKExplicitPrecompiledModules/Foundation-BSSIP64DIGUKMAYJOG1WPQ78X.pcm
SwiftExplicitDependencyGeneratePcm arm64 /Users/admin/builder/spi-builder-workspace/.derivedData/SDKExplicitPrecompiledModules/ImageIO-88D4CLEBD4CLWQKT78PZ6H1O8.pcm
SwiftExplicitDependencyGeneratePcm arm64 /Users/admin/builder/spi-builder-workspace/.derivedData/SDKExplicitPrecompiledModules/CoreText-59NY7PABM0I4V978161FOC04A.pcm
SwiftExplicitDependencyGeneratePcm arm64 /Users/admin/builder/spi-builder-workspace/.derivedData/SDKExplicitPrecompiledModules/UniformTypeIdentifiers-95CC8U42ZA9STP5K6GP9ZVJS5.pcm
SwiftExplicitDependencyGeneratePcm arm64 /Users/admin/builder/spi-builder-workspace/.derivedData/SDKExplicitPrecompiledModules/IOSurface-38FJ1CKX9FV2RD97O64Z7QB17.pcm
SwiftExplicitDependencyGeneratePcm arm64 /Users/admin/builder/spi-builder-workspace/.derivedData/SDKExplicitPrecompiledModules/UIUtilities-6ZFJ1AK4H8IBGEBMYQBWGBYLK.pcm
SwiftExplicitDependencyGeneratePcm arm64 /Users/admin/builder/spi-builder-workspace/.derivedData/SDKExplicitPrecompiledModules/CoreData-DYMPHH3PH8AX9I1FHA4VFJ675.pcm
SwiftExplicitDependencyGeneratePcm arm64 /Users/admin/builder/spi-builder-workspace/.derivedData/SDKExplicitPrecompiledModules/DataDetection-37JIYZ2GWDA1L166PP1D9JKAF.pcm
SwiftExplicitDependencyGeneratePcm arm64 /Users/admin/builder/spi-builder-workspace/.derivedData/SDKExplicitPrecompiledModules/OSLog-7OT6HHTMY0ZFEQJ095LJZ6NLC.pcm
SwiftExplicitDependencyGeneratePcm arm64 /Users/admin/builder/spi-builder-workspace/.derivedData/SDKExplicitPrecompiledModules/Symbols-B5AU9VM9Y7NU79RLMH13Z4IFM.pcm
SwiftExplicitDependencyGeneratePcm arm64 /Users/admin/builder/spi-builder-workspace/.derivedData/SDKExplicitPrecompiledModules/CoreTransferable-7V4O8DATEQ9F7SDNTCW8YWLG3.pcm
SwiftExplicitDependencyGeneratePcm arm64 /Users/admin/builder/spi-builder-workspace/.derivedData/SDKExplicitPrecompiledModules/UserNotifications-E9ZW5TH066WIJWH9080RC5NG4.pcm
SwiftExplicitDependencyGeneratePcm arm64 /Users/admin/builder/spi-builder-workspace/.derivedData/SDKExplicitPrecompiledModules/_LocationEssentials-ETSJ65FELPWR8WH8G49R1DF2E.pcm
SwiftExplicitDependencyGeneratePcm arm64 /Users/admin/builder/spi-builder-workspace/.derivedData/SDKExplicitPrecompiledModules/Accessibility-B6BODGZ4MQQTY0PBC4SHRP009.pcm
SwiftExplicitDependencyGeneratePcm arm64 /Users/admin/builder/spi-builder-workspace/.derivedData/SDKExplicitPrecompiledModules/CoreLocation-YVXXAOMVX0JH2KO1XTTKTY51.pcm
SwiftExplicitDependencyGeneratePcm arm64 /Users/admin/builder/spi-builder-workspace/.derivedData/SDKExplicitPrecompiledModules/OpenGLES-4NY99CNDU9WUNUYEIXSS1QFGE.pcm
SwiftExplicitDependencyGeneratePcm arm64 /Users/admin/builder/spi-builder-workspace/.derivedData/SDKExplicitPrecompiledModules/Metal-2KYBS7IML1SD788M91YV7Q0CC.pcm
SwiftExplicitDependencyGeneratePcm arm64 /Users/admin/builder/spi-builder-workspace/.derivedData/SDKExplicitPrecompiledModules/CoreVideo-DPU0PB5X0XLSVA2ETRGI6FJBM.pcm
SwiftExplicitDependencyGeneratePcm arm64 /Users/admin/builder/spi-builder-workspace/.derivedData/SDKExplicitPrecompiledModules/CoreMedia-4OUKVT03LV547KZJDPPJRJ4F8.pcm
SwiftExplicitDependencyGeneratePcm arm64 /Users/admin/builder/spi-builder-workspace/.derivedData/SDKExplicitPrecompiledModules/CoreImage-7S2AFJ8EIY3DUFYLEAX1JR1QV.pcm
SwiftExplicitDependencyGeneratePcm arm64 /Users/admin/builder/spi-builder-workspace/.derivedData/SDKExplicitPrecompiledModules/QuartzCore-DJSYAWKXFGVSAK5CQMOB3JSR.pcm
SwiftExplicitDependencyGeneratePcm arm64 /Users/admin/builder/spi-builder-workspace/.derivedData/SDKExplicitPrecompiledModules/SwiftUICore-543QU5V2NHKUFCYFJDKUJ7NYG.pcm
SwiftExplicitDependencyGeneratePcm arm64 /Users/admin/builder/spi-builder-workspace/.derivedData/SDKExplicitPrecompiledModules/UIKit-1TKWN7VC2X6N3ITMRVA2G0EB2.pcm
SwiftExplicitDependencyGeneratePcm arm64 /Users/admin/builder/spi-builder-workspace/.derivedData/SDKExplicitPrecompiledModules/SwiftUI-7BV1YDT6IZWW6B8OC6ENV0Y0F.pcm
SwiftEmitModule normal arm64 Emitting\ module\ for\ Sliders (in target 'Sliders' from project 'Sliders')
SwiftCompile normal arm64 (in target 'Sliders' from project 'Sliders')
cd /Users/admin/builder/spi-builder-workspace/.swiftpm/xcode
SwiftCompile normal arm64 Compiling\ ValueSliderOptions.swift,\ VerticalValueSliderStyle.swift,\ ValueSlider.swift,\ EnviromnentValues+ValueTrackConfiguration.swift /Users/admin/builder/spi-builder-workspace/Sources/Sliders/ValueSlider/Styles/ValueSliderOptions.swift /Users/admin/builder/spi-builder-workspace/Sources/Sliders/ValueSlider/Styles/Vertical/VerticalValueSliderStyle.swift /Users/admin/builder/spi-builder-workspace/Sources/Sliders/ValueSlider/ValueSlider.swift /Users/admin/builder/spi-builder-workspace/Sources/Sliders/ValueTrack/EnviromnentValues+ValueTrackConfiguration.swift (in target 'Sliders' from project 'Sliders')
/Users/admin/builder/spi-builder-workspace/Sources/Sliders/ValueSlider/Styles/Vertical/VerticalValueSliderStyle.swift:24:25: error: 'DragGesture' is unavailable in tvOS
22 | if self.options.contains(.interactiveTrack) {
23 | track.gesture(
24 | DragGesture(minimumDistance: 0)
| `- error: 'DragGesture' is unavailable in tvOS
25 | .onChanged { gestureValue in
26 | configuration.onEditingChanged(true)
SwiftUI.DragGesture:3:42: note: 'DragGesture' has been explicitly marked unavailable here
1 | @available(iOS 13.0, macOS 10.15, watchOS 6.0, *)
2 | @available(tvOS, unavailable)
3 | @MainActor @preconcurrency public struct DragGesture : Gesture, ~Sendable {
| `- note: 'DragGesture' has been explicitly marked unavailable here
4 | public struct Value : Equatable, Sendable {
5 | public var time: Date
/Users/admin/builder/spi-builder-workspace/Sources/Sliders/ValueSlider/Styles/Vertical/VerticalValueSliderStyle.swift:24:25: error: 'init(minimumDistance:coordinateSpace:)' is unavailable in tvOS
22 | if self.options.contains(.interactiveTrack) {
23 | track.gesture(
24 | DragGesture(minimumDistance: 0)
| `- error: 'init(minimumDistance:coordinateSpace:)' is unavailable in tvOS
25 | .onChanged { gestureValue in
26 | configuration.onEditingChanged(true)
SwiftUI.DragGesture.init:4:37: note: 'init(minimumDistance:coordinateSpace:)' has been explicitly marked unavailable here
2 | @available(iOS 17.0, macOS 14.0, watchOS 10.0, *)
3 | @available(tvOS, unavailable)
4 | @MainActor @preconcurrency public init(minimumDistance: CGFloat = 10, coordinateSpace: some CoordinateSpaceProtocol = .local)}
| `- note: 'init(minimumDistance:coordinateSpace:)' has been explicitly marked unavailable here
5 |
/Users/admin/builder/spi-builder-workspace/Sources/Sliders/ValueSlider/Styles/Vertical/VerticalValueSliderStyle.swift:61:21: error: 'DragGesture' is unavailable in tvOS
59 | )
60 | .gesture(
61 | DragGesture(minimumDistance: 0)
| `- error: 'DragGesture' is unavailable in tvOS
62 | .onChanged { gestureValue in
63 | configuration.onEditingChanged(true)
SwiftUI.DragGesture:3:42: note: 'DragGesture' has been explicitly marked unavailable here
1 | @available(iOS 13.0, macOS 10.15, watchOS 6.0, *)
2 | @available(tvOS, unavailable)
3 | @MainActor @preconcurrency public struct DragGesture : Gesture, ~Sendable {
| `- note: 'DragGesture' has been explicitly marked unavailable here
4 | public struct Value : Equatable, Sendable {
5 | public var time: Date
/Users/admin/builder/spi-builder-workspace/Sources/Sliders/ValueSlider/Styles/Vertical/VerticalValueSliderStyle.swift:61:21: error: 'init(minimumDistance:coordinateSpace:)' is unavailable in tvOS
59 | )
60 | .gesture(
61 | DragGesture(minimumDistance: 0)
| `- error: 'init(minimumDistance:coordinateSpace:)' is unavailable in tvOS
62 | .onChanged { gestureValue in
63 | configuration.onEditingChanged(true)
SwiftUI.DragGesture.init:4:37: note: 'init(minimumDistance:coordinateSpace:)' has been explicitly marked unavailable here
2 | @available(iOS 17.0, macOS 14.0, watchOS 10.0, *)
3 | @available(tvOS, unavailable)
4 | @MainActor @preconcurrency public init(minimumDistance: CGFloat = 10, coordinateSpace: some CoordinateSpaceProtocol = .local)}
| `- note: 'init(minimumDistance:coordinateSpace:)' has been explicitly marked unavailable here
5 |
/Users/admin/builder/spi-builder-workspace/Sources/Sliders/ValueSlider/ValueSlider.swift:90:13: error: 'Slider' is unavailable in tvOS
88 | var body: some View {
89 | VStack {
90 | Slider(value: $value1)
| `- error: 'Slider' is unavailable in tvOS
91 |
92 | ValueSlider(value: $value1)
SwiftUI.Slider:3:27: note: 'Slider' has been explicitly marked unavailable here
1 | @available(iOS 13.0, macOS 10.15, watchOS 6.0, *)
2 | @available(tvOS, unavailable)
3 | nonisolated public struct Slider<Label, ValueLabel> : View, ~Sendable where Label : View, ValueLabel : View {
| `- note: 'Slider' has been explicitly marked unavailable here
4 | nonisolated public var body: some View { get }
5 | @available(macOS 10.15, iOS 13.0, watchOS 6.0, *)
/Users/admin/builder/spi-builder-workspace/Sources/Sliders/ValueSlider/ValueSlider.swift:90:13: error: 'init(value:in:onEditingChanged:)' is unavailable in tvOS
88 | var body: some View {
89 | VStack {
90 | Slider(value: $value1)
| `- error: 'init(value:in:onEditingChanged:)' is unavailable in tvOS
91 |
92 | ValueSlider(value: $value1)
SwiftUI.Slider.init:2:20: note: 'init(value:in:onEditingChanged:)' has been explicitly marked unavailable here
1 | generic struct Slider {
2 | nonisolated public init<V>(value: Binding<V>, in bounds: ClosedRange<V> = 0...1, onEditingChanged: @escaping (Bool) -> Void = { _ in }) where V : BinaryFloatingPoint, V.Stride : BinaryFloatingPoint}
| `- note: 'init(value:in:onEditingChanged:)' has been explicitly marked unavailable here
3 |
Failed frontend command:
SwiftCompile normal arm64 /Users/admin/builder/spi-builder-workspace/Sources/Sliders/ValueSlider/Styles/ValueSliderOptions.swift (in target 'Sliders' from project 'Sliders')
cd /Users/admin/builder/spi-builder-workspace/.swiftpm/xcode
builtin-SwiftPerFileCompile ValueSliderOptions.swift
SwiftCompile normal arm64 /Users/admin/builder/spi-builder-workspace/Sources/Sliders/ValueSlider/Styles/Vertical/VerticalValueSliderStyle.swift (in target 'Sliders' from project 'Sliders')
cd /Users/admin/builder/spi-builder-workspace/.swiftpm/xcode
builtin-SwiftPerFileCompile VerticalValueSliderStyle.swift
SwiftCompile normal arm64 /Users/admin/builder/spi-builder-workspace/Sources/Sliders/ValueSlider/ValueSlider.swift (in target 'Sliders' from project 'Sliders')
cd /Users/admin/builder/spi-builder-workspace/.swiftpm/xcode
builtin-SwiftPerFileCompile ValueSlider.swift
SwiftCompile normal arm64 /Users/admin/builder/spi-builder-workspace/Sources/Sliders/ValueTrack/EnviromnentValues+ValueTrackConfiguration.swift (in target 'Sliders' from project 'Sliders')
cd /Users/admin/builder/spi-builder-workspace/.swiftpm/xcode
builtin-SwiftPerFileCompile EnviromnentValues+ValueTrackConfiguration.swift
/Applications/Xcode-27.0.0-Release.Candidate.app/Contents/Developer/Toolchains/XcodeDefault.xctoolchain/usr/bin/swift-frontend -frontend -c /Users/admin/builder/spi-builder-workspace/Sources/Sliders/Base/DefaultHorizontalValueView.swift /Users/admin/builder/spi-builder-workspace/Sources/Sliders/Base/DefaultThumb.swift /Users/admin/builder/spi-builder-workspace/Sources/Sliders/Base/DefaultVerticalValueView.swift /Users/admin/builder/spi-builder-workspace/Sources/Sliders/Base/LinearRangeMath.swift /Users/admin/builder/spi-builder-workspace/Sources/Sliders/Base/LinearValueMath.swift /Users/admin/builder/spi-builder-workspace/Sources/Sliders/PointSlider/PointSlider.swift /Users/admin/builder/spi-builder-workspace/Sources/Sliders/PointSlider/Style/AnyPointSliderStyle.swift /Users/admin/builder/spi-builder-workspace/Sources/Sliders/PointSlider/Style/EnvironmentValues+PointSliderStyle.swift /Users/admin/builder/spi-builder-workspace/Sources/Sliders/PointSlider/Style/PointSliderStyle.swift /Users/admin/builder/spi-builder-workspace/Sources/Sliders/PointSlider/Style/PointSliderStyleConfiguration.swift /Users/admin/builder/spi-builder-workspace/Sources/Sliders/PointSlider/Styles/PointSliderOptions.swift /Users/admin/builder/spi-builder-workspace/Sources/Sliders/PointSlider/Styles/Rectangular/RectangularPointSliderStyle.swift /Users/admin/builder/spi-builder-workspace/Sources/Sliders/PointTrack/EnvironmentValues+PointTrackConfiguration.swift /Users/admin/builder/spi-builder-workspace/Sources/Sliders/PointTrack/EnvironmentValues+TrackPoint.swift /Users/admin/builder/spi-builder-workspace/Sources/Sliders/PointTrack/PointTrackConfiguration.swift /Users/admin/builder/spi-builder-workspace/Sources/Sliders/RangeSlider/RangeSlider.swift /Users/admin/builder/spi-builder-workspace/Sources/Sliders/RangeSlider/Style/AnyRangeSliderStyle.swift /Users/admin/builder/spi-builder-workspace/Sources/Sliders/RangeSlider/Style/EnvironmentValues+RangeSliderStyle.swift /Users/admin/builder/spi-builder-workspace/Sources/Sliders/RangeSlider/Style/RangeSliderStyle.swift /Users/admin/builder/spi-builder-workspace/Sources/Sliders/RangeSlider/Style/RangeSliderStyleConfiguration.swift /Users/admin/builder/spi-builder-workspace/Sources/Sliders/RangeSlider/Styles/Horizontal/HorizontalRangeSliderStyle.swift /Users/admin/builder/spi-builder-workspace/Sources/Sliders/RangeSlider/Styles/RangeSliderOptions.swift /Users/admin/builder/spi-builder-workspace/Sources/Sliders/RangeSlider/Styles/Vertical/VerticalRangeSliderStyle.swift /Users/admin/builder/spi-builder-workspace/Sources/Sliders/RangeTrack/EnvironmentValues+RangeTrackConfiguration.swift /Users/admin/builder/spi-builder-workspace/Sources/Sliders/RangeTrack/EnvironmentValues+TrackRange.swift /Users/admin/builder/spi-builder-workspace/Sources/Sliders/RangeTrack/Horizontal/HorizontalRangeTrack.swift /Users/admin/builder/spi-builder-workspace/Sources/Sliders/RangeTrack/RangeTrackConfiguration.swift /Users/admin/builder/spi-builder-workspace/Sources/Sliders/RangeTrack/Vertical/VerticalRangeTrack.swift /Users/admin/builder/spi-builder-workspace/Sources/Sliders/ValueSlider/Style/AnyValueSliderStyle.swift /Users/admin/builder/spi-builder-workspace/Sources/Sliders/ValueSlider/Style/EnvironmentValues+ValueSliderStyle.swift /Users/admin/builder/spi-builder-workspace/Sources/Sliders/ValueSlider/Style/ValueSliderStyle.swift /Users/admin/builder/spi-builder-workspace/Sources/Sliders/ValueSlider/Style/ValueSliderStyleConfiguration.swift /Users/admin/builder/spi-builder-workspace/Sources/Sliders/ValueSlider/Styles/Horizontal/HorizontalValueSliderStyle.swift -primary-file /Users/admin/builder/spi-builder-workspace/Sources/Sliders/ValueSlider/Styles/ValueSliderOptions.swift -primary-file /Users/admin/builder/spi-builder-workspace/Sources/Sliders/ValueSlider/Styles/Vertical/VerticalValueSliderStyle.swift -primary-file /Users/admin/builder/spi-builder-workspace/Sources/Sliders/ValueSlider/ValueSlider.swift -primary-file /Users/admin/builder/spi-builder-workspace/Sources/Sliders/ValueTrack/EnviromnentValues+ValueTrackConfiguration.swift /Users/admin/builder/spi-builder-workspace/Sources/Sliders/ValueTrack/EnvironmentValues+TrackValue.swift /Users/admin/builder/spi-builder-workspace/Sources/Sliders/ValueTrack/Horizontal/HorizontalValueTrack.swift /Users/admin/builder/spi-builder-workspace/Sources/Sliders/ValueTrack/ValueTrackConfiguration.swift /Users/admin/builder/spi-builder-workspace/Sources/Sliders/ValueTrack/Vertical/VerticalValueTrack.swift -supplementary-output-file-map /Users/admin/builder/spi-builder-workspace/.derivedData/Build/Intermediates.noindex/Sliders.build/Debug-appletvos/Sliders-t.build/Objects-normal/arm64/supplementaryOutputs-9 -target arm64-apple-tvos15.0 -disable-cross-import-overlay-search -load-resolved-plugin /Applications/Xcode-27.0.0-Release.Candidate.app/Contents/Developer/Platforms/AppleTVOS.platform/Developer/usr/lib/swift/host/plugins/libFoundationMacros.dylib\#/Applications/Xcode-27.0.0-Release.Candidate.app/Contents/Developer/Platforms/AppleTVOS.platform/Developer/usr/bin/swift-plugin-server\#FoundationMacros -load-resolved-plugin /Applications/Xcode-27.0.0-Release.Candidate.app/Contents/Developer/Platforms/AppleTVOS.platform/Developer/usr/lib/swift/host/plugins/libObservationMacros.dylib\#/Applications/Xcode-27.0.0-Release.Candidate.app/Contents/Developer/Platforms/AppleTVOS.platform/Developer/usr/bin/swift-plugin-server\#ObservationMacros -load-resolved-plugin /Applications/Xcode-27.0.0-Release.Candidate.app/Contents/Developer/Platforms/AppleTVOS.platform/Developer/usr/lib/swift/host/plugins/libPreviewsMacros.dylib\#/Applications/Xcode-27.0.0-Release.Candidate.app/Contents/Developer/Platforms/AppleTVOS.platform/Developer/usr/bin/swift-plugin-server\#PreviewsMacros -load-resolved-plugin /Applications/Xcode-27.0.0-Release.Candidate.app/Contents/Developer/Platforms/AppleTVOS.platform/Developer/usr/lib/swift/host/plugins/libSwiftMacros.dylib\#/Applications/Xcode-27.0.0-Release.Candidate.app/Contents/Developer/Platforms/AppleTVOS.platform/Developer/usr/bin/swift-plugin-server\#SwiftMacros -load-resolved-plugin /Applications/Xcode-27.0.0-Release.Candidate.app/Contents/Developer/Platforms/AppleTVOS.platform/Developer/usr/lib/swift/host/plugins/libSwiftUIMacros.dylib\#/Applications/Xcode-27.0.0-Release.Candidate.app/Contents/Developer/Platforms/AppleTVOS.platform/Developer/usr/bin/swift-plugin-server\#SwiftUIMacros -disable-implicit-swift-modules -Xcc -fno-implicit-modules -Xcc -fno-implicit-module-maps -explicit-swift-module-map-file /Users/admin/builder/spi-builder-workspace/.derivedData/Build/Intermediates.noindex/Sliders.build/Debug-appletvos/Sliders-t.build/Objects-normal/arm64/Sliders-dependencies-1.json -Xllvm -aarch64-use-tbi -enable-objc-interop -stack-check -sdk /Applications/Xcode-27.0.0-Release.Candidate.app/Contents/Developer/Platforms/AppleTVOS.platform/Developer/SDKs/AppleTVOS27.0.sdk -I /Users/admin/builder/spi-builder-workspace/.derivedData/Build/Products/Debug-appletvos -Isystem /Applications/Xcode-27.0.0-Release.Candidate.app/Contents/Developer/Platforms/AppleTVOS.platform/Developer/usr/lib -F /Users/admin/builder/spi-builder-workspace/.derivedData/Build/Products/Debug-appletvos -F /Applications/Xcode-27.0.0-Release.Candidate.app/Contents/Developer/Platforms/AppleTVOS.platform/Developer/Library/Frameworks -F /Applications/Xcode-27.0.0-Release.Candidate.app/Contents/Developer/Platforms/AppleTVOS.platform/Developer/SDKs/AppleTVOS27.0.sdk/Developer/Library/Frameworks -module-cache-path /Users/admin/builder/spi-builder-workspace/.derivedData/Build/Intermediates.noindex/SwiftExplicitPrecompiledModules -no-color-diagnostics -Xcc -fno-color-diagnostics -enable-testing -g -debug-info-format\=dwarf -dwarf-version\=4 -profile-generate -profile-coverage-mapping -swift-version 5 -Onone -D SWIFT_PACKAGE -D DEBUG -D SWIFT_MODULE_RESOURCE_BUNDLE_UNAVAILABLE -D Xcode -serialize-debugging-options -enable-experimental-feature DebugDescriptionMacro -empty-abi-descriptor -validate-clang-modules-once -clang-build-session-file /Users/admin/builder/spi-builder-workspace/.derivedData/ModuleCache.noindex/Session.modulevalidation -Xcc -working-directory -Xcc /Users/admin/builder/spi-builder-workspace/.swiftpm/xcode -enable-anonymous-context-mangled-names -file-compilation-dir /Users/admin/builder/spi-builder-workspace/.swiftpm/xcode -Xcc -D_LIBCPP_HARDENING_MODE\=_LIBCPP_HARDENING_MODE_DEBUG -Xcc -ivfsstatcache -Xcc /Users/admin/builder/spi-builder-workspace/.derivedData/SDKStatCaches.noindex/appletvos27.0-24J360-e829b21a6f8c9b70876ba0858053c044b32bfd8d43560033f8d89884cdb90028.sdkstatcache -Xcc -fmodules-prune-interval\=86400 -Xcc -fmodules-prune-after\=345600 -Xcc -I/Users/admin/builder/spi-builder-workspace/.derivedData/Build/Products/Debug-appletvos/include -Xcc -I/Users/admin/builder/spi-builder-workspace/.derivedData/Build/Intermediates.noindex/Sliders.build/Debug-appletvos/Sliders-t.build/DerivedSources-normal/arm64 -Xcc -I/Users/admin/builder/spi-builder-workspace/.derivedData/Build/Intermediates.noindex/Sliders.build/Debug-appletvos/Sliders-t.build/DerivedSources/arm64 -Xcc -I/Users/admin/builder/spi-builder-workspace/.derivedData/Build/Intermediates.noindex/Sliders.build/Debug-appletvos/Sliders-t.build/DerivedSources -Xcc -DSWIFT_PACKAGE -Xcc -DDEBUG\=1 -no-auto-bridging-header-chaining -module-name Sliders -const-gather-protocols-file /Users/admin/builder/spi-builder-workspace/.derivedData/Build/Intermediates.noindex/Sliders.build/Debug-appletvos/Sliders-t.build/Objects-normal/arm64/Sliders_const_extract_protocols.json -disable-clang-spi -clang-target arm64-apple-tvos27.0 -target-sdk-version 27.0 -target-sdk-name appletvos27.0 -in-process-plugin-server-path /Applications/Xcode-27.0.0-Release.Candidate.app/Contents/Developer/Toolchains/XcodeDefault.xctoolchain/usr/lib/swift/host/libSwiftInProcPluginServer.dylib -parse-as-library -o /Users/admin/builder/spi-builder-workspace/.derivedData/Build/Intermediates.noindex/Sliders.build/Debug-appletvos/Sliders-t.build/Objects-normal/arm64/ValueSliderOptions.o -o /Users/admin/builder/spi-builder-workspace/.derivedData/Build/Intermediates.noindex/Sliders.build/Debug-appletvos/Sliders-t.build/Objects-normal/arm64/VerticalValueSliderStyle.o -o /Users/admin/builder/spi-builder-workspace/.derivedData/Build/Intermediates.noindex/Sliders.build/Debug-appletvos/Sliders-t.build/Objects-normal/arm64/ValueSlider.o -o /Users/admin/builder/spi-builder-workspace/.derivedData/Build/Intermediates.noindex/Sliders.build/Debug-appletvos/Sliders-t.build/Objects-normal/arm64/EnviromnentValues+ValueTrackConfiguration.o -debug-module-path /Users/admin/builder/spi-builder-workspace/.derivedData/Build/Intermediates.noindex/Sliders.build/Debug-appletvos/Sliders-t.build/Objects-normal/arm64/Sliders.swiftmodule -index-unit-output-path /Sliders.build/Debug-appletvos/Sliders-t.build/Objects-normal/arm64/ValueSliderOptions.o -index-unit-output-path /Sliders.build/Debug-appletvos/Sliders-t.build/Objects-normal/arm64/VerticalValueSliderStyle.o -index-unit-output-path /Sliders.build/Debug-appletvos/Sliders-t.build/Objects-normal/arm64/ValueSlider.o -index-unit-output-path /Sliders.build/Debug-appletvos/Sliders-t.build/Objects-normal/arm64/EnviromnentValues+ValueTrackConfiguration.o -index-store-path /Users/admin/builder/spi-builder-workspace/.derivedData/Index.noindex/DataStore -index-system-modules
SwiftCompile normal arm64 Compiling\ EnvironmentValues+TrackValue.swift,\ HorizontalValueTrack.swift,\ ValueTrackConfiguration.swift,\ VerticalValueTrack.swift /Users/admin/builder/spi-builder-workspace/Sources/Sliders/ValueTrack/EnvironmentValues+TrackValue.swift /Users/admin/builder/spi-builder-workspace/Sources/Sliders/ValueTrack/Horizontal/HorizontalValueTrack.swift /Users/admin/builder/spi-builder-workspace/Sources/Sliders/ValueTrack/ValueTrackConfiguration.swift /Users/admin/builder/spi-builder-workspace/Sources/Sliders/ValueTrack/Vertical/VerticalValueTrack.swift (in target 'Sliders' from project 'Sliders')
SwiftCompile normal arm64 /Users/admin/builder/spi-builder-workspace/Sources/Sliders/ValueTrack/EnvironmentValues+TrackValue.swift (in target 'Sliders' from project 'Sliders')
cd /Users/admin/builder/spi-builder-workspace/.swiftpm/xcode
builtin-SwiftPerFileCompile EnvironmentValues+TrackValue.swift
SwiftCompile normal arm64 /Users/admin/builder/spi-builder-workspace/Sources/Sliders/ValueTrack/Horizontal/HorizontalValueTrack.swift (in target 'Sliders' from project 'Sliders')
cd /Users/admin/builder/spi-builder-workspace/.swiftpm/xcode
builtin-SwiftPerFileCompile HorizontalValueTrack.swift
SwiftCompile normal arm64 /Users/admin/builder/spi-builder-workspace/Sources/Sliders/ValueTrack/ValueTrackConfiguration.swift (in target 'Sliders' from project 'Sliders')
cd /Users/admin/builder/spi-builder-workspace/.swiftpm/xcode
builtin-SwiftPerFileCompile ValueTrackConfiguration.swift
SwiftCompile normal arm64 /Users/admin/builder/spi-builder-workspace/Sources/Sliders/ValueTrack/Vertical/VerticalValueTrack.swift (in target 'Sliders' from project 'Sliders')
cd /Users/admin/builder/spi-builder-workspace/.swiftpm/xcode
builtin-SwiftPerFileCompile VerticalValueTrack.swift
SwiftCompile normal arm64 Compiling\ HorizontalRangeTrack.swift,\ RangeTrackConfiguration.swift,\ VerticalRangeTrack.swift,\ AnyValueSliderStyle.swift /Users/admin/builder/spi-builder-workspace/Sources/Sliders/RangeTrack/Horizontal/HorizontalRangeTrack.swift /Users/admin/builder/spi-builder-workspace/Sources/Sliders/RangeTrack/RangeTrackConfiguration.swift /Users/admin/builder/spi-builder-workspace/Sources/Sliders/RangeTrack/Vertical/VerticalRangeTrack.swift /Users/admin/builder/spi-builder-workspace/Sources/Sliders/ValueSlider/Style/AnyValueSliderStyle.swift (in target 'Sliders' from project 'Sliders')
SwiftCompile normal arm64 /Users/admin/builder/spi-builder-workspace/Sources/Sliders/RangeTrack/Horizontal/HorizontalRangeTrack.swift (in target 'Sliders' from project 'Sliders')
cd /Users/admin/builder/spi-builder-workspace/.swiftpm/xcode
builtin-SwiftPerFileCompile HorizontalRangeTrack.swift
SwiftCompile normal arm64 /Users/admin/builder/spi-builder-workspace/Sources/Sliders/RangeTrack/RangeTrackConfiguration.swift (in target 'Sliders' from project 'Sliders')
cd /Users/admin/builder/spi-builder-workspace/.swiftpm/xcode
builtin-SwiftPerFileCompile RangeTrackConfiguration.swift
SwiftCompile normal arm64 /Users/admin/builder/spi-builder-workspace/Sources/Sliders/RangeTrack/Vertical/VerticalRangeTrack.swift (in target 'Sliders' from project 'Sliders')
cd /Users/admin/builder/spi-builder-workspace/.swiftpm/xcode
builtin-SwiftPerFileCompile VerticalRangeTrack.swift
SwiftCompile normal arm64 /Users/admin/builder/spi-builder-workspace/Sources/Sliders/ValueSlider/Style/AnyValueSliderStyle.swift (in target 'Sliders' from project 'Sliders')
cd /Users/admin/builder/spi-builder-workspace/.swiftpm/xcode
builtin-SwiftPerFileCompile AnyValueSliderStyle.swift
SwiftCompile normal arm64 Compiling\ PointSlider.swift,\ AnyPointSliderStyle.swift,\ EnvironmentValues+PointSliderStyle.swift,\ PointSliderStyle.swift /Users/admin/builder/spi-builder-workspace/Sources/Sliders/PointSlider/PointSlider.swift /Users/admin/builder/spi-builder-workspace/Sources/Sliders/PointSlider/Style/AnyPointSliderStyle.swift /Users/admin/builder/spi-builder-workspace/Sources/Sliders/PointSlider/Style/EnvironmentValues+PointSliderStyle.swift /Users/admin/builder/spi-builder-workspace/Sources/Sliders/PointSlider/Style/PointSliderStyle.swift (in target 'Sliders' from project 'Sliders')
SwiftCompile normal arm64 /Users/admin/builder/spi-builder-workspace/Sources/Sliders/PointSlider/PointSlider.swift (in target 'Sliders' from project 'Sliders')
cd /Users/admin/builder/spi-builder-workspace/.swiftpm/xcode
builtin-SwiftPerFileCompile PointSlider.swift
SwiftCompile normal arm64 /Users/admin/builder/spi-builder-workspace/Sources/Sliders/PointSlider/Style/AnyPointSliderStyle.swift (in target 'Sliders' from project 'Sliders')
cd /Users/admin/builder/spi-builder-workspace/.swiftpm/xcode
builtin-SwiftPerFileCompile AnyPointSliderStyle.swift
SwiftCompile normal arm64 /Users/admin/builder/spi-builder-workspace/Sources/Sliders/PointSlider/Style/EnvironmentValues+PointSliderStyle.swift (in target 'Sliders' from project 'Sliders')
cd /Users/admin/builder/spi-builder-workspace/.swiftpm/xcode
builtin-SwiftPerFileCompile EnvironmentValues+PointSliderStyle.swift
SwiftCompile normal arm64 /Users/admin/builder/spi-builder-workspace/Sources/Sliders/PointSlider/Style/PointSliderStyle.swift (in target 'Sliders' from project 'Sliders')
cd /Users/admin/builder/spi-builder-workspace/.swiftpm/xcode
builtin-SwiftPerFileCompile PointSliderStyle.swift
SwiftCompile normal arm64 Compiling\ RangeSliderOptions.swift,\ VerticalRangeSliderStyle.swift,\ EnvironmentValues+RangeTrackConfiguration.swift,\ EnvironmentValues+TrackRange.swift /Users/admin/builder/spi-builder-workspace/Sources/Sliders/RangeSlider/Styles/RangeSliderOptions.swift /Users/admin/builder/spi-builder-workspace/Sources/Sliders/RangeSlider/Styles/Vertical/VerticalRangeSliderStyle.swift /Users/admin/builder/spi-builder-workspace/Sources/Sliders/RangeTrack/EnvironmentValues+RangeTrackConfiguration.swift /Users/admin/builder/spi-builder-workspace/Sources/Sliders/RangeTrack/EnvironmentValues+TrackRange.swift (in target 'Sliders' from project 'Sliders')
/Users/admin/builder/spi-builder-workspace/Sources/Sliders/RangeSlider/Styles/Vertical/VerticalRangeSliderStyle.swift:46:21: error: 'DragGesture' is unavailable in tvOS
44 | )
45 | .gesture(
46 | DragGesture(minimumDistance: 0)
| `- error: 'DragGesture' is unavailable in tvOS
47 | .onChanged { gestureValue in
48 | configuration.onEditingChanged(true)
SwiftUI.DragGesture:3:42: note: 'DragGesture' has been explicitly marked unavailable here
1 | @available(iOS 13.0, macOS 10.15, watchOS 6.0, *)
2 | @available(tvOS, unavailable)
3 | @MainActor @preconcurrency public struct DragGesture : Gesture, ~Sendable {
| `- note: 'DragGesture' has been explicitly marked unavailable here
4 | public struct Value : Equatable, Sendable {
5 | public var time: Date
/Users/admin/builder/spi-builder-workspace/Sources/Sliders/RangeSlider/Styles/Vertical/VerticalRangeSliderStyle.swift:46:21: error: 'init(minimumDistance:coordinateSpace:)' is unavailable in tvOS
44 | )
45 | .gesture(
46 | DragGesture(minimumDistance: 0)
| `- error: 'init(minimumDistance:coordinateSpace:)' is unavailable in tvOS
47 | .onChanged { gestureValue in
48 | configuration.onEditingChanged(true)
SwiftUI.DragGesture.init:4:37: note: 'init(minimumDistance:coordinateSpace:)' has been explicitly marked unavailable here
2 | @available(iOS 17.0, macOS 14.0, watchOS 10.0, *)
3 | @available(tvOS, unavailable)
4 | @MainActor @preconcurrency public init(minimumDistance: CGFloat = 10, coordinateSpace: some CoordinateSpaceProtocol = .local)}
| `- note: 'init(minimumDistance:coordinateSpace:)' has been explicitly marked unavailable here
5 |
/Users/admin/builder/spi-builder-workspace/Sources/Sliders/RangeSlider/Styles/Vertical/VerticalRangeSliderStyle.swift:99:21: error: 'DragGesture' is unavailable in tvOS
97 | )
98 | .gesture(
99 | DragGesture(minimumDistance: 0)
| `- error: 'DragGesture' is unavailable in tvOS
100 | .onChanged { gestureValue in
101 | configuration.onEditingChanged(true)
SwiftUI.DragGesture:3:42: note: 'DragGesture' has been explicitly marked unavailable here
1 | @available(iOS 13.0, macOS 10.15, watchOS 6.0, *)
2 | @available(tvOS, unavailable)
3 | @MainActor @preconcurrency public struct DragGesture : Gesture, ~Sendable {
| `- note: 'DragGesture' has been explicitly marked unavailable here
4 | public struct Value : Equatable, Sendable {
5 | public var time: Date
/Users/admin/builder/spi-builder-workspace/Sources/Sliders/RangeSlider/Styles/Vertical/VerticalRangeSliderStyle.swift:99:21: error: 'init(minimumDistance:coordinateSpace:)' is unavailable in tvOS
97 | )
98 | .gesture(
99 | DragGesture(minimumDistance: 0)
| `- error: 'init(minimumDistance:coordinateSpace:)' is unavailable in tvOS
100 | .onChanged { gestureValue in
101 | configuration.onEditingChanged(true)
SwiftUI.DragGesture.init:4:37: note: 'init(minimumDistance:coordinateSpace:)' has been explicitly marked unavailable here
2 | @available(iOS 17.0, macOS 14.0, watchOS 10.0, *)
3 | @available(tvOS, unavailable)
4 | @MainActor @preconcurrency public init(minimumDistance: CGFloat = 10, coordinateSpace: some CoordinateSpaceProtocol = .local)}
| `- note: 'init(minimumDistance:coordinateSpace:)' has been explicitly marked unavailable here
5 |
SwiftCompile normal arm64 /Users/admin/builder/spi-builder-workspace/Sources/Sliders/RangeSlider/Styles/RangeSliderOptions.swift (in target 'Sliders' from project 'Sliders')
cd /Users/admin/builder/spi-builder-workspace/.swiftpm/xcode
builtin-SwiftPerFileCompile RangeSliderOptions.swift
SwiftCompile normal arm64 /Users/admin/builder/spi-builder-workspace/Sources/Sliders/RangeSlider/Styles/Vertical/VerticalRangeSliderStyle.swift (in target 'Sliders' from project 'Sliders')
cd /Users/admin/builder/spi-builder-workspace/.swiftpm/xcode
builtin-SwiftPerFileCompile VerticalRangeSliderStyle.swift
SwiftCompile normal arm64 /Users/admin/builder/spi-builder-workspace/Sources/Sliders/RangeTrack/EnvironmentValues+RangeTrackConfiguration.swift (in target 'Sliders' from project 'Sliders')
cd /Users/admin/builder/spi-builder-workspace/.swiftpm/xcode
builtin-SwiftPerFileCompile EnvironmentValues+RangeTrackConfiguration.swift
SwiftCompile normal arm64 /Users/admin/builder/spi-builder-workspace/Sources/Sliders/RangeTrack/EnvironmentValues+TrackRange.swift (in target 'Sliders' from project 'Sliders')
cd /Users/admin/builder/spi-builder-workspace/.swiftpm/xcode
builtin-SwiftPerFileCompile EnvironmentValues+TrackRange.swift
SwiftCompile normal arm64 Compiling\ EnvironmentValues+TrackPoint.swift,\ PointTrackConfiguration.swift,\ RangeSlider.swift,\ AnyRangeSliderStyle.swift /Users/admin/builder/spi-builder-workspace/Sources/Sliders/PointTrack/EnvironmentValues+TrackPoint.swift /Users/admin/builder/spi-builder-workspace/Sources/Sliders/PointTrack/PointTrackConfiguration.swift /Users/admin/builder/spi-builder-workspace/Sources/Sliders/RangeSlider/RangeSlider.swift /Users/admin/builder/spi-builder-workspace/Sources/Sliders/RangeSlider/Style/AnyRangeSliderStyle.swift (in target 'Sliders' from project 'Sliders')
SwiftCompile normal arm64 /Users/admin/builder/spi-builder-workspace/Sources/Sliders/PointTrack/EnvironmentValues+TrackPoint.swift (in target 'Sliders' from project 'Sliders')
cd /Users/admin/builder/spi-builder-workspace/.swiftpm/xcode
builtin-SwiftPerFileCompile EnvironmentValues+TrackPoint.swift
SwiftCompile normal arm64 /Users/admin/builder/spi-builder-workspace/Sources/Sliders/PointTrack/PointTrackConfiguration.swift (in target 'Sliders' from project 'Sliders')
cd /Users/admin/builder/spi-builder-workspace/.swiftpm/xcode
builtin-SwiftPerFileCompile PointTrackConfiguration.swift
SwiftCompile normal arm64 /Users/admin/builder/spi-builder-workspace/Sources/Sliders/RangeSlider/RangeSlider.swift (in target 'Sliders' from project 'Sliders')
cd /Users/admin/builder/spi-builder-workspace/.swiftpm/xcode
builtin-SwiftPerFileCompile RangeSlider.swift
SwiftCompile normal arm64 /Users/admin/builder/spi-builder-workspace/Sources/Sliders/RangeSlider/Style/AnyRangeSliderStyle.swift (in target 'Sliders' from project 'Sliders')
cd /Users/admin/builder/spi-builder-workspace/.swiftpm/xcode
builtin-SwiftPerFileCompile AnyRangeSliderStyle.swift
SwiftCompile normal arm64 Compiling\ DefaultHorizontalValueView.swift,\ DefaultThumb.swift,\ DefaultVerticalValueView.swift,\ LinearRangeMath.swift,\ LinearValueMath.swift /Users/admin/builder/spi-builder-workspace/Sources/Sliders/Base/DefaultHorizontalValueView.swift /Users/admin/builder/spi-builder-workspace/Sources/Sliders/Base/DefaultThumb.swift /Users/admin/builder/spi-builder-workspace/Sources/Sliders/Base/DefaultVerticalValueView.swift /Users/admin/builder/spi-builder-workspace/Sources/Sliders/Base/LinearRangeMath.swift /Users/admin/builder/spi-builder-workspace/Sources/Sliders/Base/LinearValueMath.swift (in target 'Sliders' from project 'Sliders')
SwiftCompile normal arm64 /Users/admin/builder/spi-builder-workspace/Sources/Sliders/Base/DefaultHorizontalValueView.swift (in target 'Sliders' from project 'Sliders')
cd /Users/admin/builder/spi-builder-workspace/.swiftpm/xcode
builtin-SwiftPerFileCompile DefaultHorizontalValueView.swift
SwiftCompile normal arm64 /Users/admin/builder/spi-builder-workspace/Sources/Sliders/Base/DefaultThumb.swift (in target 'Sliders' from project 'Sliders')
cd /Users/admin/builder/spi-builder-workspace/.swiftpm/xcode
builtin-SwiftPerFileCompile DefaultThumb.swift
SwiftCompile normal arm64 /Users/admin/builder/spi-builder-workspace/Sources/Sliders/Base/DefaultVerticalValueView.swift (in target 'Sliders' from project 'Sliders')
cd /Users/admin/builder/spi-builder-workspace/.swiftpm/xcode
builtin-SwiftPerFileCompile DefaultVerticalValueView.swift
SwiftCompile normal arm64 /Users/admin/builder/spi-builder-workspace/Sources/Sliders/Base/LinearRangeMath.swift (in target 'Sliders' from project 'Sliders')
cd /Users/admin/builder/spi-builder-workspace/.swiftpm/xcode
builtin-SwiftPerFileCompile LinearRangeMath.swift
SwiftCompile normal arm64 /Users/admin/builder/spi-builder-workspace/Sources/Sliders/Base/LinearValueMath.swift (in target 'Sliders' from project 'Sliders')
cd /Users/admin/builder/spi-builder-workspace/.swiftpm/xcode
builtin-SwiftPerFileCompile LinearValueMath.swift
SwiftCompile normal arm64 Compiling\ PointSliderStyleConfiguration.swift,\ PointSliderOptions.swift,\ RectangularPointSliderStyle.swift,\ EnvironmentValues+PointTrackConfiguration.swift /Users/admin/builder/spi-builder-workspace/Sources/Sliders/PointSlider/Style/PointSliderStyleConfiguration.swift /Users/admin/builder/spi-builder-workspace/Sources/Sliders/PointSlider/Styles/PointSliderOptions.swift /Users/admin/builder/spi-builder-workspace/Sources/Sliders/PointSlider/Styles/Rectangular/RectangularPointSliderStyle.swift /Users/admin/builder/spi-builder-workspace/Sources/Sliders/PointTrack/EnvironmentValues+PointTrackConfiguration.swift (in target 'Sliders' from project 'Sliders')
/Users/admin/builder/spi-builder-workspace/Sources/Sliders/PointSlider/Styles/Rectangular/RectangularPointSliderStyle.swift:26:25: error: 'DragGesture' is unavailable in tvOS
24 | if self.options.contains(.interactiveTrack) {
25 | track.gesture(
26 | DragGesture(minimumDistance: 0)
| `- error: 'DragGesture' is unavailable in tvOS
27 | .onChanged { gestureValue in
28 | configuration.onEditingChanged(true)
SwiftUI.DragGesture:3:42: note: 'DragGesture' has been explicitly marked unavailable here
1 | @available(iOS 13.0, macOS 10.15, watchOS 6.0, *)
2 | @available(tvOS, unavailable)
3 | @MainActor @preconcurrency public struct DragGesture : Gesture, ~Sendable {
| `- note: 'DragGesture' has been explicitly marked unavailable here
4 | public struct Value : Equatable, Sendable {
5 | public var time: Date
/Users/admin/builder/spi-builder-workspace/Sources/Sliders/PointSlider/Styles/Rectangular/RectangularPointSliderStyle.swift:26:25: error: 'init(minimumDistance:coordinateSpace:)' is unavailable in tvOS
24 | if self.options.contains(.interactiveTrack) {
25 | track.gesture(
26 | DragGesture(minimumDistance: 0)
| `- error: 'init(minimumDistance:coordinateSpace:)' is unavailable in tvOS
27 | .onChanged { gestureValue in
28 | configuration.onEditingChanged(true)
SwiftUI.DragGesture.init:4:37: note: 'init(minimumDistance:coordinateSpace:)' has been explicitly marked unavailable here
2 | @available(iOS 17.0, macOS 14.0, watchOS 10.0, *)
3 | @available(tvOS, unavailable)
4 | @MainActor @preconcurrency public init(minimumDistance: CGFloat = 10, coordinateSpace: some CoordinateSpaceProtocol = .local)}
| `- note: 'init(minimumDistance:coordinateSpace:)' has been explicitly marked unavailable here
5 |
/Users/admin/builder/spi-builder-workspace/Sources/Sliders/PointSlider/Styles/Rectangular/RectangularPointSliderStyle.swift:82:21: error: 'DragGesture' is unavailable in tvOS
80 | )
81 | .gesture(
82 | DragGesture()
| `- error: 'DragGesture' is unavailable in tvOS
83 | .onChanged { gestureValue in
84 | configuration.onEditingChanged(true)
SwiftUI.DragGesture:3:42: note: 'DragGesture' has been explicitly marked unavailable here
1 | @available(iOS 13.0, macOS 10.15, watchOS 6.0, *)
2 | @available(tvOS, unavailable)
3 | @MainActor @preconcurrency public struct DragGesture : Gesture, ~Sendable {
| `- note: 'DragGesture' has been explicitly marked unavailable here
4 | public struct Value : Equatable, Sendable {
5 | public var time: Date
/Users/admin/builder/spi-builder-workspace/Sources/Sliders/PointSlider/Styles/Rectangular/RectangularPointSliderStyle.swift:82:21: error: 'init(minimumDistance:coordinateSpace:)' is unavailable in tvOS
80 | )
81 | .gesture(
82 | DragGesture()
| `- error: 'init(minimumDistance:coordinateSpace:)' is unavailable in tvOS
83 | .onChanged { gestureValue in
84 | configuration.onEditingChanged(true)
SwiftUI.DragGesture.init:4:37: note: 'init(minimumDistance:coordinateSpace:)' has been explicitly marked unavailable here
2 | @available(iOS 17.0, macOS 14.0, watchOS 10.0, *)
3 | @available(tvOS, unavailable)
4 | @MainActor @preconcurrency public init(minimumDistance: CGFloat = 10, coordinateSpace: some CoordinateSpaceProtocol = .local)}
| `- note: 'init(minimumDistance:coordinateSpace:)' has been explicitly marked unavailable here
5 |
SwiftCompile normal arm64 /Users/admin/builder/spi-builder-workspace/Sources/Sliders/PointSlider/Style/PointSliderStyleConfiguration.swift (in target 'Sliders' from project 'Sliders')
cd /Users/admin/builder/spi-builder-workspace/.swiftpm/xcode
builtin-SwiftPerFileCompile PointSliderStyleConfiguration.swift
SwiftCompile normal arm64 /Users/admin/builder/spi-builder-workspace/Sources/Sliders/PointSlider/Styles/PointSliderOptions.swift (in target 'Sliders' from project 'Sliders')
cd /Users/admin/builder/spi-builder-workspace/.swiftpm/xcode
builtin-SwiftPerFileCompile PointSliderOptions.swift
SwiftCompile normal arm64 /Users/admin/builder/spi-builder-workspace/Sources/Sliders/PointSlider/Styles/Rectangular/RectangularPointSliderStyle.swift (in target 'Sliders' from project 'Sliders')
cd /Users/admin/builder/spi-builder-workspace/.swiftpm/xcode
builtin-SwiftPerFileCompile RectangularPointSliderStyle.swift
SwiftCompile normal arm64 /Users/admin/builder/spi-builder-workspace/Sources/Sliders/PointTrack/EnvironmentValues+PointTrackConfiguration.swift (in target 'Sliders' from project 'Sliders')
cd /Users/admin/builder/spi-builder-workspace/.swiftpm/xcode
builtin-SwiftPerFileCompile EnvironmentValues+PointTrackConfiguration.swift
SwiftCompile normal arm64 Compiling\ EnvironmentValues+RangeSliderStyle.swift,\ RangeSliderStyle.swift,\ RangeSliderStyleConfiguration.swift,\ HorizontalRangeSliderStyle.swift /Users/admin/builder/spi-builder-workspace/Sources/Sliders/RangeSlider/Style/EnvironmentValues+RangeSliderStyle.swift /Users/admin/builder/spi-builder-workspace/Sources/Sliders/RangeSlider/Style/RangeSliderStyle.swift /Users/admin/builder/spi-builder-workspace/Sources/Sliders/RangeSlider/Style/RangeSliderStyleConfiguration.swift /Users/admin/builder/spi-builder-workspace/Sources/Sliders/RangeSlider/Styles/Horizontal/HorizontalRangeSliderStyle.swift (in target 'Sliders' from project 'Sliders')
/Users/admin/builder/spi-builder-workspace/Sources/Sliders/RangeSlider/Styles/Horizontal/HorizontalRangeSliderStyle.swift:47:21: error: 'DragGesture' is unavailable in tvOS
45 | )
46 | .gesture(
47 | DragGesture(minimumDistance: 0)
| `- error: 'DragGesture' is unavailable in tvOS
48 | .onChanged { gestureValue in
49 | configuration.onEditingChanged(true)
SwiftUI.DragGesture:3:42: note: 'DragGesture' has been explicitly marked unavailable here
1 | @available(iOS 13.0, macOS 10.15, watchOS 6.0, *)
2 | @available(tvOS, unavailable)
3 | @MainActor @preconcurrency public struct DragGesture : Gesture, ~Sendable {
| `- note: 'DragGesture' has been explicitly marked unavailable here
4 | public struct Value : Equatable, Sendable {
5 | public var time: Date
/Users/admin/builder/spi-builder-workspace/Sources/Sliders/RangeSlider/Styles/Horizontal/HorizontalRangeSliderStyle.swift:47:21: error: 'init(minimumDistance:coordinateSpace:)' is unavailable in tvOS
45 | )
46 | .gesture(
47 | DragGesture(minimumDistance: 0)
| `- error: 'init(minimumDistance:coordinateSpace:)' is unavailable in tvOS
48 | .onChanged { gestureValue in
49 | configuration.onEditingChanged(true)
SwiftUI.DragGesture.init:4:37: note: 'init(minimumDistance:coordinateSpace:)' has been explicitly marked unavailable here
2 | @available(iOS 17.0, macOS 14.0, watchOS 10.0, *)
3 | @available(tvOS, unavailable)
4 | @MainActor @preconcurrency public init(minimumDistance: CGFloat = 10, coordinateSpace: some CoordinateSpaceProtocol = .local)}
| `- note: 'init(minimumDistance:coordinateSpace:)' has been explicitly marked unavailable here
5 |
/Users/admin/builder/spi-builder-workspace/Sources/Sliders/RangeSlider/Styles/Horizontal/HorizontalRangeSliderStyle.swift:101:21: error: 'DragGesture' is unavailable in tvOS
99 | )
100 | .gesture(
101 | DragGesture(minimumDistance: 0)
| `- error: 'DragGesture' is unavailable in tvOS
102 | .onChanged { gestureValue in
103 | configuration.onEditingChanged(true)
SwiftUI.DragGesture:3:42: note: 'DragGesture' has been explicitly marked unavailable here
1 | @available(iOS 13.0, macOS 10.15, watchOS 6.0, *)
2 | @available(tvOS, unavailable)
3 | @MainActor @preconcurrency public struct DragGesture : Gesture, ~Sendable {
| `- note: 'DragGesture' has been explicitly marked unavailable here
4 | public struct Value : Equatable, Sendable {
5 | public var time: Date
/Users/admin/builder/spi-builder-workspace/Sources/Sliders/RangeSlider/Styles/Horizontal/HorizontalRangeSliderStyle.swift:101:21: error: 'init(minimumDistance:coordinateSpace:)' is unavailable in tvOS
99 | )
100 | .gesture(
101 | DragGesture(minimumDistance: 0)
| `- error: 'init(minimumDistance:coordinateSpace:)' is unavailable in tvOS
102 | .onChanged { gestureValue in
103 | configuration.onEditingChanged(true)
SwiftUI.DragGesture.init:4:37: note: 'init(minimumDistance:coordinateSpace:)' has been explicitly marked unavailable here
2 | @available(iOS 17.0, macOS 14.0, watchOS 10.0, *)
3 | @available(tvOS, unavailable)
4 | @MainActor @preconcurrency public init(minimumDistance: CGFloat = 10, coordinateSpace: some CoordinateSpaceProtocol = .local)}
| `- note: 'init(minimumDistance:coordinateSpace:)' has been explicitly marked unavailable here
5 |
SwiftCompile normal arm64 /Users/admin/builder/spi-builder-workspace/Sources/Sliders/RangeSlider/Style/EnvironmentValues+RangeSliderStyle.swift (in target 'Sliders' from project 'Sliders')
cd /Users/admin/builder/spi-builder-workspace/.swiftpm/xcode
builtin-SwiftPerFileCompile EnvironmentValues+RangeSliderStyle.swift
SwiftCompile normal arm64 /Users/admin/builder/spi-builder-workspace/Sources/Sliders/RangeSlider/Style/RangeSliderStyle.swift (in target 'Sliders' from project 'Sliders')
cd /Users/admin/builder/spi-builder-workspace/.swiftpm/xcode
builtin-SwiftPerFileCompile RangeSliderStyle.swift
SwiftCompile normal arm64 /Users/admin/builder/spi-builder-workspace/Sources/Sliders/RangeSlider/Style/RangeSliderStyleConfiguration.swift (in target 'Sliders' from project 'Sliders')
cd /Users/admin/builder/spi-builder-workspace/.swiftpm/xcode
builtin-SwiftPerFileCompile RangeSliderStyleConfiguration.swift
SwiftCompile normal arm64 /Users/admin/builder/spi-builder-workspace/Sources/Sliders/RangeSlider/Styles/Horizontal/HorizontalRangeSliderStyle.swift (in target 'Sliders' from project 'Sliders')
cd /Users/admin/builder/spi-builder-workspace/.swiftpm/xcode
builtin-SwiftPerFileCompile HorizontalRangeSliderStyle.swift
SwiftCompile normal arm64 Compiling\ EnvironmentValues+ValueSliderStyle.swift,\ ValueSliderStyle.swift,\ ValueSliderStyleConfiguration.swift,\ HorizontalValueSliderStyle.swift /Users/admin/builder/spi-builder-workspace/Sources/Sliders/ValueSlider/Style/EnvironmentValues+ValueSliderStyle.swift /Users/admin/builder/spi-builder-workspace/Sources/Sliders/ValueSlider/Style/ValueSliderStyle.swift /Users/admin/builder/spi-builder-workspace/Sources/Sliders/ValueSlider/Style/ValueSliderStyleConfiguration.swift /Users/admin/builder/spi-builder-workspace/Sources/Sliders/ValueSlider/Styles/Horizontal/HorizontalValueSliderStyle.swift (in target 'Sliders' from project 'Sliders')
/Users/admin/builder/spi-builder-workspace/Sources/Sliders/ValueSlider/Styles/Horizontal/HorizontalValueSliderStyle.swift:24:25: error: 'DragGesture' is unavailable in tvOS
22 | if self.options.contains(.interactiveTrack) {
23 | track.gesture(
24 | DragGesture(minimumDistance: 0)
| `- error: 'DragGesture' is unavailable in tvOS
25 | .onChanged { gestureValue in
26 | configuration.onEditingChanged(true)
SwiftUI.DragGesture:3:42: note: 'DragGesture' has been explicitly marked unavailable here
1 | @available(iOS 13.0, macOS 10.15, watchOS 6.0, *)
2 | @available(tvOS, unavailable)
3 | @MainActor @preconcurrency public struct DragGesture : Gesture, ~Sendable {
| `- note: 'DragGesture' has been explicitly marked unavailable here
4 | public struct Value : Equatable, Sendable {
5 | public var time: Date
/Users/admin/builder/spi-builder-workspace/Sources/Sliders/ValueSlider/Styles/Horizontal/HorizontalValueSliderStyle.swift:24:25: error: 'init(minimumDistance:coordinateSpace:)' is unavailable in tvOS
22 | if self.options.contains(.interactiveTrack) {
23 | track.gesture(
24 | DragGesture(minimumDistance: 0)
| `- error: 'init(minimumDistance:coordinateSpace:)' is unavailable in tvOS
25 | .onChanged { gestureValue in
26 | configuration.onEditingChanged(true)
SwiftUI.DragGesture.init:4:37: note: 'init(minimumDistance:coordinateSpace:)' has been explicitly marked unavailable here
2 | @available(iOS 17.0, macOS 14.0, watchOS 10.0, *)
3 | @available(tvOS, unavailable)
4 | @MainActor @preconcurrency public init(minimumDistance: CGFloat = 10, coordinateSpace: some CoordinateSpaceProtocol = .local)}
| `- note: 'init(minimumDistance:coordinateSpace:)' has been explicitly marked unavailable here
5 |
/Users/admin/builder/spi-builder-workspace/Sources/Sliders/ValueSlider/Styles/Horizontal/HorizontalValueSliderStyle.swift:61:21: error: 'DragGesture' is unavailable in tvOS
59 | )
60 | .gesture(
61 | DragGesture(minimumDistance: 0)
| `- error: 'DragGesture' is unavailable in tvOS
62 | .onChanged { gestureValue in
63 | configuration.onEditingChanged(true)
SwiftUI.DragGesture:3:42: note: 'DragGesture' has been explicitly marked unavailable here
1 | @available(iOS 13.0, macOS 10.15, watchOS 6.0, *)
2 | @available(tvOS, unavailable)
3 | @MainActor @preconcurrency public struct DragGesture : Gesture, ~Sendable {
| `- note: 'DragGesture' has been explicitly marked unavailable here
4 | public struct Value : Equatable, Sendable {
5 | public var time: Date
/Users/admin/builder/spi-builder-workspace/Sources/Sliders/ValueSlider/Styles/Horizontal/HorizontalValueSliderStyle.swift:61:21: error: 'init(minimumDistance:coordinateSpace:)' is unavailable in tvOS
59 | )
60 | .gesture(
61 | DragGesture(minimumDistance: 0)
| `- error: 'init(minimumDistance:coordinateSpace:)' is unavailable in tvOS
62 | .onChanged { gestureValue in
63 | configuration.onEditingChanged(true)
SwiftUI.DragGesture.init:4:37: note: 'init(minimumDistance:coordinateSpace:)' has been explicitly marked unavailable here
2 | @available(iOS 17.0, macOS 14.0, watchOS 10.0, *)
3 | @available(tvOS, unavailable)
4 | @MainActor @preconcurrency public init(minimumDistance: CGFloat = 10, coordinateSpace: some CoordinateSpaceProtocol = .local)}
| `- note: 'init(minimumDistance:coordinateSpace:)' has been explicitly marked unavailable here
5 |
Failed frontend command:
/Applications/Xcode-27.0.0-Release.Candidate.app/Contents/Developer/Toolchains/XcodeDefault.xctoolchain/usr/bin/swift-frontend -frontend -c /Users/admin/builder/spi-builder-workspace/Sources/Sliders/Base/DefaultHorizontalValueView.swift /Users/admin/builder/spi-builder-workspace/Sources/Sliders/Base/DefaultThumb.swift /Users/admin/builder/spi-builder-workspace/Sources/Sliders/Base/DefaultVerticalValueView.swift /Users/admin/builder/spi-builder-workspace/Sources/Sliders/Base/LinearRangeMath.swift /Users/admin/builder/spi-builder-workspace/Sources/Sliders/Base/LinearValueMath.swift /Users/admin/builder/spi-builder-workspace/Sources/Sliders/PointSlider/PointSlider.swift /Users/admin/builder/spi-builder-workspace/Sources/Sliders/PointSlider/Style/AnyPointSliderStyle.swift /Users/admin/builder/spi-builder-workspace/Sources/Sliders/PointSlider/Style/EnvironmentValues+PointSliderStyle.swift /Users/admin/builder/spi-builder-workspace/Sources/Sliders/PointSlider/Style/PointSliderStyle.swift /Users/admin/builder/spi-builder-workspace/Sources/Sliders/PointSlider/Style/PointSliderStyleConfiguration.swift /Users/admin/builder/spi-builder-workspace/Sources/Sliders/PointSlider/Styles/PointSliderOptions.swift /Users/admin/builder/spi-builder-workspace/Sources/Sliders/PointSlider/Styles/Rectangular/RectangularPointSliderStyle.swift /Users/admin/builder/spi-builder-workspace/Sources/Sliders/PointTrack/EnvironmentValues+PointTrackConfiguration.swift /Users/admin/builder/spi-builder-workspace/Sources/Sliders/PointTrack/EnvironmentValues+TrackPoint.swift /Users/admin/builder/spi-builder-workspace/Sources/Sliders/PointTrack/PointTrackConfiguration.swift /Users/admin/builder/spi-builder-workspace/Sources/Sliders/RangeSlider/RangeSlider.swift /Users/admin/builder/spi-builder-workspace/Sources/Sliders/RangeSlider/Style/AnyRangeSliderStyle.swift /Users/admin/builder/spi-builder-workspace/Sources/Sliders/RangeSlider/Style/EnvironmentValues+RangeSliderStyle.swift /Users/admin/builder/spi-builder-workspace/Sources/Sliders/RangeSlider/Style/RangeSliderStyle.swift /Users/admin/builder/spi-builder-workspace/Sources/Sliders/RangeSlider/Style/RangeSliderStyleConfiguration.swift /Users/admin/builder/spi-builder-workspace/Sources/Sliders/RangeSlider/Styles/Horizontal/HorizontalRangeSliderStyle.swift /Users/admin/builder/spi-builder-workspace/Sources/Sliders/RangeSlider/Styles/RangeSliderOptions.swift /Users/admin/builder/spi-builder-workspace/Sources/Sliders/RangeSlider/Styles/Vertical/VerticalRangeSliderStyle.swift /Users/admin/builder/spi-builder-workspace/Sources/Sliders/RangeTrack/EnvironmentValues+RangeTrackConfiguration.swift /Users/admin/builder/spi-builder-workspace/Sources/Sliders/RangeTrack/EnvironmentValues+TrackRange.swift /Users/admin/builder/spi-builder-workspace/Sources/Sliders/RangeTrack/Horizontal/HorizontalRangeTrack.swift /Users/admin/builder/spi-builder-workspace/Sources/Sliders/RangeTrack/RangeTrackConfiguration.swift /Users/admin/builder/spi-builder-workspace/Sources/Sliders/RangeTrack/Vertical/VerticalRangeTrack.swift /Users/admin/builder/spi-builder-workspace/Sources/Sliders/ValueSlider/Style/AnyValueSliderStyle.swift -primary-file /Users/admin/builder/spi-builder-workspace/Sources/Sliders/ValueSlider/Style/EnvironmentValues+ValueSliderStyle.swift -primary-file /Users/admin/builder/spi-builder-workspace/Sources/Sliders/ValueSlider/Style/ValueSliderStyle.swift -primary-file /Users/admin/builder/spi-builder-workspace/Sources/Sliders/ValueSlider/Style/ValueSliderStyleConfiguration.swift -primary-file /Users/admin/builder/spi-builder-workspace/Sources/Sliders/ValueSlider/Styles/Horizontal/HorizontalValueSliderStyle.swift /Users/admin/builder/spi-builder-workspace/Sources/Sliders/ValueSlider/Styles/ValueSliderOptions.swift /Users/admin/builder/spi-builder-workspace/Sources/Sliders/ValueSlider/Styles/Vertical/VerticalValueSliderStyle.swift /Users/admin/builder/spi-builder-workspace/Sources/Sliders/ValueSlider/ValueSlider.swift /Users/admin/builder/spi-builder-workspace/Sources/Sliders/ValueTrack/EnviromnentValues+ValueTrackConfiguration.swift /Users/admin/builder/spi-builder-workspace/Sources/Sliders/ValueTrack/EnvironmentValues+TrackValue.swift /Users/admin/builder/spi-builder-workspace/Sources/Sliders/ValueTrack/Horizontal/HorizontalValueTrack.swift /Users/admin/builder/spi-builder-workspace/Sources/Sliders/ValueTrack/ValueTrackConfiguration.swift /Users/admin/builder/spi-builder-workspace/Sources/Sliders/ValueTrack/Vertical/VerticalValueTrack.swift -supplementary-output-file-map /Users/admin/builder/spi-builder-workspace/.derivedData/Build/Intermediates.noindex/Sliders.build/Debug-appletvos/Sliders-t.build/Objects-normal/arm64/supplementaryOutputs-8 -target arm64-apple-tvos15.0 -disable-cross-import-overlay-search -load-resolved-plugin /Applications/Xcode-27.0.0-Release.Candidate.app/Contents/Developer/Platforms/AppleTVOS.platform/Developer/usr/lib/swift/host/plugins/libFoundationMacros.dylib\#/Applications/Xcode-27.0.0-Release.Candidate.app/Contents/Developer/Platforms/AppleTVOS.platform/Developer/usr/bin/swift-plugin-server\#FoundationMacros -load-resolved-plugin /Applications/Xcode-27.0.0-Release.Candidate.app/Contents/Developer/Platforms/AppleTVOS.platform/Developer/usr/lib/swift/host/plugins/libObservationMacros.dylib\#/Applications/Xcode-27.0.0-Release.Candidate.app/Contents/Developer/Platforms/AppleTVOS.platform/Developer/usr/bin/swift-plugin-server\#ObservationMacros -load-resolved-plugin /Applications/Xcode-27.0.0-Release.Candidate.app/Contents/Developer/Platforms/AppleTVOS.platform/Developer/usr/lib/swift/host/plugins/libPreviewsMacros.dylib\#/Applications/Xcode-27.0.0-Release.Candidate.app/Contents/Developer/Platforms/AppleTVOS.platform/Developer/usr/bin/swift-plugin-server\#PreviewsMacros -load-resolved-plugin /Applications/Xcode-27.0.0-Release.Candidate.app/Contents/Developer/Platforms/AppleTVOS.platform/Developer/usr/lib/swift/host/plugins/libSwiftMacros.dylib\#/Applications/Xcode-27.0.0-Release.Candidate.app/Contents/Developer/Platforms/AppleTVOS.platform/Developer/usr/bin/swift-plugin-server\#SwiftMacros -load-resolved-plugin /Applications/Xcode-27.0.0-Release.Candidate.app/Contents/Developer/Platforms/AppleTVOS.platform/Developer/usr/lib/swift/host/plugins/libSwiftUIMacros.dylib\#/Applications/Xcode-27.0.0-Release.Candidate.app/Contents/Developer/Platforms/AppleTVOS.platform/Developer/usr/bin/swift-plugin-server\#SwiftUIMacros -disable-implicit-swift-modules -Xcc -fno-implicit-modules -Xcc -fno-implicit-module-maps -explicit-swift-module-map-file /Users/admin/builder/spi-builder-workspace/.derivedData/Build/Intermediates.noindex/Sliders.build/Debug-appletvos/Sliders-t.build/Objects-normal/arm64/Sliders-dependencies-1.json -Xllvm -aarch64-use-tbi -enable-objc-interop -stack-check -sdk /Applications/Xcode-27.0.0-Release.Candidate.app/Contents/Developer/Platforms/AppleTVOS.platform/Developer/SDKs/AppleTVOS27.0.sdk -I /Users/admin/builder/spi-builder-workspace/.derivedData/Build/Products/Debug-appletvos -Isystem /Applications/Xcode-27.0.0-Release.Candidate.app/Contents/Developer/Platforms/AppleTVOS.platform/Developer/usr/lib -F /Users/admin/builder/spi-builder-workspace/.derivedData/Build/Products/Debug-appletvos -F /Applications/Xcode-27.0.0-Release.Candidate.app/Contents/Developer/Platforms/AppleTVOS.platform/Developer/Library/Frameworks -F /Applications/Xcode-27.0.0-Release.Candidate.app/Contents/Developer/Platforms/AppleTVOS.platform/Developer/SDKs/AppleTVOS27.0.sdk/Developer/Library/Frameworks -module-cache-path /Users/admin/builder/spi-builder-workspace/.derivedData/Build/Intermediates.noindex/SwiftExplicitPrecompiledModules -no-color-diagnostics -Xcc -fno-color-diagnostics -enable-testing -g -debug-info-format\=dwarf -dwarf-version\=4 -profile-generate -profile-coverage-mapping -swift-version 5 -Onone -D SWIFT_PACKAGE -D DEBUG -D SWIFT_MODULE_RESOURCE_BUNDLE_UNAVAILABLE -D Xcode -serialize-debugging-options -enable-experimental-feature DebugDescriptionMacro -empty-abi-descriptor -validate-clang-modules-once -clang-build-session-file /Users/admin/builder/spi-builder-workspace/.derivedData/ModuleCache.noindex/Session.modulevalidation -Xcc -working-directory -Xcc /Users/admin/builder/spi-builder-workspace/.swiftpm/xcode -enable-anonymous-context-mangled-names -file-compilation-dir /Users/admin/builder/spi-builder-workspace/.swiftpm/xcode -Xcc -D_LIBCPP_HARDENING_MODE\=_LIBCPP_HARDENING_MODE_DEBUG -Xcc -ivfsstatcache -Xcc /Users/admin/builder/spi-builder-workspace/.derivedData/SDKStatCaches.noindex/appletvos27.0-24J360-e829b21a6f8c9b70876ba0858053c044b32bfd8d43560033f8d89884cdb90028.sdkstatcache -Xcc -fmodules-prune-interval\=86400 -Xcc -fmodules-prune-after\=345600 -Xcc -I/Users/admin/builder/spi-builder-workspace/.derivedData/Build/Products/Debug-appletvos/include -Xcc -I/Users/admin/builder/spi-builder-workspace/.derivedData/Build/Intermediates.noindex/Sliders.build/Debug-appletvos/Sliders-t.build/DerivedSources-normal/arm64 -Xcc -I/Users/admin/builder/spi-builder-workspace/.derivedData/Build/Intermediates.noindex/Sliders.build/Debug-appletvos/Sliders-t.build/DerivedSources/arm64 -Xcc -I/Users/admin/builder/spi-builder-workspace/.derivedData/Build/Intermediates.noindex/Sliders.build/Debug-appletvos/Sliders-t.build/DerivedSources -Xcc -DSWIFT_PACKAGE -Xcc -DDEBUG\=1 -no-auto-bridging-header-chaining -module-name Sliders -const-gather-protocols-file /Users/admin/builder/spi-builder-workspace/.derivedData/Build/Intermediates.noindex/Sliders.build/Debug-appletvos/Sliders-t.build/Objects-normal/arm64/Sliders_const_extract_protocols.json -disable-clang-spi -clang-target arm64-apple-tvos27.0 -target-sdk-version 27.0 -target-sdk-name appletvos27.0 -in-process-plugin-server-path /Applications/Xcode-27.0.0-Release.Candidate.app/Contents/Developer/Toolchains/XcodeDefault.xctoolchain/usr/lib/swift/host/libSwiftInProcPluginServer.dylib -parse-as-library -o /Users/admin/builder/spi-builder-workspace/.derivedData/Build/Intermediates.noindex/Sliders.build/Debug-appletvos/Sliders-t.build/Objects-normal/arm64/EnvironmentValues+ValueSliderStyle.o -o /Users/admin/builder/spi-builder-workspace/.derivedData/Build/Intermediates.noindex/Sliders.build/Debug-appletvos/Sliders-t.build/Objects-normal/arm64/ValueSliderStyle.o -o /Users/admin/builder/spi-builder-workspace/.derivedData/Build/Intermediates.noindex/Sliders.build/Debug-appletvos/Sliders-t.build/Objects-normal/arm64/ValueSliderStyleConfiguration.o -o /Users/admin/builder/spi-builder-workspace/.derivedData/Build/Intermediates.noindex/Sliders.build/Debug-appletvos/Sliders-t.build/Objects-normal/arm64/HorizontalValueSliderStyle.o -debug-module-path /Users/admin/builder/spi-builder-workspace/.derivedData/Build/Intermediates.noindex/Sliders.build/Debug-appletvos/Sliders-t.build/Objects-normal/arm64/Sliders.swiftmodule -index-unit-output-path /Sliders.build/Debug-appletvos/Sliders-t.build/Objects-normal/arm64/EnvironmentValues+ValueSliderStyle.o -index-unit-output-path /Sliders.build/Debug-appletvos/Sliders-t.build/Objects-normal/arm64/ValueSliderStyle.o -index-unit-output-path /Sliders.build/Debug-appletvos/Sliders-t.build/Objects-normal/arm64/ValueSliderStyleConfiguration.o -index-unit-output-path /Sliders.build/Debug-appletvos/Sliders-t.build/Objects-normal/arm64/HorizontalValueSliderStyle.o -index-store-path /Users/admin/builder/spi-builder-workspace/.derivedData/Index.noindex/DataStore -index-system-modules
SwiftCompile normal arm64 /Users/admin/builder/spi-builder-workspace/Sources/Sliders/ValueSlider/Style/EnvironmentValues+ValueSliderStyle.swift (in target 'Sliders' from project 'Sliders')
cd /Users/admin/builder/spi-builder-workspace/.swiftpm/xcode
builtin-SwiftPerFileCompile EnvironmentValues+ValueSliderStyle.swift
SwiftCompile normal arm64 /Users/admin/builder/spi-builder-workspace/Sources/Sliders/ValueSlider/Style/ValueSliderStyle.swift (in target 'Sliders' from project 'Sliders')
cd /Users/admin/builder/spi-builder-workspace/.swiftpm/xcode
builtin-SwiftPerFileCompile ValueSliderStyle.swift
SwiftCompile normal arm64 /Users/admin/builder/spi-builder-workspace/Sources/Sliders/ValueSlider/Style/ValueSliderStyleConfiguration.swift (in target 'Sliders' from project 'Sliders')
cd /Users/admin/builder/spi-builder-workspace/.swiftpm/xcode
builtin-SwiftPerFileCompile ValueSliderStyleConfiguration.swift
SwiftCompile normal arm64 /Users/admin/builder/spi-builder-workspace/Sources/Sliders/ValueSlider/Styles/Horizontal/HorizontalValueSliderStyle.swift (in target 'Sliders' from project 'Sliders')
cd /Users/admin/builder/spi-builder-workspace/.swiftpm/xcode
builtin-SwiftPerFileCompile HorizontalValueSliderStyle.swift
SwiftDriverJobDiscovery normal arm64 Emitting module for Sliders (in target 'Sliders' from project 'Sliders')
SwiftDriver\ Compilation\ Requirements Sliders normal arm64 com.apple.xcode.tools.swift.compiler (in target 'Sliders' from project 'Sliders')
cd /Users/admin/builder/spi-builder-workspace/.swiftpm/xcode
builtin-Swift-Compilation-Requirements -- /Applications/Xcode-27.0.0-Release.Candidate.app/Contents/Developer/Toolchains/XcodeDefault.xctoolchain/usr/bin/swiftc -parse-as-library -module-name Sliders -Onone @/Users/admin/builder/spi-builder-workspace/.derivedData/Build/Intermediates.noindex/Sliders.build/Debug-appletvos/Sliders-t.build/Objects-normal/arm64/Sliders.SwiftFileList -DSWIFT_PACKAGE -DDEBUG -DSWIFT_MODULE_RESOURCE_BUNDLE_UNAVAILABLE -DXcode -plugin-path /Applications/Xcode-27.0.0-Release.Candidate.app/Contents/Developer/Toolchains/XcodeDefault.xctoolchain/usr/lib/swift/host/plugins/testing -enable-experimental-feature DebugDescriptionMacro -sdk /Applications/Xcode-27.0.0-Release.Candidate.app/Contents/Developer/Platforms/AppleTVOS.platform/Developer/SDKs/AppleTVOS27.0.sdk -target arm64-apple-tvos15.0 -g -module-cache-path /Users/admin/builder/spi-builder-workspace/.derivedData/ModuleCache.noindex -Xfrontend -serialize-debugging-options -profile-coverage-mapping -profile-generate -enable-testing -index-store-path /Users/admin/builder/spi-builder-workspace/.derivedData/Index.noindex/DataStore -Xcc -D_LIBCPP_HARDENING_MODE\=_LIBCPP_HARDENING_MODE_DEBUG -swift-version 5 -I /Users/admin/builder/spi-builder-workspace/.derivedData/Build/Products/Debug-appletvos -Isystem /Applications/Xcode-27.0.0-Release.Candidate.app/Contents/Developer/Platforms/AppleTVOS.platform/Developer/usr/lib -F /Users/admin/builder/spi-builder-workspace/.derivedData/Build/Products/Debug-appletvos -F /Applications/Xcode-27.0.0-Release.Candidate.app/Contents/Developer/Platforms/AppleTVOS.platform/Developer/Library/Frameworks -F /Applications/Xcode-27.0.0-Release.Candidate.app/Contents/Developer/Platforms/AppleTVOS.platform/Developer/SDKs/AppleTVOS27.0.sdk/Developer/Library/Frameworks -c -j10 -enable-batch-mode -incremental -Xcc -ivfsstatcache -Xcc /Users/admin/builder/spi-builder-workspace/.derivedData/SDKStatCaches.noindex/appletvos27.0-24J360-e829b21a6f8c9b70876ba0858053c044b32bfd8d43560033f8d89884cdb90028.sdkstatcache -output-file-map /Users/admin/builder/spi-builder-workspace/.derivedData/Build/Intermediates.noindex/Sliders.build/Debug-appletvos/Sliders-t.build/Objects-normal/arm64/Sliders-OutputFileMap.json -save-temps -no-color-diagnostics -explicit-module-build -module-cache-path /Users/admin/builder/spi-builder-workspace/.derivedData/Build/Intermediates.noindex/SwiftExplicitPrecompiledModules -clang-scanner-module-cache-path /Users/admin/builder/spi-builder-workspace/.derivedData/ModuleCache.noindex -sdk-module-cache-path /Users/admin/builder/spi-builder-workspace/.derivedData/SDKExplicitPrecompiledModules -emit-dependencies -emit-module -emit-module-path /Users/admin/builder/spi-builder-workspace/.derivedData/Build/Intermediates.noindex/Sliders.build/Debug-appletvos/Sliders-t.build/Objects-normal/arm64/Sliders.swiftmodule -serialize-diagnostics -dependency-scan-serialize-diagnostics-path /Users/admin/builder/spi-builder-workspace/.derivedData/Build/Intermediates.noindex/Sliders.build/Debug-appletvos/Sliders-t.build/Objects-normal/arm64/Sliders-dependency-scan.dia -validate-clang-modules-once -clang-build-session-file /Users/admin/builder/spi-builder-workspace/.derivedData/ModuleCache.noindex/Session.modulevalidation -Xcc -fmodules-prune-interval\=86400 -Xcc -fmodules-prune-after\=345600 -emit-const-values -const-gather-protocols-list /Users/admin/builder/spi-builder-workspace/.derivedData/Build/Intermediates.noindex/Sliders.build/Debug-appletvos/Sliders-t.build/Objects-normal/arm64/Sliders_const_extract_protocols.json -Xcc -I/Users/admin/builder/spi-builder-workspace/.derivedData/Build/Products/Debug-appletvos/include -Xcc -I/Users/admin/builder/spi-builder-workspace/.derivedData/Build/Intermediates.noindex/Sliders.build/Debug-appletvos/Sliders-t.build/DerivedSources-normal/arm64 -Xcc -I/Users/admin/builder/spi-builder-workspace/.derivedData/Build/Intermediates.noindex/Sliders.build/Debug-appletvos/Sliders-t.build/DerivedSources/arm64 -Xcc -I/Users/admin/builder/spi-builder-workspace/.derivedData/Build/Intermediates.noindex/Sliders.build/Debug-appletvos/Sliders-t.build/DerivedSources -Xcc -DSWIFT_PACKAGE -Xcc -DDEBUG\=1 -emit-objc-header -emit-objc-header-path /Users/admin/builder/spi-builder-workspace/.derivedData/Build/Intermediates.noindex/Sliders.build/Debug-appletvos/Sliders-t.build/Objects-normal/arm64/Sliders-Swift.h -working-directory /Users/admin/builder/spi-builder-workspace/.swiftpm/xcode -experimental-emit-module-separately -disable-cmo
PruneExplicitPrecompiledModules /Users/admin/builder/spi-builder-workspace/.derivedData/Build/Intermediates.noindex/SwiftExplicitPrecompiledModules
PruneExplicitPrecompiledModules /Users/admin/builder/spi-builder-workspace/.derivedData/SDKExplicitPrecompiledModules
PruneExplicitPrecompiledModules /Users/admin/builder/spi-builder-workspace/.derivedData/Build/Intermediates.noindex/ExplicitPrecompiledModules
2026-09-21 10:53:16.285 xcodebuild[649:4193] [MT] IDERunDestination: Supported platforms for the buildables in the current scheme is empty.
** BUILD FAILED **
The following build commands failed:
SwiftCompile normal arm64 /Users/admin/builder/spi-builder-workspace/Sources/Sliders/ValueSlider/Styles/Vertical/VerticalValueSliderStyle.swift (in target 'Sliders' from project 'Sliders')
SwiftCompile normal arm64 /Users/admin/builder/spi-builder-workspace/Sources/Sliders/ValueSlider/ValueSlider.swift (in target 'Sliders' from project 'Sliders')
SwiftCompile normal arm64 Compiling\ ValueSliderOptions.swift,\ VerticalValueSliderStyle.swift,\ ValueSlider.swift,\ EnviromnentValues+ValueTrackConfiguration.swift /Users/admin/builder/spi-builder-workspace/Sources/Sliders/ValueSlider/Styles/ValueSliderOptions.swift /Users/admin/builder/spi-builder-workspace/Sources/Sliders/ValueSlider/Styles/Vertical/VerticalValueSliderStyle.swift /Users/admin/builder/spi-builder-workspace/Sources/Sliders/ValueSlider/ValueSlider.swift /Users/admin/builder/spi-builder-workspace/Sources/Sliders/ValueTrack/EnviromnentValues+ValueTrackConfiguration.swift (in target 'Sliders' from project 'Sliders')
SwiftCompile normal arm64 Compiling\ EnvironmentValues+ValueSliderStyle.swift,\ ValueSliderStyle.swift,\ ValueSliderStyleConfiguration.swift,\ HorizontalValueSliderStyle.swift /Users/admin/builder/spi-builder-workspace/Sources/Sliders/ValueSlider/Style/EnvironmentValues+ValueSliderStyle.swift /Users/admin/builder/spi-builder-workspace/Sources/Sliders/ValueSlider/Style/ValueSliderStyle.swift /Users/admin/builder/spi-builder-workspace/Sources/Sliders/ValueSlider/Style/ValueSliderStyleConfiguration.swift /Users/admin/builder/spi-builder-workspace/Sources/Sliders/ValueSlider/Styles/Horizontal/HorizontalValueSliderStyle.swift (in target 'Sliders' from project 'Sliders')
SwiftCompile normal arm64 /Users/admin/builder/spi-builder-workspace/Sources/Sliders/ValueSlider/Styles/Horizontal/HorizontalValueSliderStyle.swift (in target 'Sliders' from project 'Sliders')
Building workspace Sliders with scheme Sliders
(6 failures)
Command line invocation:
/Applications/Xcode-27.0.0-Release.Candidate.app/Contents/Developer/usr/bin/xcodebuild -IDEClonedSourcePackagesDirPathOverride=/Users/admin/builder/spi-builder-workspace/.dependencies -resolvePackageDependencies
Resolve Package Graph
Resolved source packages:
Sliders: /Users/admin/builder/spi-builder-workspace
resolved source packages: Sliders
2026-09-21 10:53:28.003 xcodebuild[740:4605] [MT] IDERunDestination: Supported platforms for the buildables in the current scheme is empty.
{
"dependencies" : [
],
"manifest_display_name" : "Sliders",
"name" : "Sliders",
"path" : "/Users/admin/builder/spi-builder-workspace",
"platforms" : [
{
"name" : "ios",
"version" : "14.0"
},
{
"name" : "macos",
"version" : "11.0"
}
],
"products" : [
{
"name" : "Sliders",
"targets" : [
"Sliders"
],
"type" : {
"library" : [
"automatic"
]
}
}
],
"targets" : [
{
"c99name" : "SlidersTests",
"module_type" : "SwiftTarget",
"name" : "SlidersTests",
"path" : "Tests/SlidersTests",
"sources" : [
"DistanceFromValueTests.swift",
"RangeDistanceTests.swift",
"ValueFromDistanceTests.swift"
],
"target_dependencies" : [
"Sliders"
],
"type" : "test"
},
{
"c99name" : "Sliders",
"module_type" : "SwiftTarget",
"name" : "Sliders",
"path" : "Sources/Sliders",
"product_memberships" : [
"Sliders"
],
"sources" : [
"Base/DefaultHorizontalValueView.swift",
"Base/DefaultThumb.swift",
"Base/DefaultVerticalValueView.swift",
"Base/LinearRangeMath.swift",
"Base/LinearValueMath.swift",
"PointSlider/PointSlider.swift",
"PointSlider/Style/AnyPointSliderStyle.swift",
"PointSlider/Style/EnvironmentValues+PointSliderStyle.swift",
"PointSlider/Style/PointSliderStyle.swift",
"PointSlider/Style/PointSliderStyleConfiguration.swift",
"PointSlider/Styles/PointSliderOptions.swift",
"PointSlider/Styles/Rectangular/RectangularPointSliderStyle.swift",
"PointTrack/EnvironmentValues+PointTrackConfiguration.swift",
"PointTrack/EnvironmentValues+TrackPoint.swift",
"PointTrack/PointTrackConfiguration.swift",
"RangeSlider/RangeSlider.swift",
"RangeSlider/Style/AnyRangeSliderStyle.swift",
"RangeSlider/Style/EnvironmentValues+RangeSliderStyle.swift",
"RangeSlider/Style/RangeSliderStyle.swift",
"RangeSlider/Style/RangeSliderStyleConfiguration.swift",
"RangeSlider/Styles/Horizontal/HorizontalRangeSliderStyle.swift",
"RangeSlider/Styles/RangeSliderOptions.swift",
"RangeSlider/Styles/Vertical/VerticalRangeSliderStyle.swift",
"RangeTrack/EnvironmentValues+RangeTrackConfiguration.swift",
"RangeTrack/EnvironmentValues+TrackRange.swift",
"RangeTrack/Horizontal/HorizontalRangeTrack.swift",
"RangeTrack/RangeTrackConfiguration.swift",
"RangeTrack/Vertical/VerticalRangeTrack.swift",
"ValueSlider/Style/AnyValueSliderStyle.swift",
"ValueSlider/Style/EnvironmentValues+ValueSliderStyle.swift",
"ValueSlider/Style/ValueSliderStyle.swift",
"ValueSlider/Style/ValueSliderStyleConfiguration.swift",
"ValueSlider/Styles/Horizontal/HorizontalValueSliderStyle.swift",
"ValueSlider/Styles/ValueSliderOptions.swift",
"ValueSlider/Styles/Vertical/VerticalValueSliderStyle.swift",
"ValueSlider/ValueSlider.swift",
"ValueTrack/EnviromnentValues+ValueTrackConfiguration.swift",
"ValueTrack/EnvironmentValues+TrackValue.swift",
"ValueTrack/Horizontal/HorizontalValueTrack.swift",
"ValueTrack/ValueTrackConfiguration.swift",
"ValueTrack/Vertical/VerticalValueTrack.swift"
],
"type" : "library"
}
],
"tools_version" : "5.3"
}
{
"workspace" : {
"name" : "Sliders",
"schemes" : [
"Sliders"
]
}
}
2026-09-21 10:53:29.237 xcodebuild[748:4679] [MT] IDERunDestination: Supported platforms for the buildables in the current scheme is empty.
Running build ...
env DEVELOPER_DIR=/Applications/Xcode-27.0.0-Release.Candidate.app xcrun xcodebuild -IDEClonedSourcePackagesDirPathOverride=$PWD/.dependencies -skipMacroValidation -skipPackagePluginValidation -derivedDataPath $PWD/.derivedData build -scheme Sliders -destination generic/platform=tvOS
Command line invocation:
/Applications/Xcode-27.0.0-Release.Candidate.app/Contents/Developer/usr/bin/xcodebuild -IDEClonedSourcePackagesDirPathOverride=/Users/admin/builder/spi-builder-workspace/.dependencies -skipMacroValidation -skipPackagePluginValidation -derivedDataPath /Users/admin/builder/spi-builder-workspace/.derivedData build -scheme Sliders -destination generic/platform=tvOS
Resolve Package Graph
Resolved source packages:
Sliders: /Users/admin/builder/spi-builder-workspace
ComputePackagePrebuildTargetDependencyGraph
Prepare packages
CreateBuildRequest
SendProjectDescription
CreateBuildOperation
ComputeTargetDependencyGraph
note: Building targets in dependency order
note: Target dependency graph (2 targets)
Target 'Sliders-product' in project 'Sliders'
➜ Explicit dependency on target 'Sliders' in project 'Sliders'
Target 'Sliders' in project 'Sliders' (no dependencies)
GatherProvisioningInputs
CreateBuildDescription
ClangStatCache /Applications/Xcode-27.0.0-Release.Candidate.app/Contents/Developer/Toolchains/XcodeDefault.xctoolchain/usr/bin/clang-stat-cache /Applications/Xcode-27.0.0-Release.Candidate.app/Contents/Developer/Platforms/AppleTVOS.platform/Developer/SDKs/AppleTVOS27.0.sdk /Users/admin/builder/spi-builder-workspace/.derivedData/SDKStatCaches.noindex/appletvos27.0-24J360-e829b21a6f8c9b70876ba0858053c044b32bfd8d43560033f8d89884cdb90028.sdkstatcache
cd /Users/admin/builder/spi-builder-workspace/.swiftpm/xcode
/Applications/Xcode-27.0.0-Release.Candidate.app/Contents/Developer/Toolchains/XcodeDefault.xctoolchain/usr/bin/clang-stat-cache /Applications/Xcode-27.0.0-Release.Candidate.app/Contents/Developer/Platforms/AppleTVOS.platform/Developer/SDKs/AppleTVOS27.0.sdk -o /Users/admin/builder/spi-builder-workspace/.derivedData/SDKStatCaches.noindex/appletvos27.0-24J360-e829b21a6f8c9b70876ba0858053c044b32bfd8d43560033f8d89884cdb90028.sdkstatcache
SwiftDriver Sliders normal arm64 com.apple.xcode.tools.swift.compiler (in target 'Sliders' from project 'Sliders')
cd /Users/admin/builder/spi-builder-workspace/.swiftpm/xcode
builtin-SwiftDriver -- /Applications/Xcode-27.0.0-Release.Candidate.app/Contents/Developer/Toolchains/XcodeDefault.xctoolchain/usr/bin/swiftc -parse-as-library -module-name Sliders -Onone @/Users/admin/builder/spi-builder-workspace/.derivedData/Build/Intermediates.noindex/Sliders.build/Debug-appletvos/Sliders-t.build/Objects-normal/arm64/Sliders.SwiftFileList -DSWIFT_PACKAGE -DDEBUG -DSWIFT_MODULE_RESOURCE_BUNDLE_UNAVAILABLE -DXcode -plugin-path /Applications/Xcode-27.0.0-Release.Candidate.app/Contents/Developer/Toolchains/XcodeDefault.xctoolchain/usr/lib/swift/host/plugins/testing -enable-experimental-feature DebugDescriptionMacro -sdk /Applications/Xcode-27.0.0-Release.Candidate.app/Contents/Developer/Platforms/AppleTVOS.platform/Developer/SDKs/AppleTVOS27.0.sdk -target arm64-apple-tvos15.0 -g -module-cache-path /Users/admin/builder/spi-builder-workspace/.derivedData/ModuleCache.noindex -Xfrontend -serialize-debugging-options -profile-coverage-mapping -profile-generate -enable-testing -index-store-path /Users/admin/builder/spi-builder-workspace/.derivedData/Index.noindex/DataStore -Xcc -D_LIBCPP_HARDENING_MODE\=_LIBCPP_HARDENING_MODE_DEBUG -swift-version 5 -I /Users/admin/builder/spi-builder-workspace/.derivedData/Build/Products/Debug-appletvos -Isystem /Applications/Xcode-27.0.0-Release.Candidate.app/Contents/Developer/Platforms/AppleTVOS.platform/Developer/usr/lib -F /Users/admin/builder/spi-builder-workspace/.derivedData/Build/Products/Debug-appletvos -F /Applications/Xcode-27.0.0-Release.Candidate.app/Contents/Developer/Platforms/AppleTVOS.platform/Developer/Library/Frameworks -F /Applications/Xcode-27.0.0-Release.Candidate.app/Contents/Developer/Platforms/AppleTVOS.platform/Developer/SDKs/AppleTVOS27.0.sdk/Developer/Library/Frameworks -c -j10 -enable-batch-mode -incremental -Xcc -ivfsstatcache -Xcc /Users/admin/builder/spi-builder-workspace/.derivedData/SDKStatCaches.noindex/appletvos27.0-24J360-e829b21a6f8c9b70876ba0858053c044b32bfd8d43560033f8d89884cdb90028.sdkstatcache -output-file-map /Users/admin/builder/spi-builder-workspace/.derivedData/Build/Intermediates.noindex/Sliders.build/Debug-appletvos/Sliders-t.build/Objects-normal/arm64/Sliders-OutputFileMap.json -save-temps -no-color-diagnostics -explicit-module-build -module-cache-path /Users/admin/builder/spi-builder-workspace/.derivedData/Build/Intermediates.noindex/SwiftExplicitPrecompiledModules -clang-scanner-module-cache-path /Users/admin/builder/spi-builder-workspace/.derivedData/ModuleCache.noindex -sdk-module-cache-path /Users/admin/builder/spi-builder-workspace/.derivedData/SDKExplicitPrecompiledModules -emit-dependencies -emit-module -emit-module-path /Users/admin/builder/spi-builder-workspace/.derivedData/Build/Intermediates.noindex/Sliders.build/Debug-appletvos/Sliders-t.build/Objects-normal/arm64/Sliders.swiftmodule -serialize-diagnostics -dependency-scan-serialize-diagnostics-path /Users/admin/builder/spi-builder-workspace/.derivedData/Build/Intermediates.noindex/Sliders.build/Debug-appletvos/Sliders-t.build/Objects-normal/arm64/Sliders-dependency-scan.dia -validate-clang-modules-once -clang-build-session-file /Users/admin/builder/spi-builder-workspace/.derivedData/ModuleCache.noindex/Session.modulevalidation -Xcc -fmodules-prune-interval\=86400 -Xcc -fmodules-prune-after\=345600 -emit-const-values -const-gather-protocols-list /Users/admin/builder/spi-builder-workspace/.derivedData/Build/Intermediates.noindex/Sliders.build/Debug-appletvos/Sliders-t.build/Objects-normal/arm64/Sliders_const_extract_protocols.json -Xcc -I/Users/admin/builder/spi-builder-workspace/.derivedData/Build/Products/Debug-appletvos/include -Xcc -I/Users/admin/builder/spi-builder-workspace/.derivedData/Build/Intermediates.noindex/Sliders.build/Debug-appletvos/Sliders-t.build/DerivedSources-normal/arm64 -Xcc -I/Users/admin/builder/spi-builder-workspace/.derivedData/Build/Intermediates.noindex/Sliders.build/Debug-appletvos/Sliders-t.build/DerivedSources/arm64 -Xcc -I/Users/admin/builder/spi-builder-workspace/.derivedData/Build/Intermediates.noindex/Sliders.build/Debug-appletvos/Sliders-t.build/DerivedSources -Xcc -DSWIFT_PACKAGE -Xcc -DDEBUG\=1 -emit-objc-header -emit-objc-header-path /Users/admin/builder/spi-builder-workspace/.derivedData/Build/Intermediates.noindex/Sliders.build/Debug-appletvos/Sliders-t.build/Objects-normal/arm64/Sliders-Swift.h -working-directory /Users/admin/builder/spi-builder-workspace/.swiftpm/xcode -experimental-emit-module-separately -disable-cmo
SwiftCompile normal arm64 Compiling\ PointSliderStyleConfiguration.swift,\ PointSliderOptions.swift,\ RectangularPointSliderStyle.swift,\ EnvironmentValues+PointTrackConfiguration.swift /Users/admin/builder/spi-builder-workspace/Sources/Sliders/PointSlider/Style/PointSliderStyleConfiguration.swift /Users/admin/builder/spi-builder-workspace/Sources/Sliders/PointSlider/Styles/PointSliderOptions.swift /Users/admin/builder/spi-builder-workspace/Sources/Sliders/PointSlider/Styles/Rectangular/RectangularPointSliderStyle.swift /Users/admin/builder/spi-builder-workspace/Sources/Sliders/PointTrack/EnvironmentValues+PointTrackConfiguration.swift (in target 'Sliders' from project 'Sliders')
/Users/admin/builder/spi-builder-workspace/Sources/Sliders/PointSlider/Styles/Rectangular/RectangularPointSliderStyle.swift:26:25: error: 'DragGesture' is unavailable in tvOS
24 | if self.options.contains(.interactiveTrack) {
25 | track.gesture(
26 | DragGesture(minimumDistance: 0)
| `- error: 'DragGesture' is unavailable in tvOS
27 | .onChanged { gestureValue in
28 | configuration.onEditingChanged(true)
SwiftUI.DragGesture:3:42: note: 'DragGesture' has been explicitly marked unavailable here
1 | @available(iOS 13.0, macOS 10.15, watchOS 6.0, *)
2 | @available(tvOS, unavailable)
3 | @MainActor @preconcurrency public struct DragGesture : Gesture, ~Sendable {
| `- note: 'DragGesture' has been explicitly marked unavailable here
4 | public struct Value : Equatable, Sendable {
5 | public var time: Date
/Users/admin/builder/spi-builder-workspace/Sources/Sliders/PointSlider/Styles/Rectangular/RectangularPointSliderStyle.swift:26:25: error: 'init(minimumDistance:coordinateSpace:)' is unavailable in tvOS
24 | if self.options.contains(.interactiveTrack) {
25 | track.gesture(
26 | DragGesture(minimumDistance: 0)
| `- error: 'init(minimumDistance:coordinateSpace:)' is unavailable in tvOS
27 | .onChanged { gestureValue in
28 | configuration.onEditingChanged(true)
SwiftUI.DragGesture.init:4:37: note: 'init(minimumDistance:coordinateSpace:)' has been explicitly marked unavailable here
2 | @available(iOS 17.0, macOS 14.0, watchOS 10.0, *)
3 | @available(tvOS, unavailable)
4 | @MainActor @preconcurrency public init(minimumDistance: CGFloat = 10, coordinateSpace: some CoordinateSpaceProtocol = .local)}
| `- note: 'init(minimumDistance:coordinateSpace:)' has been explicitly marked unavailable here
5 |
/Users/admin/builder/spi-builder-workspace/Sources/Sliders/PointSlider/Styles/Rectangular/RectangularPointSliderStyle.swift:82:21: error: 'DragGesture' is unavailable in tvOS
80 | )
81 | .gesture(
82 | DragGesture()
| `- error: 'DragGesture' is unavailable in tvOS
83 | .onChanged { gestureValue in
84 | configuration.onEditingChanged(true)
SwiftUI.DragGesture:3:42: note: 'DragGesture' has been explicitly marked unavailable here
1 | @available(iOS 13.0, macOS 10.15, watchOS 6.0, *)
2 | @available(tvOS, unavailable)
3 | @MainActor @preconcurrency public struct DragGesture : Gesture, ~Sendable {
| `- note: 'DragGesture' has been explicitly marked unavailable here
4 | public struct Value : Equatable, Sendable {
5 | public var time: Date
/Users/admin/builder/spi-builder-workspace/Sources/Sliders/PointSlider/Styles/Rectangular/RectangularPointSliderStyle.swift:82:21: error: 'init(minimumDistance:coordinateSpace:)' is unavailable in tvOS
80 | )
81 | .gesture(
82 | DragGesture()
| `- error: 'init(minimumDistance:coordinateSpace:)' is unavailable in tvOS
83 | .onChanged { gestureValue in
84 | configuration.onEditingChanged(true)
SwiftUI.DragGesture.init:4:37: note: 'init(minimumDistance:coordinateSpace:)' has been explicitly marked unavailable here
2 | @available(iOS 17.0, macOS 14.0, watchOS 10.0, *)
3 | @available(tvOS, unavailable)
4 | @MainActor @preconcurrency public init(minimumDistance: CGFloat = 10, coordinateSpace: some CoordinateSpaceProtocol = .local)}
| `- note: 'init(minimumDistance:coordinateSpace:)' has been explicitly marked unavailable here
5 |
Failed frontend command:
SwiftCompile normal arm64 /Users/admin/builder/spi-builder-workspace/Sources/Sliders/PointSlider/Style/PointSliderStyleConfiguration.swift (in target 'Sliders' from project 'Sliders')
cd /Users/admin/builder/spi-builder-workspace/.swiftpm/xcode
builtin-SwiftPerFileCompile PointSliderStyleConfiguration.swift
SwiftCompile normal arm64 /Users/admin/builder/spi-builder-workspace/Sources/Sliders/PointSlider/Styles/PointSliderOptions.swift (in target 'Sliders' from project 'Sliders')
cd /Users/admin/builder/spi-builder-workspace/.swiftpm/xcode
builtin-SwiftPerFileCompile PointSliderOptions.swift
SwiftCompile normal arm64 /Users/admin/builder/spi-builder-workspace/Sources/Sliders/PointSlider/Styles/Rectangular/RectangularPointSliderStyle.swift (in target 'Sliders' from project 'Sliders')
cd /Users/admin/builder/spi-builder-workspace/.swiftpm/xcode
builtin-SwiftPerFileCompile RectangularPointSliderStyle.swift
SwiftCompile normal arm64 /Users/admin/builder/spi-builder-workspace/Sources/Sliders/PointTrack/EnvironmentValues+PointTrackConfiguration.swift (in target 'Sliders' from project 'Sliders')
cd /Users/admin/builder/spi-builder-workspace/.swiftpm/xcode
builtin-SwiftPerFileCompile EnvironmentValues+PointTrackConfiguration.swift
/Applications/Xcode-27.0.0-Release.Candidate.app/Contents/Developer/Toolchains/XcodeDefault.xctoolchain/usr/bin/swift-frontend -frontend -c /Users/admin/builder/spi-builder-workspace/Sources/Sliders/Base/DefaultHorizontalValueView.swift /Users/admin/builder/spi-builder-workspace/Sources/Sliders/Base/DefaultThumb.swift /Users/admin/builder/spi-builder-workspace/Sources/Sliders/Base/DefaultVerticalValueView.swift /Users/admin/builder/spi-builder-workspace/Sources/Sliders/Base/LinearRangeMath.swift /Users/admin/builder/spi-builder-workspace/Sources/Sliders/Base/LinearValueMath.swift /Users/admin/builder/spi-builder-workspace/Sources/Sliders/PointSlider/PointSlider.swift /Users/admin/builder/spi-builder-workspace/Sources/Sliders/PointSlider/Style/AnyPointSliderStyle.swift /Users/admin/builder/spi-builder-workspace/Sources/Sliders/PointSlider/Style/EnvironmentValues+PointSliderStyle.swift /Users/admin/builder/spi-builder-workspace/Sources/Sliders/PointSlider/Style/PointSliderStyle.swift -primary-file /Users/admin/builder/spi-builder-workspace/Sources/Sliders/PointSlider/Style/PointSliderStyleConfiguration.swift -primary-file /Users/admin/builder/spi-builder-workspace/Sources/Sliders/PointSlider/Styles/PointSliderOptions.swift -primary-file /Users/admin/builder/spi-builder-workspace/Sources/Sliders/PointSlider/Styles/Rectangular/RectangularPointSliderStyle.swift -primary-file /Users/admin/builder/spi-builder-workspace/Sources/Sliders/PointTrack/EnvironmentValues+PointTrackConfiguration.swift /Users/admin/builder/spi-builder-workspace/Sources/Sliders/PointTrack/EnvironmentValues+TrackPoint.swift /Users/admin/builder/spi-builder-workspace/Sources/Sliders/PointTrack/PointTrackConfiguration.swift /Users/admin/builder/spi-builder-workspace/Sources/Sliders/RangeSlider/RangeSlider.swift /Users/admin/builder/spi-builder-workspace/Sources/Sliders/RangeSlider/Style/AnyRangeSliderStyle.swift /Users/admin/builder/spi-builder-workspace/Sources/Sliders/RangeSlider/Style/EnvironmentValues+RangeSliderStyle.swift /Users/admin/builder/spi-builder-workspace/Sources/Sliders/RangeSlider/Style/RangeSliderStyle.swift /Users/admin/builder/spi-builder-workspace/Sources/Sliders/RangeSlider/Style/RangeSliderStyleConfiguration.swift /Users/admin/builder/spi-builder-workspace/Sources/Sliders/RangeSlider/Styles/Horizontal/HorizontalRangeSliderStyle.swift /Users/admin/builder/spi-builder-workspace/Sources/Sliders/RangeSlider/Styles/RangeSliderOptions.swift /Users/admin/builder/spi-builder-workspace/Sources/Sliders/RangeSlider/Styles/Vertical/VerticalRangeSliderStyle.swift /Users/admin/builder/spi-builder-workspace/Sources/Sliders/RangeTrack/EnvironmentValues+RangeTrackConfiguration.swift /Users/admin/builder/spi-builder-workspace/Sources/Sliders/RangeTrack/EnvironmentValues+TrackRange.swift /Users/admin/builder/spi-builder-workspace/Sources/Sliders/RangeTrack/Horizontal/HorizontalRangeTrack.swift /Users/admin/builder/spi-builder-workspace/Sources/Sliders/RangeTrack/RangeTrackConfiguration.swift /Users/admin/builder/spi-builder-workspace/Sources/Sliders/RangeTrack/Vertical/VerticalRangeTrack.swift /Users/admin/builder/spi-builder-workspace/Sources/Sliders/ValueSlider/Style/AnyValueSliderStyle.swift /Users/admin/builder/spi-builder-workspace/Sources/Sliders/ValueSlider/Style/EnvironmentValues+ValueSliderStyle.swift /Users/admin/builder/spi-builder-workspace/Sources/Sliders/ValueSlider/Style/ValueSliderStyle.swift /Users/admin/builder/spi-builder-workspace/Sources/Sliders/ValueSlider/Style/ValueSliderStyleConfiguration.swift /Users/admin/builder/spi-builder-workspace/Sources/Sliders/ValueSlider/Styles/Horizontal/HorizontalValueSliderStyle.swift /Users/admin/builder/spi-builder-workspace/Sources/Sliders/ValueSlider/Styles/ValueSliderOptions.swift /Users/admin/builder/spi-builder-workspace/Sources/Sliders/ValueSlider/Styles/Vertical/VerticalValueSliderStyle.swift /Users/admin/builder/spi-builder-workspace/Sources/Sliders/ValueSlider/ValueSlider.swift /Users/admin/builder/spi-builder-workspace/Sources/Sliders/ValueTrack/EnviromnentValues+ValueTrackConfiguration.swift /Users/admin/builder/spi-builder-workspace/Sources/Sliders/ValueTrack/EnvironmentValues+TrackValue.swift /Users/admin/builder/spi-builder-workspace/Sources/Sliders/ValueTrack/Horizontal/HorizontalValueTrack.swift /Users/admin/builder/spi-builder-workspace/Sources/Sliders/ValueTrack/ValueTrackConfiguration.swift /Users/admin/builder/spi-builder-workspace/Sources/Sliders/ValueTrack/Vertical/VerticalValueTrack.swift -supplementary-output-file-map /Users/admin/builder/spi-builder-workspace/.derivedData/Build/Intermediates.noindex/Sliders.build/Debug-appletvos/Sliders-t.build/Objects-normal/arm64/supplementaryOutputs-3 -target arm64-apple-tvos15.0 -disable-cross-import-overlay-search -load-resolved-plugin /Applications/Xcode-27.0.0-Release.Candidate.app/Contents/Developer/Platforms/AppleTVOS.platform/Developer/usr/lib/swift/host/plugins/libFoundationMacros.dylib\#/Applications/Xcode-27.0.0-Release.Candidate.app/Contents/Developer/Platforms/AppleTVOS.platform/Developer/usr/bin/swift-plugin-server\#FoundationMacros -load-resolved-plugin /Applications/Xcode-27.0.0-Release.Candidate.app/Contents/Developer/Platforms/AppleTVOS.platform/Developer/usr/lib/swift/host/plugins/libObservationMacros.dylib\#/Applications/Xcode-27.0.0-Release.Candidate.app/Contents/Developer/Platforms/AppleTVOS.platform/Developer/usr/bin/swift-plugin-server\#ObservationMacros -load-resolved-plugin /Applications/Xcode-27.0.0-Release.Candidate.app/Contents/Developer/Platforms/AppleTVOS.platform/Developer/usr/lib/swift/host/plugins/libPreviewsMacros.dylib\#/Applications/Xcode-27.0.0-Release.Candidate.app/Contents/Developer/Platforms/AppleTVOS.platform/Developer/usr/bin/swift-plugin-server\#PreviewsMacros -load-resolved-plugin /Applications/Xcode-27.0.0-Release.Candidate.app/Contents/Developer/Platforms/AppleTVOS.platform/Developer/usr/lib/swift/host/plugins/libSwiftMacros.dylib\#/Applications/Xcode-27.0.0-Release.Candidate.app/Contents/Developer/Platforms/AppleTVOS.platform/Developer/usr/bin/swift-plugin-server\#SwiftMacros -load-resolved-plugin /Applications/Xcode-27.0.0-Release.Candidate.app/Contents/Developer/Platforms/AppleTVOS.platform/Developer/usr/lib/swift/host/plugins/libSwiftUIMacros.dylib\#/Applications/Xcode-27.0.0-Release.Candidate.app/Contents/Developer/Platforms/AppleTVOS.platform/Developer/usr/bin/swift-plugin-server\#SwiftUIMacros -disable-implicit-swift-modules -Xcc -fno-implicit-modules -Xcc -fno-implicit-module-maps -explicit-swift-module-map-file /Users/admin/builder/spi-builder-workspace/.derivedData/Build/Intermediates.noindex/Sliders.build/Debug-appletvos/Sliders-t.build/Objects-normal/arm64/Sliders-dependencies-1.json -Xllvm -aarch64-use-tbi -enable-objc-interop -stack-check -sdk /Applications/Xcode-27.0.0-Release.Candidate.app/Contents/Developer/Platforms/AppleTVOS.platform/Developer/SDKs/AppleTVOS27.0.sdk -I /Users/admin/builder/spi-builder-workspace/.derivedData/Build/Products/Debug-appletvos -Isystem /Applications/Xcode-27.0.0-Release.Candidate.app/Contents/Developer/Platforms/AppleTVOS.platform/Developer/usr/lib -F /Users/admin/builder/spi-builder-workspace/.derivedData/Build/Products/Debug-appletvos -F /Applications/Xcode-27.0.0-Release.Candidate.app/Contents/Developer/Platforms/AppleTVOS.platform/Developer/Library/Frameworks -F /Applications/Xcode-27.0.0-Release.Candidate.app/Contents/Developer/Platforms/AppleTVOS.platform/Developer/SDKs/AppleTVOS27.0.sdk/Developer/Library/Frameworks -module-cache-path /Users/admin/builder/spi-builder-workspace/.derivedData/Build/Intermediates.noindex/SwiftExplicitPrecompiledModules -no-color-diagnostics -Xcc -fno-color-diagnostics -enable-testing -g -debug-info-format\=dwarf -dwarf-version\=4 -profile-generate -profile-coverage-mapping -swift-version 5 -Onone -D SWIFT_PACKAGE -D DEBUG -D SWIFT_MODULE_RESOURCE_BUNDLE_UNAVAILABLE -D Xcode -serialize-debugging-options -enable-experimental-feature DebugDescriptionMacro -empty-abi-descriptor -validate-clang-modules-once -clang-build-session-file /Users/admin/builder/spi-builder-workspace/.derivedData/ModuleCache.noindex/Session.modulevalidation -Xcc -working-directory -Xcc /Users/admin/builder/spi-builder-workspace/.swiftpm/xcode -enable-anonymous-context-mangled-names -file-compilation-dir /Users/admin/builder/spi-builder-workspace/.swiftpm/xcode -Xcc -D_LIBCPP_HARDENING_MODE\=_LIBCPP_HARDENING_MODE_DEBUG -Xcc -ivfsstatcache -Xcc /Users/admin/builder/spi-builder-workspace/.derivedData/SDKStatCaches.noindex/appletvos27.0-24J360-e829b21a6f8c9b70876ba0858053c044b32bfd8d43560033f8d89884cdb90028.sdkstatcache -Xcc -fmodules-prune-interval\=86400 -Xcc -fmodules-prune-after\=345600 -Xcc -I/Users/admin/builder/spi-builder-workspace/.derivedData/Build/Products/Debug-appletvos/include -Xcc -I/Users/admin/builder/spi-builder-workspace/.derivedData/Build/Intermediates.noindex/Sliders.build/Debug-appletvos/Sliders-t.build/DerivedSources-normal/arm64 -Xcc -I/Users/admin/builder/spi-builder-workspace/.derivedData/Build/Intermediates.noindex/Sliders.build/Debug-appletvos/Sliders-t.build/DerivedSources/arm64 -Xcc -I/Users/admin/builder/spi-builder-workspace/.derivedData/Build/Intermediates.noindex/Sliders.build/Debug-appletvos/Sliders-t.build/DerivedSources -Xcc -DSWIFT_PACKAGE -Xcc -DDEBUG\=1 -no-auto-bridging-header-chaining -module-name Sliders -const-gather-protocols-file /Users/admin/builder/spi-builder-workspace/.derivedData/Build/Intermediates.noindex/Sliders.build/Debug-appletvos/Sliders-t.build/Objects-normal/arm64/Sliders_const_extract_protocols.json -disable-clang-spi -clang-target arm64-apple-tvos27.0 -target-sdk-version 27.0 -target-sdk-name appletvos27.0 -in-process-plugin-server-path /Applications/Xcode-27.0.0-Release.Candidate.app/Contents/Developer/Toolchains/XcodeDefault.xctoolchain/usr/lib/swift/host/libSwiftInProcPluginServer.dylib -parse-as-library -o /Users/admin/builder/spi-builder-workspace/.derivedData/Build/Intermediates.noindex/Sliders.build/Debug-appletvos/Sliders-t.build/Objects-normal/arm64/PointSliderStyleConfiguration.o -o /Users/admin/builder/spi-builder-workspace/.derivedData/Build/Intermediates.noindex/Sliders.build/Debug-appletvos/Sliders-t.build/Objects-normal/arm64/PointSliderOptions.o -o /Users/admin/builder/spi-builder-workspace/.derivedData/Build/Intermediates.noindex/Sliders.build/Debug-appletvos/Sliders-t.build/Objects-normal/arm64/RectangularPointSliderStyle.o -o /Users/admin/builder/spi-builder-workspace/.derivedData/Build/Intermediates.noindex/Sliders.build/Debug-appletvos/Sliders-t.build/Objects-normal/arm64/EnvironmentValues+PointTrackConfiguration.o -debug-module-path /Users/admin/builder/spi-builder-workspace/.derivedData/Build/Intermediates.noindex/Sliders.build/Debug-appletvos/Sliders-t.build/Objects-normal/arm64/Sliders.swiftmodule -index-unit-output-path /Sliders.build/Debug-appletvos/Sliders-t.build/Objects-normal/arm64/PointSliderStyleConfiguration.o -index-unit-output-path /Sliders.build/Debug-appletvos/Sliders-t.build/Objects-normal/arm64/PointSliderOptions.o -index-unit-output-path /Sliders.build/Debug-appletvos/Sliders-t.build/Objects-normal/arm64/RectangularPointSliderStyle.o -index-unit-output-path /Sliders.build/Debug-appletvos/Sliders-t.build/Objects-normal/arm64/EnvironmentValues+PointTrackConfiguration.o -index-store-path /Users/admin/builder/spi-builder-workspace/.derivedData/Index.noindex/DataStore -index-system-modules
SwiftCompile normal arm64 Compiling\ RangeSliderOptions.swift,\ VerticalRangeSliderStyle.swift,\ EnvironmentValues+RangeTrackConfiguration.swift,\ EnvironmentValues+TrackRange.swift /Users/admin/builder/spi-builder-workspace/Sources/Sliders/RangeSlider/Styles/RangeSliderOptions.swift /Users/admin/builder/spi-builder-workspace/Sources/Sliders/RangeSlider/Styles/Vertical/VerticalRangeSliderStyle.swift /Users/admin/builder/spi-builder-workspace/Sources/Sliders/RangeTrack/EnvironmentValues+RangeTrackConfiguration.swift /Users/admin/builder/spi-builder-workspace/Sources/Sliders/RangeTrack/EnvironmentValues+TrackRange.swift (in target 'Sliders' from project 'Sliders')
SwiftCompile normal arm64 /Users/admin/builder/spi-builder-workspace/Sources/Sliders/RangeSlider/Styles/RangeSliderOptions.swift (in target 'Sliders' from project 'Sliders')
cd /Users/admin/builder/spi-builder-workspace/.swiftpm/xcode
builtin-SwiftPerFileCompile RangeSliderOptions.swift
SwiftCompile normal arm64 /Users/admin/builder/spi-builder-workspace/Sources/Sliders/RangeSlider/Styles/Vertical/VerticalRangeSliderStyle.swift (in target 'Sliders' from project 'Sliders')
cd /Users/admin/builder/spi-builder-workspace/.swiftpm/xcode
builtin-SwiftPerFileCompile VerticalRangeSliderStyle.swift
SwiftCompile normal arm64 /Users/admin/builder/spi-builder-workspace/Sources/Sliders/RangeTrack/EnvironmentValues+RangeTrackConfiguration.swift (in target 'Sliders' from project 'Sliders')
cd /Users/admin/builder/spi-builder-workspace/.swiftpm/xcode
builtin-SwiftPerFileCompile EnvironmentValues+RangeTrackConfiguration.swift
SwiftCompile normal arm64 /Users/admin/builder/spi-builder-workspace/Sources/Sliders/RangeTrack/EnvironmentValues+TrackRange.swift (in target 'Sliders' from project 'Sliders')
cd /Users/admin/builder/spi-builder-workspace/.swiftpm/xcode
builtin-SwiftPerFileCompile EnvironmentValues+TrackRange.swift
/Users/admin/builder/spi-builder-workspace/Sources/Sliders/RangeSlider/Styles/Vertical/VerticalRangeSliderStyle.swift:46:21: error: 'DragGesture' is unavailable in tvOS
44 | )
45 | .gesture(
46 | DragGesture(minimumDistance: 0)
| `- error: 'DragGesture' is unavailable in tvOS
47 | .onChanged { gestureValue in
48 | configuration.onEditingChanged(true)
SwiftUI.DragGesture:3:42: note: 'DragGesture' has been explicitly marked unavailable here
1 | @available(iOS 13.0, macOS 10.15, watchOS 6.0, *)
2 | @available(tvOS, unavailable)
3 | @MainActor @preconcurrency public struct DragGesture : Gesture, ~Sendable {
| `- note: 'DragGesture' has been explicitly marked unavailable here
4 | public struct Value : Equatable, Sendable {
5 | public var time: Date
/Users/admin/builder/spi-builder-workspace/Sources/Sliders/RangeSlider/Styles/Vertical/VerticalRangeSliderStyle.swift:46:21: error: 'init(minimumDistance:coordinateSpace:)' is unavailable in tvOS
44 | )
45 | .gesture(
46 | DragGesture(minimumDistance: 0)
| `- error: 'init(minimumDistance:coordinateSpace:)' is unavailable in tvOS
47 | .onChanged { gestureValue in
48 | configuration.onEditingChanged(true)
SwiftUI.DragGesture.init:4:37: note: 'init(minimumDistance:coordinateSpace:)' has been explicitly marked unavailable here
2 | @available(iOS 17.0, macOS 14.0, watchOS 10.0, *)
3 | @available(tvOS, unavailable)
4 | @MainActor @preconcurrency public init(minimumDistance: CGFloat = 10, coordinateSpace: some CoordinateSpaceProtocol = .local)}
| `- note: 'init(minimumDistance:coordinateSpace:)' has been explicitly marked unavailable here
5 |
/Users/admin/builder/spi-builder-workspace/Sources/Sliders/RangeSlider/Styles/Vertical/VerticalRangeSliderStyle.swift:99:21: error: 'DragGesture' is unavailable in tvOS
97 | )
98 | .gesture(
99 | DragGesture(minimumDistance: 0)
| `- error: 'DragGesture' is unavailable in tvOS
100 | .onChanged { gestureValue in
101 | configuration.onEditingChanged(true)
SwiftUI.DragGesture:3:42: note: 'DragGesture' has been explicitly marked unavailable here
1 | @available(iOS 13.0, macOS 10.15, watchOS 6.0, *)
2 | @available(tvOS, unavailable)
3 | @MainActor @preconcurrency public struct DragGesture : Gesture, ~Sendable {
| `- note: 'DragGesture' has been explicitly marked unavailable here
4 | public struct Value : Equatable, Sendable {
5 | public var time: Date
SwiftCompile normal arm64 Compiling\ DefaultHorizontalValueView.swift,\ DefaultThumb.swift,\ DefaultVerticalValueView.swift,\ LinearRangeMath.swift,\ LinearValueMath.swift /Users/admin/builder/spi-builder-workspace/Sources/Sliders/Base/DefaultHorizontalValueView.swift /Users/admin/builder/spi-builder-workspace/Sources/Sliders/Base/DefaultThumb.swift /Users/admin/builder/spi-builder-workspace/Sources/Sliders/Base/DefaultVerticalValueView.swift /Users/admin/builder/spi-builder-workspace/Sources/Sliders/Base/LinearRangeMath.swift /Users/admin/builder/spi-builder-workspace/Sources/Sliders/Base/LinearValueMath.swift (in target 'Sliders' from project 'Sliders')
SwiftCompile normal arm64 /Users/admin/builder/spi-builder-workspace/Sources/Sliders/Base/DefaultHorizontalValueView.swift (in target 'Sliders' from project 'Sliders')
cd /Users/admin/builder/spi-builder-workspace/.swiftpm/xcode
builtin-SwiftPerFileCompile DefaultHorizontalValueView.swift
SwiftCompile normal arm64 /Users/admin/builder/spi-builder-workspace/Sources/Sliders/Base/DefaultThumb.swift (in target 'Sliders' from project 'Sliders')
cd /Users/admin/builder/spi-builder-workspace/.swiftpm/xcode
builtin-SwiftPerFileCompile DefaultThumb.swift
SwiftCompile normal arm64 /Users/admin/builder/spi-builder-workspace/Sources/Sliders/Base/DefaultVerticalValueView.swift (in target 'Sliders' from project 'Sliders')
cd /Users/admin/builder/spi-builder-workspace/.swiftpm/xcode
builtin-SwiftPerFileCompile DefaultVerticalValueView.swift
SwiftCompile normal arm64 /Users/admin/builder/spi-builder-workspace/Sources/Sliders/Base/LinearRangeMath.swift (in target 'Sliders' from project 'Sliders')
cd /Users/admin/builder/spi-builder-workspace/.swiftpm/xcode
builtin-SwiftPerFileCompile LinearRangeMath.swift
SwiftCompile normal arm64 /Users/admin/builder/spi-builder-workspace/Sources/Sliders/Base/LinearValueMath.swift (in target 'Sliders' from project 'Sliders')
cd /Users/admin/builder/spi-builder-workspace/.swiftpm/xcode
builtin-SwiftPerFileCompile LinearValueMath.swift
SwiftCompile normal arm64 Compiling\ PointSlider.swift,\ AnyPointSliderStyle.swift,\ EnvironmentValues+PointSliderStyle.swift,\ PointSliderStyle.swift /Users/admin/builder/spi-builder-workspace/Sources/Sliders/PointSlider/PointSlider.swift /Users/admin/builder/spi-builder-workspace/Sources/Sliders/PointSlider/Style/AnyPointSliderStyle.swift /Users/admin/builder/spi-builder-workspace/Sources/Sliders/PointSlider/Style/EnvironmentValues+PointSliderStyle.swift /Users/admin/builder/spi-builder-workspace/Sources/Sliders/PointSlider/Style/PointSliderStyle.swift (in target 'Sliders' from project 'Sliders')
SwiftCompile normal arm64 /Users/admin/builder/spi-builder-workspace/Sources/Sliders/PointSlider/PointSlider.swift (in target 'Sliders' from project 'Sliders')
cd /Users/admin/builder/spi-builder-workspace/.swiftpm/xcode
builtin-SwiftPerFileCompile PointSlider.swift
SwiftCompile normal arm64 /Users/admin/builder/spi-builder-workspace/Sources/Sliders/PointSlider/Style/AnyPointSliderStyle.swift (in target 'Sliders' from project 'Sliders')
cd /Users/admin/builder/spi-builder-workspace/.swiftpm/xcode
builtin-SwiftPerFileCompile AnyPointSliderStyle.swift
SwiftCompile normal arm64 /Users/admin/builder/spi-builder-workspace/Sources/Sliders/PointSlider/Style/EnvironmentValues+PointSliderStyle.swift (in target 'Sliders' from project 'Sliders')
cd /Users/admin/builder/spi-builder-workspace/.swiftpm/xcode
builtin-SwiftPerFileCompile EnvironmentValues+PointSliderStyle.swift
SwiftCompile normal arm64 /Users/admin/builder/spi-builder-workspace/Sources/Sliders/PointSlider/Style/PointSliderStyle.swift (in target 'Sliders' from project 'Sliders')
cd /Users/admin/builder/spi-builder-workspace/.swiftpm/xcode
builtin-SwiftPerFileCompile PointSliderStyle.swift
SwiftCompile normal arm64 Compiling\ ValueSliderOptions.swift,\ VerticalValueSliderStyle.swift,\ ValueSlider.swift,\ EnviromnentValues+ValueTrackConfiguration.swift /Users/admin/builder/spi-builder-workspace/Sources/Sliders/ValueSlider/Styles/ValueSliderOptions.swift /Users/admin/builder/spi-builder-workspace/Sources/Sliders/ValueSlider/Styles/Vertical/VerticalValueSliderStyle.swift /Users/admin/builder/spi-builder-workspace/Sources/Sliders/ValueSlider/ValueSlider.swift /Users/admin/builder/spi-builder-workspace/Sources/Sliders/ValueTrack/EnviromnentValues+ValueTrackConfiguration.swift (in target 'Sliders' from project 'Sliders')
/Users/admin/builder/spi-builder-workspace/Sources/Sliders/ValueSlider/Styles/Vertical/VerticalValueSliderStyle.swift:24:25: error: 'DragGesture' is unavailable in tvOS
22 | if self.options.contains(.interactiveTrack) {
23 | track.gesture(
24 | DragGesture(minimumDistance: 0)
| `- error: 'DragGesture' is unavailable in tvOS
25 | .onChanged { gestureValue in
26 | configuration.onEditingChanged(true)
SwiftUI.DragGesture:3:42: note: 'DragGesture' has been explicitly marked unavailable here
1 | @available(iOS 13.0, macOS 10.15, watchOS 6.0, *)
2 | @available(tvOS, unavailable)
3 | @MainActor @preconcurrency public struct DragGesture : Gesture, ~Sendable {
| `- note: 'DragGesture' has been explicitly marked unavailable here
4 | public struct Value : Equatable, Sendable {
5 | public var time: Date
/Users/admin/builder/spi-builder-workspace/Sources/Sliders/ValueSlider/Styles/Vertical/VerticalValueSliderStyle.swift:24:25: error: 'init(minimumDistance:coordinateSpace:)' is unavailable in tvOS
22 | if self.options.contains(.interactiveTrack) {
23 | track.gesture(
24 | DragGesture(minimumDistance: 0)
| `- error: 'init(minimumDistance:coordinateSpace:)' is unavailable in tvOS
25 | .onChanged { gestureValue in
26 | configuration.onEditingChanged(true)
SwiftUI.DragGesture.init:4:37: note: 'init(minimumDistance:coordinateSpace:)' has been explicitly marked unavailable here
2 | @available(iOS 17.0, macOS 14.0, watchOS 10.0, *)
3 | @available(tvOS, unavailable)
4 | @MainActor @preconcurrency public init(minimumDistance: CGFloat = 10, coordinateSpace: some CoordinateSpaceProtocol = .local)}
| `- note: 'init(minimumDistance:coordinateSpace:)' has been explicitly marked unavailable here
5 |
/Users/admin/builder/spi-builder-workspace/Sources/Sliders/ValueSlider/Styles/Vertical/VerticalValueSliderStyle.swift:61:21: error: 'DragGesture' is unavailable in tvOS
59 | )
60 | .gesture(
61 | DragGesture(minimumDistance: 0)
| `- error: 'DragGesture' is unavailable in tvOS
62 | .onChanged { gestureValue in
63 | configuration.onEditingChanged(true)
SwiftUI.DragGesture:3:42: note: 'DragGesture' has been explicitly marked unavailable here
1 | @available(iOS 13.0, macOS 10.15, watchOS 6.0, *)
2 | @available(tvOS, unavailable)
3 | @MainActor @preconcurrency public struct DragGesture : Gesture, ~Sendable {
| `- note: 'DragGesture' has been explicitly marked unavailable here
4 | public struct Value : Equatable, Sendable {
5 | public var time: Date
SwiftCompile normal arm64 /Users/admin/builder/spi-builder-workspace/Sources/Sliders/ValueSlider/Styles/ValueSliderOptions.swift (in target 'Sliders' from project 'Sliders')
cd /Users/admin/builder/spi-builder-workspace/.swiftpm/xcode
builtin-SwiftPerFileCompile ValueSliderOptions.swift
SwiftCompile normal arm64 /Users/admin/builder/spi-builder-workspace/Sources/Sliders/ValueSlider/Styles/Vertical/VerticalValueSliderStyle.swift (in target 'Sliders' from project 'Sliders')
cd /Users/admin/builder/spi-builder-workspace/.swiftpm/xcode
builtin-SwiftPerFileCompile VerticalValueSliderStyle.swift
SwiftCompile normal arm64 /Users/admin/builder/spi-builder-workspace/Sources/Sliders/ValueSlider/ValueSlider.swift (in target 'Sliders' from project 'Sliders')
cd /Users/admin/builder/spi-builder-workspace/.swiftpm/xcode
builtin-SwiftPerFileCompile ValueSlider.swift
SwiftCompile normal arm64 /Users/admin/builder/spi-builder-workspace/Sources/Sliders/ValueTrack/EnviromnentValues+ValueTrackConfiguration.swift (in target 'Sliders' from project 'Sliders')
cd /Users/admin/builder/spi-builder-workspace/.swiftpm/xcode
builtin-SwiftPerFileCompile EnviromnentValues+ValueTrackConfiguration.swift
SwiftCompile normal arm64 Compiling\ HorizontalRangeTrack.swift,\ RangeTrackConfiguration.swift,\ VerticalRangeTrack.swift,\ AnyValueSliderStyle.swift /Users/admin/builder/spi-builder-workspace/Sources/Sliders/RangeTrack/Horizontal/HorizontalRangeTrack.swift /Users/admin/builder/spi-builder-workspace/Sources/Sliders/RangeTrack/RangeTrackConfiguration.swift /Users/admin/builder/spi-builder-workspace/Sources/Sliders/RangeTrack/Vertical/VerticalRangeTrack.swift /Users/admin/builder/spi-builder-workspace/Sources/Sliders/ValueSlider/Style/AnyValueSliderStyle.swift (in target 'Sliders' from project 'Sliders')
SwiftCompile normal arm64 /Users/admin/builder/spi-builder-workspace/Sources/Sliders/RangeTrack/Horizontal/HorizontalRangeTrack.swift (in target 'Sliders' from project 'Sliders')
cd /Users/admin/builder/spi-builder-workspace/.swiftpm/xcode
builtin-SwiftPerFileCompile HorizontalRangeTrack.swift
SwiftCompile normal arm64 /Users/admin/builder/spi-builder-workspace/Sources/Sliders/RangeTrack/RangeTrackConfiguration.swift (in target 'Sliders' from project 'Sliders')
cd /Users/admin/builder/spi-builder-workspace/.swiftpm/xcode
builtin-SwiftPerFileCompile RangeTrackConfiguration.swift
SwiftCompile normal arm64 /Users/admin/builder/spi-builder-workspace/Sources/Sliders/RangeTrack/Vertical/VerticalRangeTrack.swift (in target 'Sliders' from project 'Sliders')
cd /Users/admin/builder/spi-builder-workspace/.swiftpm/xcode
builtin-SwiftPerFileCompile VerticalRangeTrack.swift
SwiftCompile normal arm64 /Users/admin/builder/spi-builder-workspace/Sources/Sliders/ValueSlider/Style/AnyValueSliderStyle.swift (in target 'Sliders' from project 'Sliders')
cd /Users/admin/builder/spi-builder-workspace/.swiftpm/xcode
builtin-SwiftPerFileCompile AnyValueSliderStyle.swift
SwiftCompile normal arm64 Compiling\ EnvironmentValues+RangeSliderStyle.swift,\ RangeSliderStyle.swift,\ RangeSliderStyleConfiguration.swift,\ HorizontalRangeSliderStyle.swift /Users/admin/builder/spi-builder-workspace/Sources/Sliders/RangeSlider/Style/EnvironmentValues+RangeSliderStyle.swift /Users/admin/builder/spi-builder-workspace/Sources/Sliders/RangeSlider/Style/RangeSliderStyle.swift /Users/admin/builder/spi-builder-workspace/Sources/Sliders/RangeSlider/Style/RangeSliderStyleConfiguration.swift /Users/admin/builder/spi-builder-workspace/Sources/Sliders/RangeSlider/Styles/Horizontal/HorizontalRangeSliderStyle.swift (in target 'Sliders' from project 'Sliders')
/Users/admin/builder/spi-builder-workspace/Sources/Sliders/RangeSlider/Styles/Horizontal/HorizontalRangeSliderStyle.swift:47:21: error: 'DragGesture' is unavailable in tvOS
45 | )
46 | .gesture(
47 | DragGesture(minimumDistance: 0)
| `- error: 'DragGesture' is unavailable in tvOS
48 | .onChanged { gestureValue in
49 | configuration.onEditingChanged(true)
SwiftUI.DragGesture:3:42: note: 'DragGesture' has been explicitly marked unavailable here
1 | @available(iOS 13.0, macOS 10.15, watchOS 6.0, *)
2 | @available(tvOS, unavailable)
3 | @MainActor @preconcurrency public struct DragGesture : Gesture, ~Sendable {
| `- note: 'DragGesture' has been explicitly marked unavailable here
4 | public struct Value : Equatable, Sendable {
5 | public var time: Date
/Users/admin/builder/spi-builder-workspace/Sources/Sliders/RangeSlider/Styles/Horizontal/HorizontalRangeSliderStyle.swift:47:21: error: 'init(minimumDistance:coordinateSpace:)' is unavailable in tvOS
45 | )
46 | .gesture(
47 | DragGesture(minimumDistance: 0)
| `- error: 'init(minimumDistance:coordinateSpace:)' is unavailable in tvOS
48 | .onChanged { gestureValue in
49 | configuration.onEditingChanged(true)
SwiftUI.DragGesture.init:4:37: note: 'init(minimumDistance:coordinateSpace:)' has been explicitly marked unavailable here
2 | @available(iOS 17.0, macOS 14.0, watchOS 10.0, *)
3 | @available(tvOS, unavailable)
4 | @MainActor @preconcurrency public init(minimumDistance: CGFloat = 10, coordinateSpace: some CoordinateSpaceProtocol = .local)}
| `- note: 'init(minimumDistance:coordinateSpace:)' has been explicitly marked unavailable here
5 |
/Users/admin/builder/spi-builder-workspace/Sources/Sliders/RangeSlider/Styles/Horizontal/HorizontalRangeSliderStyle.swift:101:21: error: 'DragGesture' is unavailable in tvOS
99 | )
100 | .gesture(
101 | DragGesture(minimumDistance: 0)
| `- error: 'DragGesture' is unavailable in tvOS
102 | .onChanged { gestureValue in
103 | configuration.onEditingChanged(true)
SwiftUI.DragGesture:3:42: note: 'DragGesture' has been explicitly marked unavailable here
1 | @available(iOS 13.0, macOS 10.15, watchOS 6.0, *)
2 | @available(tvOS, unavailable)
3 | @MainActor @preconcurrency public struct DragGesture : Gesture, ~Sendable {
| `- note: 'DragGesture' has been explicitly marked unavailable here
4 | public struct Value : Equatable, Sendable {
5 | public var time: Date
SwiftCompile normal arm64 /Users/admin/builder/spi-builder-workspace/Sources/Sliders/RangeSlider/Style/EnvironmentValues+RangeSliderStyle.swift (in target 'Sliders' from project 'Sliders')
cd /Users/admin/builder/spi-builder-workspace/.swiftpm/xcode
builtin-SwiftPerFileCompile EnvironmentValues+RangeSliderStyle.swift
SwiftCompile normal arm64 /Users/admin/builder/spi-builder-workspace/Sources/Sliders/RangeSlider/Style/RangeSliderStyle.swift (in target 'Sliders' from project 'Sliders')
cd /Users/admin/builder/spi-builder-workspace/.swiftpm/xcode
builtin-SwiftPerFileCompile RangeSliderStyle.swift
SwiftCompile normal arm64 /Users/admin/builder/spi-builder-workspace/Sources/Sliders/RangeSlider/Style/RangeSliderStyleConfiguration.swift (in target 'Sliders' from project 'Sliders')
cd /Users/admin/builder/spi-builder-workspace/.swiftpm/xcode
builtin-SwiftPerFileCompile RangeSliderStyleConfiguration.swift
SwiftCompile normal arm64 /Users/admin/builder/spi-builder-workspace/Sources/Sliders/RangeSlider/Styles/Horizontal/HorizontalRangeSliderStyle.swift (in target 'Sliders' from project 'Sliders')
cd /Users/admin/builder/spi-builder-workspace/.swiftpm/xcode
builtin-SwiftPerFileCompile HorizontalRangeSliderStyle.swift
SwiftCompile normal arm64 Compiling\ EnvironmentValues+ValueSliderStyle.swift,\ ValueSliderStyle.swift,\ ValueSliderStyleConfiguration.swift,\ HorizontalValueSliderStyle.swift /Users/admin/builder/spi-builder-workspace/Sources/Sliders/ValueSlider/Style/EnvironmentValues+ValueSliderStyle.swift /Users/admin/builder/spi-builder-workspace/Sources/Sliders/ValueSlider/Style/ValueSliderStyle.swift /Users/admin/builder/spi-builder-workspace/Sources/Sliders/ValueSlider/Style/ValueSliderStyleConfiguration.swift /Users/admin/builder/spi-builder-workspace/Sources/Sliders/ValueSlider/Styles/Horizontal/HorizontalValueSliderStyle.swift (in target 'Sliders' from project 'Sliders')
/Users/admin/builder/spi-builder-workspace/Sources/Sliders/ValueSlider/Styles/Horizontal/HorizontalValueSliderStyle.swift:24:25: error: 'DragGesture' is unavailable in tvOS
22 | if self.options.contains(.interactiveTrack) {
23 | track.gesture(
24 | DragGesture(minimumDistance: 0)
| `- error: 'DragGesture' is unavailable in tvOS
25 | .onChanged { gestureValue in
26 | configuration.onEditingChanged(true)
SwiftUI.DragGesture:3:42: note: 'DragGesture' has been explicitly marked unavailable here
1 | @available(iOS 13.0, macOS 10.15, watchOS 6.0, *)
2 | @available(tvOS, unavailable)
3 | @MainActor @preconcurrency public struct DragGesture : Gesture, ~Sendable {
| `- note: 'DragGesture' has been explicitly marked unavailable here
4 | public struct Value : Equatable, Sendable {
5 | public var time: Date
/Users/admin/builder/spi-builder-workspace/Sources/Sliders/ValueSlider/Styles/Horizontal/HorizontalValueSliderStyle.swift:24:25: error: 'init(minimumDistance:coordinateSpace:)' is unavailable in tvOS
22 | if self.options.contains(.interactiveTrack) {
23 | track.gesture(
24 | DragGesture(minimumDistance: 0)
| `- error: 'init(minimumDistance:coordinateSpace:)' is unavailable in tvOS
25 | .onChanged { gestureValue in
26 | configuration.onEditingChanged(true)
SwiftUI.DragGesture.init:4:37: note: 'init(minimumDistance:coordinateSpace:)' has been explicitly marked unavailable here
2 | @available(iOS 17.0, macOS 14.0, watchOS 10.0, *)
3 | @available(tvOS, unavailable)
4 | @MainActor @preconcurrency public init(minimumDistance: CGFloat = 10, coordinateSpace: some CoordinateSpaceProtocol = .local)}
| `- note: 'init(minimumDistance:coordinateSpace:)' has been explicitly marked unavailable here
5 |
/Users/admin/builder/spi-builder-workspace/Sources/Sliders/ValueSlider/Styles/Horizontal/HorizontalValueSliderStyle.swift:61:21: error: 'DragGesture' is unavailable in tvOS
59 | )
60 | .gesture(
61 | DragGesture(minimumDistance: 0)
| `- error: 'DragGesture' is unavailable in tvOS
62 | .onChanged { gestureValue in
63 | configuration.onEditingChanged(true)
SwiftUI.DragGesture:3:42: note: 'DragGesture' has been explicitly marked unavailable here
1 | @available(iOS 13.0, macOS 10.15, watchOS 6.0, *)
2 | @available(tvOS, unavailable)
3 | @MainActor @preconcurrency public struct DragGesture : Gesture, ~Sendable {
| `- note: 'DragGesture' has been explicitly marked unavailable here
4 | public struct Value : Equatable, Sendable {
5 | public var time: Date
/Users/admin/builder/spi-builder-workspace/Sources/Sliders/ValueSlider/Styles/Horizontal/HorizontalValueSliderStyle.swift:61:21: error: 'init(minimumDistance:coordinateSpace:)' is unavailable in tvOS
59 | )
60 | .gesture(
61 | DragGesture(minimumDistance: 0)
| `- error: 'init(minimumDistance:coordinateSpace:)' is unavailable in tvOS
62 | .onChanged { gestureValue in
63 | configuration.onEditingChanged(true)
SwiftUI.DragGesture.init:4:37: note: 'init(minimumDistance:coordinateSpace:)' has been explicitly marked unavailable here
2 | @available(iOS 17.0, macOS 14.0, watchOS 10.0, *)
3 | @available(tvOS, unavailable)
4 | @MainActor @preconcurrency public init(minimumDistance: CGFloat = 10, coordinateSpace: some CoordinateSpaceProtocol = .local)}
| `- note: 'init(minimumDistance:coordinateSpace:)' has been explicitly marked unavailable here
5 |
Failed frontend command:
/Applications/Xcode-27.0.0-Release.Candidate.app/Contents/Developer/Toolchains/XcodeDefault.xctoolchain/usr/bin/swift-frontend -frontend -c /Users/admin/builder/spi-builder-workspace/Sources/Sliders/Base/DefaultHorizontalValueView.swift /Users/admin/builder/spi-builder-workspace/Sources/Sliders/Base/DefaultThumb.swift /Users/admin/builder/spi-builder-workspace/Sources/Sliders/Base/DefaultVerticalValueView.swift /Users/admin/builder/spi-builder-workspace/Sources/Sliders/Base/LinearRangeMath.swift /Users/admin/builder/spi-builder-workspace/Sources/Sliders/Base/LinearValueMath.swift /Users/admin/builder/spi-builder-workspace/Sources/Sliders/PointSlider/PointSlider.swift /Users/admin/builder/spi-builder-workspace/Sources/Sliders/PointSlider/Style/AnyPointSliderStyle.swift /Users/admin/builder/spi-builder-workspace/Sources/Sliders/PointSlider/Style/EnvironmentValues+PointSliderStyle.swift /Users/admin/builder/spi-builder-workspace/Sources/Sliders/PointSlider/Style/PointSliderStyle.swift /Users/admin/builder/spi-builder-workspace/Sources/Sliders/PointSlider/Style/PointSliderStyleConfiguration.swift /Users/admin/builder/spi-builder-workspace/Sources/Sliders/PointSlider/Styles/PointSliderOptions.swift /Users/admin/builder/spi-builder-workspace/Sources/Sliders/PointSlider/Styles/Rectangular/RectangularPointSliderStyle.swift /Users/admin/builder/spi-builder-workspace/Sources/Sliders/PointTrack/EnvironmentValues+PointTrackConfiguration.swift /Users/admin/builder/spi-builder-workspace/Sources/Sliders/PointTrack/EnvironmentValues+TrackPoint.swift /Users/admin/builder/spi-builder-workspace/Sources/Sliders/PointTrack/PointTrackConfiguration.swift /Users/admin/builder/spi-builder-workspace/Sources/Sliders/RangeSlider/RangeSlider.swift /Users/admin/builder/spi-builder-workspace/Sources/Sliders/RangeSlider/Style/AnyRangeSliderStyle.swift /Users/admin/builder/spi-builder-workspace/Sources/Sliders/RangeSlider/Style/EnvironmentValues+RangeSliderStyle.swift /Users/admin/builder/spi-builder-workspace/Sources/Sliders/RangeSlider/Style/RangeSliderStyle.swift /Users/admin/builder/spi-builder-workspace/Sources/Sliders/RangeSlider/Style/RangeSliderStyleConfiguration.swift /Users/admin/builder/spi-builder-workspace/Sources/Sliders/RangeSlider/Styles/Horizontal/HorizontalRangeSliderStyle.swift /Users/admin/builder/spi-builder-workspace/Sources/Sliders/RangeSlider/Styles/RangeSliderOptions.swift /Users/admin/builder/spi-builder-workspace/Sources/Sliders/RangeSlider/Styles/Vertical/VerticalRangeSliderStyle.swift /Users/admin/builder/spi-builder-workspace/Sources/Sliders/RangeTrack/EnvironmentValues+RangeTrackConfiguration.swift /Users/admin/builder/spi-builder-workspace/Sources/Sliders/RangeTrack/EnvironmentValues+TrackRange.swift /Users/admin/builder/spi-builder-workspace/Sources/Sliders/RangeTrack/Horizontal/HorizontalRangeTrack.swift /Users/admin/builder/spi-builder-workspace/Sources/Sliders/RangeTrack/RangeTrackConfiguration.swift /Users/admin/builder/spi-builder-workspace/Sources/Sliders/RangeTrack/Vertical/VerticalRangeTrack.swift /Users/admin/builder/spi-builder-workspace/Sources/Sliders/ValueSlider/Style/AnyValueSliderStyle.swift -primary-file /Users/admin/builder/spi-builder-workspace/Sources/Sliders/ValueSlider/Style/EnvironmentValues+ValueSliderStyle.swift -primary-file /Users/admin/builder/spi-builder-workspace/Sources/Sliders/ValueSlider/Style/ValueSliderStyle.swift -primary-file /Users/admin/builder/spi-builder-workspace/Sources/Sliders/ValueSlider/Style/ValueSliderStyleConfiguration.swift -primary-file /Users/admin/builder/spi-builder-workspace/Sources/Sliders/ValueSlider/Styles/Horizontal/HorizontalValueSliderStyle.swift /Users/admin/builder/spi-builder-workspace/Sources/Sliders/ValueSlider/Styles/ValueSliderOptions.swift /Users/admin/builder/spi-builder-workspace/Sources/Sliders/ValueSlider/Styles/Vertical/VerticalValueSliderStyle.swift /Users/admin/builder/spi-builder-workspace/Sources/Sliders/ValueSlider/ValueSlider.swift /Users/admin/builder/spi-builder-workspace/Sources/Sliders/ValueTrack/EnviromnentValues+ValueTrackConfiguration.swift /Users/admin/builder/spi-builder-workspace/Sources/Sliders/ValueTrack/EnvironmentValues+TrackValue.swift /Users/admin/builder/spi-builder-workspace/Sources/Sliders/ValueTrack/Horizontal/HorizontalValueTrack.swift /Users/admin/builder/spi-builder-workspace/Sources/Sliders/ValueTrack/ValueTrackConfiguration.swift /Users/admin/builder/spi-builder-workspace/Sources/Sliders/ValueTrack/Vertical/VerticalValueTrack.swift -supplementary-output-file-map /Users/admin/builder/spi-builder-workspace/.derivedData/Build/Intermediates.noindex/Sliders.build/Debug-appletvos/Sliders-t.build/Objects-normal/arm64/supplementaryOutputs-8 -target arm64-apple-tvos15.0 -disable-cross-import-overlay-search -load-resolved-plugin /Applications/Xcode-27.0.0-Release.Candidate.app/Contents/Developer/Platforms/AppleTVOS.platform/Developer/usr/lib/swift/host/plugins/libFoundationMacros.dylib\#/Applications/Xcode-27.0.0-Release.Candidate.app/Contents/Developer/Platforms/AppleTVOS.platform/Developer/usr/bin/swift-plugin-server\#FoundationMacros -load-resolved-plugin /Applications/Xcode-27.0.0-Release.Candidate.app/Contents/Developer/Platforms/AppleTVOS.platform/Developer/usr/lib/swift/host/plugins/libObservationMacros.dylib\#/Applications/Xcode-27.0.0-Release.Candidate.app/Contents/Developer/Platforms/AppleTVOS.platform/Developer/usr/bin/swift-plugin-server\#ObservationMacros -load-resolved-plugin /Applications/Xcode-27.0.0-Release.Candidate.app/Contents/Developer/Platforms/AppleTVOS.platform/Developer/usr/lib/swift/host/plugins/libPreviewsMacros.dylib\#/Applications/Xcode-27.0.0-Release.Candidate.app/Contents/Developer/Platforms/AppleTVOS.platform/Developer/usr/bin/swift-plugin-server\#PreviewsMacros -load-resolved-plugin /Applications/Xcode-27.0.0-Release.Candidate.app/Contents/Developer/Platforms/AppleTVOS.platform/Developer/usr/lib/swift/host/plugins/libSwiftMacros.dylib\#/Applications/Xcode-27.0.0-Release.Candidate.app/Contents/Developer/Platforms/AppleTVOS.platform/Developer/usr/bin/swift-plugin-server\#SwiftMacros -load-resolved-plugin /Applications/Xcode-27.0.0-Release.Candidate.app/Contents/Developer/Platforms/AppleTVOS.platform/Developer/usr/lib/swift/host/plugins/libSwiftUIMacros.dylib\#/Applications/Xcode-27.0.0-Release.Candidate.app/Contents/Developer/Platforms/AppleTVOS.platform/Developer/usr/bin/swift-plugin-server\#SwiftUIMacros -disable-implicit-swift-modules -Xcc -fno-implicit-modules -Xcc -fno-implicit-module-maps -explicit-swift-module-map-file /Users/admin/builder/spi-builder-workspace/.derivedData/Build/Intermediates.noindex/Sliders.build/Debug-appletvos/Sliders-t.build/Objects-normal/arm64/Sliders-dependencies-1.json -Xllvm -aarch64-use-tbi -enable-objc-interop -stack-check -sdk /Applications/Xcode-27.0.0-Release.Candidate.app/Contents/Developer/Platforms/AppleTVOS.platform/Developer/SDKs/AppleTVOS27.0.sdk -I /Users/admin/builder/spi-builder-workspace/.derivedData/Build/Products/Debug-appletvos -Isystem /Applications/Xcode-27.0.0-Release.Candidate.app/Contents/Developer/Platforms/AppleTVOS.platform/Developer/usr/lib -F /Users/admin/builder/spi-builder-workspace/.derivedData/Build/Products/Debug-appletvos -F /Applications/Xcode-27.0.0-Release.Candidate.app/Contents/Developer/Platforms/AppleTVOS.platform/Developer/Library/Frameworks -F /Applications/Xcode-27.0.0-Release.Candidate.app/Contents/Developer/Platforms/AppleTVOS.platform/Developer/SDKs/AppleTVOS27.0.sdk/Developer/Library/Frameworks -module-cache-path /Users/admin/builder/spi-builder-workspace/.derivedData/Build/Intermediates.noindex/SwiftExplicitPrecompiledModules -no-color-diagnostics -Xcc -fno-color-diagnostics -enable-testing -g -debug-info-format\=dwarf -dwarf-version\=4 -profile-generate -profile-coverage-mapping -swift-version 5 -Onone -D SWIFT_PACKAGE -D DEBUG -D SWIFT_MODULE_RESOURCE_BUNDLE_UNAVAILABLE -D Xcode -serialize-debugging-options -enable-experimental-feature DebugDescriptionMacro -empty-abi-descriptor -validate-clang-modules-once -clang-build-session-file /Users/admin/builder/spi-builder-workspace/.derivedData/ModuleCache.noindex/Session.modulevalidation -Xcc -working-directory -Xcc /Users/admin/builder/spi-builder-workspace/.swiftpm/xcode -enable-anonymous-context-mangled-names -file-compilation-dir /Users/admin/builder/spi-builder-workspace/.swiftpm/xcode -Xcc -D_LIBCPP_HARDENING_MODE\=_LIBCPP_HARDENING_MODE_DEBUG -Xcc -ivfsstatcache -Xcc /Users/admin/builder/spi-builder-workspace/.derivedData/SDKStatCaches.noindex/appletvos27.0-24J360-e829b21a6f8c9b70876ba0858053c044b32bfd8d43560033f8d89884cdb90028.sdkstatcache -Xcc -fmodules-prune-interval\=86400 -Xcc -fmodules-prune-after\=345600 -Xcc -I/Users/admin/builder/spi-builder-workspace/.derivedData/Build/Products/Debug-appletvos/include -Xcc -I/Users/admin/builder/spi-builder-workspace/.derivedData/Build/Intermediates.noindex/Sliders.build/Debug-appletvos/Sliders-t.build/DerivedSources-normal/arm64 -Xcc -I/Users/admin/builder/spi-builder-workspace/.derivedData/Build/Intermediates.noindex/Sliders.build/Debug-appletvos/Sliders-t.build/DerivedSources/arm64 -Xcc -I/Users/admin/builder/spi-builder-workspace/.derivedData/Build/Intermediates.noindex/Sliders.build/Debug-appletvos/Sliders-t.build/DerivedSources -Xcc -DSWIFT_PACKAGE -Xcc -DDEBUG\=1 -no-auto-bridging-header-chaining -module-name Sliders -const-gather-protocols-file /Users/admin/builder/spi-builder-workspace/.derivedData/Build/Intermediates.noindex/Sliders.build/Debug-appletvos/Sliders-t.build/Objects-normal/arm64/Sliders_const_extract_protocols.json -disable-clang-spi -clang-target arm64-apple-tvos27.0 -target-sdk-version 27.0 -target-sdk-name appletvos27.0 -in-process-plugin-server-path /Applications/Xcode-27.0.0-Release.Candidate.app/Contents/Developer/Toolchains/XcodeDefault.xctoolchain/usr/lib/swift/host/libSwiftInProcPluginServer.dylib -parse-as-library -o /Users/admin/builder/spi-builder-workspace/.derivedData/Build/Intermediates.noindex/Sliders.build/Debug-appletvos/Sliders-t.build/Objects-normal/arm64/EnvironmentValues+ValueSliderStyle.o -o /Users/admin/builder/spi-builder-workspace/.derivedData/Build/Intermediates.noindex/Sliders.build/Debug-appletvos/Sliders-t.build/Objects-normal/arm64/ValueSliderStyle.o -o /Users/admin/builder/spi-builder-workspace/.derivedData/Build/Intermediates.noindex/Sliders.build/Debug-appletvos/Sliders-t.build/Objects-normal/arm64/ValueSliderStyleConfiguration.o -o /Users/admin/builder/spi-builder-workspace/.derivedData/Build/Intermediates.noindex/Sliders.build/Debug-appletvos/Sliders-t.build/Objects-normal/arm64/HorizontalValueSliderStyle.o -debug-module-path /Users/admin/builder/spi-builder-workspace/.derivedData/Build/Intermediates.noindex/Sliders.build/Debug-appletvos/Sliders-t.build/Objects-normal/arm64/Sliders.swiftmodule -index-unit-output-path /Sliders.build/Debug-appletvos/Sliders-t.build/Objects-normal/arm64/EnvironmentValues+ValueSliderStyle.o -index-unit-output-path /Sliders.build/Debug-appletvos/Sliders-t.build/Objects-normal/arm64/ValueSliderStyle.o -index-unit-output-path /Sliders.build/Debug-appletvos/Sliders-t.build/Objects-normal/arm64/ValueSliderStyleConfiguration.o -index-unit-output-path /Sliders.build/Debug-appletvos/Sliders-t.build/Objects-normal/arm64/HorizontalValueSliderStyle.o -index-store-path /Users/admin/builder/spi-builder-workspace/.derivedData/Index.noindex/DataStore -index-system-modules
SwiftCompile normal arm64 /Users/admin/builder/spi-builder-workspace/Sources/Sliders/ValueSlider/Style/EnvironmentValues+ValueSliderStyle.swift (in target 'Sliders' from project 'Sliders')
cd /Users/admin/builder/spi-builder-workspace/.swiftpm/xcode
builtin-SwiftPerFileCompile EnvironmentValues+ValueSliderStyle.swift
SwiftCompile normal arm64 /Users/admin/builder/spi-builder-workspace/Sources/Sliders/ValueSlider/Style/ValueSliderStyle.swift (in target 'Sliders' from project 'Sliders')
cd /Users/admin/builder/spi-builder-workspace/.swiftpm/xcode
builtin-SwiftPerFileCompile ValueSliderStyle.swift
SwiftCompile normal arm64 /Users/admin/builder/spi-builder-workspace/Sources/Sliders/ValueSlider/Style/ValueSliderStyleConfiguration.swift (in target 'Sliders' from project 'Sliders')
cd /Users/admin/builder/spi-builder-workspace/.swiftpm/xcode
builtin-SwiftPerFileCompile ValueSliderStyleConfiguration.swift
SwiftCompile normal arm64 /Users/admin/builder/spi-builder-workspace/Sources/Sliders/ValueSlider/Styles/Horizontal/HorizontalValueSliderStyle.swift (in target 'Sliders' from project 'Sliders')
cd /Users/admin/builder/spi-builder-workspace/.swiftpm/xcode
builtin-SwiftPerFileCompile HorizontalValueSliderStyle.swift
SwiftCompile normal arm64 Compiling\ EnvironmentValues+TrackValue.swift,\ HorizontalValueTrack.swift,\ ValueTrackConfiguration.swift,\ VerticalValueTrack.swift /Users/admin/builder/spi-builder-workspace/Sources/Sliders/ValueTrack/EnvironmentValues+TrackValue.swift /Users/admin/builder/spi-builder-workspace/Sources/Sliders/ValueTrack/Horizontal/HorizontalValueTrack.swift /Users/admin/builder/spi-builder-workspace/Sources/Sliders/ValueTrack/ValueTrackConfiguration.swift /Users/admin/builder/spi-builder-workspace/Sources/Sliders/ValueTrack/Vertical/VerticalValueTrack.swift (in target 'Sliders' from project 'Sliders')
SwiftCompile normal arm64 /Users/admin/builder/spi-builder-workspace/Sources/Sliders/ValueTrack/EnvironmentValues+TrackValue.swift (in target 'Sliders' from project 'Sliders')
cd /Users/admin/builder/spi-builder-workspace/.swiftpm/xcode
builtin-SwiftPerFileCompile EnvironmentValues+TrackValue.swift
SwiftCompile normal arm64 /Users/admin/builder/spi-builder-workspace/Sources/Sliders/ValueTrack/Horizontal/HorizontalValueTrack.swift (in target 'Sliders' from project 'Sliders')
cd /Users/admin/builder/spi-builder-workspace/.swiftpm/xcode
builtin-SwiftPerFileCompile HorizontalValueTrack.swift
SwiftCompile normal arm64 /Users/admin/builder/spi-builder-workspace/Sources/Sliders/ValueTrack/ValueTrackConfiguration.swift (in target 'Sliders' from project 'Sliders')
cd /Users/admin/builder/spi-builder-workspace/.swiftpm/xcode
builtin-SwiftPerFileCompile ValueTrackConfiguration.swift
SwiftCompile normal arm64 /Users/admin/builder/spi-builder-workspace/Sources/Sliders/ValueTrack/Vertical/VerticalValueTrack.swift (in target 'Sliders' from project 'Sliders')
cd /Users/admin/builder/spi-builder-workspace/.swiftpm/xcode
builtin-SwiftPerFileCompile VerticalValueTrack.swift
SwiftCompile normal arm64 Compiling\ EnvironmentValues+TrackPoint.swift,\ PointTrackConfiguration.swift,\ RangeSlider.swift,\ AnyRangeSliderStyle.swift /Users/admin/builder/spi-builder-workspace/Sources/Sliders/PointTrack/EnvironmentValues+TrackPoint.swift /Users/admin/builder/spi-builder-workspace/Sources/Sliders/PointTrack/PointTrackConfiguration.swift /Users/admin/builder/spi-builder-workspace/Sources/Sliders/RangeSlider/RangeSlider.swift /Users/admin/builder/spi-builder-workspace/Sources/Sliders/RangeSlider/Style/AnyRangeSliderStyle.swift (in target 'Sliders' from project 'Sliders')
SwiftCompile normal arm64 /Users/admin/builder/spi-builder-workspace/Sources/Sliders/PointTrack/EnvironmentValues+TrackPoint.swift (in target 'Sliders' from project 'Sliders')
cd /Users/admin/builder/spi-builder-workspace/.swiftpm/xcode
builtin-SwiftPerFileCompile EnvironmentValues+TrackPoint.swift
SwiftCompile normal arm64 /Users/admin/builder/spi-builder-workspace/Sources/Sliders/PointTrack/PointTrackConfiguration.swift (in target 'Sliders' from project 'Sliders')
cd /Users/admin/builder/spi-builder-workspace/.swiftpm/xcode
builtin-SwiftPerFileCompile PointTrackConfiguration.swift
SwiftCompile normal arm64 /Users/admin/builder/spi-builder-workspace/Sources/Sliders/RangeSlider/RangeSlider.swift (in target 'Sliders' from project 'Sliders')
cd /Users/admin/builder/spi-builder-workspace/.swiftpm/xcode
builtin-SwiftPerFileCompile RangeSlider.swift
SwiftCompile normal arm64 /Users/admin/builder/spi-builder-workspace/Sources/Sliders/RangeSlider/Style/AnyRangeSliderStyle.swift (in target 'Sliders' from project 'Sliders')
cd /Users/admin/builder/spi-builder-workspace/.swiftpm/xcode
builtin-SwiftPerFileCompile AnyRangeSliderStyle.swift
SwiftEmitModule normal arm64 Emitting\ module\ for\ Sliders (in target 'Sliders' from project 'Sliders')
SwiftCompile normal arm64 (in target 'Sliders' from project 'Sliders')
cd /Users/admin/builder/spi-builder-workspace/.swiftpm/xcode
PruneExplicitPrecompiledModules /Users/admin/builder/spi-builder-workspace/.derivedData/Build/Intermediates.noindex/SwiftExplicitPrecompiledModules
PruneExplicitPrecompiledModules /Users/admin/builder/spi-builder-workspace/.derivedData/Build/Intermediates.noindex/ExplicitPrecompiledModules
PruneExplicitPrecompiledModules /Users/admin/builder/spi-builder-workspace/.derivedData/SDKExplicitPrecompiledModules
2026-09-21 10:53:30.217 xcodebuild[749:4704] [MT] IDERunDestination: Supported platforms for the buildables in the current scheme is empty.
** BUILD FAILED **
The following build commands failed:
SwiftCompile normal arm64 /Users/admin/builder/spi-builder-workspace/Sources/Sliders/PointSlider/Styles/Rectangular/RectangularPointSliderStyle.swift (in target 'Sliders' from project 'Sliders')
SwiftCompile normal arm64 Compiling\ PointSliderStyleConfiguration.swift,\ PointSliderOptions.swift,\ RectangularPointSliderStyle.swift,\ EnvironmentValues+PointTrackConfiguration.swift /Users/admin/builder/spi-builder-workspace/Sources/Sliders/PointSlider/Style/PointSliderStyleConfiguration.swift /Users/admin/builder/spi-builder-workspace/Sources/Sliders/PointSlider/Styles/PointSliderOptions.swift /Users/admin/builder/spi-builder-workspace/Sources/Sliders/PointSlider/Styles/Rectangular/RectangularPointSliderStyle.swift /Users/admin/builder/spi-builder-workspace/Sources/Sliders/PointTrack/EnvironmentValues+PointTrackConfiguration.swift (in target 'Sliders' from project 'Sliders')
SwiftCompile normal arm64 Compiling\ EnvironmentValues+ValueSliderStyle.swift,\ ValueSliderStyle.swift,\ ValueSliderStyleConfiguration.swift,\ HorizontalValueSliderStyle.swift /Users/admin/builder/spi-builder-workspace/Sources/Sliders/ValueSlider/Style/EnvironmentValues+ValueSliderStyle.swift /Users/admin/builder/spi-builder-workspace/Sources/Sliders/ValueSlider/Style/ValueSliderStyle.swift /Users/admin/builder/spi-builder-workspace/Sources/Sliders/ValueSlider/Style/ValueSliderStyleConfiguration.swift /Users/admin/builder/spi-builder-workspace/Sources/Sliders/ValueSlider/Styles/Horizontal/HorizontalValueSliderStyle.swift (in target 'Sliders' from project 'Sliders')
SwiftCompile normal arm64 /Users/admin/builder/spi-builder-workspace/Sources/Sliders/ValueSlider/Styles/Horizontal/HorizontalValueSliderStyle.swift (in target 'Sliders' from project 'Sliders')
Building workspace Sliders with scheme Sliders
(5 failures)
BUILD FAILURE 6.4 tvOS