The Swift Package Index logo.Swift Package Index

Build Information

Failed to build Semalot, reference 1.1.0 (2b2c02), with Swift 6.2 for macOS (Xcode) using Xcode 26.3 on 27 Sep 2026 01:00:02 UTC.

Build Command

No build command. This typically means the build failed at an early stage where we determine the build command.

Build Log

========================================
RunAll
========================================
Builder version: 5.1.0
Interrupt handler set up.
========================================
Checkout
========================================
Clone URL: https://github.com/ptsochantaris/semalot.git
Reference: 1.1.0
Initialized empty Git repository in /Users/admin/builder/spi-builder-workspace/.git/
From https://github.com/ptsochantaris/semalot
 * tag               1.1.0      -> FETCH_HEAD
HEAD is now at 2b2c024 Small optimisations and a bugfix
Cloned https://github.com/ptsochantaris/semalot.git
Revision (git rev-parse @):
2b2c024e3c7353fe5a0ffd037b8b53a173aab144
SPI manifest file found: $PWD/.spi.yml
SUCCESS checkout https://github.com/ptsochantaris/semalot.git at 1.1.0
========================================
Build
========================================
Selected platform:         macosXcodebuild
Swift version:             6.2
Building package at path:  $PWD
https://github.com/ptsochantaris/semalot.git
Command line invocation:
    /Applications/Xcode-26.3.0.app/Contents/Developer/usr/bin/xcodebuild -IDEClonedSourcePackagesDirPathOverride=/Users/admin/builder/spi-builder-workspace/.dependencies -resolvePackageDependencies
Resolve Package Graph
package 'spi-builder-workspace' is using Swift tools version 6.3.0 but the installed version is 6.2.4
Resolved source packages:
  spi-builder-workspace: (null)
2026-09-26 21:00:01.257 xcodebuild[532:3042] Writing error result bundle to /var/folders/xq/y_g06wb113726d38xsyx71_h0000gn/T/ResultBundle_2026-26-09_21-00-0001.xcresult
xcodebuild: error: Could not resolve package dependencies:
  package 'spi-builder-workspace' is using Swift tools version 6.3.0 but the installed version is 6.2.4
Command line invocation:
    /Applications/Xcode-26.3.0.app/Contents/Developer/usr/bin/xcodebuild -IDEClonedSourcePackagesDirPathOverride=/Users/admin/builder/spi-builder-workspace/.dependencies -resolvePackageDependencies
Resolve Package Graph
package 'spi-builder-workspace' is using Swift tools version 6.3.0 but the installed version is 6.2.4
Resolved source packages:
  spi-builder-workspace: (null)
2026-09-26 21:00:02.208 xcodebuild[596:3583] Writing error result bundle to /var/folders/xq/y_g06wb113726d38xsyx71_h0000gn/T/ResultBundle_2026-26-09_21-00-0002.xcresult
xcodebuild: error: Could not resolve package dependencies:
  package 'spi-builder-workspace' is using Swift tools version 6.3.0 but the installed version is 6.2.4
BUILD FAILURE 6.2 macosXcodebuild