The Swift Package Index logo.Swift Package Index

Build Information

Failed to build Work, reference 0.1.1 (4a7a6f), with Swift 6.4 for watchOS using Xcode 27.0 on 24 Sep 2026 05:03:17 UTC.

Build Command

env DEVELOPER_DIR=/Applications/Xcode-27.0.0-Release.Candidate.app xcrun xcodebuild -IDEClonedSourcePackagesDirPathOverride=$PWD/.dependencies -skipMacroValidation -skipPackagePluginValidation -derivedDataPath $PWD/.derivedData build -scheme Work-Package -destination generic/platform=watchOS

Build Log

========================================
RunAll
========================================
Builder version: 5.1.0
Interrupt handler set up.
========================================
Checkout
========================================
Clone URL: https://github.com/flint-engine/Work.git
Reference: 0.1.1
Initialized empty Git repository in /Users/admin/builder/spi-builder-workspace/.git/
From https://github.com/flint-engine/Work
 * tag               0.1.1      -> FETCH_HEAD
HEAD is now at 4a7a6ff Merge branch 'develop'
Cloned https://github.com/flint-engine/Work.git
Revision (git rev-parse @):
4a7a6ff7a87bac408cfc69382b8332f53f89e046
SUCCESS checkout https://github.com/flint-engine/Work.git at 0.1.1
========================================
Build
========================================
Selected platform:         watchOS
Swift version:             6.4
Building package at path:  $PWD
https://github.com/flint-engine/Work.git
Command line invocation:
    /Applications/Xcode-27.0.0-Release.Candidate.app/Contents/Developer/usr/bin/xcodebuild -IDEClonedSourcePackagesDirPathOverride=/Users/admin/builder/spi-builder-workspace/.dependencies -resolvePackageDependencies
Resolve Package Graph
Resolve Package Graph
Resolved source packages:
  Work: /Users/admin/builder/spi-builder-workspace
resolved source packages: Work
2026-09-24 01:02:28.371 xcodebuild[529:3031] [MT] IDERunDestination: Supported platforms for the buildables in the current scheme is empty.
{
  "dependencies" : [
  ],
  "manifest_display_name" : "Work",
  "name" : "Work",
  "path" : "/Users/admin/builder/spi-builder-workspace",
  "platforms" : [
  ],
  "products" : [
    {
      "name" : "Work",
      "targets" : [
        "Work"
      ],
      "type" : {
        "library" : [
          "automatic"
        ]
      }
    },
    {
      "name" : "work-sync",
      "targets" : [
        "work-sync"
      ],
      "type" : {
        "executable" : null
      }
    },
    {
      "name" : "work-async",
      "targets" : [
        "work-async"
      ],
      "type" : {
        "executable" : null
      }
    }
  ],
  "targets" : [
    {
      "c99name" : "work_sync",
      "module_type" : "SwiftTarget",
      "name" : "work-sync",
      "path" : "Sources/work-sync",
      "product_memberships" : [
        "work-sync"
      ],
      "sources" : [
        "main.swift"
      ],
      "target_dependencies" : [
        "Work"
      ],
      "type" : "executable"
    },
    {
      "c99name" : "work_async",
      "module_type" : "SwiftTarget",
      "name" : "work-async",
      "path" : "Sources/work-async",
      "product_memberships" : [
        "work-async"
      ],
      "sources" : [
        "main.swift"
      ],
      "target_dependencies" : [
        "Work"
      ],
      "type" : "executable"
    },
    {
      "c99name" : "Work",
      "module_type" : "SwiftTarget",
      "name" : "Work",
      "path" : "Sources/Work",
      "product_memberships" : [
        "Work",
        "work-sync",
        "work-async"
      ],
      "sources" : [
        "String+Trimming.swift",
        "Work.swift",
        "WorkResult.swift"
      ],
      "type" : "library"
    }
  ],
  "tools_version" : "4.0"
}
{
  "workspace" : {
    "name" : "Work",
    "schemes" : [
      "Work",
      "work-async",
      "Work-Package",
      "work-sync"
    ]
  }
}
2026-09-24 01:03:09.505 xcodebuild[648:4152] [MT] IDERunDestination: Supported platforms for the buildables in the current scheme is empty.
Running build ...
env DEVELOPER_DIR=/Applications/Xcode-27.0.0-Release.Candidate.app xcrun xcodebuild -IDEClonedSourcePackagesDirPathOverride=$PWD/.dependencies -skipMacroValidation -skipPackagePluginValidation -derivedDataPath $PWD/.derivedData build -scheme Work-Package -destination generic/platform=watchOS
Command line invocation:
    /Applications/Xcode-27.0.0-Release.Candidate.app/Contents/Developer/usr/bin/xcodebuild -IDEClonedSourcePackagesDirPathOverride=/Users/admin/builder/spi-builder-workspace/.dependencies -skipMacroValidation -skipPackagePluginValidation -derivedDataPath /Users/admin/builder/spi-builder-workspace/.derivedData build -scheme Work-Package -destination generic/platform=watchOS
Resolve Package Graph
Resolved source packages:
  Work: /Users/admin/builder/spi-builder-workspace
ComputePackagePrebuildTargetDependencyGraph
Prepare packages
CreateBuildRequest
SendProjectDescription
CreateBuildOperation
ComputeTargetDependencyGraph
note: Building targets in dependency order
note: Target dependency graph (4 targets)
    Target 'work-async-product' in project 'Work'
        ➜ Explicit dependency on target 'Work' in project 'Work'
    Target 'work-sync-product' in project 'Work'
        ➜ Explicit dependency on target 'Work' in project 'Work'
    Target 'Work-product' in project 'Work'
        ➜ Explicit dependency on target 'Work' in project 'Work'
    Target 'Work' in project 'Work' (no dependencies)
GatherProvisioningInputs
CreateBuildDescription
ExecuteExternalTool /Applications/Xcode-27.0.0-Release.Candidate.app/Contents/Developer/Toolchains/XcodeDefault.xctoolchain/usr/bin/clang -v -E -dM -isysroot /Applications/Xcode-27.0.0-Release.Candidate.app/Contents/Developer/Platforms/WatchOS.platform/Developer/SDKs/WatchOS27.0.sdk -x c -c /dev/null
ExecuteExternalTool /Applications/Xcode-27.0.0-Release.Candidate.app/Contents/Developer/Toolchains/XcodeDefault.xctoolchain/usr/bin/swiftc --version
ExecuteExternalTool /Applications/Xcode-27.0.0-Release.Candidate.app/Contents/Developer/Toolchains/XcodeDefault.xctoolchain/usr/bin/ld -version_details
Build description signature: 651f480cd9d3b50f4055d3bce0aec837
Build description path: /Users/admin/builder/spi-builder-workspace/.derivedData/Build/Intermediates.noindex/XCBuildData/651f480cd9d3b50f4055d3bce0aec837.xcbuilddata
CreateBuildDirectory /Users/admin/builder/spi-builder-workspace/.derivedData/SDKExplicitPrecompiledModules
    cd /Users/admin/builder/spi-builder-workspace/.swiftpm/xcode
    builtin-create-build-directory /Users/admin/builder/spi-builder-workspace/.derivedData/SDKExplicitPrecompiledModules
CreateBuildDirectory /Users/admin/builder/spi-builder-workspace/.derivedData/ModuleCache.noindex
    cd /Users/admin/builder/spi-builder-workspace/.swiftpm/xcode
    builtin-create-build-directory /Users/admin/builder/spi-builder-workspace/.derivedData/ModuleCache.noindex
CreateBuildDirectory /Users/admin/builder/spi-builder-workspace/.derivedData/CompilationCache.noindex
    cd /Users/admin/builder/spi-builder-workspace/.swiftpm/xcode
    builtin-create-build-directory /Users/admin/builder/spi-builder-workspace/.derivedData/CompilationCache.noindex
CreateBuildDirectory /Users/admin/builder/spi-builder-workspace/.derivedData/Build/Products
    cd /Users/admin/builder/spi-builder-workspace/.swiftpm/xcode
    builtin-create-build-directory /Users/admin/builder/spi-builder-workspace/.derivedData/Build/Products
CreateBuildDirectory /Users/admin/builder/spi-builder-workspace/.derivedData/Build/Intermediates.noindex
    cd /Users/admin/builder/spi-builder-workspace/.swiftpm/xcode
    builtin-create-build-directory /Users/admin/builder/spi-builder-workspace/.derivedData/Build/Intermediates.noindex
ClangStatCache /Applications/Xcode-27.0.0-Release.Candidate.app/Contents/Developer/Toolchains/XcodeDefault.xctoolchain/usr/bin/clang-stat-cache /Applications/Xcode-27.0.0-Release.Candidate.app/Contents/Developer/Platforms/WatchOS.platform/Developer/SDKs/WatchOS27.0.sdk /Users/admin/builder/spi-builder-workspace/.derivedData/SDKStatCaches.noindex/watchos27.0-24R360-e829b21a6f8c9b70876ba0858053c04477534ef55a1706bf4c1112bbb242f0a2.sdkstatcache
    cd /Users/admin/builder/spi-builder-workspace/.swiftpm/xcode
    /Applications/Xcode-27.0.0-Release.Candidate.app/Contents/Developer/Toolchains/XcodeDefault.xctoolchain/usr/bin/clang-stat-cache /Applications/Xcode-27.0.0-Release.Candidate.app/Contents/Developer/Platforms/WatchOS.platform/Developer/SDKs/WatchOS27.0.sdk -o /Users/admin/builder/spi-builder-workspace/.derivedData/SDKStatCaches.noindex/watchos27.0-24R360-e829b21a6f8c9b70876ba0858053c04477534ef55a1706bf4c1112bbb242f0a2.sdkstatcache
CreateBuildDirectory /Users/admin/builder/spi-builder-workspace/.derivedData/Build/Products/Debug-watchos
    cd /Users/admin/builder/spi-builder-workspace/.swiftpm/xcode
    builtin-create-build-directory /Users/admin/builder/spi-builder-workspace/.derivedData/Build/Products/Debug-watchos
CreateBuildDirectory /Users/admin/builder/spi-builder-workspace/.derivedData/Build/Intermediates.noindex/SwiftExplicitPrecompiledModules
    cd /Users/admin/builder/spi-builder-workspace/.swiftpm/xcode
    builtin-create-build-directory /Users/admin/builder/spi-builder-workspace/.derivedData/Build/Intermediates.noindex/SwiftExplicitPrecompiledModules
CreateBuildDirectory /Users/admin/builder/spi-builder-workspace/.derivedData/Build/Intermediates.noindex/PrecompiledHeaders
    cd /Users/admin/builder/spi-builder-workspace/.swiftpm/xcode
    builtin-create-build-directory /Users/admin/builder/spi-builder-workspace/.derivedData/Build/Intermediates.noindex/PrecompiledHeaders
CreateBuildDirectory /Users/admin/builder/spi-builder-workspace/.derivedData/Build/Intermediates.noindex/ExplicitPrecompiledModules
    cd /Users/admin/builder/spi-builder-workspace/.swiftpm/xcode
    builtin-create-build-directory /Users/admin/builder/spi-builder-workspace/.derivedData/Build/Intermediates.noindex/ExplicitPrecompiledModules
CreateBuildDirectory /Users/admin/builder/spi-builder-workspace/.derivedData/Build/Intermediates.noindex/EagerLinkingTBDs/Debug-watchos
    cd /Users/admin/builder/spi-builder-workspace/.swiftpm/xcode
    builtin-create-build-directory /Users/admin/builder/spi-builder-workspace/.derivedData/Build/Intermediates.noindex/EagerLinkingTBDs/Debug-watchos
CreateBuildDirectory /Users/admin/builder/spi-builder-workspace/.derivedData/Build/Products/Debug-watchos/PackageFrameworks
    cd /Users/admin/builder/spi-builder-workspace/.swiftpm/xcode
    builtin-create-build-directory /Users/admin/builder/spi-builder-workspace/.derivedData/Build/Products/Debug-watchos/PackageFrameworks
WriteAuxiliaryFile /Users/admin/builder/spi-builder-workspace/.derivedData/Build/Intermediates.noindex/Work.build/Debug-watchos/work-sync-p.build/work-sync.DependencyStaticMetadataFileList (in target 'work-sync-product' from project 'Work')
    cd /Users/admin/builder/spi-builder-workspace
    write-file /Users/admin/builder/spi-builder-workspace/.derivedData/Build/Intermediates.noindex/Work.build/Debug-watchos/work-sync-p.build/work-sync.DependencyStaticMetadataFileList
WriteAuxiliaryFile /Users/admin/builder/spi-builder-workspace/.derivedData/Build/Intermediates.noindex/Work.build/Debug-watchos/work-sync-p.build/work-sync.DependencyMetadataFileList (in target 'work-sync-product' from project 'Work')
    cd /Users/admin/builder/spi-builder-workspace
    write-file /Users/admin/builder/spi-builder-workspace/.derivedData/Build/Intermediates.noindex/Work.build/Debug-watchos/work-sync-p.build/work-sync.DependencyMetadataFileList
WriteAuxiliaryFile /Users/admin/builder/spi-builder-workspace/.derivedData/Build/Intermediates.noindex/Work.build/Debug-watchos/work-sync-p.build/Objects-normal/arm64/work-sync.LinkFileList (in target 'work-sync-product' from project 'Work')
    cd /Users/admin/builder/spi-builder-workspace
    write-file /Users/admin/builder/spi-builder-workspace/.derivedData/Build/Intermediates.noindex/Work.build/Debug-watchos/work-sync-p.build/Objects-normal/arm64/work-sync.LinkFileList
WriteAuxiliaryFile /Users/admin/builder/spi-builder-workspace/.derivedData/Build/Intermediates.noindex/Work.build/Debug-watchos/work-sync-p.build/Objects-normal/arm64_32/work-sync-OutputFileMap.json (in target 'work-sync-product' from project 'Work')
    cd /Users/admin/builder/spi-builder-workspace
    write-file /Users/admin/builder/spi-builder-workspace/.derivedData/Build/Intermediates.noindex/Work.build/Debug-watchos/work-sync-p.build/Objects-normal/arm64_32/work-sync-OutputFileMap.json
WriteAuxiliaryFile /Users/admin/builder/spi-builder-workspace/.derivedData/Build/Intermediates.noindex/Work.build/Debug-watchos/work-sync-p.build/Objects-normal/arm64/work-sync.SwiftFileList (in target 'work-sync-product' from project 'Work')
    cd /Users/admin/builder/spi-builder-workspace
    write-file /Users/admin/builder/spi-builder-workspace/.derivedData/Build/Intermediates.noindex/Work.build/Debug-watchos/work-sync-p.build/Objects-normal/arm64/work-sync.SwiftFileList
WriteAuxiliaryFile /Users/admin/builder/spi-builder-workspace/.derivedData/Build/Intermediates.noindex/Work.build/Debug-watchos/work-sync-p.build/Objects-normal/arm64_32/work-sync_const_extract_protocols.json (in target 'work-sync-product' from project 'Work')
    cd /Users/admin/builder/spi-builder-workspace
    write-file /Users/admin/builder/spi-builder-workspace/.derivedData/Build/Intermediates.noindex/Work.build/Debug-watchos/work-sync-p.build/Objects-normal/arm64_32/work-sync_const_extract_protocols.json
WriteAuxiliaryFile /Users/admin/builder/spi-builder-workspace/.derivedData/Build/Intermediates.noindex/Work.build/Debug-watchos/work-sync-p.build/Objects-normal/arm64_32/work-sync.SwiftFileList (in target 'work-sync-product' from project 'Work')
    cd /Users/admin/builder/spi-builder-workspace
    write-file /Users/admin/builder/spi-builder-workspace/.derivedData/Build/Intermediates.noindex/Work.build/Debug-watchos/work-sync-p.build/Objects-normal/arm64_32/work-sync.SwiftFileList
WriteAuxiliaryFile /Users/admin/builder/spi-builder-workspace/.derivedData/Build/Intermediates.noindex/Work.build/Debug-watchos/work-sync-p.build/Objects-normal/arm64_32/work-sync.LinkFileList (in target 'work-sync-product' from project 'Work')
    cd /Users/admin/builder/spi-builder-workspace
    write-file /Users/admin/builder/spi-builder-workspace/.derivedData/Build/Intermediates.noindex/Work.build/Debug-watchos/work-sync-p.build/Objects-normal/arm64_32/work-sync.LinkFileList
WriteAuxiliaryFile /Users/admin/builder/spi-builder-workspace/.derivedData/Build/Intermediates.noindex/Work.build/Debug-watchos/work-sync-p.build/Objects-normal/arm64/work-sync_const_extract_protocols.json (in target 'work-sync-product' from project 'Work')
    cd /Users/admin/builder/spi-builder-workspace
    write-file /Users/admin/builder/spi-builder-workspace/.derivedData/Build/Intermediates.noindex/Work.build/Debug-watchos/work-sync-p.build/Objects-normal/arm64/work-sync_const_extract_protocols.json
WriteAuxiliaryFile /Users/admin/builder/spi-builder-workspace/.derivedData/Build/Intermediates.noindex/Work.build/Debug-watchos/work-sync-p.build/Objects-normal/arm64/work-sync-OutputFileMap.json (in target 'work-sync-product' from project 'Work')
    cd /Users/admin/builder/spi-builder-workspace
    write-file /Users/admin/builder/spi-builder-workspace/.derivedData/Build/Intermediates.noindex/Work.build/Debug-watchos/work-sync-p.build/Objects-normal/arm64/work-sync-OutputFileMap.json
WriteAuxiliaryFile /Users/admin/builder/spi-builder-workspace/.derivedData/Build/Intermediates.noindex/Work.build/Debug-watchos/work-async-p.build/work-async.DependencyStaticMetadataFileList (in target 'work-async-product' from project 'Work')
    cd /Users/admin/builder/spi-builder-workspace
    write-file /Users/admin/builder/spi-builder-workspace/.derivedData/Build/Intermediates.noindex/Work.build/Debug-watchos/work-async-p.build/work-async.DependencyStaticMetadataFileList
WriteAuxiliaryFile /Users/admin/builder/spi-builder-workspace/.derivedData/Build/Intermediates.noindex/Work.build/Debug-watchos/work-async-p.build/work-async.DependencyMetadataFileList (in target 'work-async-product' from project 'Work')
    cd /Users/admin/builder/spi-builder-workspace
    write-file /Users/admin/builder/spi-builder-workspace/.derivedData/Build/Intermediates.noindex/Work.build/Debug-watchos/work-async-p.build/work-async.DependencyMetadataFileList
WriteAuxiliaryFile /Users/admin/builder/spi-builder-workspace/.derivedData/Build/Intermediates.noindex/Work.build/Debug-watchos/work-async-p.build/Objects-normal/arm64_32/work-async.SwiftFileList (in target 'work-async-product' from project 'Work')
    cd /Users/admin/builder/spi-builder-workspace
    write-file /Users/admin/builder/spi-builder-workspace/.derivedData/Build/Intermediates.noindex/Work.build/Debug-watchos/work-async-p.build/Objects-normal/arm64_32/work-async.SwiftFileList
WriteAuxiliaryFile /Users/admin/builder/spi-builder-workspace/.derivedData/Build/Intermediates.noindex/Work.build/Debug-watchos/work-async-p.build/Objects-normal/arm64_32/work-async_const_extract_protocols.json (in target 'work-async-product' from project 'Work')
    cd /Users/admin/builder/spi-builder-workspace
    write-file /Users/admin/builder/spi-builder-workspace/.derivedData/Build/Intermediates.noindex/Work.build/Debug-watchos/work-async-p.build/Objects-normal/arm64_32/work-async_const_extract_protocols.json
WriteAuxiliaryFile /Users/admin/builder/spi-builder-workspace/.derivedData/Build/Intermediates.noindex/Work.build/Debug-watchos/work-async-p.build/Objects-normal/arm64_32/work-async.LinkFileList (in target 'work-async-product' from project 'Work')
    cd /Users/admin/builder/spi-builder-workspace
    write-file /Users/admin/builder/spi-builder-workspace/.derivedData/Build/Intermediates.noindex/Work.build/Debug-watchos/work-async-p.build/Objects-normal/arm64_32/work-async.LinkFileList
WriteAuxiliaryFile /Users/admin/builder/spi-builder-workspace/.derivedData/Build/Intermediates.noindex/Work.build/Debug-watchos/work-async-p.build/Objects-normal/arm64_32/work-async-OutputFileMap.json (in target 'work-async-product' from project 'Work')
    cd /Users/admin/builder/spi-builder-workspace
    write-file /Users/admin/builder/spi-builder-workspace/.derivedData/Build/Intermediates.noindex/Work.build/Debug-watchos/work-async-p.build/Objects-normal/arm64_32/work-async-OutputFileMap.json
WriteAuxiliaryFile /Users/admin/builder/spi-builder-workspace/.derivedData/Build/Intermediates.noindex/Work.build/Debug-watchos/work-async-p.build/Objects-normal/arm64/work-async.SwiftFileList (in target 'work-async-product' from project 'Work')
    cd /Users/admin/builder/spi-builder-workspace
    write-file /Users/admin/builder/spi-builder-workspace/.derivedData/Build/Intermediates.noindex/Work.build/Debug-watchos/work-async-p.build/Objects-normal/arm64/work-async.SwiftFileList
WriteAuxiliaryFile /Users/admin/builder/spi-builder-workspace/.derivedData/Build/Intermediates.noindex/Work.build/Debug-watchos/work-async-p.build/Objects-normal/arm64/work-async_const_extract_protocols.json (in target 'work-async-product' from project 'Work')
    cd /Users/admin/builder/spi-builder-workspace
    write-file /Users/admin/builder/spi-builder-workspace/.derivedData/Build/Intermediates.noindex/Work.build/Debug-watchos/work-async-p.build/Objects-normal/arm64/work-async_const_extract_protocols.json
WriteAuxiliaryFile /Users/admin/builder/spi-builder-workspace/.derivedData/Build/Intermediates.noindex/Work.build/Debug-watchos/work-async-p.build/Objects-normal/arm64/work-async.LinkFileList (in target 'work-async-product' from project 'Work')
    cd /Users/admin/builder/spi-builder-workspace
    write-file /Users/admin/builder/spi-builder-workspace/.derivedData/Build/Intermediates.noindex/Work.build/Debug-watchos/work-async-p.build/Objects-normal/arm64/work-async.LinkFileList
WriteAuxiliaryFile /Users/admin/builder/spi-builder-workspace/.derivedData/Build/Intermediates.noindex/Work.build/Debug-watchos/work-async-p.build/Objects-normal/arm64/work-async-OutputFileMap.json (in target 'work-async-product' from project 'Work')
    cd /Users/admin/builder/spi-builder-workspace
    write-file /Users/admin/builder/spi-builder-workspace/.derivedData/Build/Intermediates.noindex/Work.build/Debug-watchos/work-async-p.build/Objects-normal/arm64/work-async-OutputFileMap.json
WriteAuxiliaryFile /Users/admin/builder/spi-builder-workspace/.derivedData/Build/Intermediates.noindex/Work.build/Debug-watchos/Work-t.build/Work.modulemap (in target 'Work' from project 'Work')
    cd /Users/admin/builder/spi-builder-workspace
    write-file /Users/admin/builder/spi-builder-workspace/.derivedData/Build/Intermediates.noindex/Work.build/Debug-watchos/Work-t.build/Work.modulemap
WriteAuxiliaryFile /Users/admin/builder/spi-builder-workspace/.derivedData/Build/Intermediates.noindex/Work.build/Debug-watchos/Work-t.build/Work.DependencyStaticMetadataFileList (in target 'Work' from project 'Work')
    cd /Users/admin/builder/spi-builder-workspace
    write-file /Users/admin/builder/spi-builder-workspace/.derivedData/Build/Intermediates.noindex/Work.build/Debug-watchos/Work-t.build/Work.DependencyStaticMetadataFileList
WriteAuxiliaryFile /Users/admin/builder/spi-builder-workspace/.derivedData/Build/Intermediates.noindex/Work.build/Debug-watchos/Work-t.build/Work.DependencyMetadataFileList (in target 'Work' from project 'Work')
    cd /Users/admin/builder/spi-builder-workspace
    write-file /Users/admin/builder/spi-builder-workspace/.derivedData/Build/Intermediates.noindex/Work.build/Debug-watchos/Work-t.build/Work.DependencyMetadataFileList
WriteAuxiliaryFile /Users/admin/builder/spi-builder-workspace/.derivedData/Build/Intermediates.noindex/Work.build/Debug-watchos/Work-t.build/Objects-normal/arm64_32/Work_const_extract_protocols.json (in target 'Work' from project 'Work')
    cd /Users/admin/builder/spi-builder-workspace
    write-file /Users/admin/builder/spi-builder-workspace/.derivedData/Build/Intermediates.noindex/Work.build/Debug-watchos/Work-t.build/Objects-normal/arm64_32/Work_const_extract_protocols.json
WriteAuxiliaryFile /Users/admin/builder/spi-builder-workspace/.derivedData/Build/Intermediates.noindex/Work.build/Debug-watchos/Work-t.build/Objects-normal/arm64_32/Work.SwiftFileList (in target 'Work' from project 'Work')
    cd /Users/admin/builder/spi-builder-workspace
    write-file /Users/admin/builder/spi-builder-workspace/.derivedData/Build/Intermediates.noindex/Work.build/Debug-watchos/Work-t.build/Objects-normal/arm64_32/Work.SwiftFileList
WriteAuxiliaryFile /Users/admin/builder/spi-builder-workspace/.derivedData/Build/Intermediates.noindex/Work.build/Debug-watchos/Work-t.build/Objects-normal/arm64_32/Work.SwiftConstValuesFileList (in target 'Work' from project 'Work')
    cd /Users/admin/builder/spi-builder-workspace
    write-file /Users/admin/builder/spi-builder-workspace/.derivedData/Build/Intermediates.noindex/Work.build/Debug-watchos/Work-t.build/Objects-normal/arm64_32/Work.SwiftConstValuesFileList
WriteAuxiliaryFile /Users/admin/builder/spi-builder-workspace/.derivedData/Build/Intermediates.noindex/Work.build/Debug-watchos/Work-t.build/Objects-normal/arm64_32/Work.LinkFileList (in target 'Work' from project 'Work')
    cd /Users/admin/builder/spi-builder-workspace
    write-file /Users/admin/builder/spi-builder-workspace/.derivedData/Build/Intermediates.noindex/Work.build/Debug-watchos/Work-t.build/Objects-normal/arm64_32/Work.LinkFileList
WriteAuxiliaryFile /Users/admin/builder/spi-builder-workspace/.derivedData/Build/Intermediates.noindex/Work.build/Debug-watchos/Work-t.build/Objects-normal/arm64_32/Work-OutputFileMap.json (in target 'Work' from project 'Work')
    cd /Users/admin/builder/spi-builder-workspace
    write-file /Users/admin/builder/spi-builder-workspace/.derivedData/Build/Intermediates.noindex/Work.build/Debug-watchos/Work-t.build/Objects-normal/arm64_32/Work-OutputFileMap.json
WriteAuxiliaryFile /Users/admin/builder/spi-builder-workspace/.derivedData/Build/Intermediates.noindex/Work.build/Debug-watchos/Work-t.build/Objects-normal/arm64/Work_const_extract_protocols.json (in target 'Work' from project 'Work')
    cd /Users/admin/builder/spi-builder-workspace
    write-file /Users/admin/builder/spi-builder-workspace/.derivedData/Build/Intermediates.noindex/Work.build/Debug-watchos/Work-t.build/Objects-normal/arm64/Work_const_extract_protocols.json
WriteAuxiliaryFile /Users/admin/builder/spi-builder-workspace/.derivedData/Build/Intermediates.noindex/Work.build/Debug-watchos/Work-t.build/Objects-normal/arm64/Work.SwiftFileList (in target 'Work' from project 'Work')
    cd /Users/admin/builder/spi-builder-workspace
    write-file /Users/admin/builder/spi-builder-workspace/.derivedData/Build/Intermediates.noindex/Work.build/Debug-watchos/Work-t.build/Objects-normal/arm64/Work.SwiftFileList
WriteAuxiliaryFile /Users/admin/builder/spi-builder-workspace/.derivedData/Build/Intermediates.noindex/Work.build/Debug-watchos/Work-t.build/Objects-normal/arm64/Work.SwiftConstValuesFileList (in target 'Work' from project 'Work')
    cd /Users/admin/builder/spi-builder-workspace
    write-file /Users/admin/builder/spi-builder-workspace/.derivedData/Build/Intermediates.noindex/Work.build/Debug-watchos/Work-t.build/Objects-normal/arm64/Work.SwiftConstValuesFileList
WriteAuxiliaryFile /Users/admin/builder/spi-builder-workspace/.derivedData/Build/Intermediates.noindex/Work.build/Debug-watchos/Work-t.build/Objects-normal/arm64/Work.LinkFileList (in target 'Work' from project 'Work')
    cd /Users/admin/builder/spi-builder-workspace
    write-file /Users/admin/builder/spi-builder-workspace/.derivedData/Build/Intermediates.noindex/Work.build/Debug-watchos/Work-t.build/Objects-normal/arm64/Work.LinkFileList
WriteAuxiliaryFile /Users/admin/builder/spi-builder-workspace/.derivedData/Build/Intermediates.noindex/Work.build/Debug-watchos/Work-t.build/Objects-normal/arm64/Work-OutputFileMap.json (in target 'Work' from project 'Work')
    cd /Users/admin/builder/spi-builder-workspace
    write-file /Users/admin/builder/spi-builder-workspace/.derivedData/Build/Intermediates.noindex/Work.build/Debug-watchos/Work-t.build/Objects-normal/arm64/Work-OutputFileMap.json
Copy /Users/admin/builder/spi-builder-workspace/.derivedData/Build/Intermediates.noindex/GeneratedModuleMaps-watchos/Work.modulemap /Users/admin/builder/spi-builder-workspace/.derivedData/Build/Intermediates.noindex/Work.build/Debug-watchos/Work-t.build/Work.modulemap (in target 'Work' from project 'Work')
    cd /Users/admin/builder/spi-builder-workspace
    builtin-copy -exclude .DS_Store -exclude CVS -exclude .svn -exclude .git -exclude .hg -resolve-src-symlinks /Users/admin/builder/spi-builder-workspace/.derivedData/Build/Intermediates.noindex/Work.build/Debug-watchos/Work-t.build/Work.modulemap /Users/admin/builder/spi-builder-workspace/.derivedData/Build/Intermediates.noindex/GeneratedModuleMaps-watchos
SwiftDriver Work normal arm64 com.apple.xcode.tools.swift.compiler (in target 'Work' from project 'Work')
    cd /Users/admin/builder/spi-builder-workspace/.swiftpm/xcode
    builtin-SwiftDriver -- /Applications/Xcode-27.0.0-Release.Candidate.app/Contents/Developer/Toolchains/XcodeDefault.xctoolchain/usr/bin/swiftc -parse-as-library -module-name Work -Onone @/Users/admin/builder/spi-builder-workspace/.derivedData/Build/Intermediates.noindex/Work.build/Debug-watchos/Work-t.build/Objects-normal/arm64/Work.SwiftFileList -DSWIFT_PACKAGE -DDEBUG -DSWIFT_MODULE_RESOURCE_BUNDLE_UNAVAILABLE -DXcode -plugin-path /Applications/Xcode-27.0.0-Release.Candidate.app/Contents/Developer/Toolchains/XcodeDefault.xctoolchain/usr/lib/swift/host/plugins/testing -enable-experimental-feature DebugDescriptionMacro -sdk /Applications/Xcode-27.0.0-Release.Candidate.app/Contents/Developer/Platforms/WatchOS.platform/Developer/SDKs/WatchOS27.0.sdk -target arm64-apple-watchos9.0 -g -module-cache-path /Users/admin/builder/spi-builder-workspace/.derivedData/ModuleCache.noindex -Xfrontend -serialize-debugging-options -enable-testing -index-store-path /Users/admin/builder/spi-builder-workspace/.derivedData/Index.noindex/DataStore -Xcc -D_LIBCPP_HARDENING_MODE\=_LIBCPP_HARDENING_MODE_DEBUG -swift-version 4 -I /Users/admin/builder/spi-builder-workspace/.derivedData/Build/Products/Debug-watchos -Isystem /Applications/Xcode-27.0.0-Release.Candidate.app/Contents/Developer/Platforms/WatchOS.platform/Developer/usr/lib -F /Users/admin/builder/spi-builder-workspace/.derivedData/Build/Products/Debug-watchos -F /Applications/Xcode-27.0.0-Release.Candidate.app/Contents/Developer/Platforms/WatchOS.platform/Developer/Library/Frameworks -F /Applications/Xcode-27.0.0-Release.Candidate.app/Contents/Developer/Platforms/WatchOS.platform/Developer/SDKs/WatchOS27.0.sdk/Developer/Library/Frameworks -c -j10 -enable-batch-mode -incremental -Xcc -ivfsstatcache -Xcc /Users/admin/builder/spi-builder-workspace/.derivedData/SDKStatCaches.noindex/watchos27.0-24R360-e829b21a6f8c9b70876ba0858053c04477534ef55a1706bf4c1112bbb242f0a2.sdkstatcache -output-file-map /Users/admin/builder/spi-builder-workspace/.derivedData/Build/Intermediates.noindex/Work.build/Debug-watchos/Work-t.build/Objects-normal/arm64/Work-OutputFileMap.json -save-temps -no-color-diagnostics -emit-dependencies -emit-module -emit-module-path /Users/admin/builder/spi-builder-workspace/.derivedData/Build/Intermediates.noindex/Work.build/Debug-watchos/Work-t.build/Objects-normal/arm64/Work.swiftmodule -serialize-diagnostics -validate-clang-modules-once -clang-build-session-file /Users/admin/builder/spi-builder-workspace/.derivedData/ModuleCache.noindex/Session.modulevalidation -Xcc -fmodules-prune-interval\=86400 -Xcc -fmodules-prune-after\=345600 -emit-const-values -const-gather-protocols-list /Users/admin/builder/spi-builder-workspace/.derivedData/Build/Intermediates.noindex/Work.build/Debug-watchos/Work-t.build/Objects-normal/arm64/Work_const_extract_protocols.json -Xcc -I/Users/admin/builder/spi-builder-workspace/.derivedData/Build/Products/Debug-watchos/include -Xcc -I/Users/admin/builder/spi-builder-workspace/.derivedData/Build/Intermediates.noindex/Work.build/Debug-watchos/Work-t.build/DerivedSources-normal/arm64 -Xcc -I/Users/admin/builder/spi-builder-workspace/.derivedData/Build/Intermediates.noindex/Work.build/Debug-watchos/Work-t.build/DerivedSources/arm64 -Xcc -I/Users/admin/builder/spi-builder-workspace/.derivedData/Build/Intermediates.noindex/Work.build/Debug-watchos/Work-t.build/DerivedSources -Xcc -DSWIFT_PACKAGE -Xcc -DDEBUG\=1 -emit-objc-header -emit-objc-header-path /Users/admin/builder/spi-builder-workspace/.derivedData/Build/Intermediates.noindex/Work.build/Debug-watchos/Work-t.build/Objects-normal/arm64/Work-Swift.h -working-directory /Users/admin/builder/spi-builder-workspace/.swiftpm/xcode -experimental-emit-module-separately -disable-cmo
SwiftDriver Work normal arm64_32 com.apple.xcode.tools.swift.compiler (in target 'Work' from project 'Work')
    cd /Users/admin/builder/spi-builder-workspace/.swiftpm/xcode
    builtin-SwiftDriver -- /Applications/Xcode-27.0.0-Release.Candidate.app/Contents/Developer/Toolchains/XcodeDefault.xctoolchain/usr/bin/swiftc -parse-as-library -module-name Work -Onone @/Users/admin/builder/spi-builder-workspace/.derivedData/Build/Intermediates.noindex/Work.build/Debug-watchos/Work-t.build/Objects-normal/arm64_32/Work.SwiftFileList -DSWIFT_PACKAGE -DDEBUG -DSWIFT_MODULE_RESOURCE_BUNDLE_UNAVAILABLE -DXcode -plugin-path /Applications/Xcode-27.0.0-Release.Candidate.app/Contents/Developer/Toolchains/XcodeDefault.xctoolchain/usr/lib/swift/host/plugins/testing -enable-experimental-feature DebugDescriptionMacro -sdk /Applications/Xcode-27.0.0-Release.Candidate.app/Contents/Developer/Platforms/WatchOS.platform/Developer/SDKs/WatchOS27.0.sdk -target arm64_32-apple-watchos9.0 -g -module-cache-path /Users/admin/builder/spi-builder-workspace/.derivedData/ModuleCache.noindex -Xfrontend -serialize-debugging-options -enable-testing -index-store-path /Users/admin/builder/spi-builder-workspace/.derivedData/Index.noindex/DataStore -Xcc -D_LIBCPP_HARDENING_MODE\=_LIBCPP_HARDENING_MODE_DEBUG -swift-version 4 -I /Users/admin/builder/spi-builder-workspace/.derivedData/Build/Products/Debug-watchos -Isystem /Applications/Xcode-27.0.0-Release.Candidate.app/Contents/Developer/Platforms/WatchOS.platform/Developer/usr/lib -F /Users/admin/builder/spi-builder-workspace/.derivedData/Build/Products/Debug-watchos -F /Applications/Xcode-27.0.0-Release.Candidate.app/Contents/Developer/Platforms/WatchOS.platform/Developer/Library/Frameworks -F /Applications/Xcode-27.0.0-Release.Candidate.app/Contents/Developer/Platforms/WatchOS.platform/Developer/SDKs/WatchOS27.0.sdk/Developer/Library/Frameworks -c -j10 -enable-batch-mode -incremental -Xcc -ivfsstatcache -Xcc /Users/admin/builder/spi-builder-workspace/.derivedData/SDKStatCaches.noindex/watchos27.0-24R360-e829b21a6f8c9b70876ba0858053c04477534ef55a1706bf4c1112bbb242f0a2.sdkstatcache -output-file-map /Users/admin/builder/spi-builder-workspace/.derivedData/Build/Intermediates.noindex/Work.build/Debug-watchos/Work-t.build/Objects-normal/arm64_32/Work-OutputFileMap.json -save-temps -no-color-diagnostics -emit-dependencies -emit-module -emit-module-path /Users/admin/builder/spi-builder-workspace/.derivedData/Build/Intermediates.noindex/Work.build/Debug-watchos/Work-t.build/Objects-normal/arm64_32/Work.swiftmodule -serialize-diagnostics -validate-clang-modules-once -clang-build-session-file /Users/admin/builder/spi-builder-workspace/.derivedData/ModuleCache.noindex/Session.modulevalidation -Xcc -fmodules-prune-interval\=86400 -Xcc -fmodules-prune-after\=345600 -emit-const-values -const-gather-protocols-list /Users/admin/builder/spi-builder-workspace/.derivedData/Build/Intermediates.noindex/Work.build/Debug-watchos/Work-t.build/Objects-normal/arm64_32/Work_const_extract_protocols.json -Xcc -I/Users/admin/builder/spi-builder-workspace/.derivedData/Build/Products/Debug-watchos/include -Xcc -I/Users/admin/builder/spi-builder-workspace/.derivedData/Build/Intermediates.noindex/Work.build/Debug-watchos/Work-t.build/DerivedSources-normal/arm64_32 -Xcc -I/Users/admin/builder/spi-builder-workspace/.derivedData/Build/Intermediates.noindex/Work.build/Debug-watchos/Work-t.build/DerivedSources/arm64_32 -Xcc -I/Users/admin/builder/spi-builder-workspace/.derivedData/Build/Intermediates.noindex/Work.build/Debug-watchos/Work-t.build/DerivedSources -Xcc -DSWIFT_PACKAGE -Xcc -DDEBUG\=1 -emit-objc-header -emit-objc-header-path /Users/admin/builder/spi-builder-workspace/.derivedData/Build/Intermediates.noindex/Work.build/Debug-watchos/Work-t.build/Objects-normal/arm64_32/Work-Swift.h -working-directory /Users/admin/builder/spi-builder-workspace/.swiftpm/xcode -experimental-emit-module-separately -disable-cmo
SwiftCompile normal arm64 Compiling\ WorkResult.swift /Users/admin/builder/spi-builder-workspace/Sources/Work/WorkResult.swift (in target 'Work' from project 'Work')
SwiftCompile normal arm64 /Users/admin/builder/spi-builder-workspace/Sources/Work/WorkResult.swift (in target 'Work' from project 'Work')
    cd /Users/admin/builder/spi-builder-workspace/.swiftpm/xcode
    builtin-SwiftPerFileCompile WorkResult.swift
SwiftCompile normal arm64 Compiling\ String+Trimming.swift /Users/admin/builder/spi-builder-workspace/Sources/Work/String+Trimming.swift (in target 'Work' from project 'Work')
SwiftCompile normal arm64 /Users/admin/builder/spi-builder-workspace/Sources/Work/String+Trimming.swift (in target 'Work' from project 'Work')
    cd /Users/admin/builder/spi-builder-workspace/.swiftpm/xcode
    builtin-SwiftPerFileCompile String+Trimming.swift
SwiftCompile normal arm64 Compiling\ Work.swift /Users/admin/builder/spi-builder-workspace/Sources/Work/Work.swift (in target 'Work' from project 'Work')
SwiftCompile normal arm64 /Users/admin/builder/spi-builder-workspace/Sources/Work/Work.swift (in target 'Work' from project 'Work')
    cd /Users/admin/builder/spi-builder-workspace/.swiftpm/xcode
    builtin-SwiftPerFileCompile Work.swift
/Users/admin/builder/spi-builder-workspace/Sources/Work/Work.swift:54:22: error: cannot find type 'Process' in scope
 52 |
 53 |     /// Process object.
 54 |     public let task: Process
    |                      `- error: cannot find type 'Process' in scope
 55 |     /// Standard output handler.
 56 |     open var standardOutputHandler: ((String) -> Void)?
/Users/admin/builder/spi-builder-workspace/Sources/Work/Work.swift:29:12: warning: class 'Work' must restate inherited '@unchecked Sendable' conformance
 27 |
 28 | /// Shell command.
 29 | open class Work: Operation {
    |            `- warning: class 'Work' must restate inherited '@unchecked Sendable' conformance
 30 |
 31 |     /// Termination result.
SwiftEmitModule normal arm64_32 Emitting\ module\ for\ Work (in target 'Work' from project 'Work')
SwiftCompile normal arm64_32 (in target 'Work' from project 'Work')
    cd /Users/admin/builder/spi-builder-workspace/.swiftpm/xcode

SwiftEmitModule normal arm64 Emitting\ module\ for\ Work (in target 'Work' from project 'Work')
/Users/admin/builder/spi-builder-workspace/Sources/Work/String+Trimming.swift:34:5: warning: 'public' modifier is redundant for instance method declared in a public extension
32 |     ///
33 |     /// - Returns: Trimmed string.
34 |     public func trimmingNewLineCharacter() -> String {
   |     `- warning: 'public' modifier is redundant for instance method declared in a public extension
35 |         if hasSuffix("\n") {
36 |             return String(dropLast())
/Users/admin/builder/spi-builder-workspace/Sources/Work/Work.swift:54:22: error: cannot find type 'Process' in scope
 52 |
 53 |     /// Process object.
 54 |     public let task: Process
    |                      `- error: cannot find type 'Process' in scope
 55 |     /// Standard output handler.
 56 |     open var standardOutputHandler: ((String) -> Void)?
/Users/admin/builder/spi-builder-workspace/Sources/Work/Work.swift:29:12: warning: class 'Work' must restate inherited '@unchecked Sendable' conformance
 27 |
 28 | /// Shell command.
 29 | open class Work: Operation {
    |            `- warning: class 'Work' must restate inherited '@unchecked Sendable' conformance
 30 |
 31 |     /// Termination result.
Failed frontend command:
/Applications/Xcode-27.0.0-Release.Candidate.app/Contents/Developer/Toolchains/XcodeDefault.xctoolchain/usr/bin/swift-frontend -frontend -emit-module -experimental-skip-non-inlinable-function-bodies-without-types /Users/admin/builder/spi-builder-workspace/Sources/Work/String+Trimming.swift /Users/admin/builder/spi-builder-workspace/Sources/Work/Work.swift /Users/admin/builder/spi-builder-workspace/Sources/Work/WorkResult.swift -target arm64-apple-watchos9.0 -Xllvm -aarch64-use-tbi -enable-objc-interop -stack-check -sdk /Applications/Xcode-27.0.0-Release.Candidate.app/Contents/Developer/Platforms/WatchOS.platform/Developer/SDKs/WatchOS27.0.sdk -I /Users/admin/builder/spi-builder-workspace/.derivedData/Build/Products/Debug-watchos -Isystem /Applications/Xcode-27.0.0-Release.Candidate.app/Contents/Developer/Platforms/WatchOS.platform/Developer/usr/lib -F /Users/admin/builder/spi-builder-workspace/.derivedData/Build/Products/Debug-watchos -F /Applications/Xcode-27.0.0-Release.Candidate.app/Contents/Developer/Platforms/WatchOS.platform/Developer/Library/Frameworks -F /Applications/Xcode-27.0.0-Release.Candidate.app/Contents/Developer/Platforms/WatchOS.platform/Developer/SDKs/WatchOS27.0.sdk/Developer/Library/Frameworks -module-cache-path /Users/admin/builder/spi-builder-workspace/.derivedData/ModuleCache.noindex -no-color-diagnostics -Xcc -fno-color-diagnostics -enable-testing -g -debug-info-format\=dwarf -dwarf-version\=4 -swift-version 4 -Onone -D SWIFT_PACKAGE -D DEBUG -D SWIFT_MODULE_RESOURCE_BUNDLE_UNAVAILABLE -D Xcode -serialize-debugging-options -enable-experimental-feature DebugDescriptionMacro -empty-abi-descriptor -plugin-path /Applications/Xcode-27.0.0-Release.Candidate.app/Contents/Developer/Toolchains/XcodeDefault.xctoolchain/usr/lib/swift/host/plugins/testing -validate-clang-modules-once -clang-build-session-file /Users/admin/builder/spi-builder-workspace/.derivedData/ModuleCache.noindex/Session.modulevalidation -Xcc -working-directory -Xcc /Users/admin/builder/spi-builder-workspace/.swiftpm/xcode -enable-anonymous-context-mangled-names -file-compilation-dir /Users/admin/builder/spi-builder-workspace/.swiftpm/xcode -Xcc -D_LIBCPP_HARDENING_MODE\=_LIBCPP_HARDENING_MODE_DEBUG -Xcc -ivfsstatcache -Xcc /Users/admin/builder/spi-builder-workspace/.derivedData/SDKStatCaches.noindex/watchos27.0-24R360-e829b21a6f8c9b70876ba0858053c04477534ef55a1706bf4c1112bbb242f0a2.sdkstatcache -Xcc -fmodules-prune-interval\=86400 -Xcc -fmodules-prune-after\=345600 -Xcc -I/Users/admin/builder/spi-builder-workspace/.derivedData/Build/Products/Debug-watchos/include -Xcc -I/Users/admin/builder/spi-builder-workspace/.derivedData/Build/Intermediates.noindex/Work.build/Debug-watchos/Work-t.build/DerivedSources-normal/arm64 -Xcc -I/Users/admin/builder/spi-builder-workspace/.derivedData/Build/Intermediates.noindex/Work.build/Debug-watchos/Work-t.build/DerivedSources/arm64 -Xcc -I/Users/admin/builder/spi-builder-workspace/.derivedData/Build/Intermediates.noindex/Work.build/Debug-watchos/Work-t.build/DerivedSources -Xcc -DSWIFT_PACKAGE -Xcc -DDEBUG\=1 -no-auto-bridging-header-chaining -module-name Work -const-gather-protocols-file /Users/admin/builder/spi-builder-workspace/.derivedData/Build/Intermediates.noindex/Work.build/Debug-watchos/Work-t.build/Objects-normal/arm64/Work_const_extract_protocols.json -disable-clang-spi -target-sdk-version 27.0 -target-sdk-name watchos27.0 -external-plugin-path /Applications/Xcode-27.0.0-Release.Candidate.app/Contents/Developer/Platforms/WatchOS.platform/Developer/usr/lib/swift/host/plugins\#/Applications/Xcode-27.0.0-Release.Candidate.app/Contents/Developer/Platforms/WatchOS.platform/Developer/usr/bin/swift-plugin-server -external-plugin-path /Applications/Xcode-27.0.0-Release.Candidate.app/Contents/Developer/Platforms/WatchOS.platform/Developer/usr/local/lib/swift/host/plugins\#/Applications/Xcode-27.0.0-Release.Candidate.app/Contents/Developer/Platforms/WatchOS.platform/Developer/usr/bin/swift-plugin-server -in-process-plugin-server-path /Applications/Xcode-27.0.0-Release.Candidate.app/Contents/Developer/Toolchains/XcodeDefault.xctoolchain/usr/lib/swift/host/libSwiftInProcPluginServer.dylib -plugin-path /Applications/Xcode-27.0.0-Release.Candidate.app/Contents/Developer/Toolchains/XcodeDefault.xctoolchain/usr/lib/swift/host/plugins -plugin-path /Applications/Xcode-27.0.0-Release.Candidate.app/Contents/Developer/Toolchains/XcodeDefault.xctoolchain/usr/local/lib/swift/host/plugins -emit-module-doc-path /Users/admin/builder/spi-builder-workspace/.derivedData/Build/Intermediates.noindex/Work.build/Debug-watchos/Work-t.build/Objects-normal/arm64/Work.swiftdoc -emit-module-source-info-path /Users/admin/builder/spi-builder-workspace/.derivedData/Build/Intermediates.noindex/Work.build/Debug-watchos/Work-t.build/Objects-normal/arm64/Work.swiftsourceinfo -emit-objc-header-path /Users/admin/builder/spi-builder-workspace/.derivedData/Build/Intermediates.noindex/Work.build/Debug-watchos/Work-t.build/Objects-normal/arm64/Work-Swift.h -serialize-diagnostics-path /Users/admin/builder/spi-builder-workspace/.derivedData/Build/Intermediates.noindex/Work.build/Debug-watchos/Work-t.build/Objects-normal/arm64/Work-primary-emit-module.dia -emit-dependencies-path /Users/admin/builder/spi-builder-workspace/.derivedData/Build/Intermediates.noindex/Work.build/Debug-watchos/Work-t.build/Objects-normal/arm64/Work-primary-emit-module.d -parse-as-library -o /Users/admin/builder/spi-builder-workspace/.derivedData/Build/Intermediates.noindex/Work.build/Debug-watchos/Work-t.build/Objects-normal/arm64/Work.swiftmodule -emit-abi-descriptor-path /Users/admin/builder/spi-builder-workspace/.derivedData/Build/Intermediates.noindex/Work.build/Debug-watchos/Work-t.build/Objects-normal/arm64/Work.abi.json
SwiftCompile normal arm64 (in target 'Work' from project 'Work')
    cd /Users/admin/builder/spi-builder-workspace/.swiftpm/xcode

SwiftCompile normal arm64_32 Compiling\ String+Trimming.swift /Users/admin/builder/spi-builder-workspace/Sources/Work/String+Trimming.swift (in target 'Work' from project 'Work')
SwiftCompile normal arm64_32 /Users/admin/builder/spi-builder-workspace/Sources/Work/String+Trimming.swift (in target 'Work' from project 'Work')
    cd /Users/admin/builder/spi-builder-workspace/.swiftpm/xcode
    builtin-SwiftPerFileCompile String+Trimming.swift
SwiftCompile normal arm64_32 Compiling\ Work.swift /Users/admin/builder/spi-builder-workspace/Sources/Work/Work.swift (in target 'Work' from project 'Work')
/Users/admin/builder/spi-builder-workspace/Sources/Work/Work.swift:54:22: error: cannot find type 'Process' in scope
 52 |
 53 |     /// Process object.
 54 |     public let task: Process
    |                      `- error: cannot find type 'Process' in scope
 55 |     /// Standard output handler.
 56 |     open var standardOutputHandler: ((String) -> Void)?
/Users/admin/builder/spi-builder-workspace/Sources/Work/Work.swift:29:12: warning: class 'Work' must restate inherited '@unchecked Sendable' conformance
 27 |
 28 | /// Shell command.
 29 | open class Work: Operation {
    |            `- warning: class 'Work' must restate inherited '@unchecked Sendable' conformance
 30 |
 31 |     /// Termination result.
SwiftCompile normal arm64_32 /Users/admin/builder/spi-builder-workspace/Sources/Work/Work.swift (in target 'Work' from project 'Work')
    cd /Users/admin/builder/spi-builder-workspace/.swiftpm/xcode
    builtin-SwiftPerFileCompile Work.swift
SwiftCompile normal arm64_32 Compiling\ WorkResult.swift /Users/admin/builder/spi-builder-workspace/Sources/Work/WorkResult.swift (in target 'Work' from project 'Work')
SwiftCompile normal arm64_32 /Users/admin/builder/spi-builder-workspace/Sources/Work/WorkResult.swift (in target 'Work' from project 'Work')
    cd /Users/admin/builder/spi-builder-workspace/.swiftpm/xcode
    builtin-SwiftPerFileCompile WorkResult.swift
PruneExplicitPrecompiledModules /Users/admin/builder/spi-builder-workspace/.derivedData/Build/Intermediates.noindex/ExplicitPrecompiledModules
PruneExplicitPrecompiledModules /Users/admin/builder/spi-builder-workspace/.derivedData/Build/Intermediates.noindex/SwiftExplicitPrecompiledModules
PruneExplicitPrecompiledModules /Users/admin/builder/spi-builder-workspace/.derivedData/SDKExplicitPrecompiledModules
2026-09-24 01:03:11.079 xcodebuild[649:4194] [MT] IDERunDestination: Supported platforms for the buildables in the current scheme is empty.
** BUILD FAILED **
The following build commands failed:
	SwiftEmitModule normal arm64 Emitting\ module\ for\ Work (in target 'Work' from project 'Work')
	SwiftCompile normal arm64 (in target 'Work' from project 'Work')
	Building workspace Work with scheme Work-Package
(3 failures)
Command line invocation:
    /Applications/Xcode-27.0.0-Release.Candidate.app/Contents/Developer/usr/bin/xcodebuild -IDEClonedSourcePackagesDirPathOverride=/Users/admin/builder/spi-builder-workspace/.dependencies -resolvePackageDependencies
Resolve Package Graph
Resolved source packages:
  Work: /Users/admin/builder/spi-builder-workspace
resolved source packages: Work
2026-09-24 01:03:14.625 xcodebuild[672:4384] [MT] IDERunDestination: Supported platforms for the buildables in the current scheme is empty.
{
  "dependencies" : [
  ],
  "manifest_display_name" : "Work",
  "name" : "Work",
  "path" : "/Users/admin/builder/spi-builder-workspace",
  "platforms" : [
  ],
  "products" : [
    {
      "name" : "Work",
      "targets" : [
        "Work"
      ],
      "type" : {
        "library" : [
          "automatic"
        ]
      }
    },
    {
      "name" : "work-sync",
      "targets" : [
        "work-sync"
      ],
      "type" : {
        "executable" : null
      }
    },
    {
      "name" : "work-async",
      "targets" : [
        "work-async"
      ],
      "type" : {
        "executable" : null
      }
    }
  ],
  "targets" : [
    {
      "c99name" : "work_sync",
      "module_type" : "SwiftTarget",
      "name" : "work-sync",
      "path" : "Sources/work-sync",
      "product_memberships" : [
        "work-sync"
      ],
      "sources" : [
        "main.swift"
      ],
      "target_dependencies" : [
        "Work"
      ],
      "type" : "executable"
    },
    {
      "c99name" : "work_async",
      "module_type" : "SwiftTarget",
      "name" : "work-async",
      "path" : "Sources/work-async",
      "product_memberships" : [
        "work-async"
      ],
      "sources" : [
        "main.swift"
      ],
      "target_dependencies" : [
        "Work"
      ],
      "type" : "executable"
    },
    {
      "c99name" : "Work",
      "module_type" : "SwiftTarget",
      "name" : "Work",
      "path" : "Sources/Work",
      "product_memberships" : [
        "Work",
        "work-sync",
        "work-async"
      ],
      "sources" : [
        "String+Trimming.swift",
        "Work.swift",
        "WorkResult.swift"
      ],
      "type" : "library"
    }
  ],
  "tools_version" : "4.0"
}
{
  "workspace" : {
    "name" : "Work",
    "schemes" : [
      "Work",
      "work-async",
      "Work-Package",
      "work-sync"
    ]
  }
}
2026-09-24 01:03:15.790 xcodebuild[680:4446] [MT] IDERunDestination: Supported platforms for the buildables in the current scheme is empty.
Running build ...
env DEVELOPER_DIR=/Applications/Xcode-27.0.0-Release.Candidate.app xcrun xcodebuild -IDEClonedSourcePackagesDirPathOverride=$PWD/.dependencies -skipMacroValidation -skipPackagePluginValidation -derivedDataPath $PWD/.derivedData build -scheme Work-Package -destination generic/platform=watchOS
Command line invocation:
    /Applications/Xcode-27.0.0-Release.Candidate.app/Contents/Developer/usr/bin/xcodebuild -IDEClonedSourcePackagesDirPathOverride=/Users/admin/builder/spi-builder-workspace/.dependencies -skipMacroValidation -skipPackagePluginValidation -derivedDataPath /Users/admin/builder/spi-builder-workspace/.derivedData build -scheme Work-Package -destination generic/platform=watchOS
Resolve Package Graph
Resolved source packages:
  Work: /Users/admin/builder/spi-builder-workspace
ComputePackagePrebuildTargetDependencyGraph
Prepare packages
CreateBuildRequest
SendProjectDescription
CreateBuildOperation
ComputeTargetDependencyGraph
note: Building targets in dependency order
note: Target dependency graph (4 targets)
    Target 'work-async-product' in project 'Work'
        ➜ Explicit dependency on target 'Work' in project 'Work'
    Target 'work-sync-product' in project 'Work'
        ➜ Explicit dependency on target 'Work' in project 'Work'
    Target 'Work-product' in project 'Work'
        ➜ Explicit dependency on target 'Work' in project 'Work'
    Target 'Work' in project 'Work' (no dependencies)
GatherProvisioningInputs
CreateBuildDescription
ClangStatCache /Applications/Xcode-27.0.0-Release.Candidate.app/Contents/Developer/Toolchains/XcodeDefault.xctoolchain/usr/bin/clang-stat-cache /Applications/Xcode-27.0.0-Release.Candidate.app/Contents/Developer/Platforms/WatchOS.platform/Developer/SDKs/WatchOS27.0.sdk /Users/admin/builder/spi-builder-workspace/.derivedData/SDKStatCaches.noindex/watchos27.0-24R360-e829b21a6f8c9b70876ba0858053c04477534ef55a1706bf4c1112bbb242f0a2.sdkstatcache
    cd /Users/admin/builder/spi-builder-workspace/.swiftpm/xcode
    /Applications/Xcode-27.0.0-Release.Candidate.app/Contents/Developer/Toolchains/XcodeDefault.xctoolchain/usr/bin/clang-stat-cache /Applications/Xcode-27.0.0-Release.Candidate.app/Contents/Developer/Platforms/WatchOS.platform/Developer/SDKs/WatchOS27.0.sdk -o /Users/admin/builder/spi-builder-workspace/.derivedData/SDKStatCaches.noindex/watchos27.0-24R360-e829b21a6f8c9b70876ba0858053c04477534ef55a1706bf4c1112bbb242f0a2.sdkstatcache
SwiftDriver Work normal arm64_32 com.apple.xcode.tools.swift.compiler (in target 'Work' from project 'Work')
    cd /Users/admin/builder/spi-builder-workspace/.swiftpm/xcode
    builtin-SwiftDriver -- /Applications/Xcode-27.0.0-Release.Candidate.app/Contents/Developer/Toolchains/XcodeDefault.xctoolchain/usr/bin/swiftc -parse-as-library -module-name Work -Onone @/Users/admin/builder/spi-builder-workspace/.derivedData/Build/Intermediates.noindex/Work.build/Debug-watchos/Work-t.build/Objects-normal/arm64_32/Work.SwiftFileList -DSWIFT_PACKAGE -DDEBUG -DSWIFT_MODULE_RESOURCE_BUNDLE_UNAVAILABLE -DXcode -plugin-path /Applications/Xcode-27.0.0-Release.Candidate.app/Contents/Developer/Toolchains/XcodeDefault.xctoolchain/usr/lib/swift/host/plugins/testing -enable-experimental-feature DebugDescriptionMacro -sdk /Applications/Xcode-27.0.0-Release.Candidate.app/Contents/Developer/Platforms/WatchOS.platform/Developer/SDKs/WatchOS27.0.sdk -target arm64_32-apple-watchos9.0 -g -module-cache-path /Users/admin/builder/spi-builder-workspace/.derivedData/ModuleCache.noindex -Xfrontend -serialize-debugging-options -enable-testing -index-store-path /Users/admin/builder/spi-builder-workspace/.derivedData/Index.noindex/DataStore -Xcc -D_LIBCPP_HARDENING_MODE\=_LIBCPP_HARDENING_MODE_DEBUG -swift-version 4 -I /Users/admin/builder/spi-builder-workspace/.derivedData/Build/Products/Debug-watchos -Isystem /Applications/Xcode-27.0.0-Release.Candidate.app/Contents/Developer/Platforms/WatchOS.platform/Developer/usr/lib -F /Users/admin/builder/spi-builder-workspace/.derivedData/Build/Products/Debug-watchos -F /Applications/Xcode-27.0.0-Release.Candidate.app/Contents/Developer/Platforms/WatchOS.platform/Developer/Library/Frameworks -F /Applications/Xcode-27.0.0-Release.Candidate.app/Contents/Developer/Platforms/WatchOS.platform/Developer/SDKs/WatchOS27.0.sdk/Developer/Library/Frameworks -c -j10 -enable-batch-mode -incremental -Xcc -ivfsstatcache -Xcc /Users/admin/builder/spi-builder-workspace/.derivedData/SDKStatCaches.noindex/watchos27.0-24R360-e829b21a6f8c9b70876ba0858053c04477534ef55a1706bf4c1112bbb242f0a2.sdkstatcache -output-file-map /Users/admin/builder/spi-builder-workspace/.derivedData/Build/Intermediates.noindex/Work.build/Debug-watchos/Work-t.build/Objects-normal/arm64_32/Work-OutputFileMap.json -save-temps -no-color-diagnostics -emit-dependencies -emit-module -emit-module-path /Users/admin/builder/spi-builder-workspace/.derivedData/Build/Intermediates.noindex/Work.build/Debug-watchos/Work-t.build/Objects-normal/arm64_32/Work.swiftmodule -serialize-diagnostics -validate-clang-modules-once -clang-build-session-file /Users/admin/builder/spi-builder-workspace/.derivedData/ModuleCache.noindex/Session.modulevalidation -Xcc -fmodules-prune-interval\=86400 -Xcc -fmodules-prune-after\=345600 -emit-const-values -const-gather-protocols-list /Users/admin/builder/spi-builder-workspace/.derivedData/Build/Intermediates.noindex/Work.build/Debug-watchos/Work-t.build/Objects-normal/arm64_32/Work_const_extract_protocols.json -Xcc -I/Users/admin/builder/spi-builder-workspace/.derivedData/Build/Products/Debug-watchos/include -Xcc -I/Users/admin/builder/spi-builder-workspace/.derivedData/Build/Intermediates.noindex/Work.build/Debug-watchos/Work-t.build/DerivedSources-normal/arm64_32 -Xcc -I/Users/admin/builder/spi-builder-workspace/.derivedData/Build/Intermediates.noindex/Work.build/Debug-watchos/Work-t.build/DerivedSources/arm64_32 -Xcc -I/Users/admin/builder/spi-builder-workspace/.derivedData/Build/Intermediates.noindex/Work.build/Debug-watchos/Work-t.build/DerivedSources -Xcc -DSWIFT_PACKAGE -Xcc -DDEBUG\=1 -emit-objc-header -emit-objc-header-path /Users/admin/builder/spi-builder-workspace/.derivedData/Build/Intermediates.noindex/Work.build/Debug-watchos/Work-t.build/Objects-normal/arm64_32/Work-Swift.h -working-directory /Users/admin/builder/spi-builder-workspace/.swiftpm/xcode -experimental-emit-module-separately -disable-cmo
SwiftDriver Work normal arm64 com.apple.xcode.tools.swift.compiler (in target 'Work' from project 'Work')
    cd /Users/admin/builder/spi-builder-workspace/.swiftpm/xcode
    builtin-SwiftDriver -- /Applications/Xcode-27.0.0-Release.Candidate.app/Contents/Developer/Toolchains/XcodeDefault.xctoolchain/usr/bin/swiftc -parse-as-library -module-name Work -Onone @/Users/admin/builder/spi-builder-workspace/.derivedData/Build/Intermediates.noindex/Work.build/Debug-watchos/Work-t.build/Objects-normal/arm64/Work.SwiftFileList -DSWIFT_PACKAGE -DDEBUG -DSWIFT_MODULE_RESOURCE_BUNDLE_UNAVAILABLE -DXcode -plugin-path /Applications/Xcode-27.0.0-Release.Candidate.app/Contents/Developer/Toolchains/XcodeDefault.xctoolchain/usr/lib/swift/host/plugins/testing -enable-experimental-feature DebugDescriptionMacro -sdk /Applications/Xcode-27.0.0-Release.Candidate.app/Contents/Developer/Platforms/WatchOS.platform/Developer/SDKs/WatchOS27.0.sdk -target arm64-apple-watchos9.0 -g -module-cache-path /Users/admin/builder/spi-builder-workspace/.derivedData/ModuleCache.noindex -Xfrontend -serialize-debugging-options -enable-testing -index-store-path /Users/admin/builder/spi-builder-workspace/.derivedData/Index.noindex/DataStore -Xcc -D_LIBCPP_HARDENING_MODE\=_LIBCPP_HARDENING_MODE_DEBUG -swift-version 4 -I /Users/admin/builder/spi-builder-workspace/.derivedData/Build/Products/Debug-watchos -Isystem /Applications/Xcode-27.0.0-Release.Candidate.app/Contents/Developer/Platforms/WatchOS.platform/Developer/usr/lib -F /Users/admin/builder/spi-builder-workspace/.derivedData/Build/Products/Debug-watchos -F /Applications/Xcode-27.0.0-Release.Candidate.app/Contents/Developer/Platforms/WatchOS.platform/Developer/Library/Frameworks -F /Applications/Xcode-27.0.0-Release.Candidate.app/Contents/Developer/Platforms/WatchOS.platform/Developer/SDKs/WatchOS27.0.sdk/Developer/Library/Frameworks -c -j10 -enable-batch-mode -incremental -Xcc -ivfsstatcache -Xcc /Users/admin/builder/spi-builder-workspace/.derivedData/SDKStatCaches.noindex/watchos27.0-24R360-e829b21a6f8c9b70876ba0858053c04477534ef55a1706bf4c1112bbb242f0a2.sdkstatcache -output-file-map /Users/admin/builder/spi-builder-workspace/.derivedData/Build/Intermediates.noindex/Work.build/Debug-watchos/Work-t.build/Objects-normal/arm64/Work-OutputFileMap.json -save-temps -no-color-diagnostics -emit-dependencies -emit-module -emit-module-path /Users/admin/builder/spi-builder-workspace/.derivedData/Build/Intermediates.noindex/Work.build/Debug-watchos/Work-t.build/Objects-normal/arm64/Work.swiftmodule -serialize-diagnostics -validate-clang-modules-once -clang-build-session-file /Users/admin/builder/spi-builder-workspace/.derivedData/ModuleCache.noindex/Session.modulevalidation -Xcc -fmodules-prune-interval\=86400 -Xcc -fmodules-prune-after\=345600 -emit-const-values -const-gather-protocols-list /Users/admin/builder/spi-builder-workspace/.derivedData/Build/Intermediates.noindex/Work.build/Debug-watchos/Work-t.build/Objects-normal/arm64/Work_const_extract_protocols.json -Xcc -I/Users/admin/builder/spi-builder-workspace/.derivedData/Build/Products/Debug-watchos/include -Xcc -I/Users/admin/builder/spi-builder-workspace/.derivedData/Build/Intermediates.noindex/Work.build/Debug-watchos/Work-t.build/DerivedSources-normal/arm64 -Xcc -I/Users/admin/builder/spi-builder-workspace/.derivedData/Build/Intermediates.noindex/Work.build/Debug-watchos/Work-t.build/DerivedSources/arm64 -Xcc -I/Users/admin/builder/spi-builder-workspace/.derivedData/Build/Intermediates.noindex/Work.build/Debug-watchos/Work-t.build/DerivedSources -Xcc -DSWIFT_PACKAGE -Xcc -DDEBUG\=1 -emit-objc-header -emit-objc-header-path /Users/admin/builder/spi-builder-workspace/.derivedData/Build/Intermediates.noindex/Work.build/Debug-watchos/Work-t.build/Objects-normal/arm64/Work-Swift.h -working-directory /Users/admin/builder/spi-builder-workspace/.swiftpm/xcode -experimental-emit-module-separately -disable-cmo
SwiftEmitModule normal arm64_32 Emitting\ module\ for\ Work (in target 'Work' from project 'Work')
SwiftCompile normal arm64_32 (in target 'Work' from project 'Work')
    cd /Users/admin/builder/spi-builder-workspace/.swiftpm/xcode

/Users/admin/builder/spi-builder-workspace/Sources/Work/String+Trimming.swift:34:5: warning: 'public' modifier is redundant for instance method declared in a public extension
32 |     ///
33 |     /// - Returns: Trimmed string.
34 |     public func trimmingNewLineCharacter() -> String {
   |     `- warning: 'public' modifier is redundant for instance method declared in a public extension
35 |         if hasSuffix("\n") {
36 |             return String(dropLast())
/Users/admin/builder/spi-builder-workspace/Sources/Work/Work.swift:54:22: error: cannot find type 'Process' in scope
 52 |
 53 |     /// Process object.
 54 |     public let task: Process
    |                      `- error: cannot find type 'Process' in scope
 55 |     /// Standard output handler.
 56 |     open var standardOutputHandler: ((String) -> Void)?
/Users/admin/builder/spi-builder-workspace/Sources/Work/Work.swift:29:12: warning: class 'Work' must restate inherited '@unchecked Sendable' conformance
 27 |
 28 | /// Shell command.
 29 | open class Work: Operation {
    |            `- warning: class 'Work' must restate inherited '@unchecked Sendable' conformance
 30 |
 31 |     /// Termination result.
Failed frontend command:
/Applications/Xcode-27.0.0-Release.Candidate.app/Contents/Developer/Toolchains/XcodeDefault.xctoolchain/usr/bin/swift-frontend -frontend -emit-module -experimental-skip-non-inlinable-function-bodies-without-types /Users/admin/builder/spi-builder-workspace/Sources/Work/String+Trimming.swift /Users/admin/builder/spi-builder-workspace/Sources/Work/Work.swift /Users/admin/builder/spi-builder-workspace/Sources/Work/WorkResult.swift -target arm64_32-apple-watchos9.0 -enable-objc-interop -sdk /Applications/Xcode-27.0.0-Release.Candidate.app/Contents/Developer/Platforms/WatchOS.platform/Developer/SDKs/WatchOS27.0.sdk -I /Users/admin/builder/spi-builder-workspace/.derivedData/Build/Products/Debug-watchos -Isystem /Applications/Xcode-27.0.0-Release.Candidate.app/Contents/Developer/Platforms/WatchOS.platform/Developer/usr/lib -F /Users/admin/builder/spi-builder-workspace/.derivedData/Build/Products/Debug-watchos -F /Applications/Xcode-27.0.0-Release.Candidate.app/Contents/Developer/Platforms/WatchOS.platform/Developer/Library/Frameworks -F /Applications/Xcode-27.0.0-Release.Candidate.app/Contents/Developer/Platforms/WatchOS.platform/Developer/SDKs/WatchOS27.0.sdk/Developer/Library/Frameworks -module-cache-path /Users/admin/builder/spi-builder-workspace/.derivedData/ModuleCache.noindex -no-color-diagnostics -Xcc -fno-color-diagnostics -enable-testing -g -debug-info-format\=dwarf -dwarf-version\=4 -swift-version 4 -Onone -D SWIFT_PACKAGE -D DEBUG -D SWIFT_MODULE_RESOURCE_BUNDLE_UNAVAILABLE -D Xcode -serialize-debugging-options -enable-experimental-feature DebugDescriptionMacro -empty-abi-descriptor -plugin-path /Applications/Xcode-27.0.0-Release.Candidate.app/Contents/Developer/Toolchains/XcodeDefault.xctoolchain/usr/lib/swift/host/plugins/testing -validate-clang-modules-once -clang-build-session-file /Users/admin/builder/spi-builder-workspace/.derivedData/ModuleCache.noindex/Session.modulevalidation -Xcc -working-directory -Xcc /Users/admin/builder/spi-builder-workspace/.swiftpm/xcode -enable-anonymous-context-mangled-names -file-compilation-dir /Users/admin/builder/spi-builder-workspace/.swiftpm/xcode -Xcc -D_LIBCPP_HARDENING_MODE\=_LIBCPP_HARDENING_MODE_DEBUG -Xcc -ivfsstatcache -Xcc /Users/admin/builder/spi-builder-workspace/.derivedData/SDKStatCaches.noindex/watchos27.0-24R360-e829b21a6f8c9b70876ba0858053c04477534ef55a1706bf4c1112bbb242f0a2.sdkstatcache -Xcc -fmodules-prune-interval\=86400 -Xcc -fmodules-prune-after\=345600 -Xcc -I/Users/admin/builder/spi-builder-workspace/.derivedData/Build/Products/Debug-watchos/include -Xcc -I/Users/admin/builder/spi-builder-workspace/.derivedData/Build/Intermediates.noindex/Work.build/Debug-watchos/Work-t.build/DerivedSources-normal/arm64_32 -Xcc -I/Users/admin/builder/spi-builder-workspace/.derivedData/Build/Intermediates.noindex/Work.build/Debug-watchos/Work-t.build/DerivedSources/arm64_32 -Xcc -I/Users/admin/builder/spi-builder-workspace/.derivedData/Build/Intermediates.noindex/Work.build/Debug-watchos/Work-t.build/DerivedSources -Xcc -DSWIFT_PACKAGE -Xcc -DDEBUG\=1 -no-auto-bridging-header-chaining -module-name Work -const-gather-protocols-file /Users/admin/builder/spi-builder-workspace/.derivedData/Build/Intermediates.noindex/Work.build/Debug-watchos/Work-t.build/Objects-normal/arm64_32/Work_const_extract_protocols.json -disable-clang-spi -target-sdk-version 27.0 -target-sdk-name watchos27.0 -external-plugin-path /Applications/Xcode-27.0.0-Release.Candidate.app/Contents/Developer/Platforms/WatchOS.platform/Developer/usr/lib/swift/host/plugins\#/Applications/Xcode-27.0.0-Release.Candidate.app/Contents/Developer/Platforms/WatchOS.platform/Developer/usr/bin/swift-plugin-server -external-plugin-path /Applications/Xcode-27.0.0-Release.Candidate.app/Contents/Developer/Platforms/WatchOS.platform/Developer/usr/local/lib/swift/host/plugins\#/Applications/Xcode-27.0.0-Release.Candidate.app/Contents/Developer/Platforms/WatchOS.platform/Developer/usr/bin/swift-plugin-server -in-process-plugin-server-path /Applications/Xcode-27.0.0-Release.Candidate.app/Contents/Developer/Toolchains/XcodeDefault.xctoolchain/usr/lib/swift/host/libSwiftInProcPluginServer.dylib -plugin-path /Applications/Xcode-27.0.0-Release.Candidate.app/Contents/Developer/Toolchains/XcodeDefault.xctoolchain/usr/lib/swift/host/plugins -plugin-path /Applications/Xcode-27.0.0-Release.Candidate.app/Contents/Developer/Toolchains/XcodeDefault.xctoolchain/usr/local/lib/swift/host/plugins -emit-module-doc-path /Users/admin/builder/spi-builder-workspace/.derivedData/Build/Intermediates.noindex/Work.build/Debug-watchos/Work-t.build/Objects-normal/arm64_32/Work.swiftdoc -emit-module-source-info-path /Users/admin/builder/spi-builder-workspace/.derivedData/Build/Intermediates.noindex/Work.build/Debug-watchos/Work-t.build/Objects-normal/arm64_32/Work.swiftsourceinfo -emit-objc-header-path /Users/admin/builder/spi-builder-workspace/.derivedData/Build/Intermediates.noindex/Work.build/Debug-watchos/Work-t.build/Objects-normal/arm64_32/Work-Swift.h -serialize-diagnostics-path /Users/admin/builder/spi-builder-workspace/.derivedData/Build/Intermediates.noindex/Work.build/Debug-watchos/Work-t.build/Objects-normal/arm64_32/Work-primary-emit-module.dia -emit-dependencies-path /Users/admin/builder/spi-builder-workspace/.derivedData/Build/Intermediates.noindex/Work.build/Debug-watchos/Work-t.build/Objects-normal/arm64_32/Work-primary-emit-module.d -parse-as-library -o /Users/admin/builder/spi-builder-workspace/.derivedData/Build/Intermediates.noindex/Work.build/Debug-watchos/Work-t.build/Objects-normal/arm64_32/Work.swiftmodule -emit-abi-descriptor-path /Users/admin/builder/spi-builder-workspace/.derivedData/Build/Intermediates.noindex/Work.build/Debug-watchos/Work-t.build/Objects-normal/arm64_32/Work.abi.json
SwiftCompile normal arm64_32 Compiling\ WorkResult.swift /Users/admin/builder/spi-builder-workspace/Sources/Work/WorkResult.swift (in target 'Work' from project 'Work')
SwiftCompile normal arm64_32 /Users/admin/builder/spi-builder-workspace/Sources/Work/WorkResult.swift (in target 'Work' from project 'Work')
    cd /Users/admin/builder/spi-builder-workspace/.swiftpm/xcode
    builtin-SwiftPerFileCompile WorkResult.swift
SwiftCompile normal arm64_32 Compiling\ String+Trimming.swift /Users/admin/builder/spi-builder-workspace/Sources/Work/String+Trimming.swift (in target 'Work' from project 'Work')
SwiftCompile normal arm64_32 /Users/admin/builder/spi-builder-workspace/Sources/Work/String+Trimming.swift (in target 'Work' from project 'Work')
    cd /Users/admin/builder/spi-builder-workspace/.swiftpm/xcode
    builtin-SwiftPerFileCompile String+Trimming.swift
SwiftCompile normal arm64 Compiling\ Work.swift /Users/admin/builder/spi-builder-workspace/Sources/Work/Work.swift (in target 'Work' from project 'Work')
SwiftCompile normal arm64 /Users/admin/builder/spi-builder-workspace/Sources/Work/Work.swift (in target 'Work' from project 'Work')
    cd /Users/admin/builder/spi-builder-workspace/.swiftpm/xcode
    builtin-SwiftPerFileCompile Work.swift
/Users/admin/builder/spi-builder-workspace/Sources/Work/Work.swift:54:22: error: cannot find type 'Process' in scope
 52 |
 53 |     /// Process object.
 54 |     public let task: Process
    |                      `- error: cannot find type 'Process' in scope
 55 |     /// Standard output handler.
 56 |     open var standardOutputHandler: ((String) -> Void)?
/Users/admin/builder/spi-builder-workspace/Sources/Work/Work.swift:29:12: warning: class 'Work' must restate inherited '@unchecked Sendable' conformance
 27 |
 28 | /// Shell command.
 29 | open class Work: Operation {
    |            `- warning: class 'Work' must restate inherited '@unchecked Sendable' conformance
 30 |
 31 |     /// Termination result.
SwiftEmitModule normal arm64 Emitting\ module\ for\ Work (in target 'Work' from project 'Work')
/Users/admin/builder/spi-builder-workspace/Sources/Work/String+Trimming.swift:34:5: warning: 'public' modifier is redundant for instance method declared in a public extension
32 |     ///
33 |     /// - Returns: Trimmed string.
34 |     public func trimmingNewLineCharacter() -> String {
   |     `- warning: 'public' modifier is redundant for instance method declared in a public extension
35 |         if hasSuffix("\n") {
36 |             return String(dropLast())
/Users/admin/builder/spi-builder-workspace/Sources/Work/Work.swift:54:22: error: cannot find type 'Process' in scope
 52 |
 53 |     /// Process object.
 54 |     public let task: Process
    |                      `- error: cannot find type 'Process' in scope
 55 |     /// Standard output handler.
 56 |     open var standardOutputHandler: ((String) -> Void)?
/Users/admin/builder/spi-builder-workspace/Sources/Work/Work.swift:29:12: warning: class 'Work' must restate inherited '@unchecked Sendable' conformance
 27 |
 28 | /// Shell command.
 29 | open class Work: Operation {
    |            `- warning: class 'Work' must restate inherited '@unchecked Sendable' conformance
 30 |
 31 |     /// Termination result.
Failed frontend command:
/Applications/Xcode-27.0.0-Release.Candidate.app/Contents/Developer/Toolchains/XcodeDefault.xctoolchain/usr/bin/swift-frontend -frontend -emit-module -experimental-skip-non-inlinable-function-bodies-without-types /Users/admin/builder/spi-builder-workspace/Sources/Work/String+Trimming.swift /Users/admin/builder/spi-builder-workspace/Sources/Work/Work.swift /Users/admin/builder/spi-builder-workspace/Sources/Work/WorkResult.swift -target arm64-apple-watchos9.0 -Xllvm -aarch64-use-tbi -enable-objc-interop -stack-check -sdk /Applications/Xcode-27.0.0-Release.Candidate.app/Contents/Developer/Platforms/WatchOS.platform/Developer/SDKs/WatchOS27.0.sdk -I /Users/admin/builder/spi-builder-workspace/.derivedData/Build/Products/Debug-watchos -Isystem /Applications/Xcode-27.0.0-Release.Candidate.app/Contents/Developer/Platforms/WatchOS.platform/Developer/usr/lib -F /Users/admin/builder/spi-builder-workspace/.derivedData/Build/Products/Debug-watchos -F /Applications/Xcode-27.0.0-Release.Candidate.app/Contents/Developer/Platforms/WatchOS.platform/Developer/Library/Frameworks -F /Applications/Xcode-27.0.0-Release.Candidate.app/Contents/Developer/Platforms/WatchOS.platform/Developer/SDKs/WatchOS27.0.sdk/Developer/Library/Frameworks -module-cache-path /Users/admin/builder/spi-builder-workspace/.derivedData/ModuleCache.noindex -no-color-diagnostics -Xcc -fno-color-diagnostics -enable-testing -g -debug-info-format\=dwarf -dwarf-version\=4 -swift-version 4 -Onone -D SWIFT_PACKAGE -D DEBUG -D SWIFT_MODULE_RESOURCE_BUNDLE_UNAVAILABLE -D Xcode -serialize-debugging-options -enable-experimental-feature DebugDescriptionMacro -empty-abi-descriptor -plugin-path /Applications/Xcode-27.0.0-Release.Candidate.app/Contents/Developer/Toolchains/XcodeDefault.xctoolchain/usr/lib/swift/host/plugins/testing -validate-clang-modules-once -clang-build-session-file /Users/admin/builder/spi-builder-workspace/.derivedData/ModuleCache.noindex/Session.modulevalidation -Xcc -working-directory -Xcc /Users/admin/builder/spi-builder-workspace/.swiftpm/xcode -enable-anonymous-context-mangled-names -file-compilation-dir /Users/admin/builder/spi-builder-workspace/.swiftpm/xcode -Xcc -D_LIBCPP_HARDENING_MODE\=_LIBCPP_HARDENING_MODE_DEBUG -Xcc -ivfsstatcache -Xcc /Users/admin/builder/spi-builder-workspace/.derivedData/SDKStatCaches.noindex/watchos27.0-24R360-e829b21a6f8c9b70876ba0858053c04477534ef55a1706bf4c1112bbb242f0a2.sdkstatcache -Xcc -fmodules-prune-interval\=86400 -Xcc -fmodules-prune-after\=345600 -Xcc -I/Users/admin/builder/spi-builder-workspace/.derivedData/Build/Products/Debug-watchos/include -Xcc -I/Users/admin/builder/spi-builder-workspace/.derivedData/Build/Intermediates.noindex/Work.build/Debug-watchos/Work-t.build/DerivedSources-normal/arm64 -Xcc -I/Users/admin/builder/spi-builder-workspace/.derivedData/Build/Intermediates.noindex/Work.build/Debug-watchos/Work-t.build/DerivedSources/arm64 -Xcc -I/Users/admin/builder/spi-builder-workspace/.derivedData/Build/Intermediates.noindex/Work.build/Debug-watchos/Work-t.build/DerivedSources -Xcc -DSWIFT_PACKAGE -Xcc -DDEBUG\=1 -no-auto-bridging-header-chaining -module-name Work -const-gather-protocols-file /Users/admin/builder/spi-builder-workspace/.derivedData/Build/Intermediates.noindex/Work.build/Debug-watchos/Work-t.build/Objects-normal/arm64/Work_const_extract_protocols.json -disable-clang-spi -target-sdk-version 27.0 -target-sdk-name watchos27.0 -external-plugin-path /Applications/Xcode-27.0.0-Release.Candidate.app/Contents/Developer/Platforms/WatchOS.platform/Developer/usr/lib/swift/host/plugins\#/Applications/Xcode-27.0.0-Release.Candidate.app/Contents/Developer/Platforms/WatchOS.platform/Developer/usr/bin/swift-plugin-server -external-plugin-path /Applications/Xcode-27.0.0-Release.Candidate.app/Contents/Developer/Platforms/WatchOS.platform/Developer/usr/local/lib/swift/host/plugins\#/Applications/Xcode-27.0.0-Release.Candidate.app/Contents/Developer/Platforms/WatchOS.platform/Developer/usr/bin/swift-plugin-server -in-process-plugin-server-path /Applications/Xcode-27.0.0-Release.Candidate.app/Contents/Developer/Toolchains/XcodeDefault.xctoolchain/usr/lib/swift/host/libSwiftInProcPluginServer.dylib -plugin-path /Applications/Xcode-27.0.0-Release.Candidate.app/Contents/Developer/Toolchains/XcodeDefault.xctoolchain/usr/lib/swift/host/plugins -plugin-path /Applications/Xcode-27.0.0-Release.Candidate.app/Contents/Developer/Toolchains/XcodeDefault.xctoolchain/usr/local/lib/swift/host/plugins -emit-module-doc-path /Users/admin/builder/spi-builder-workspace/.derivedData/Build/Intermediates.noindex/Work.build/Debug-watchos/Work-t.build/Objects-normal/arm64/Work.swiftdoc -emit-module-source-info-path /Users/admin/builder/spi-builder-workspace/.derivedData/Build/Intermediates.noindex/Work.build/Debug-watchos/Work-t.build/Objects-normal/arm64/Work.swiftsourceinfo -emit-objc-header-path /Users/admin/builder/spi-builder-workspace/.derivedData/Build/Intermediates.noindex/Work.build/Debug-watchos/Work-t.build/Objects-normal/arm64/Work-Swift.h -serialize-diagnostics-path /Users/admin/builder/spi-builder-workspace/.derivedData/Build/Intermediates.noindex/Work.build/Debug-watchos/Work-t.build/Objects-normal/arm64/Work-primary-emit-module.dia -emit-dependencies-path /Users/admin/builder/spi-builder-workspace/.derivedData/Build/Intermediates.noindex/Work.build/Debug-watchos/Work-t.build/Objects-normal/arm64/Work-primary-emit-module.d -parse-as-library -o /Users/admin/builder/spi-builder-workspace/.derivedData/Build/Intermediates.noindex/Work.build/Debug-watchos/Work-t.build/Objects-normal/arm64/Work.swiftmodule -emit-abi-descriptor-path /Users/admin/builder/spi-builder-workspace/.derivedData/Build/Intermediates.noindex/Work.build/Debug-watchos/Work-t.build/Objects-normal/arm64/Work.abi.json
SwiftCompile normal arm64 (in target 'Work' from project 'Work')
    cd /Users/admin/builder/spi-builder-workspace/.swiftpm/xcode

SwiftCompile normal arm64 Compiling\ WorkResult.swift /Users/admin/builder/spi-builder-workspace/Sources/Work/WorkResult.swift (in target 'Work' from project 'Work')
SwiftCompile normal arm64 /Users/admin/builder/spi-builder-workspace/Sources/Work/WorkResult.swift (in target 'Work' from project 'Work')
    cd /Users/admin/builder/spi-builder-workspace/.swiftpm/xcode
    builtin-SwiftPerFileCompile WorkResult.swift
SwiftCompile normal arm64_32 Compiling\ Work.swift /Users/admin/builder/spi-builder-workspace/Sources/Work/Work.swift (in target 'Work' from project 'Work')
/Users/admin/builder/spi-builder-workspace/Sources/Work/Work.swift:54:22: error: cannot find type 'Process' in scope
 52 |
 53 |     /// Process object.
 54 |     public let task: Process
    |                      `- error: cannot find type 'Process' in scope
 55 |     /// Standard output handler.
 56 |     open var standardOutputHandler: ((String) -> Void)?
/Users/admin/builder/spi-builder-workspace/Sources/Work/Work.swift:29:12: warning: class 'Work' must restate inherited '@unchecked Sendable' conformance
 27 |
 28 | /// Shell command.
 29 | open class Work: Operation {
    |            `- warning: class 'Work' must restate inherited '@unchecked Sendable' conformance
 30 |
 31 |     /// Termination result.
SwiftCompile normal arm64_32 /Users/admin/builder/spi-builder-workspace/Sources/Work/Work.swift (in target 'Work' from project 'Work')
    cd /Users/admin/builder/spi-builder-workspace/.swiftpm/xcode
    builtin-SwiftPerFileCompile Work.swift
SwiftCompile normal arm64 Compiling\ String+Trimming.swift /Users/admin/builder/spi-builder-workspace/Sources/Work/String+Trimming.swift (in target 'Work' from project 'Work')
SwiftCompile normal arm64 /Users/admin/builder/spi-builder-workspace/Sources/Work/String+Trimming.swift (in target 'Work' from project 'Work')
    cd /Users/admin/builder/spi-builder-workspace/.swiftpm/xcode
    builtin-SwiftPerFileCompile String+Trimming.swift
PruneExplicitPrecompiledModules /Users/admin/builder/spi-builder-workspace/.derivedData/Build/Intermediates.noindex/SwiftExplicitPrecompiledModules
PruneExplicitPrecompiledModules /Users/admin/builder/spi-builder-workspace/.derivedData/SDKExplicitPrecompiledModules
PruneExplicitPrecompiledModules /Users/admin/builder/spi-builder-workspace/.derivedData/Build/Intermediates.noindex/ExplicitPrecompiledModules
2026-09-24 01:03:16.758 xcodebuild[681:4475] [MT] IDERunDestination: Supported platforms for the buildables in the current scheme is empty.
** BUILD FAILED **
The following build commands failed:
	SwiftCompile normal arm64_32 (in target 'Work' from project 'Work')
	SwiftEmitModule normal arm64_32 Emitting\ module\ for\ Work (in target 'Work' from project 'Work')
	SwiftEmitModule normal arm64 Emitting\ module\ for\ Work (in target 'Work' from project 'Work')
	SwiftCompile normal arm64 (in target 'Work' from project 'Work')
	Building workspace Work with scheme Work-Package
(5 failures)
BUILD FAILURE 6.4 watchOS