Build Information
Failed to build EasyAPNS, reference master (83ea7c), with Swift 6.4 for macOS (Xcode) using Xcode 27.0 on 15 Sep 2026 18:33:17 UTC.
Build Command
No build command. This typically means the build failed at an early stage where we determine the build command.Build Log
========================================
RunAll
========================================
Builder version: 5.1.0
Interrupt handler set up.
========================================
Checkout
========================================
Clone URL: https://github.com/dmcyk/easyapns.git
Reference: master
Initialized empty Git repository in /Users/admin/builder/spi-builder-workspace/.git/
From https://github.com/dmcyk/easyapns
* branch master -> FETCH_HEAD
* [new branch] master -> origin/master
HEAD is now at 83ea7c3 Update Swift 5.1
Cloned https://github.com/dmcyk/easyapns.git
Revision (git rev-parse @):
83ea7c37b276e1cfee669b62dc8064288721e1c2
SUCCESS checkout https://github.com/dmcyk/easyapns.git at master
========================================
Build
========================================
Selected platform: macosXcodebuild
Swift version: 6.4
Building package at path: $PWD
https://github.com/dmcyk/easyapns.git
Command line invocation:
/Applications/Xcode-27.0.0-Release.Candidate.app/Contents/Developer/usr/bin/xcodebuild -IDEClonedSourcePackagesDirPathOverride=/Users/admin/builder/spi-builder-workspace/.dependencies -resolvePackageDependencies
Resolve Package Graph
Fetching from https://github.com/vapor/open-crypto.git
Fetching from https://github.com/dmcyk/SwiftyCurl.git
Fetching from https://github.com/dmcyk/CCurl.git
the Swift tools version specification is missing a label; consider inserting 'swift-tools-version:' between the comment marker and the version specifierfailed to retrieve search paths with pkg-config; maybe pkg-config is not installedyou may be able to install openssl using your system-packager:
brew install openssl@1.1
Resolve Package Graph
Updating from https://github.com/vapor/open-crypto.git
Updating from https://github.com/dmcyk/SwiftyCurl.git
Updating from https://github.com/dmcyk/CCurl.git
the Swift tools version specification is missing a label; consider inserting 'swift-tools-version:' between the comment marker and the version specifieryou may be able to install openssl using your system-packager:
brew install openssl@1.1
Resolve Package Graph
Updating from https://github.com/vapor/open-crypto.git
Updating from https://github.com/dmcyk/SwiftyCurl.git
Updating from https://github.com/dmcyk/CCurl.git
the Swift tools version specification is missing a label; consider inserting 'swift-tools-version:' between the comment marker and the version specifieryou may be able to install openssl using your system-packager:
brew install openssl@1.1
Resolve Package Graph
Updating from https://github.com/vapor/open-crypto.git
Updating from https://github.com/dmcyk/SwiftyCurl.git
Updating from https://github.com/dmcyk/CCurl.git
the Swift tools version specification is missing a label; consider inserting 'swift-tools-version:' between the comment marker and the version specifieryou may be able to install openssl using your system-packager:
brew install openssl@1.1
Resolved source packages:
spi-builder-workspace: (null)
2026-09-15 14:33:14.339 xcodebuild[529:3026] Writing error result bundle to /var/folders/xq/y_g06wb113726d38xsyx71_h0000gn/T/ResultBundle_2026-15-09_14-33-0014.xcresult
xcodebuild: error: Could not resolve package dependencies:
the Swift tools version specification is missing a label; consider inserting 'swift-tools-version:' between the comment marker and the version specifier
Command line invocation:
/Applications/Xcode-27.0.0-Release.Candidate.app/Contents/Developer/usr/bin/xcodebuild -IDEClonedSourcePackagesDirPathOverride=/Users/admin/builder/spi-builder-workspace/.dependencies -resolvePackageDependencies
Resolve Package Graph
Updating from https://github.com/vapor/open-crypto.git
Updating from https://github.com/dmcyk/SwiftyCurl.git
Updating from https://github.com/dmcyk/CCurl.git
the Swift tools version specification is missing a label; consider inserting 'swift-tools-version:' between the comment marker and the version specifierfailed to retrieve search paths with pkg-config; maybe pkg-config is not installedyou may be able to install openssl using your system-packager:
brew install openssl@1.1
Resolved source packages:
spi-builder-workspace: (null)
2026-09-15 14:33:17.417 xcodebuild[752:4190] Writing error result bundle to /var/folders/xq/y_g06wb113726d38xsyx71_h0000gn/T/ResultBundle_2026-15-09_14-33-0017.xcresult
xcodebuild: error: Could not resolve package dependencies:
the Swift tools version specification is missing a label; consider inserting 'swift-tools-version:' between the comment marker and the version specifier
BUILD FAILURE 6.4 macosXcodebuild